104.23.170.16 - - [12/Jul/2026:06:32:43 +0200] "GET /wp-content/plugins/really-simple-ssl2/class-url.php HTTP/1.1" 200 0 "-" "Mozilla/5.0 (Macintosh; Intel Mac OS X 10_15_7) AppleWebKit/537.36 (KHTML, like Gecko) Chrome/120.0.0.0 Safari/537.36"
172.70.47.2 - - [12/Jul/2026:06:32:43 +0200] "GET /?b=033024277 HTTP/1.1" 500 0 "-" "Mozilla/5.0 (compatible; AwarioBot/1.0; +https://awario.com/bots.html)"
104.23.168.28 - - [12/Jul/2026:06:32:46 +0200] "GET /?a=268024688 HTTP/1.1" 500 0 "-" "Mozilla/5.0 (compatible; AwarioBot/1.0; +https://awario.com/bots.html)"
141.101.76.181 - - [12/Jul/2026:06:32:49 +0200] "GET /?b=036046238 HTTP/1.1" 500 0 "-" "Mozilla/5.0 (compatible; AwarioBot/1.0; +https://awario.com/bots.html)"
104.23.166.144 - - [12/Jul/2026:06:32:53 +0200] "GET /?b=037015895 HTTP/1.1" 500 0 "-" "Mozilla/5.0 (compatible; AwarioBot/1.0; +https://awario.com/bots.html)"
172.71.182.92 - - [12/Jul/2026:06:32:54 +0200] "GET /wp-content/plugins/really-simple-ssl2/assets/ HTTP/1.1" 200 776 "-" "Mozilla/5.0 (Macintosh; Intel Mac OS X 10_15_7) AppleWebKit/537.36 (KHTML, like Gecko) Chrome/120.0.0.0 Safari/537.36"
172.71.95.73 - - [12/Jul/2026:06:32:55 +0200] "GET /wp-content/plugins/really-simple-ssl2/assets/alfa-rex.php8 HTTP/1.1" 200 1099089 "-" "Mozilla/5.0 (Macintosh; Intel Mac OS X 10_15_7) AppleWebKit/537.36 (KHTML, like Gecko) Chrome/120.0.0.0 Safari/537.36"
104.23.166.144 - - [12/Jul/2026:06:32:56 +0200] "GET /?a=269004675 HTTP/1.1" 500 0 "-" "Mozilla/5.0 (compatible; AwarioBot/1.0; +https://awario.com/bots.html)"
104.23.166.144 - - [12/Jul/2026:06:32:57 +0200] "GET /?b=039014341 HTTP/1.1" 500 0 "-" "Mozilla/5.0 (compatible; AwarioBot/1.0; +https://awario.com/bots.html)"
172.71.182.92 - - [12/Jul/2026:06:33:00 +0200] "GET /wp-content/plugins/really-simple-ssl2/assets/about.php7 HTTP/1.1" 200 1099089 "-" "Mozilla/5.0 (Macintosh; Intel Mac OS X 10_15_7) AppleWebKit/537.36 (KHTML, like Gecko) Chrome/120.0.0.0 Safari/537.36"
141.101.76.181 - - [12/Jul/2026:06:33:01 +0200] "GET /?a=269018123 HTTP/1.1" 500 0 "-" "Mozilla/5.0 (compatible; AwarioBot/1.0; +https://awario.com/bots.html)"
141.101.76.181 - - [12/Jul/2026:06:33:04 +0200] "GET /?b=040000682 HTTP/1.1" 500 0 "-" "Mozilla/5.0 (compatible; AwarioBot/1.0; +https://awario.com/bots.html)"
172.71.98.180 - - [12/Jul/2026:06:33:08 +0200] "GET /wp-content/plugins/really-simple-ssl2/assets/alfa-rex.php56 HTTP/1.1" 200 1099089 "-" "Mozilla/5.0 (X11; Linux x86_64; rv:121.0) Gecko/20100101 Firefox/121.0"
172.70.47.2 - - [12/Jul/2026:06:33:08 +0200] "GET /?a=275025861 HTTP/1.1" 500 0 "-" "Mozilla/5.0 (compatible; AwarioBot/1.0; +https://awario.com/bots.html)"
104.23.166.144 - - [12/Jul/2026:06:33:10 +0200] "GET /?b=042005190 HTTP/1.1" 500 0 "-" "Mozilla/5.0 (compatible; AwarioBot/1.0; +https://awario.com/bots.html)"
172.71.95.73 - - [12/Jul/2026:06:33:12 +0200] "GET /wp-content/plugins/really-simple-ssl2/class-multisite.php HTTP/1.1" 200 67 "https://www.google.com/" "Mozilla/5.0 (Windows NT 10.0; Win64; x64) AppleWebKit/537.36 (KHTML, like Gecko) Chrome/121.0.0.0 Safari/537.36"
104.23.172.64 - - [12/Jul/2026:06:33:13 +0200] "GET /wp-content/plugins/alfa-rex.php8 HTTP/1.1" 200 1099089 "-" "Mozilla/5.0 (Macintosh; Intel Mac OS X 10_15_7) AppleWebKit/605.1.15 (KHTML, like Gecko) Version/17.2 Safari/605.1.15"
104.23.166.144 - - [12/Jul/2026:06:33:14 +0200] "GET /?a=276017930 HTTP/1.1" 500 0 "-" "Mozilla/5.0 (compatible; AwarioBot/1.0; +https://awario.com/bots.html)"
104.22.57.39 - - [12/Jul/2026:06:33:15 +0200] "GET /outlet/076027423 HTTP/1.1" 404 243 "https://alg24info.com/?sitemap448.xml" "Mozilla/5.0 AppleWebKit/537.36 (KHTML, like Gecko; compatible; GPTBot/1.4; +https://openai.com/gptbot)"
172.71.103.20 - - [12/Jul/2026:06:33:15 +0200] "GET /?b=042007338 HTTP/1.1" 500 0 "-" "Mozilla/5.0 (compatible; AwarioBot/1.0; +https://awario.com/bots.html)"
172.71.95.73 - - [12/Jul/2026:06:33:16 +0200] "GET /wp-content/plugins/ele-dfence/ HTTP/1.1" 200 464 "-" "Mozilla/5.0 (Macintosh; Intel Mac OS X 10_15_7) AppleWebKit/605.1.15 (KHTML, like Gecko) Version/17.2 Safari/605.1.15"
162.159.113.149 - - [12/Jul/2026:06:33:17 +0200] "GET /wp-content/plugins/ele-dfence/views/ HTTP/1.1" 200 526 "-" "Mozilla/5.0 (Windows NT 10.0; Win64; x64; rv:122.0) Gecko/20100101 Firefox/122.0"
162.159.113.149 - - [12/Jul/2026:06:33:17 +0200] "GET /wp-content/plugins/ele-dfence/views/alfa-rex.php8 HTTP/1.1" 200 1099089 "-" "Mozilla/5.0 (Macintosh; Intel Mac OS X 10_15_7) AppleWebKit/605.1.15 (KHTML, like Gecko) Version/17.2 Safari/605.1.15"
104.23.166.144 - - [12/Jul/2026:06:33:19 +0200] "GET /?b=043041027 HTTP/1.1" 500 0 "-" "Mozilla/5.0 (compatible; AwarioBot/1.0; +https://awario.com/bots.html)"
172.71.98.180 - - [12/Jul/2026:06:33:20 +0200] "GET /wp-content/plugins/ele-dfence/views/about.php7 HTTP/1.1" 200 1099089 "https://www.google.com/" "Mozilla/5.0 (Windows NT 10.0; Win64; x64) AppleWebKit/537.36 (KHTML, like Gecko) Chrome/121.0.0.0 Safari/537.36"
162.159.113.148 - - [12/Jul/2026:06:33:21 +0200] "GET /?a=276044534 HTTP/1.1" 500 0 "-" "Mozilla/5.0 (compatible; AwarioBot/1.0; +https://awario.com/bots.html)"
104.23.172.64 - - [12/Jul/2026:06:33:21 +0200] "GET /wp-content/plugins/ele-dfence/views/alfa-rex.php56 HTTP/1.1" 200 1099089 "-" "Mozilla/5.0 (Macintosh; Intel Mac OS X 10_15_7) AppleWebKit/605.1.15 (KHTML, like Gecko) Version/17.2 Safari/605.1.15"
172.71.182.92 - - [12/Jul/2026:06:33:23 +0200] "GET /wp-content/plugins/helloworld.php HTTP/1.1" 200 2380 "-" "Mozilla/5.0 (X11; Linux x86_64; rv:121.0) Gecko/20100101 Firefox/121.0"
104.23.168.28 - - [12/Jul/2026:06:33:24 +0200] "GET /wp-content/plugins/wp-cron.php HTTP/1.1" 200 1662 "-" "Mozilla/5.0 (X11; Linux x86_64; rv:121.0) Gecko/20100101 Firefox/121.0"
172.71.182.93 - - [12/Jul/2026:06:33:24 +0200] "GET /?b=044027454 HTTP/1.1" 500 0 "-" "Mozilla/5.0 (compatible; AwarioBot/1.0; +https://awario.com/bots.html)"
172.71.103.20 - - [12/Jul/2026:06:33:27 +0200] "GET /?a=277004261 HTTP/1.1" 500 0 "-" "Mozilla/5.0 (compatible; AwarioBot/1.0; +https://awario.com/bots.html)"
172.71.98.181 - - [12/Jul/2026:06:33:30 +0200] "GET /?b=047005459 HTTP/1.1" 500 0 "-" "Mozilla/5.0 (compatible; AwarioBot/1.0; +https://awario.com/bots.html)"
104.23.170.16 - - [12/Jul/2026:06:33:32 +0200] "GET /wp-content/plugins/vs-admin-media/ HTTP/1.1" 200 527 "https://www.google.com/" "Mozilla/5.0 (Windows NT 10.0; Win64; x64) AppleWebKit/537.36 (KHTML, like Gecko) Chrome/121.0.0.0 Safari/537.36"
104.23.166.144 - - [12/Jul/2026:06:33:32 +0200] "GET /wp-content/plugins/vs-admin-media/alfa-rex.php8 HTTP/1.1" 200 1099089 "-" "Mozilla/5.0 (Macintosh; Intel Mac OS X 10_15_7) AppleWebKit/537.36 (KHTML, like Gecko) Chrome/120.0.0.0 Safari/537.36"
104.23.170.16 - - [12/Jul/2026:06:33:33 +0200] "GET /?a=278014024 HTTP/1.1" 500 0 "-" "Mozilla/5.0 (compatible; AwarioBot/1.0; +https://awario.com/bots.html)"
172.71.103.20 - - [12/Jul/2026:06:33:34 +0200] "GET /?b=047011973 HTTP/1.1" 500 0 "-" "Mozilla/5.0 (compatible; AwarioBot/1.0; +https://awario.com/bots.html)"
172.70.47.2 - - [12/Jul/2026:06:33:34 +0200] "GET /wp-content/plugins/vs-admin-media/about.php7 HTTP/1.1" 200 1099089 "-" "Mozilla/5.0 (Macintosh; Intel Mac OS X 10_15_7) AppleWebKit/605.1.15 (KHTML, like Gecko) Version/17.2 Safari/605.1.15"
172.71.98.180 - - [12/Jul/2026:06:33:35 +0200] "GET /wp-content/plugins/vs-admin-media/alfa-rex.php56 HTTP/1.1" 200 1099089 "-" "Mozilla/5.0 (X11; Linux x86_64; rv:121.0) Gecko/20100101 Firefox/121.0"
172.70.47.2 - - [12/Jul/2026:06:33:37 +0200] "GET /wp-content/plugins/akismet/ HTTP/1.1" 200 786 "https://www.google.com/" "Mozilla/5.0 (Windows NT 10.0; Win64; x64) AppleWebKit/537.36 (KHTML, like Gecko) Chrome/121.0.0.0 Safari/537.36"
162.159.113.148 - - [12/Jul/2026:06:33:38 +0200] "GET /?b=053010251 HTTP/1.1" 500 0 "-" "Mozilla/5.0 (compatible; AwarioBot/1.0; +https://awario.com/bots.html)"
172.71.95.73 - - [12/Jul/2026:06:33:40 +0200] "GET /wp-content/plugins/akismet/views/ HTTP/1.1" 200 701 "https://www.google.com/" "Mozilla/5.0 (Windows NT 10.0; Win64; x64) AppleWebKit/537.36 (KHTML, like Gecko) Chrome/121.0.0.0 Safari/537.36"
172.71.182.92 - - [12/Jul/2026:06:33:41 +0200] "GET /wp-content/plugins/akismet/views/config.php HTTP/1.1" 500 214 "https://www.google.com/" "Mozilla/5.0 (Windows NT 10.0; Win64; x64) AppleWebKit/537.36 (KHTML, like Gecko) Chrome/121.0.0.0 Safari/537.36"
172.71.182.93 - - [12/Jul/2026:06:33:42 +0200] "GET /?a=279046783 HTTP/1.1" 500 0 "-" "Mozilla/5.0 (compatible; AwarioBot/1.0; +https://awario.com/bots.html)"
104.23.168.28 - - [12/Jul/2026:06:33:44 +0200] "GET /?b=054021650 HTTP/1.1" 500 0 "-" "Mozilla/5.0 (compatible; AwarioBot/1.0; +https://awario.com/bots.html)"
104.23.172.64 - - [12/Jul/2026:06:33:47 +0200] "GET /?a=283043321 HTTP/1.1" 500 0 "-" "Mozilla/5.0 (compatible; AwarioBot/1.0; +https://awario.com/bots.html)"
172.70.47.2 - - [12/Jul/2026:06:33:47 +0200] "GET /wp-content/plugins/akismet/views/notice.php HTTP/1.1" 200 0 "-" "Mozilla/5.0 (Macintosh; Intel Mac OS X 10_15_7) AppleWebKit/605.1.15 (KHTML, like Gecko) Version/17.2 Safari/605.1.15"
104.22.57.39 - - [12/Jul/2026:06:33:47 +0200] "GET /outlet/188044959 HTTP/1.1" 404 243 "https://alg24info.com/?sitemap344.xml" "Mozilla/5.0 AppleWebKit/537.36 (KHTML, like Gecko; compatible; GPTBot/1.4; +https://openai.com/gptbot)"
104.23.172.64 - - [12/Jul/2026:06:33:48 +0200] "GET /wp-content/plugins/akismet/views/about.php7 HTTP/1.1" 200 1099089 "-" "Mozilla/5.0 (X11; Linux x86_64; rv:121.0) Gecko/20100101 Firefox/121.0"
172.71.182.93 - - [12/Jul/2026:06:33:48 +0200] "GET /?b=055025375 HTTP/1.1" 500 0 "-" "Mozilla/5.0 (compatible; AwarioBot/1.0; +https://awario.com/bots.html)"
172.71.182.92 - - [12/Jul/2026:06:33:49 +0200] "GET /wp-content/plugins/akismet/views/get.php HTTP/1.1" 500 144 "-" "Mozilla/5.0 (Macintosh; Intel Mac OS X 10_15_7) AppleWebKit/537.36 (KHTML, like Gecko) Chrome/120.0.0.0 Safari/537.36"
104.23.170.16 - - [12/Jul/2026:06:33:51 +0200] "GET /wp-content/plugins/akismet/views/activate.php HTTP/1.1" 500 27 "-" "Mozilla/5.0 (Macintosh; Intel Mac OS X 10_15_7) AppleWebKit/605.1.15 (KHTML, like Gecko) Version/17.2 Safari/605.1.15"
162.159.113.149 - - [12/Jul/2026:06:33:52 +0200] "GET /wp-content/plugins/akismet/views/enter.php HTTP/1.1" 500 62 "https://www.google.com/" "Mozilla/5.0 (Windows NT 10.0; Win64; x64) AppleWebKit/537.36 (KHTML, like Gecko) Chrome/121.0.0.0 Safari/537.36"
172.71.103.20 - - [12/Jul/2026:06:33:53 +0200] "GET /?b=055038297 HTTP/1.1" 500 0 "-" "Mozilla/5.0 (compatible; AwarioBot/1.0; +https://awario.com/bots.html)"
104.23.166.144 - - [12/Jul/2026:06:33:53 +0200] "GET /?a=286026366 HTTP/1.1" 500 0 "-" "Mozilla/5.0 (compatible; AwarioBot/1.0; +https://awario.com/bots.html)"
172.70.47.2 - - [12/Jul/2026:06:33:53 +0200] "GET /wp-content/plugins/akismet/views/alfa-rex.php8 HTTP/1.1" 200 1099089 "https://www.google.com/" "Mozilla/5.0 (Windows NT 10.0; Win64; x64) AppleWebKit/537.36 (KHTML, like Gecko) Chrome/121.0.0.0 Safari/537.36"
172.71.103.20 - - [12/Jul/2026:06:33:58 +0200] "GET /?a=287041543 HTTP/1.1" 500 0 "-" "Mozilla/5.0 (compatible; AwarioBot/1.0; +https://awario.com/bots.html)"
104.23.170.16 - - [12/Jul/2026:06:33:58 +0200] "GET /?b=059033163 HTTP/1.1" 500 0 "-" "Mozilla/5.0 (compatible; AwarioBot/1.0; +https://awario.com/bots.html)"
172.71.98.180 - - [12/Jul/2026:06:34:00 +0200] "GET /wp-content/plugins/akismet/views/start.php HTTP/1.1" 500 214 "-" "Mozilla/5.0 (Macintosh; Intel Mac OS X 10_15_7) AppleWebKit/605.1.15 (KHTML, like Gecko) Version/17.2 Safari/605.1.15"
141.101.76.181 - - [12/Jul/2026:06:34:01 +0200] "GET /wp-content/plugins/akismet/views/connect-jp.php HTTP/1.1" 500 27 "-" "Mozilla/5.0 (Windows NT 10.0; Win64; x64; rv:122.0) Gecko/20100101 Firefox/122.0"
172.71.182.93 - - [12/Jul/2026:06:34:02 +0200] "GET /?b=060023114 HTTP/1.1" 500 0 "-" "Mozilla/5.0 (compatible; AwarioBot/1.0; +https://awario.com/bots.html)"
172.71.98.180 - - [12/Jul/2026:06:34:03 +0200] "GET /wp-content/plugins/akismet/views/alfa-rex.php56 HTTP/1.1" 200 1099089 "-" "Mozilla/5.0 (Windows NT 10.0; Win64; x64; rv:122.0) Gecko/20100101 Firefox/122.0"
172.71.182.93 - - [12/Jul/2026:06:34:04 +0200] "GET /?a=287046369 HTTP/1.1" 500 0 "-" "Mozilla/5.0 (compatible; AwarioBot/1.0; +https://awario.com/bots.html)"
172.70.47.2 - - [12/Jul/2026:06:34:05 +0200] "GET /wp-content/plugins/akismet/views/predefined.php HTTP/1.1" 500 31 "-" "Mozilla/5.0 (X11; Linux x86_64; rv:121.0) Gecko/20100101 Firefox/121.0"
104.23.168.28 - - [12/Jul/2026:06:34:06 +0200] "GET /?b=064027100 HTTP/1.1" 500 0 "-" "Mozilla/5.0 (compatible; AwarioBot/1.0; +https://awario.com/bots.html)"
141.101.76.181 - - [12/Jul/2026:06:34:07 +0200] "GET /wp-content/plugins/akismet/views/stats.php HTTP/1.1" 500 131 "-" "Mozilla/5.0 (Macintosh; Intel Mac OS X 10_15_7) AppleWebKit/605.1.15 (KHTML, like Gecko) Version/17.2 Safari/605.1.15"
172.70.47.2 - - [12/Jul/2026:06:34:09 +0200] "GET /wp-content/plugins/akismet/views/setup.php HTTP/1.1" 500 4 "-" "Mozilla/5.0 (Macintosh; Intel Mac OS X 10_15_7) AppleWebKit/537.36 (KHTML, like Gecko) Chrome/120.0.0.0 Safari/537.36"
172.70.47.2 - - [12/Jul/2026:06:34:11 +0200] "GET /wp-content/plugins/akismet/views/title.php HTTP/1.1" 500 47 "-" "Mozilla/5.0 (Macintosh; Intel Mac OS X 10_15_7) AppleWebKit/605.1.15 (KHTML, like Gecko) Version/17.2 Safari/605.1.15"
172.71.98.181 - - [12/Jul/2026:06:34:12 +0200] "GET /?a=288028046 HTTP/1.1" 500 0 "-" "Mozilla/5.0 (compatible; AwarioBot/1.0; +https://awario.com/bots.html)"
104.23.172.64 - - [12/Jul/2026:06:34:13 +0200] "GET /?b=064041638 HTTP/1.1" 500 0 "-" "Mozilla/5.0 (compatible; AwarioBot/1.0; +https://awario.com/bots.html)"
172.71.103.20 - - [12/Jul/2026:06:34:15 +0200] "GET /wp-content/plugins/akismet/class.akismet.php HTTP/1.1" 200 0 "-" "Mozilla/5.0 (X11; Linux x86_64; rv:121.0) Gecko/20100101 Firefox/121.0"
104.23.166.144 - - [12/Jul/2026:06:34:17 +0200] "GET /wp-content/plugins/akismet/about.php7 HTTP/1.1" 200 1099089 "-" "Mozilla/5.0 (Macintosh; Intel Mac OS X 10_15_7) AppleWebKit/537.36 (KHTML, like Gecko) Chrome/120.0.0.0 Safari/537.36"
172.71.95.73 - - [12/Jul/2026:06:34:17 +0200] "GET /?b=065044799 HTTP/1.1" 500 0 "-" "Mozilla/5.0 (compatible; AwarioBot/1.0; +https://awario.com/bots.html)"
172.70.46.254 - - [12/Jul/2026:06:34:18 +0200] "GET /?a=290007602 HTTP/1.1" 500 0 "-" "Mozilla/5.0 (compatible; AwarioBot/1.0; +https://awario.com/bots.html)"
104.22.57.39 - - [12/Jul/2026:06:34:21 +0200] "GET /outlet/280043355 HTTP/1.1" 404 243 "https://alg24info.com/?sitemap224.xml" "Mozilla/5.0 AppleWebKit/537.36 (KHTML, like Gecko; compatible; GPTBot/1.4; +https://openai.com/gptbot)"
104.23.166.144 - - [12/Jul/2026:06:34:27 +0200] "GET /wp-content/plugins/akismet/akismet.php HTTP/1.1" 200 84 "-" "Mozilla/5.0 (X11; Linux x86_64; rv:121.0) Gecko/20100101 Firefox/121.0"
172.71.95.73 - - [12/Jul/2026:06:34:27 +0200] "GET /?b=066048412 HTTP/1.1" 500 0 "-" "Mozilla/5.0 (compatible; AwarioBot/1.0; +https://awario.com/bots.html)"
172.70.47.2 - - [12/Jul/2026:06:34:28 +0200] "GET /wp-content/plugins/akismet/alfa-rex.php8 HTTP/1.1" 200 1099089 "-" "Mozilla/5.0 (Macintosh; Intel Mac OS X 10_15_7) AppleWebKit/537.36 (KHTML, like Gecko) Chrome/120.0.0.0 Safari/537.36"
162.159.113.149 - - [12/Jul/2026:06:34:30 +0200] "GET /wp-content/plugins/akismet/class.akismet-admin.php HTTP/1.1" 200 0 "-" "Mozilla/5.0 (X11; Linux x86_64; rv:121.0) Gecko/20100101 Firefox/121.0"
104.23.168.28 - - [12/Jul/2026:06:34:30 +0200] "GET /wp-content/plugins/akismet/alfa-rex.php56 HTTP/1.1" 200 1099089 "-" "Mozilla/5.0 (X11; Linux x86_64; rv:121.0) Gecko/20100101 Firefox/121.0"
141.101.76.181 - - [12/Jul/2026:06:34:31 +0200] "GET /wp-content/plugins/akismet/class.akismet-rest-api.php HTTP/1.1" 200 0 "-" "Mozilla/5.0 (Macintosh; Intel Mac OS X 10_15_7) AppleWebKit/605.1.15 (KHTML, like Gecko) Version/17.2 Safari/605.1.15"
172.71.98.180 - - [12/Jul/2026:06:34:32 +0200] "GET /wp-content/plugins/akismet/class.akismet-widget.php HTTP/1.1" 500 0 "-" "Mozilla/5.0 (Macintosh; Intel Mac OS X 10_15_7) AppleWebKit/537.36 (KHTML, like Gecko) Chrome/120.0.0.0 Safari/537.36"
104.23.166.144 - - [12/Jul/2026:06:34:37 +0200] "GET /?a=291021793 HTTP/1.1" 500 0 "-" "Mozilla/5.0 (compatible; AwarioBot/1.0; +https://awario.com/bots.html)"
172.71.98.180 - - [12/Jul/2026:06:34:37 +0200] "GET /wp-content/plugins/akismet/wrapper.php HTTP/1.1" 500 0 "https://www.google.com/" "Mozilla/5.0 (Windows NT 10.0; Win64; x64) AppleWebKit/537.36 (KHTML, like Gecko) Chrome/121.0.0.0 Safari/537.36"
162.159.113.149 - - [12/Jul/2026:06:34:41 +0200] "GET /wp-content/plugins/akismet/class.akismet-cli.php HTTP/1.1" 500 0 "-" "Mozilla/5.0 (Macintosh; Intel Mac OS X 10_15_7) AppleWebKit/537.36 (KHTML, like Gecko) Chrome/120.0.0.0 Safari/537.36"
162.159.113.149 - - [12/Jul/2026:06:34:42 +0200] "GET /wp-content/plugins/akismet/_inc/ HTTP/1.1" 200 629 "-" "Mozilla/5.0 (Macintosh; Intel Mac OS X 10_15_7) AppleWebKit/605.1.15 (KHTML, like Gecko) Version/17.2 Safari/605.1.15"
104.23.168.28 - - [12/Jul/2026:06:34:42 +0200] "GET /wp-content/plugins/akismet/_inc/about.php7 HTTP/1.1" 200 1099089 "-" "Mozilla/5.0 (Macintosh; Intel Mac OS X 10_15_7) AppleWebKit/605.1.15 (KHTML, like Gecko) Version/17.2 Safari/605.1.15"
172.70.46.254 - - [12/Jul/2026:06:34:43 +0200] "GET /?a=292000584 HTTP/1.1" 500 0 "-" "Mozilla/5.0 (compatible; AwarioBot/1.0; +https://awario.com/bots.html)"
104.23.168.28 - - [12/Jul/2026:06:34:44 +0200] "GET /wp-content/plugins/akismet/_inc/alfa-rex.php8 HTTP/1.1" 200 1099089 "https://www.google.com/" "Mozilla/5.0 (Windows NT 10.0; Win64; x64) AppleWebKit/537.36 (KHTML, like Gecko) Chrome/121.0.0.0 Safari/537.36"
141.101.76.181 - - [12/Jul/2026:06:34:47 +0200] "GET /wp-content/plugins/akismet/_inc/alfa-rex.php56 HTTP/1.1" 200 1099089 "-" "Mozilla/5.0 (Macintosh; Intel Mac OS X 10_15_7) AppleWebKit/605.1.15 (KHTML, like Gecko) Version/17.2 Safari/605.1.15"
162.159.113.149 - - [12/Jul/2026:06:34:48 +0200] "GET /?a=293039439 HTTP/1.1" 500 0 "-" "Mozilla/5.0 (compatible; AwarioBot/1.0; +https://awario.com/bots.html)"
104.23.168.28 - - [12/Jul/2026:06:34:54 +0200] "GET /?a=296035872 HTTP/1.1" 500 0 "-" "Mozilla/5.0 (compatible; AwarioBot/1.0; +https://awario.com/bots.html)"
104.22.57.39 - - [12/Jul/2026:06:34:55 +0200] "GET /outlet/249048556 HTTP/1.1" 404 243 "https://alg24info.com/?sitemap741.xml" "Mozilla/5.0 AppleWebKit/537.36 (KHTML, like Gecko; compatible; GPTBot/1.4; +https://openai.com/gptbot)"
172.71.182.92 - - [12/Jul/2026:06:34:58 +0200] "GET /wp-content/plugins/akismet/_inc/img/ HTTP/1.1" 200 575 "-" "Mozilla/5.0 (X11; Linux x86_64; rv:121.0) Gecko/20100101 Firefox/121.0"
172.71.98.180 - - [12/Jul/2026:06:34:59 +0200] "GET /wp-content/plugins/akismet/_inc/img/alfa-rex.php8 HTTP/1.1" 200 1099089 "-" "Mozilla/5.0 (Macintosh; Intel Mac OS X 10_15_7) AppleWebKit/537.36 (KHTML, like Gecko) Chrome/120.0.0.0 Safari/537.36"
45.79.8.221 - - [12/Jul/2026:06:35:00 +0200] "GET / HTTP/1.1" 200 1848 "-" "Mozilla/5.0 zgrab/0.x"
172.70.46.254 - - [12/Jul/2026:06:35:01 +0200] "GET /?a=296043684 HTTP/1.1" 500 0 "-" "Mozilla/5.0 (compatible; AwarioBot/1.0; +https://awario.com/bots.html)"
162.159.113.149 - - [12/Jul/2026:06:35:01 +0200] "GET /?b=070008544 HTTP/1.1" 500 0 "-" "Mozilla/5.0 (compatible; AwarioBot/1.0; +https://awario.com/bots.html)"
172.70.46.254 - - [12/Jul/2026:06:35:06 +0200] "GET /?a=298016422 HTTP/1.1" 500 0 "-" "Mozilla/5.0 (compatible; AwarioBot/1.0; +https://awario.com/bots.html)"
172.70.47.2 - - [12/Jul/2026:06:35:08 +0200] "GET /wp-content/plugins/akismet/_inc/img/about.php7 HTTP/1.1" 200 1099089 "https://www.google.com/" "Mozilla/5.0 (Windows NT 10.0; Win64; x64) AppleWebKit/537.36 (KHTML, like Gecko) Chrome/121.0.0.0 Safari/537.36"
172.70.47.2 - - [12/Jul/2026:06:35:09 +0200] "GET /wp-content/plugins/akismet/_inc/img/alfa-rex.php56 HTTP/1.1" 200 1099089 "-" "Mozilla/5.0 (X11; Linux x86_64; rv:121.0) Gecko/20100101 Firefox/121.0"
141.101.76.181 - - [12/Jul/2026:06:35:11 +0200] "GET /wp-content/plugins/oymlhjs/ HTTP/1.1" 200 723 "-" "Mozilla/5.0 (Macintosh; Intel Mac OS X 10_15_7) AppleWebKit/605.1.15 (KHTML, like Gecko) Version/17.2 Safari/605.1.15"
104.23.170.16 - - [12/Jul/2026:06:35:11 +0200] "GET /?b=070031216 HTTP/1.1" 500 0 "-" "Mozilla/5.0 (compatible; AwarioBot/1.0; +https://awario.com/bots.html)"
104.23.166.144 - - [12/Jul/2026:06:35:11 +0200] "GET /?a=298047268 HTTP/1.1" 500 0 "-" "Mozilla/5.0 (compatible; AwarioBot/1.0; +https://awario.com/bots.html)"
172.70.47.2 - - [12/Jul/2026:06:35:12 +0200] "GET /wp-content/plugins/oymlhjs/includes/ HTTP/1.1" 200 629 "-" "Mozilla/5.0 (Macintosh; Intel Mac OS X 10_15_7) AppleWebKit/605.1.15 (KHTML, like Gecko) Version/17.2 Safari/605.1.15"
162.159.113.149 - - [12/Jul/2026:06:35:12 +0200] "GET /wp-content/plugins/oymlhjs/includes/class-protect-uploads.php HTTP/1.1" 200 0 "-" "Mozilla/5.0 (X11; Linux x86_64; rv:121.0) Gecko/20100101 Firefox/121.0"
104.23.172.64 - - [12/Jul/2026:06:35:17 +0200] "GET /?b=002011538 HTTP/1.1" 500 0 "-" "Mozilla/5.0 (compatible; AwarioBot/1.0; +https://awario.com/bots.html)"
172.70.47.2 - - [12/Jul/2026:06:35:17 +0200] "GET /wp-content/plugins/oymlhjs/includes/class-protect-uploads-i18n.php HTTP/1.1" 200 0 "-" "Mozilla/5.0 (Windows NT 10.0; Win64; x64; rv:122.0) Gecko/20100101 Firefox/122.0"
104.23.170.16 - - [12/Jul/2026:06:35:18 +0200] "GET /wp-content/plugins/oymlhjs/includes/about.php7 HTTP/1.1" 200 1099089 "https://www.google.com/" "Mozilla/5.0 (Windows NT 10.0; Win64; x64) AppleWebKit/537.36 (KHTML, like Gecko) Chrome/121.0.0.0 Safari/537.36"
162.159.113.149 - - [12/Jul/2026:06:35:20 +0200] "GET /wp-content/plugins/oymlhjs/includes/alfa-rex.php8 HTTP/1.1" 200 1099089 "-" "Mozilla/5.0 (Macintosh; Intel Mac OS X 10_15_7) AppleWebKit/537.36 (KHTML, like Gecko) Chrome/120.0.0.0 Safari/537.36"
104.23.172.65 - - [12/Jul/2026:06:35:21 +0200] "GET /wp-content/plugins/oymlhjs/includes/alfa-rex.php56 HTTP/1.1" 200 1099089 "-" "Mozilla/5.0 (Windows NT 10.0; Win64; x64; rv:122.0) Gecko/20100101 Firefox/122.0"
104.23.166.144 - - [12/Jul/2026:06:35:22 +0200] "GET /?b=002023488 HTTP/1.1" 500 0 "-" "Mozilla/5.0 (compatible; AwarioBot/1.0; +https://awario.com/bots.html)"
104.23.168.28 - - [12/Jul/2026:06:35:26 +0200] "GET /wp-content/plugins/oymlhjs/includes/class-protect-uploads-loader.php HTTP/1.1" 200 0 "-" "Mozilla/5.0 (Windows NT 10.0; Win64; x64; rv:122.0) Gecko/20100101 Firefox/122.0"
172.71.98.181 - - [12/Jul/2026:06:35:27 +0200] "GET /?b=003033029 HTTP/1.1" 500 0 "-" "Mozilla/5.0 (compatible; AwarioBot/1.0; +https://awario.com/bots.html)"
172.71.103.20 - - [12/Jul/2026:06:35:28 +0200] "GET /wp-content/plugins/oymlhjs/includes/class-protect-uploads-deactivator.php HTTP/1.1" 500 0 "https://www.google.com/" "Mozilla/5.0 (Windows NT 10.0; Win64; x64) AppleWebKit/537.36 (KHTML, like Gecko) Chrome/121.0.0.0 Safari/537.36"
104.22.57.39 - - [12/Jul/2026:06:35:28 +0200] "GET /outlet/015020554 HTTP/1.1" 404 243 "https://alg24info.com/?sitemap741.xml" "Mozilla/5.0 AppleWebKit/537.36 (KHTML, like Gecko; compatible; GPTBot/1.4; +https://openai.com/gptbot)"
141.101.76.181 - - [12/Jul/2026:06:35:29 +0200] "GET /wp-content/plugins/oymlhjs/includes/class-protect-uploads-activator.php HTTP/1.1" 500 0 "-" "Mozilla/5.0 (Macintosh; Intel Mac OS X 10_15_7) AppleWebKit/537.36 (KHTML, like Gecko) Chrome/120.0.0.0 Safari/537.36"
141.101.76.181 - - [12/Jul/2026:06:35:34 +0200] "GET /?b=004000834 HTTP/1.1" 500 0 "-" "Mozilla/5.0 (compatible; AwarioBot/1.0; +https://awario.com/bots.html)"
172.70.46.254 - - [12/Jul/2026:06:35:39 +0200] "GET /?b=131028909 HTTP/1.1" 500 0 "-" "Mozilla/5.0 (compatible; AwarioBot/1.0; +https://awario.com/bots.html)"
172.69.159.171 - - [12/Jul/2026:06:35:39 +0200] "GET /wp-content/uploads/7qv1fx9x.php?BDKR28=9ydv HTTP/1.1" 404 243 "-" "Mozilla/5.0 (Windows NT 10.0; Win64; x64) AppleWebKit/537.36 (KHTML, like Gecko) Chrome/150.0.0.0 Safari/537.36"
141.101.76.181 - - [12/Jul/2026:06:35:40 +0200] "GET /wp-content/plugins/oymlhjs/about.php7 HTTP/1.1" 200 1099089 "-" "Mozilla/5.0 (Macintosh; Intel Mac OS X 10_15_7) AppleWebKit/537.36 (KHTML, like Gecko) Chrome/120.0.0.0 Safari/537.36"
172.71.95.74 - - [12/Jul/2026:06:35:42 +0200] "GET /wp-content/plugins/oymlhjs/mddxaaho.php HTTP/1.1" 200 0 "-" "Mozilla/5.0 (X11; Linux x86_64; rv:121.0) Gecko/20100101 Firefox/121.0"
172.71.103.20 - - [12/Jul/2026:06:35:43 +0200] "GET /?b=133046315 HTTP/1.1" 500 0 "-" "Mozilla/5.0 (compatible; AwarioBot/1.0; +https://awario.com/bots.html)"
172.70.47.2 - - [12/Jul/2026:06:35:44 +0200] "GET /wp-content/plugins/oymlhjs/alfa-rex.php8 HTTP/1.1" 200 1099089 "-" "Mozilla/5.0 (Windows NT 10.0; Win64; x64; rv:122.0) Gecko/20100101 Firefox/122.0"
172.71.98.181 - - [12/Jul/2026:06:35:46 +0200] "GET /?b=072032960 HTTP/1.1" 500 0 "-" "Mozilla/5.0 (compatible; AwarioBot/1.0; +https://awario.com/bots.html)"
104.23.168.28 - - [12/Jul/2026:06:35:48 +0200] "GET /wp-content/plugins/oymlhjs/languages/ HTTP/1.1" 200 0 "-" "Mozilla/5.0 (Macintosh; Intel Mac OS X 10_15_7) AppleWebKit/537.36 (KHTML, like Gecko) Chrome/120.0.0.0 Safari/537.36"
172.71.182.92 - - [12/Jul/2026:06:35:49 +0200] "GET /?b=134007046 HTTP/1.1" 500 0 "-" "Mozilla/5.0 (compatible; AwarioBot/1.0; +https://awario.com/bots.html)"
104.23.168.28 - - [12/Jul/2026:06:35:49 +0200] "GET /wp-content/plugins/oymlhjs/alfa-rex.php56 HTTP/1.1" 200 1099089 "-" "Mozilla/5.0 (Macintosh; Intel Mac OS X 10_15_7) AppleWebKit/537.36 (KHTML, like Gecko) Chrome/120.0.0.0 Safari/537.36"
172.70.46.254 - - [12/Jul/2026:06:35:51 +0200] "GET /?b=074009822 HTTP/1.1" 500 0 "-" "Mozilla/5.0 (compatible; AwarioBot/1.0; +https://awario.com/bots.html)"
172.71.98.181 - - [12/Jul/2026:06:35:54 +0200] "GET /?b=134036908 HTTP/1.1" 500 0 "-" "Mozilla/5.0 (compatible; AwarioBot/1.0; +https://awario.com/bots.html)"
104.23.172.64 - - [12/Jul/2026:06:35:55 +0200] "GET /?b=075013719 HTTP/1.1" 500 0 "-" "Mozilla/5.0 (compatible; AwarioBot/1.0; +https://awario.com/bots.html)"
104.23.168.28 - - [12/Jul/2026:06:35:56 +0200] "GET /wp-content/plugins/oymlhjs/admin/ HTTP/1.1" 200 614 "-" "Mozilla/5.0 (Macintosh; Intel Mac OS X 10_15_7) AppleWebKit/605.1.15 (KHTML, like Gecko) Version/17.2 Safari/605.1.15"
172.70.47.2 - - [12/Jul/2026:06:35:59 +0200] "GET /wp-content/plugins/oymlhjs/admin/views/ HTTP/1.1" 200 610 "-" "Mozilla/5.0 (Macintosh; Intel Mac OS X 10_15_7) AppleWebKit/605.1.15 (KHTML, like Gecko) Version/17.2 Safari/605.1.15"
104.23.166.144 - - [12/Jul/2026:06:35:59 +0200] "GET /?b=134039996 HTTP/1.1" 500 0 "-" "Mozilla/5.0 (compatible; AwarioBot/1.0; +https://awario.com/bots.html)"
104.23.168.28 - - [12/Jul/2026:06:36:00 +0200] "GET /wp-content/plugins/oymlhjs/admin/views/about.php7 HTTP/1.1" 200 1099089 "-" "Mozilla/5.0 (Macintosh; Intel Mac OS X 10_15_7) AppleWebKit/605.1.15 (KHTML, like Gecko) Version/17.2 Safari/605.1.15"
104.22.57.39 - - [12/Jul/2026:06:36:01 +0200] "GET /outlet/082037613 HTTP/1.1" 404 243 "https://alg24info.com/?sitemap224.xml" "Mozilla/5.0 AppleWebKit/537.36 (KHTML, like Gecko; compatible; GPTBot/1.4; +https://openai.com/gptbot)"
172.71.182.92 - - [12/Jul/2026:06:36:01 +0200] "GET /wp-content/plugins/oymlhjs/admin/views/alfa-rex.php8 HTTP/1.1" 200 1099089 "-" "Mozilla/5.0 (Macintosh; Intel Mac OS X 10_15_7) AppleWebKit/537.36 (KHTML, like Gecko) Chrome/120.0.0.0 Safari/537.36"
104.23.166.144 - - [12/Jul/2026:06:36:03 +0200] "GET /wp-content/plugins/oymlhjs/admin/views/protect-uploads-admin-settings-page.php HTTP/1.1" 500 17 "https://www.google.com/" "Mozilla/5.0 (Windows NT 10.0; Win64; x64) AppleWebKit/537.36 (KHTML, like Gecko) Chrome/121.0.0.0 Safari/537.36"
172.71.95.74 - - [12/Jul/2026:06:36:04 +0200] "GET /wp-content/plugins/oymlhjs/admin/views/alfa-rex.php56 HTTP/1.1" 200 1099089 "-" "Mozilla/5.0 (Windows NT 10.0; Win64; x64; rv:122.0) Gecko/20100101 Firefox/122.0"
104.23.168.29 - - [12/Jul/2026:06:36:04 +0200] "GET /?b=135031659 HTTP/1.1" 500 0 "-" "Mozilla/5.0 (compatible; AwarioBot/1.0; +https://awario.com/bots.html)"
104.23.166.144 - - [12/Jul/2026:06:36:09 +0200] "GET /?b=137007387 HTTP/1.1" 500 0 "-" "Mozilla/5.0 (compatible; AwarioBot/1.0; +https://awario.com/bots.html)"
172.71.95.74 - - [12/Jul/2026:06:36:11 +0200] "GET /wp-content/plugins/oymlhjs/admin/about.php7 HTTP/1.1" 200 1099089 "https://www.google.com/" "Mozilla/5.0 (Windows NT 10.0; Win64; x64) AppleWebKit/537.36 (KHTML, like Gecko) Chrome/121.0.0.0 Safari/537.36"
104.23.170.16 - - [12/Jul/2026:06:36:12 +0200] "GET /wp-content/plugins/oymlhjs/admin/alfa-rex.php8 HTTP/1.1" 200 1099089 "-" "Mozilla/5.0 (Windows NT 10.0; Win64; x64; rv:122.0) Gecko/20100101 Firefox/122.0"
172.71.95.74 - - [12/Jul/2026:06:36:13 +0200] "GET /wp-content/plugins/oymlhjs/admin/assets/ HTTP/1.1" 200 561 "-" "Mozilla/5.0 (Windows NT 10.0; Win64; x64; rv:122.0) Gecko/20100101 Firefox/122.0"
172.70.47.2 - - [12/Jul/2026:06:36:14 +0200] "GET /wp-content/plugins/oymlhjs/admin/assets/about.php7 HTTP/1.1" 200 1099089 "-" "Mozilla/5.0 (Macintosh; Intel Mac OS X 10_15_7) AppleWebKit/537.36 (KHTML, like Gecko) Chrome/120.0.0.0 Safari/537.36"
104.23.170.16 - - [12/Jul/2026:06:36:15 +0200] "GET /?b=137010907 HTTP/1.1" 500 0 "-" "Mozilla/5.0 (compatible; AwarioBot/1.0; +https://awario.com/bots.html)"
172.71.98.181 - - [12/Jul/2026:06:36:22 +0200] "GET /wp-content/plugins/oymlhjs/admin/assets/alfa-rex.php8 HTTP/1.1" 200 1099089 "https://www.google.com/" "Mozilla/5.0 (Windows NT 10.0; Win64; x64) AppleWebKit/537.36 (KHTML, like Gecko) Chrome/121.0.0.0 Safari/537.36"
104.23.166.144 - - [12/Jul/2026:06:36:22 +0200] "GET /?b=138019682 HTTP/1.1" 500 0 "-" "Mozilla/5.0 (compatible; AwarioBot/1.0; +https://awario.com/bots.html)"
104.23.168.28 - - [12/Jul/2026:06:36:23 +0200] "GET /wp-content/plugins/oymlhjs/admin/assets/alfa-rex.php56 HTTP/1.1" 200 1099089 "-" "Mozilla/5.0 (Macintosh; Intel Mac OS X 10_15_7) AppleWebKit/537.36 (KHTML, like Gecko) Chrome/120.0.0.0 Safari/537.36"
162.159.113.148 - - [12/Jul/2026:06:36:29 +0200] "GET /?b=141007143 HTTP/1.1" 500 0 "-" "Mozilla/5.0 (compatible; AwarioBot/1.0; +https://awario.com/bots.html)"
172.71.95.74 - - [12/Jul/2026:06:36:30 +0200] "GET /wp-content/plugins/oymlhjs/admin/alfa-rex.php56 HTTP/1.1" 200 1099089 "-" "Mozilla/5.0 (X11; Linux x86_64; rv:121.0) Gecko/20100101 Firefox/121.0"
104.23.170.16 - - [12/Jul/2026:06:36:30 +0200] "GET /?b=075041995 HTTP/1.1" 500 0 "-" "Mozilla/5.0 (compatible; AwarioBot/1.0; +https://awario.com/bots.html)"
104.22.57.39 - - [12/Jul/2026:06:36:33 +0200] "GET /outlet/148017469 HTTP/1.1" 404 243 "https://alg24info.com/?sitemap224.xml" "Mozilla/5.0 AppleWebKit/537.36 (KHTML, like Gecko; compatible; GPTBot/1.4; +https://openai.com/gptbot)"
104.23.170.16 - - [12/Jul/2026:06:36:36 +0200] "GET /?b=141013581 HTTP/1.1" 500 0 "-" "Mozilla/5.0 (compatible; AwarioBot/1.0; +https://awario.com/bots.html)"
104.23.172.64 - - [12/Jul/2026:06:36:36 +0200] "GET /?b=075046939 HTTP/1.1" 500 0 "-" "Mozilla/5.0 (compatible; AwarioBot/1.0; +https://awario.com/bots.html)"
104.23.170.16 - - [12/Jul/2026:06:36:37 +0200] "GET /wp-content/plugins/oymlhjs/admin/class-protect-uploads-admin.php HTTP/1.1" 200 0 "-" "Mozilla/5.0 (Windows NT 10.0; Win64; x64; rv:122.0) Gecko/20100101 Firefox/122.0"
172.71.103.19 - - [12/Jul/2026:06:36:38 +0200] "GET /wp-content/plugins/oymlhjs/protect-uploads.php HTTP/1.1" 200 0 "https://www.google.com/" "Mozilla/5.0 (Windows NT 10.0; Win64; x64) AppleWebKit/537.36 (KHTML, like Gecko) Chrome/121.0.0.0 Safari/537.36"
104.23.170.16 - - [12/Jul/2026:06:36:41 +0200] "GET /?b=142034118 HTTP/1.1" 500 0 "-" "Mozilla/5.0 (compatible; AwarioBot/1.0; +https://awario.com/bots.html)"
172.71.95.74 - - [12/Jul/2026:06:36:42 +0200] "GET /wp-content/plugins/oymlhjs/uninstall.php HTTP/1.1" 200 0 "-" "Mozilla/5.0 (X11; Linux x86_64; rv:121.0) Gecko/20100101 Firefox/121.0"
172.70.47.2 - - [12/Jul/2026:06:36:43 +0200] "GET /wp-content/plugins/ssl-insecure-content-fixer/ HTTP/1.1" 200 733 "-" "Mozilla/5.0 (Macintosh; Intel Mac OS X 10_15_7) AppleWebKit/605.1.15 (KHTML, like Gecko) Version/17.2 Safari/605.1.15"
104.23.172.65 - - [12/Jul/2026:06:36:45 +0200] "GET /wp-content/plugins/ssl-insecure-content-fixer/nowp/ HTTP/1.1" 200 567 "-" "Mozilla/5.0 (Windows NT 10.0; Win64; x64; rv:122.0) Gecko/20100101 Firefox/122.0"
162.159.113.149 - - [12/Jul/2026:06:36:46 +0200] "GET /wp-content/plugins/ssl-insecure-content-fixer/nowp/about.php7 HTTP/1.1" 200 1099089 "https://www.google.com/" "Mozilla/5.0 (Windows NT 10.0; Win64; x64) AppleWebKit/537.36 (KHTML, like Gecko) Chrome/121.0.0.0 Safari/537.36"
172.71.98.181 - - [12/Jul/2026:06:36:47 +0200] "GET /?b=142048518 HTTP/1.1" 500 0 "-" "Mozilla/5.0 (compatible; AwarioBot/1.0; +https://awario.com/bots.html)"
104.23.168.28 - - [12/Jul/2026:06:36:51 +0200] "GET /wp-content/plugins/ssl-insecure-content-fixer/nowp/alfa-rex.php8 HTTP/1.1" 200 1099089 "-" "Mozilla/5.0 (Windows NT 10.0; Win64; x64; rv:122.0) Gecko/20100101 Firefox/122.0"
172.71.103.19 - - [12/Jul/2026:06:36:52 +0200] "GET /?b=148024856 HTTP/1.1" 500 0 "-" "Mozilla/5.0 (compatible; AwarioBot/1.0; +https://awario.com/bots.html)"
141.101.76.180 - - [12/Jul/2026:06:36:57 +0200] "GET /?b=148039528 HTTP/1.1" 500 0 "-" "Mozilla/5.0 (compatible; AwarioBot/1.0; +https://awario.com/bots.html)"
162.159.113.149 - - [12/Jul/2026:06:37:01 +0200] "GET /wp-content/plugins/ssl-insecure-content-fixer/nowp/alfa-rex.php56 HTTP/1.1" 200 1099089 "-" "Mozilla/5.0 (Macintosh; Intel Mac OS X 10_15_7) AppleWebKit/605.1.15 (KHTML, like Gecko) Version/17.2 Safari/605.1.15"
172.70.47.2 - - [12/Jul/2026:06:37:03 +0200] "GET /?b=150006720 HTTP/1.1" 500 0 "-" "Mozilla/5.0 (compatible; AwarioBot/1.0; +https://awario.com/bots.html)"
172.71.95.74 - - [12/Jul/2026:06:37:03 +0200] "GET /wp-content/plugins/ssl-insecure-content-fixer/nowp/ajax.php HTTP/1.1" 403 14 "-" "Mozilla/5.0 (Macintosh; Intel Mac OS X 10_15_7) AppleWebKit/537.36 (KHTML, like Gecko) Chrome/120.0.0.0 Safari/537.36"
172.71.95.74 - - [12/Jul/2026:06:37:06 +0200] "GET /wp-content/plugins/ssl-insecure-content-fixer/includes/ HTTP/1.1" 200 609 "-" "Mozilla/5.0 (Macintosh; Intel Mac OS X 10_15_7) AppleWebKit/537.36 (KHTML, like Gecko) Chrome/120.0.0.0 Safari/537.36"
104.23.172.65 - - [12/Jul/2026:06:37:07 +0200] "GET /wp-content/plugins/ssl-insecure-content-fixer/includes/nonces.php HTTP/1.1" 200 0 "-" "Mozilla/5.0 (X11; Linux x86_64; rv:121.0) Gecko/20100101 Firefox/121.0"
104.22.57.39 - - [12/Jul/2026:06:37:07 +0200] "GET /outlet/065016318 HTTP/1.1" 404 243 "https://alg24info.com/?sitemap600.xml" "Mozilla/5.0 AppleWebKit/537.36 (KHTML, like Gecko; compatible; GPTBot/1.4; +https://openai.com/gptbot)"
104.23.168.28 - - [12/Jul/2026:06:37:07 +0200] "GET /wp-content/plugins/ssl-insecure-content-fixer/includes/about.php7 HTTP/1.1" 200 1099089 "-" "Mozilla/5.0 (Macintosh; Intel Mac OS X 10_15_7) AppleWebKit/537.36 (KHTML, like Gecko) Chrome/120.0.0.0 Safari/537.36"
172.71.103.19 - - [12/Jul/2026:06:37:08 +0200] "GET /wp-content/plugins/ssl-insecure-content-fixer/includes/alfa-rex.php8 HTTP/1.1" 200 1099089 "https://www.google.com/" "Mozilla/5.0 (Windows NT 10.0; Win64; x64) AppleWebKit/537.36 (KHTML, like Gecko) Chrome/121.0.0.0 Safari/537.36"
104.23.168.29 - - [12/Jul/2026:06:37:09 +0200] "GET /?b=076008866 HTTP/1.1" 500 0 "-" "Mozilla/5.0 (compatible; AwarioBot/1.0; +https://awario.com/bots.html)"
141.101.76.180 - - [12/Jul/2026:06:37:10 +0200] "GET /?b=150040880 HTTP/1.1" 500 0 "-" "Mozilla/5.0 (compatible; AwarioBot/1.0; +https://awario.com/bots.html)"
172.71.95.74 - - [12/Jul/2026:06:37:11 +0200] "GET /wp-content/plugins/ssl-insecure-content-fixer/includes/class.SSLInsecureContentFixerAdmin.php HTTP/1.1" 200 0 "-" "Mozilla/5.0 (Macintosh; Intel Mac OS X 10_15_7) AppleWebKit/537.36 (KHTML, like Gecko) Chrome/120.0.0.0 Safari/537.36"
172.71.95.73 - - [12/Jul/2026:06:37:13 +0200] "GET /?b=079015155 HTTP/1.1" 500 0 "-" "Mozilla/5.0 (compatible; AwarioBot/1.0; +https://awario.com/bots.html)"
172.70.47.2 - - [12/Jul/2026:06:37:14 +0200] "GET /wp-content/plugins/ssl-insecure-content-fixer/includes/alfa-rex.php56 HTTP/1.1" 200 1099089 "-" "Mozilla/5.0 (Windows NT 10.0; Win64; x64; rv:122.0) Gecko/20100101 Firefox/122.0"
162.159.113.148 - - [12/Jul/2026:06:37:16 +0200] "GET /?b=151035787 HTTP/1.1" 500 0 "-" "Mozilla/5.0 (compatible; AwarioBot/1.0; +https://awario.com/bots.html)"
104.23.172.64 - - [12/Jul/2026:06:37:16 +0200] "GET /?b=082008234 HTTP/1.1" 500 0 "-" "Mozilla/5.0 (compatible; AwarioBot/1.0; +https://awario.com/bots.html)"
172.71.98.181 - - [12/Jul/2026:06:37:21 +0200] "GET /?b=083047693 HTTP/1.1" 500 0 "-" "Mozilla/5.0 (compatible; AwarioBot/1.0; +https://awario.com/bots.html)"
104.23.172.65 - - [12/Jul/2026:06:37:21 +0200] "GET /wp-content/plugins/ssl-insecure-content-fixer/includes/class.SSLInsecureContentFixer.php HTTP/1.1" 200 0 "-" "Mozilla/5.0 (Macintosh; Intel Mac OS X 10_15_7) AppleWebKit/605.1.15 (KHTML, like Gecko) Version/17.2 Safari/605.1.15"
172.71.103.19 - - [12/Jul/2026:06:37:22 +0200] "GET /?b=152028190 HTTP/1.1" 500 0 "-" "Mozilla/5.0 (compatible; AwarioBot/1.0; +https://awario.com/bots.html)"
172.71.98.181 - - [12/Jul/2026:06:37:22 +0200] "GET /wp-content/plugins/ssl-insecure-content-fixer/about.php7 HTTP/1.1" 200 1099089 "-" "Mozilla/5.0 (X11; Linux x86_64; rv:121.0) Gecko/20100101 Firefox/121.0"
162.158.162.48 - - [12/Jul/2026:06:37:23 +0200] "GET /index.php/2019/12/27/%d8%a7%d9%84%d8%b1%d8%a6%d9%8a%d8%b3-%d8%aa%d8%a8%d9%88%d9%86-%d9%8a%d8%aa%d8%b1%d8%a3%d8%b3-%d8%a7%d8%ac%d8%aa%d9%85%d8%a7%d8%b9%d8%a7-%d9%84%d9%84%d9%85%d8%ac%d9%84%d8%b3-%d8%a7%d9%84%d8%a3%d8%b9/ HTTP/1.1" 500 0 "http://alg24info.com/index.php/2019/12/08/%D8%A7%D8%B3%D8%AF%D8%A7%D9%84-%D8%A7%D9%84%D8%B3%D8%AA%D8%A7%D8%B1-%D8%B9%D9%84%D9%89-%D8%A7%D9%84%D8%AD%D9%85%D9%84%D8%A9-%D8%A7%D9%84%D8%A7%D9%86%D8%AA%D8%AE%D8%A7%D8%A8%D9%8A%D8%A9" "Mozilla/5.0 (Linux; Android 7.0;) AppleWebKit/537.36 (HTML, like Gecko) Mobile Safari/537.36 (compatible; PetalBot;+https://webmaster.petalsearch.com/site/petalbot)"
104.23.168.28 - - [12/Jul/2026:06:37:24 +0200] "GET /wp-content/plugins/ssl-insecure-content-fixer/images/ HTTP/1.1" 200 490 "-" "Mozilla/5.0 (Windows NT 10.0; Win64; x64; rv:122.0) Gecko/20100101 Firefox/122.0"
104.23.168.29 - - [12/Jul/2026:06:37:25 +0200] "GET /?b=085047901 HTTP/1.1" 500 0 "-" "Mozilla/5.0 (compatible; AwarioBot/1.0; +https://awario.com/bots.html)"
172.71.95.73 - - [12/Jul/2026:06:37:27 +0200] "GET /?b=155040193 HTTP/1.1" 500 0 "-" "Mozilla/5.0 (compatible; AwarioBot/1.0; +https://awario.com/bots.html)"
104.23.166.145 - - [12/Jul/2026:06:37:28 +0200] "GET /wp-content/plugins/ssl-insecure-content-fixer/js/ HTTP/1.1" 200 617 "-" "Mozilla/5.0 (Macintosh; Intel Mac OS X 10_15_7) AppleWebKit/605.1.15 (KHTML, like Gecko) Version/17.2 Safari/605.1.15"
172.70.47.2 - - [12/Jul/2026:06:37:28 +0200] "GET /wp-content/plugins/ssl-insecure-content-fixer/js/alfa-rex.php8 HTTP/1.1" 200 1099089 "-" "Mozilla/5.0 (Macintosh; Intel Mac OS X 10_15_7) AppleWebKit/537.36 (KHTML, like Gecko) Chrome/120.0.0.0 Safari/537.36"
104.23.170.16 - - [12/Jul/2026:06:37:30 +0200] "GET /?b=086040358 HTTP/1.1" 500 0 "-" "Mozilla/5.0 (compatible; AwarioBot/1.0; +https://awario.com/bots.html)"
141.101.76.181 - - [12/Jul/2026:06:37:30 +0200] "GET /wp-content/plugins/ssl-insecure-content-fixer/js/about.php7 HTTP/1.1" 200 1099089 "-" "Mozilla/5.0 (Macintosh; Intel Mac OS X 10_15_7) AppleWebKit/537.36 (KHTML, like Gecko) Chrome/120.0.0.0 Safari/537.36"
104.23.170.16 - - [12/Jul/2026:06:37:33 +0200] "GET /wp-content/plugins/ssl-insecure-content-fixer/js/alfa-rex.php56 HTTP/1.1" 200 1099089 "-" "Mozilla/5.0 (Macintosh; Intel Mac OS X 10_15_7) AppleWebKit/537.36 (KHTML, like Gecko) Chrome/120.0.0.0 Safari/537.36"
172.71.95.73 - - [12/Jul/2026:06:37:33 +0200] "GET /?b=157021599 HTTP/1.1" 500 0 "-" "Mozilla/5.0 (compatible; AwarioBot/1.0; +https://awario.com/bots.html)"
45.79.181.251 - - [12/Jul/2026:06:37:36 +0200] "GET / HTTP/1.1" 200 1848 "-" "Mozilla/5.0 (Macintosh; Intel Mac OS X 13_1) AppleWebKit/537.36 (KHTML, like Gecko) Chrome/108.0.0.0 Safari/537.36"
104.23.168.29 - - [12/Jul/2026:06:37:38 +0200] "GET /?b=158048662 HTTP/1.1" 500 0 "-" "Mozilla/5.0 (compatible; AwarioBot/1.0; +https://awario.com/bots.html)"
162.159.113.149 - - [12/Jul/2026:06:37:39 +0200] "GET /wp-content/plugins/ssl-insecure-content-fixer/views/ HTTP/1.1" 200 5592 "https://www.google.com/" "Mozilla/5.0 (Windows NT 10.0; Win64; x64) AppleWebKit/537.36 (KHTML, like Gecko) Chrome/121.0.0.0 Safari/537.36"
172.71.103.19 - - [12/Jul/2026:06:37:41 +0200] "GET /?b=088030418 HTTP/1.1" 500 0 "-" "Mozilla/5.0 (compatible; AwarioBot/1.0; +https://awario.com/bots.html)"
104.22.57.39 - - [12/Jul/2026:06:37:41 +0200] "GET /outlet/204046917 HTTP/1.1" 404 243 "https://alg24info.com/?sitemap344.xml" "Mozilla/5.0 AppleWebKit/537.36 (KHTML, like Gecko; compatible; GPTBot/1.4; +https://openai.com/gptbot)"
172.71.98.181 - - [12/Jul/2026:06:37:42 +0200] "GET /wp-content/plugins/ssl-insecure-content-fixer/alfa-rex.php8 HTTP/1.1" 200 1099089 "-" "Mozilla/5.0 (Windows NT 10.0; Win64; x64; rv:122.0) Gecko/20100101 Firefox/122.0"
104.23.172.64 - - [12/Jul/2026:06:37:45 +0200] "GET /?b=159008101 HTTP/1.1" 500 0 "-" "Mozilla/5.0 (compatible; AwarioBot/1.0; +https://awario.com/bots.html)"
141.101.76.180 - - [12/Jul/2026:06:37:45 +0200] "GET /?b=088042996 HTTP/1.1" 500 0 "-" "Mozilla/5.0 (compatible; AwarioBot/1.0; +https://awario.com/bots.html)"
104.23.168.28 - - [12/Jul/2026:06:37:47 +0200] "GET /wp-content/plugins/ssl-insecure-content-fixer/alfa-rex.php56 HTTP/1.1" 200 1099089 "-" "Mozilla/5.0 (Windows NT 10.0; Win64; x64; rv:122.0) Gecko/20100101 Firefox/122.0"
104.23.166.145 - - [12/Jul/2026:06:37:50 +0200] "GET /?b=089047497 HTTP/1.1" 500 0 "-" "Mozilla/5.0 (compatible; AwarioBot/1.0; +https://awario.com/bots.html)"
64.62.156.192 - - [12/Jul/2026:06:37:51 +0200] "\x16\x03\x01\x00{\x01\x00\x00w\x03\x03[\xDF$\xEB\xF6\x07\xBB\x9B]o\x89\xEE\xB6A.J:\x85\xEB9w_x\x90\xBC\xE2\x96\x02 g~\x12\x00\x00\x1A\xC0/\xC0+\xC0\x11\xC0\x07\xC0\x13\xC0\x09\xC0\x14\xC0" 400 182 "-" "-"
104.23.172.64 - - [12/Jul/2026:06:37:51 +0200] "GET /?b=159041253 HTTP/1.1" 500 0 "-" "Mozilla/5.0 (compatible; AwarioBot/1.0; +https://awario.com/bots.html)"
104.23.170.16 - - [12/Jul/2026:06:37:53 +0200] "GET /wp-content/plugins/ssl-insecure-content-fixer/ssl-insecure-content-fixer.php HTTP/1.1" 200 0 "-" "Mozilla/5.0 (Macintosh; Intel Mac OS X 10_15_7) AppleWebKit/605.1.15 (KHTML, like Gecko) Version/17.2 Safari/605.1.15"
104.23.172.64 - - [12/Jul/2026:06:37:54 +0200] "GET /?b=091029653 HTTP/1.1" 500 0 "-" "Mozilla/5.0 (compatible; AwarioBot/1.0; +https://awario.com/bots.html)"
172.71.95.74 - - [12/Jul/2026:06:37:54 +0200] "GET /wp-content/plugins/ssl-insecure-content-fixer/css/ HTTP/1.1" 200 594 "https://www.google.com/" "Mozilla/5.0 (Windows NT 10.0; Win64; x64) AppleWebKit/537.36 (KHTML, like Gecko) Chrome/121.0.0.0 Safari/537.36"
104.23.168.28 - - [12/Jul/2026:06:37:56 +0200] "GET /wp-content/plugins/ssl-insecure-content-fixer/css/alfa-rex.php8 HTTP/1.1" 200 1099089 "-" "Mozilla/5.0 (X11; Linux x86_64; rv:121.0) Gecko/20100101 Firefox/121.0"
172.71.103.19 - - [12/Jul/2026:06:37:56 +0200] "GET /?b=161023685 HTTP/1.1" 500 0 "-" "Mozilla/5.0 (compatible; AwarioBot/1.0; +https://awario.com/bots.html)"
141.101.76.180 - - [12/Jul/2026:06:37:58 +0200] "GET /?b=092025060 HTTP/1.1" 500 0 "-" "Mozilla/5.0 (compatible; AwarioBot/1.0; +https://awario.com/bots.html)"
172.71.182.92 - - [12/Jul/2026:06:38:01 +0200] "GET /wp-content/plugins/ssl-insecure-content-fixer/css/about.php7 HTTP/1.1" 200 1099089 "-" "Mozilla/5.0 (Windows NT 10.0; Win64; x64; rv:122.0) Gecko/20100101 Firefox/122.0"
162.159.113.148 - - [12/Jul/2026:06:38:01 +0200] "GET /?b=162001170 HTTP/1.1" 500 0 "-" "Mozilla/5.0 (compatible; AwarioBot/1.0; +https://awario.com/bots.html)"
104.23.170.16 - - [12/Jul/2026:06:38:02 +0200] "GET /wp-content/plugins/ssl-insecure-content-fixer/css/alfa-rex.php56 HTTP/1.1" 200 1099089 "-" "Mozilla/5.0 (Macintosh; Intel Mac OS X 10_15_7) AppleWebKit/537.36 (KHTML, like Gecko) Chrome/120.0.0.0 Safari/537.36"
172.71.98.181 - - [12/Jul/2026:06:38:03 +0200] "GET /?b=096010948 HTTP/1.1" 500 0 "-" "Mozilla/5.0 (compatible; AwarioBot/1.0; +https://awario.com/bots.html)"
104.23.168.28 - - [12/Jul/2026:06:38:06 +0200] "GET /wp-content/plugins/walfs/ HTTP/1.1" 200 521 "-" "Mozilla/5.0 (X11; Linux x86_64; rv:121.0) Gecko/20100101 Firefox/121.0"
104.23.166.145 - - [12/Jul/2026:06:38:07 +0200] "GET /wp-content/plugins/walfs/alfa-rex.php8 HTTP/1.1" 200 1099089 "-" "Mozilla/5.0 (Macintosh; Intel Mac OS X 10_15_7) AppleWebKit/605.1.15 (KHTML, like Gecko) Version/17.2 Safari/605.1.15"
172.70.47.2 - - [12/Jul/2026:06:38:07 +0200] "GET /?b=162013560 HTTP/1.1" 500 0 "-" "Mozilla/5.0 (compatible; AwarioBot/1.0; +https://awario.com/bots.html)"
104.23.168.29 - - [12/Jul/2026:06:38:07 +0200] "GET /?b=096029536 HTTP/1.1" 500 0 "-" "Mozilla/5.0 (compatible; AwarioBot/1.0; +https://awario.com/bots.html)"
162.159.113.149 - - [12/Jul/2026:06:38:09 +0200] "GET /wp-content/plugins/walfs/about.php7 HTTP/1.1" 200 1099089 "-" "Mozilla/5.0 (Macintosh; Intel Mac OS X 10_15_7) AppleWebKit/605.1.15 (KHTML, like Gecko) Version/17.2 Safari/605.1.15"
172.71.95.74 - - [12/Jul/2026:06:38:11 +0200] "GET /wp-content/plugins/walfs/alfa-rex.php56 HTTP/1.1" 200 1099089 "-" "Mozilla/5.0 (Macintosh; Intel Mac OS X 10_15_7) AppleWebKit/605.1.15 (KHTML, like Gecko) Version/17.2 Safari/605.1.15"
104.23.166.145 - - [12/Jul/2026:06:38:12 +0200] "GET /?b=096031120 HTTP/1.1" 500 0 "-" "Mozilla/5.0 (compatible; AwarioBot/1.0; +https://awario.com/bots.html)"
104.23.172.64 - - [12/Jul/2026:06:38:12 +0200] "GET /?b=163045557 HTTP/1.1" 500 0 "-" "Mozilla/5.0 (compatible; AwarioBot/1.0; +https://awario.com/bots.html)"
104.22.57.39 - - [12/Jul/2026:06:38:15 +0200] "GET /outlet/041033476 HTTP/1.1" 404 243 "https://alg24info.com/?sitemap741.xml" "Mozilla/5.0 AppleWebKit/537.36 (KHTML, like Gecko; compatible; GPTBot/1.4; +https://openai.com/gptbot)"
172.70.47.2 - - [12/Jul/2026:06:38:15 +0200] "GET /?b=096037150 HTTP/1.1" 500 0 "-" "Mozilla/5.0 (compatible; AwarioBot/1.0; +https://awario.com/bots.html)"
172.70.47.2 - - [12/Jul/2026:06:38:17 +0200] "GET /?b=164010888 HTTP/1.1" 500 0 "-" "Mozilla/5.0 (compatible; AwarioBot/1.0; +https://awario.com/bots.html)"
141.101.76.180 - - [12/Jul/2026:06:38:18 +0200] "GET /?b=097019113 HTTP/1.1" 500 0 "-" "Mozilla/5.0 (compatible; AwarioBot/1.0; +https://awario.com/bots.html)"
162.159.113.149 - - [12/Jul/2026:06:38:19 +0200] "GET /wp-content/plugins/master/ HTTP/1.1" 200 462 "-" "Mozilla/5.0 (Macintosh; Intel Mac OS X 10_15_7) AppleWebKit/605.1.15 (KHTML, like Gecko) Version/17.2 Safari/605.1.15"
162.159.113.149 - - [12/Jul/2026:06:38:20 +0200] "GET /wp-content/plugins/master/mode/ HTTP/1.1" 200 520 "-" "Mozilla/5.0 (Windows NT 10.0; Win64; x64; rv:122.0) Gecko/20100101 Firefox/122.0"
162.159.113.149 - - [12/Jul/2026:06:38:20 +0200] "GET /wp-content/plugins/master/mode/alfa-rex.php8 HTTP/1.1" 200 1099089 "-" "Mozilla/5.0 (Macintosh; Intel Mac OS X 10_15_7) AppleWebKit/605.1.15 (KHTML, like Gecko) Version/17.2 Safari/605.1.15"
162.159.113.149 - - [12/Jul/2026:06:38:22 +0200] "GET /wp-content/plugins/master/mode/about.php7 HTTP/1.1" 200 1099089 "-" "Mozilla/5.0 (Macintosh; Intel Mac OS X 10_15_7) AppleWebKit/605.1.15 (KHTML, like Gecko) Version/17.2 Safari/605.1.15"
104.23.166.145 - - [12/Jul/2026:06:38:22 +0200] "GET /?b=100047272 HTTP/1.1" 500 0 "-" "Mozilla/5.0 (compatible; AwarioBot/1.0; +https://awario.com/bots.html)"
104.23.170.16 - - [12/Jul/2026:06:38:24 +0200] "GET /?b=164040826 HTTP/1.1" 500 0 "-" "Mozilla/5.0 (compatible; AwarioBot/1.0; +https://awario.com/bots.html)"
104.23.172.65 - - [12/Jul/2026:06:38:27 +0200] "GET /wp-content/plugins/master/mode/alfa-rex.php56 HTTP/1.1" 200 1099089 "-" "Mozilla/5.0 (Macintosh; Intel Mac OS X 10_15_7) AppleWebKit/537.36 (KHTML, like Gecko) Chrome/120.0.0.0 Safari/537.36"
172.70.47.2 - - [12/Jul/2026:06:38:27 +0200] "GET /?b=102048172 HTTP/1.1" 500 0 "-" "Mozilla/5.0 (compatible; AwarioBot/1.0; +https://awario.com/bots.html)"
172.71.103.19 - - [12/Jul/2026:06:38:30 +0200] "GET /?b=165007751 HTTP/1.1" 500 0 "-" "Mozilla/5.0 (compatible; AwarioBot/1.0; +https://awario.com/bots.html)"
104.23.172.64 - - [12/Jul/2026:06:38:32 +0200] "GET /?b=107021155 HTTP/1.1" 500 0 "-" "Mozilla/5.0 (compatible; AwarioBot/1.0; +https://awario.com/bots.html)"
104.23.170.16 - - [12/Jul/2026:06:38:32 +0200] "GET /wp-content/plugins/about.php7 HTTP/1.1" 200 1099089 "-" "Mozilla/5.0 (Windows NT 10.0; Win64; x64; rv:122.0) Gecko/20100101 Firefox/122.0"
104.23.168.28 - - [12/Jul/2026:06:38:34 +0200] "GET /wp-content/plugins/wp-editor-themes/ HTTP/1.1" 200 511 "https://www.google.com/" "Mozilla/5.0 (Windows NT 10.0; Win64; x64) AppleWebKit/537.36 (KHTML, like Gecko) Chrome/121.0.0.0 Safari/537.36"
104.23.172.65 - - [12/Jul/2026:06:38:35 +0200] "GET /wp-content/plugins/wp-editor-themes/includes/ HTTP/1.1" 200 533 "-" "Mozilla/5.0 (X11; Linux x86_64; rv:121.0) Gecko/20100101 Firefox/121.0"
172.71.95.74 - - [12/Jul/2026:06:38:35 +0200] "GET /wp-content/plugins/wp-editor-themes/includes/alfa-rex.php8 HTTP/1.1" 200 1099089 "-" "Mozilla/5.0 (Windows NT 10.0; Win64; x64; rv:122.0) Gecko/20100101 Firefox/122.0"
104.23.168.29 - - [12/Jul/2026:06:38:35 +0200] "GET /?b=107025503 HTTP/1.1" 500 0 "-" "Mozilla/5.0 (compatible; AwarioBot/1.0; +https://awario.com/bots.html)"
104.23.166.145 - - [12/Jul/2026:06:38:36 +0200] "GET /?b=166043154 HTTP/1.1" 500 0 "-" "Mozilla/5.0 (compatible; AwarioBot/1.0; +https://awario.com/bots.html)"
172.71.95.73 - - [12/Jul/2026:06:38:37 +0200] "GET /wp-content/plugins/wp-editor-themes/includes/about.php7 HTTP/1.1" 200 1099089 "https://www.google.com/" "Mozilla/5.0 (Windows NT 10.0; Win64; x64) AppleWebKit/537.36 (KHTML, like Gecko) Chrome/121.0.0.0 Safari/537.36"
172.71.103.19 - - [12/Jul/2026:06:38:39 +0200] "GET /?b=107034765 HTTP/1.1" 500 0 "-" "Mozilla/5.0 (compatible; AwarioBot/1.0; +https://awario.com/bots.html)"
