Sindbad~EG File Manager

Current Path : /proc/932/root/var/log/nginx/
Upload File :
Current File : //proc/932/root/var/log/nginx/access.log.1

104.23.172.64 - - [12/Jul/2026:06:25:04 +0200] "GET /?a=069025171 HTTP/1.1" 500 0 "-" "Mozilla/5.0 (compatible; AwarioBot/1.0; +https://awario.com/bots.html)"
172.71.182.157 - - [12/Jul/2026:06:25:05 +0200] "GET /wp-content/plugins/insert-headers-and-footers/build/notices.asset.php HTTP/1.1" 200 0 "-" "Mozilla/5.0 (Windows NT 10.0; Win64; x64; rv:122.0) Gecko/20100101 Firefox/122.0"
141.101.76.181 - - [12/Jul/2026:06:25:09 +0200] "GET /wp-content/plugins/insert-headers-and-footers/build/alfa-rex.php56 HTTP/1.1" 200 1099089 "-" "Mozilla/5.0 (Windows NT 10.0; Win64; x64; rv:122.0) Gecko/20100101 Firefox/122.0"
172.71.98.181 - - [12/Jul/2026:06:25:10 +0200] "GET /?a=071038745 HTTP/1.1" 500 0 "-" "Mozilla/5.0 (compatible; AwarioBot/1.0; +https://awario.com/bots.html)"
104.23.172.64 - - [12/Jul/2026:06:25:14 +0200] "GET /?a=072017032 HTTP/1.1" 500 0 "-" "Mozilla/5.0 (compatible; AwarioBot/1.0; +https://awario.com/bots.html)"
104.23.168.29 - - [12/Jul/2026:06:25:19 +0200] "GET /wp-content/plugins/insert-headers-and-footers/build/connect.asset.php HTTP/1.1" 200 0 "https://www.google.com/" "Mozilla/5.0 (Windows NT 10.0; Win64; x64) AppleWebKit/537.36 (KHTML, like Gecko) Chrome/121.0.0.0 Safari/537.36"
162.159.113.148 - - [12/Jul/2026:06:25:19 +0200] "GET /?a=073025055 HTTP/1.1" 500 0 "-" "Mozilla/5.0 (compatible; AwarioBot/1.0; +https://awario.com/bots.html)"
172.71.95.74 - - [12/Jul/2026:06:25:19 +0200] "GET /wp-content/plugins/insert-headers-and-footers/build/admin-global-lite.asset.php HTTP/1.1" 200 0 "-" "Mozilla/5.0 (X11; Linux x86_64; rv:121.0) Gecko/20100101 Firefox/121.0"
104.23.166.145 - - [12/Jul/2026:06:25:21 +0200] "GET /wp-content/plugins/insert-headers-and-footers/build/admin-bar.asset.php HTTP/1.1" 200 0 "-" "Mozilla/5.0 (Windows NT 10.0; Win64; x64; rv:122.0) Gecko/20100101 Firefox/122.0"
104.23.166.144 - - [12/Jul/2026:06:25:23 +0200] "GET /?a=073042725 HTTP/1.1" 500 0 "-" "Mozilla/5.0 (compatible; AwarioBot/1.0; +https://awario.com/bots.html)"
172.71.98.181 - - [12/Jul/2026:06:25:24 +0200] "GET /wp-content/plugins/insert-headers-and-footers/uninstall.php HTTP/1.1" 200 0 "-" "Mozilla/5.0 (Macintosh; Intel Mac OS X 10_15_7) AppleWebKit/537.36 (KHTML, like Gecko) Chrome/120.0.0.0 Safari/537.36"
104.22.57.39 - - [12/Jul/2026:06:25:25 +0200] "GET /outlet/055005112 HTTP/1.1" 404 243 "https://alg24info.com/?sitemap224.xml" "Mozilla/5.0 AppleWebKit/537.36 (KHTML, like Gecko; compatible; GPTBot/1.4; +https://openai.com/gptbot)"
104.23.170.16 - - [12/Jul/2026:06:25:26 +0200] "GET /?a=074021482 HTTP/1.1" 500 0 "-" "Mozilla/5.0 (compatible; AwarioBot/1.0; +https://awario.com/bots.html)"
172.70.47.136 - - [12/Jul/2026:06:25:27 +0200] "GET /wp-content/plugins/insert-headers-and-footers/ihaf.php HTTP/1.1" 200 0 "-" "Mozilla/5.0 (Macintosh; Intel Mac OS X 10_15_7) AppleWebKit/605.1.15 (KHTML, like Gecko) Version/17.2 Safari/605.1.15"
104.23.166.145 - - [12/Jul/2026:06:25:29 +0200] "GET /wp-content/plugins/fix/ HTTP/1.1" 200 889 "-" "Mozilla/5.0 (Windows NT 10.0; Win64; x64; rv:122.0) Gecko/20100101 Firefox/122.0"
172.71.98.181 - - [12/Jul/2026:06:25:29 +0200] "GET /wp-content/plugins/fix/ulwwns.php HTTP/1.1" 200 0 "-" "Mozilla/5.0 (Macintosh; Intel Mac OS X 10_15_7) AppleWebKit/537.36 (KHTML, like Gecko) Chrome/120.0.0.0 Safari/537.36"
172.71.182.157 - - [12/Jul/2026:06:25:29 +0200] "GET /?a=075032711 HTTP/1.1" 500 0 "-" "Mozilla/5.0 (compatible; AwarioBot/1.0; +https://awario.com/bots.html)"
104.23.170.16 - - [12/Jul/2026:06:25:33 +0200] "GET /?a=078007932 HTTP/1.1" 500 0 "-" "Mozilla/5.0 (compatible; AwarioBot/1.0; +https://awario.com/bots.html)"
104.23.172.64 - - [12/Jul/2026:06:25:38 +0200] "GET /wp-content/plugins/fix/prosellers2.php HTTP/1.1" 200 113 "https://www.google.com/" "Mozilla/5.0 (Windows NT 10.0; Win64; x64) AppleWebKit/537.36 (KHTML, like Gecko) Chrome/121.0.0.0 Safari/537.36"
104.23.166.144 - - [12/Jul/2026:06:25:39 +0200] "GET /?a=078036878 HTTP/1.1" 500 0 "-" "Mozilla/5.0 (compatible; AwarioBot/1.0; +https://awario.com/bots.html)"
172.70.47.136 - - [12/Jul/2026:06:25:41 +0200] "GET /wp-content/plugins/fix/0649dc03a8index.php HTTP/1.1" 200 0 "-" "Mozilla/5.0 (X11; Linux x86_64; rv:121.0) Gecko/20100101 Firefox/121.0"
104.23.172.64 - - [12/Jul/2026:06:25:42 +0200] "GET /?a=081039659 HTTP/1.1" 500 0 "-" "Mozilla/5.0 (compatible; AwarioBot/1.0; +https://awario.com/bots.html)"
104.23.170.16 - - [12/Jul/2026:06:25:47 +0200] "GET /?a=083035815 HTTP/1.1" 500 0 "-" "Mozilla/5.0 (compatible; AwarioBot/1.0; +https://awario.com/bots.html)"
172.71.102.211 - - [12/Jul/2026:06:25:49 +0200] "GET /wp-content/plugins/fix/fd3166962aindex.php HTTP/1.1" 200 45 "-" "Mozilla/5.0 (Macintosh; Intel Mac OS X 10_15_7) AppleWebKit/605.1.15 (KHTML, like Gecko) Version/17.2 Safari/605.1.15"
104.23.168.29 - - [12/Jul/2026:06:25:50 +0200] "GET /wp-content/plugins/fix/608c653b26index.php HTTP/1.1" 200 0 "-" "Mozilla/5.0 (X11; Linux x86_64; rv:121.0) Gecko/20100101 Firefox/121.0"
172.70.47.135 - - [12/Jul/2026:06:25:50 +0200] "GET /?a=084034932 HTTP/1.1" 500 0 "-" "Mozilla/5.0 (compatible; AwarioBot/1.0; +https://awario.com/bots.html)"
162.159.113.148 - - [12/Jul/2026:06:25:53 +0200] "GET /?a=085031501 HTTP/1.1" 500 0 "-" "Mozilla/5.0 (compatible; AwarioBot/1.0; +https://awario.com/bots.html)"
172.71.98.181 - - [12/Jul/2026:06:25:58 +0200] "GET /?a=087005875 HTTP/1.1" 500 0 "-" "Mozilla/5.0 (compatible; AwarioBot/1.0; +https://awario.com/bots.html)"
104.22.57.39 - - [12/Jul/2026:06:26:00 +0200] "GET /outlet/288041279 HTTP/1.1" 404 243 "https://alg24info.com/?sitemap600.xml" "Mozilla/5.0 AppleWebKit/537.36 (KHTML, like Gecko; compatible; GPTBot/1.4; +https://openai.com/gptbot)"
172.70.47.135 - - [12/Jul/2026:06:26:02 +0200] "GET /?a=087007723 HTTP/1.1" 500 0 "-" "Mozilla/5.0 (compatible; AwarioBot/1.0; +https://awario.com/bots.html)"
104.23.166.145 - - [12/Jul/2026:06:26:05 +0200] "GET /wp-content/plugins/fix/m.php HTTP/1.1" 200 114 "-" "Mozilla/5.0 (Windows NT 10.0; Win64; x64; rv:122.0) Gecko/20100101 Firefox/122.0"
172.70.47.135 - - [12/Jul/2026:06:26:07 +0200] "GET /?a=088015046 HTTP/1.1" 500 0 "-" "Mozilla/5.0 (compatible; AwarioBot/1.0; +https://awario.com/bots.html)"
172.71.182.157 - - [12/Jul/2026:06:26:07 +0200] "GET /wp-content/plugins/fix/about.php7 HTTP/1.1" 200 1099089 "-" "Mozilla/5.0 (X11; Linux x86_64; rv:121.0) Gecko/20100101 Firefox/121.0"
172.71.182.157 - - [12/Jul/2026:06:26:11 +0200] "GET /wp-content/plugins/fix/alfa-rex.php8 HTTP/1.1" 200 1099089 "-" "Mozilla/5.0 (X11; Linux x86_64; rv:121.0) Gecko/20100101 Firefox/121.0"
172.71.98.181 - - [12/Jul/2026:06:26:19 +0200] "GET /wp-content/plugins/fix/6cf268d11dindex.php HTTP/1.1" 200 45 "https://www.google.com/" "Mozilla/5.0 (Windows NT 10.0; Win64; x64) AppleWebKit/537.36 (KHTML, like Gecko) Chrome/121.0.0.0 Safari/537.36"
104.23.170.16 - - [12/Jul/2026:06:26:27 +0200] "GET /wp-content/plugins/fix/test1.php HTTP/1.1" 200 169 "-" "Mozilla/5.0 (Macintosh; Intel Mac OS X 10_15_7) AppleWebKit/605.1.15 (KHTML, like Gecko) Version/17.2 Safari/605.1.15"
104.22.57.39 - - [12/Jul/2026:06:26:33 +0200] "GET /outlet/130043385 HTTP/1.1" 404 243 "https://alg24info.com/?sitemap600.xml" "Mozilla/5.0 AppleWebKit/537.36 (KHTML, like Gecko; compatible; GPTBot/1.4; +https://openai.com/gptbot)"
141.101.76.181 - - [12/Jul/2026:06:26:33 +0200] "GET /wp-content/plugins/fix/7c18aade5e90.php HTTP/1.1" 200 7 "-" "Mozilla/5.0 (Windows NT 10.0; Win64; x64; rv:122.0) Gecko/20100101 Firefox/122.0"
172.70.47.136 - - [12/Jul/2026:06:26:38 +0200] "GET /wp-content/plugins/fix/bu2.php HTTP/1.1" 200 216 "-" "Mozilla/5.0 (Windows NT 10.0; Win64; x64; rv:122.0) Gecko/20100101 Firefox/122.0"
104.23.166.145 - - [12/Jul/2026:06:26:42 +0200] "GET /wp-content/plugins/fix/alfa-rex.php56 HTTP/1.1" 200 1099089 "https://www.google.com/" "Mozilla/5.0 (Windows NT 10.0; Win64; x64) AppleWebKit/537.36 (KHTML, like Gecko) Chrome/121.0.0.0 Safari/537.36"
172.71.102.210 - - [12/Jul/2026:06:26:55 +0200] "GET /wp-content/plugins/fix/nsts2.php HTTP/1.1" 200 1 "-" "Mozilla/5.0 (Macintosh; Intel Mac OS X 10_15_7) AppleWebKit/605.1.15 (KHTML, like Gecko) Version/17.2 Safari/605.1.15"
104.23.166.145 - - [12/Jul/2026:06:26:59 +0200] "GET /wp-content/plugins/fix/x.php HTTP/1.1" 200 0 "-" "Mozilla/5.0 (Windows NT 10.0; Win64; x64; rv:122.0) Gecko/20100101 Firefox/122.0"
172.71.102.210 - - [12/Jul/2026:06:27:00 +0200] "GET /wp-content/plugins/fix/rc.php HTTP/1.1" 200 216 "-" "Mozilla/5.0 (Windows NT 10.0; Win64; x64; rv:122.0) Gecko/20100101 Firefox/122.0"
162.159.113.148 - - [12/Jul/2026:06:27:02 +0200] "GET /wp-content/plugins/fix/bs2.php HTTP/1.1" 200 2 "-" "Mozilla/5.0 (X11; Linux x86_64; rv:121.0) Gecko/20100101 Firefox/121.0"
104.23.172.65 - - [12/Jul/2026:06:27:05 +0200] "GET /?a=089021261 HTTP/1.1" 500 0 "-" "Mozilla/5.0 (compatible; AwarioBot/1.0; +https://awario.com/bots.html)"
104.23.166.145 - - [12/Jul/2026:06:27:06 +0200] "GET /wp-content/plugins/gdzonby/ HTTP/1.1" 200 758 "-" "Mozilla/5.0 (Macintosh; Intel Mac OS X 10_15_7) AppleWebKit/605.1.15 (KHTML, like Gecko) Version/17.2 Safari/605.1.15"
104.22.57.39 - - [12/Jul/2026:06:27:08 +0200] "GET /outlet/182023523 HTTP/1.1" 404 243 "https://alg24info.com/?sitemap741.xml" "Mozilla/5.0 AppleWebKit/537.36 (KHTML, like Gecko; compatible; GPTBot/1.4; +https://openai.com/gptbot)"
172.71.95.73 - - [12/Jul/2026:06:27:08 +0200] "GET /wp-content/plugins/gdzonby/includes/ HTTP/1.1" 200 0 "-" "Mozilla/5.0 (Macintosh; Intel Mac OS X 10_15_7) AppleWebKit/605.1.15 (KHTML, like Gecko) Version/17.2 Safari/605.1.15"
172.71.95.73 - - [12/Jul/2026:06:27:09 +0200] "GET /?a=092029954 HTTP/1.1" 500 0 "-" "Mozilla/5.0 (compatible; AwarioBot/1.0; +https://awario.com/bots.html)"
172.71.95.73 - - [12/Jul/2026:06:27:10 +0200] "GET /wp-content/plugins/gdzonby/about.php7 HTTP/1.1" 200 1099089 "-" "Mozilla/5.0 (Windows NT 10.0; Win64; x64; rv:122.0) Gecko/20100101 Firefox/122.0"
104.23.168.28 - - [12/Jul/2026:06:27:11 +0200] "GET /wp-content/plugins/gdzonby/alfa-rex.php8 HTTP/1.1" 200 1099089 "-" "Mozilla/5.0 (Macintosh; Intel Mac OS X 10_15_7) AppleWebKit/537.36 (KHTML, like Gecko) Chrome/120.0.0.0 Safari/537.36"
172.71.182.92 - - [12/Jul/2026:06:27:13 +0200] "GET /?a=093002041 HTTP/1.1" 500 0 "-" "Mozilla/5.0 (compatible; AwarioBot/1.0; +https://awario.com/bots.html)"
172.71.98.181 - - [12/Jul/2026:06:27:13 +0200] "GET /wp-content/plugins/gdzonby/languages/ HTTP/1.1" 200 635 "-" "Mozilla/5.0 (X11; Linux x86_64; rv:121.0) Gecko/20100101 Firefox/121.0"
104.23.170.16 - - [12/Jul/2026:06:27:13 +0200] "GET /wp-content/plugins/gdzonby/languages/alfa-rex.php8 HTTP/1.1" 200 1099089 "https://www.google.com/" "Mozilla/5.0 (Windows NT 10.0; Win64; x64) AppleWebKit/537.36 (KHTML, like Gecko) Chrome/121.0.0.0 Safari/537.36"
172.71.98.181 - - [12/Jul/2026:06:27:17 +0200] "GET /?a=094000238 HTTP/1.1" 500 0 "-" "Mozilla/5.0 (compatible; AwarioBot/1.0; +https://awario.com/bots.html)"
104.23.168.28 - - [12/Jul/2026:06:27:20 +0200] "GET /?a=094023376 HTTP/1.1" 500 0 "-" "Mozilla/5.0 (compatible; AwarioBot/1.0; +https://awario.com/bots.html)"
104.23.166.145 - - [12/Jul/2026:06:27:24 +0200] "GET /wp-content/plugins/gdzonby/languages/about.php7 HTTP/1.1" 200 1099089 "-" "Mozilla/5.0 (Windows NT 10.0; Win64; x64; rv:122.0) Gecko/20100101 Firefox/122.0"
141.101.76.181 - - [12/Jul/2026:06:27:26 +0200] "GET /wp-content/plugins/gdzonby/languages/alfa-rex.php56 HTTP/1.1" 200 1099089 "-" "Mozilla/5.0 (X11; Linux x86_64; rv:121.0) Gecko/20100101 Firefox/121.0"
172.71.98.181 - - [12/Jul/2026:06:27:30 +0200] "GET /wp-content/plugins/gdzonby/alfa-rex.php56 HTTP/1.1" 200 1099089 "-" "Mozilla/5.0 (Windows NT 10.0; Win64; x64; rv:122.0) Gecko/20100101 Firefox/122.0"
135.237.126.135 - - [12/Jul/2026:06:27:34 +0200] "GET / HTTP/1.1" 200 1848 "-" "Mozilla/5.0 zgrab/0.x"
135.237.126.135 - - [12/Jul/2026:06:27:34 +0200] "MGLNDD_51.91.100.113_443" 400 182 "-" "-"
172.71.103.19 - - [12/Jul/2026:06:27:35 +0200] "GET /?a=098018726 HTTP/1.1" 500 0 "-" "Mozilla/5.0 (compatible; AwarioBot/1.0; +https://awario.com/bots.html)"
104.23.170.16 - - [12/Jul/2026:06:27:38 +0200] "GET /wp-content/plugins/gdzonby/acespades.php HTTP/1.1" 200 0 "-" "Mozilla/5.0 (Macintosh; Intel Mac OS X 10_15_7) AppleWebKit/537.36 (KHTML, like Gecko) Chrome/120.0.0.0 Safari/537.36"
172.71.98.181 - - [12/Jul/2026:06:27:40 +0200] "GET /?a=098037122 HTTP/1.1" 500 0 "-" "Mozilla/5.0 (compatible; AwarioBot/1.0; +https://awario.com/bots.html)"
104.22.57.39 - - [12/Jul/2026:06:27:41 +0200] "GET /outlet/080049859 HTTP/1.1" 404 243 "https://alg24info.com/?sitemap600.xml" "Mozilla/5.0 AppleWebKit/537.36 (KHTML, like Gecko; compatible; GPTBot/1.4; +https://openai.com/gptbot)"
162.159.113.148 - - [12/Jul/2026:06:27:44 +0200] "GET /?a=099004757 HTTP/1.1" 500 0 "-" "Mozilla/5.0 (compatible; AwarioBot/1.0; +https://awario.com/bots.html)"
141.101.76.181 - - [12/Jul/2026:06:27:46 +0200] "GET /?a=099046909 HTTP/1.1" 500 0 "-" "Mozilla/5.0 (compatible; AwarioBot/1.0; +https://awario.com/bots.html)"
172.71.182.93 - - [12/Jul/2026:06:27:48 +0200] "GET /wp-content/plugins/gdzonby/admin/ HTTP/1.1" 200 608 "-" "Mozilla/5.0 (Windows NT 10.0; Win64; x64; rv:122.0) Gecko/20100101 Firefox/122.0"
172.71.98.181 - - [12/Jul/2026:06:27:49 +0200] "GET /?a=100006334 HTTP/1.1" 500 0 "-" "Mozilla/5.0 (compatible; AwarioBot/1.0; +https://awario.com/bots.html)"
172.71.98.181 - - [12/Jul/2026:06:27:50 +0200] "GET /wp-content/plugins/gdzonby/admin/views/ HTTP/1.1" 200 610 "-" "Mozilla/5.0 (Windows NT 10.0; Win64; x64; rv:122.0) Gecko/20100101 Firefox/122.0"
172.70.47.136 - - [12/Jul/2026:06:27:54 +0200] "GET /?a=101015943 HTTP/1.1" 500 0 "-" "Mozilla/5.0 (compatible; AwarioBot/1.0; +https://awario.com/bots.html)"
172.70.47.136 - - [12/Jul/2026:06:27:55 +0200] "GET /wp-content/plugins/gdzonby/admin/views/about.php7 HTTP/1.1" 200 1099089 "-" "Mozilla/5.0 (X11; Linux x86_64; rv:121.0) Gecko/20100101 Firefox/121.0"
172.71.182.92 - - [12/Jul/2026:06:27:57 +0200] "GET /?a=101020429 HTTP/1.1" 500 0 "-" "Mozilla/5.0 (compatible; AwarioBot/1.0; +https://awario.com/bots.html)"
104.23.168.28 - - [12/Jul/2026:06:27:59 +0200] "GET /wp-content/plugins/gdzonby/admin/views/alfa-rex.php8 HTTP/1.1" 200 1099089 "-" "Mozilla/5.0 (X11; Linux x86_64; rv:121.0) Gecko/20100101 Firefox/121.0"
172.71.103.19 - - [12/Jul/2026:06:27:59 +0200] "GET /?a=102011170 HTTP/1.1" 500 0 "-" "Mozilla/5.0 (compatible; AwarioBot/1.0; +https://awario.com/bots.html)"
172.71.95.73 - - [12/Jul/2026:06:28:01 +0200] "GET /wp-content/plugins/gdzonby/admin/views/protect-uploads-admin-settings-page.php HTTP/1.1" 500 17 "-" "Mozilla/5.0 (X11; Linux x86_64; rv:121.0) Gecko/20100101 Firefox/121.0"
104.23.166.144 - - [12/Jul/2026:06:28:02 +0200] "GET /?a=104021052 HTTP/1.1" 500 0 "-" "Mozilla/5.0 (compatible; AwarioBot/1.0; +https://awario.com/bots.html)"
162.159.113.149 - - [12/Jul/2026:06:28:09 +0200] "GET /wp-content/plugins/gdzonby/admin/views/alfa-rex.php56 HTTP/1.1" 200 1099089 "-" "Mozilla/5.0 (Macintosh; Intel Mac OS X 10_15_7) AppleWebKit/537.36 (KHTML, like Gecko) Chrome/120.0.0.0 Safari/537.36"
104.23.170.16 - - [12/Jul/2026:06:28:09 +0200] "GET /?a=104025840 HTTP/1.1" 500 0 "-" "Mozilla/5.0 (compatible; AwarioBot/1.0; +https://awario.com/bots.html)"
104.23.168.28 - - [12/Jul/2026:06:28:12 +0200] "GET /?a=104044562 HTTP/1.1" 500 0 "-" "Mozilla/5.0 (compatible; AwarioBot/1.0; +https://awario.com/bots.html)"
104.22.57.39 - - [12/Jul/2026:06:28:14 +0200] "GET /outlet/055029332 HTTP/1.1" 404 243 "https://alg24info.com/?sitemap224.xml" "Mozilla/5.0 AppleWebKit/537.36 (KHTML, like Gecko; compatible; GPTBot/1.4; +https://openai.com/gptbot)"
104.23.166.144 - - [12/Jul/2026:06:28:15 +0200] "GET /?a=108023858 HTTP/1.1" 500 0 "-" "Mozilla/5.0 (compatible; AwarioBot/1.0; +https://awario.com/bots.html)"
172.71.182.93 - - [12/Jul/2026:06:28:15 +0200] "GET /wp-content/plugins/gdzonby/admin/about.php7 HTTP/1.1" 200 1099089 "-" "Mozilla/5.0 (Macintosh; Intel Mac OS X 10_15_7) AppleWebKit/605.1.15 (KHTML, like Gecko) Version/17.2 Safari/605.1.15"
172.70.47.136 - - [12/Jul/2026:06:28:17 +0200] "GET /wp-content/plugins/gdzonby/admin/alfa-rex.php8 HTTP/1.1" 200 1099089 "-" "Mozilla/5.0 (X11; Linux x86_64; rv:121.0) Gecko/20100101 Firefox/121.0"
104.23.166.144 - - [12/Jul/2026:06:28:18 +0200] "GET /?a=111019903 HTTP/1.1" 500 0 "-" "Mozilla/5.0 (compatible; AwarioBot/1.0; +https://awario.com/bots.html)"
104.23.172.64 - - [12/Jul/2026:06:28:22 +0200] "GET /wp-content/plugins/gdzonby/admin/assets/ HTTP/1.1" 200 559 "-" "Mozilla/5.0 (Macintosh; Intel Mac OS X 10_15_7) AppleWebKit/605.1.15 (KHTML, like Gecko) Version/17.2 Safari/605.1.15"
172.71.95.73 - - [12/Jul/2026:06:28:22 +0200] "GET /wp-content/plugins/gdzonby/admin/assets/about.php7 HTTP/1.1" 200 1099089 "https://www.google.com/" "Mozilla/5.0 (Windows NT 10.0; Win64; x64) AppleWebKit/537.36 (KHTML, like Gecko) Chrome/121.0.0.0 Safari/537.36"
104.23.172.65 - - [12/Jul/2026:06:28:31 +0200] "GET /?a=114026308 HTTP/1.1" 500 0 "-" "Mozilla/5.0 (compatible; AwarioBot/1.0; +https://awario.com/bots.html)"
172.71.103.19 - - [12/Jul/2026:06:28:35 +0200] "GET /?a=114029078 HTTP/1.1" 500 0 "-" "Mozilla/5.0 (compatible; AwarioBot/1.0; +https://awario.com/bots.html)"
141.101.76.180 - - [12/Jul/2026:06:28:36 +0200] "GET /wp-content/plugins/gdzonby/admin/assets/alfa-rex.php8 HTTP/1.1" 200 1099089 "-" "Mozilla/5.0 (X11; Linux x86_64; rv:121.0) Gecko/20100101 Firefox/121.0"
104.23.168.28 - - [12/Jul/2026:06:28:38 +0200] "GET /?a=116020140 HTTP/1.1" 500 0 "-" "Mozilla/5.0 (compatible; AwarioBot/1.0; +https://awario.com/bots.html)"
172.71.95.73 - - [12/Jul/2026:06:28:40 +0200] "GET /wp-content/plugins/gdzonby/admin/assets/alfa-rex.php56 HTTP/1.1" 200 1099089 "https://www.google.com/" "Mozilla/5.0 (Windows NT 10.0; Win64; x64) AppleWebKit/537.36 (KHTML, like Gecko) Chrome/121.0.0.0 Safari/537.36"
172.71.182.93 - - [12/Jul/2026:06:28:41 +0200] "GET /wp-content/plugins/gdzonby/admin/alfa-rex.php56 HTTP/1.1" 200 1099089 "-" "Mozilla/5.0 (Windows NT 10.0; Win64; x64; rv:122.0) Gecko/20100101 Firefox/122.0"
104.23.168.28 - - [12/Jul/2026:06:28:42 +0200] "GET /?a=117013101 HTTP/1.1" 500 0 "-" "Mozilla/5.0 (compatible; AwarioBot/1.0; +https://awario.com/bots.html)"
104.22.57.39 - - [12/Jul/2026:06:28:47 +0200] "GET /outlet/153033866 HTTP/1.1" 404 243 "https://alg24info.com/?sitemap600.xml" "Mozilla/5.0 AppleWebKit/537.36 (KHTML, like Gecko; compatible; GPTBot/1.4; +https://openai.com/gptbot)"
104.23.166.144 - - [12/Jul/2026:06:28:49 +0200] "GET /wp-content/plugins/gdzonby/admin/class-protect-uploads-admin.php HTTP/1.1" 200 0 "-" "Mozilla/5.0 (Windows NT 10.0; Win64; x64; rv:122.0) Gecko/20100101 Firefox/122.0"
104.23.166.144 - - [12/Jul/2026:06:28:52 +0200] "GET /?a=121006167 HTTP/1.1" 500 0 "-" "Mozilla/5.0 (compatible; AwarioBot/1.0; +https://awario.com/bots.html)"
162.159.113.149 - - [12/Jul/2026:06:28:53 +0200] "GET /wp-content/plugins/gdzonby/dczyzgbv.php HTTP/1.1" 200 0 "-" "Mozilla/5.0 (Windows NT 10.0; Win64; x64; rv:122.0) Gecko/20100101 Firefox/122.0"
141.101.76.180 - - [12/Jul/2026:06:28:54 +0200] "GET /wp-content/plugins/gdzonby/protect-uploads.php HTTP/1.1" 200 0 "-" "Mozilla/5.0 (Macintosh; Intel Mac OS X 10_15_7) AppleWebKit/537.36 (KHTML, like Gecko) Chrome/120.0.0.0 Safari/537.36"
172.71.98.180 - - [12/Jul/2026:06:28:58 +0200] "GET /wp-content/plugins/gdzonby/uninstall.php HTTP/1.1" 200 0 "-" "Mozilla/5.0 (Macintosh; Intel Mac OS X 10_15_7) AppleWebKit/537.36 (KHTML, like Gecko) Chrome/120.0.0.0 Safari/537.36"
172.71.103.19 - - [12/Jul/2026:06:28:58 +0200] "GET /?a=122044546 HTTP/1.1" 500 0 "-" "Mozilla/5.0 (compatible; AwarioBot/1.0; +https://awario.com/bots.html)"
172.71.95.73 - - [12/Jul/2026:06:29:01 +0200] "GET /?a=124036228 HTTP/1.1" 500 0 "-" "Mozilla/5.0 (compatible; AwarioBot/1.0; +https://awario.com/bots.html)"
104.23.166.144 - - [12/Jul/2026:06:29:02 +0200] "GET /wp-content/plugins/ace/ HTTP/1.1" 200 418 "-" "Mozilla/5.0 (Macintosh; Intel Mac OS X 10_15_7) AppleWebKit/605.1.15 (KHTML, like Gecko) Version/17.2 Safari/605.1.15"
104.23.190.62 - - [12/Jul/2026:06:29:04 +0200] "GET /wp-content/uploads/cache/ben_bouzid-1-6w3a0a20q1rpmhdn9yhlenp5io9fgf1psmkygyts34j.jpg HTTP/1.1" 200 32864 "-" "Mozilla/5.0 (compatible; crawler)"
172.70.47.136 - - [12/Jul/2026:06:29:04 +0200] "GET /wp-content/plugins/really-simple-ssl2/ HTTP/1.1" 200 960 "-" "Mozilla/5.0 (Windows NT 10.0; Win64; x64; rv:122.0) Gecko/20100101 Firefox/122.0"
172.70.47.136 - - [12/Jul/2026:06:29:05 +0200] "GET /wp-content/plugins/really-simple-ssl2/alfa-rex.php56 HTTP/1.1" 200 1099089 "-" "Mozilla/5.0 (X11; Linux x86_64; rv:121.0) Gecko/20100101 Firefox/121.0"
104.23.166.144 - - [12/Jul/2026:06:29:07 +0200] "GET /?a=127042861 HTTP/1.1" 500 0 "-" "Mozilla/5.0 (compatible; AwarioBot/1.0; +https://awario.com/bots.html)"
172.71.103.20 - - [12/Jul/2026:06:29:07 +0200] "GET /wp-content/plugins/really-simple-ssl2/rlrsssl-really-simple-ssl.php HTTP/1.1" 200 67 "-" "Mozilla/5.0 (Windows NT 10.0; Win64; x64; rv:122.0) Gecko/20100101 Firefox/122.0"
104.23.172.64 - - [12/Jul/2026:06:29:08 +0200] "GET /wp-content/plugins/really-simple-ssl2/class-help.php HTTP/1.1" 200 67 "-" "Mozilla/5.0 (X11; Linux x86_64; rv:121.0) Gecko/20100101 Firefox/121.0"
104.23.168.28 - - [12/Jul/2026:06:29:10 +0200] "GET /?a=128014406 HTTP/1.1" 500 0 "-" "Mozilla/5.0 (compatible; AwarioBot/1.0; +https://awario.com/bots.html)"
162.159.113.149 - - [12/Jul/2026:06:29:12 +0200] "GET /?a=128028016 HTTP/1.1" 500 0 "-" "Mozilla/5.0 (compatible; AwarioBot/1.0; +https://awario.com/bots.html)"
104.23.168.29 - - [12/Jul/2026:06:29:13 +0200] "GET /wp-content/plugins/really-simple-ssl2/img/ HTTP/1.1" 200 609 "-" "Mozilla/5.0 (Windows NT 10.0; Win64; x64; rv:122.0) Gecko/20100101 Firefox/122.0"
172.70.47.136 - - [12/Jul/2026:06:29:13 +0200] "GET /wp-content/plugins/really-simple-ssl2/img/alfa-rex.php8 HTTP/1.1" 200 1099089 "https://www.google.com/" "Mozilla/5.0 (Windows NT 10.0; Win64; x64) AppleWebKit/537.36 (KHTML, like Gecko) Chrome/121.0.0.0 Safari/537.36"
104.23.166.144 - - [12/Jul/2026:06:29:15 +0200] "GET /?a=128042618 HTTP/1.1" 500 0 "-" "Mozilla/5.0 (compatible; AwarioBot/1.0; +https://awario.com/bots.html)"
141.101.76.180 - - [12/Jul/2026:06:29:18 +0200] "GET /wp-content/plugins/really-simple-ssl2/img/about.php7 HTTP/1.1" 200 1099089 "-" "Mozilla/5.0 (Macintosh; Intel Mac OS X 10_15_7) AppleWebKit/537.36 (KHTML, like Gecko) Chrome/120.0.0.0 Safari/537.36"
141.101.76.181 - - [12/Jul/2026:06:29:20 +0200] "GET /?a=129018001 HTTP/1.1" 500 0 "-" "Mozilla/5.0 (compatible; AwarioBot/1.0; +https://awario.com/bots.html)"
162.159.113.149 - - [12/Jul/2026:06:29:21 +0200] "GET /wp-content/plugins/really-simple-ssl2/img/alfa-rex.php56 HTTP/1.1" 200 1099089 "-" "Mozilla/5.0 (Windows NT 10.0; Win64; x64; rv:122.0) Gecko/20100101 Firefox/122.0"
104.22.57.39 - - [12/Jul/2026:06:29:22 +0200] "GET /outlet/262010531 HTTP/1.1" 404 243 "https://alg24info.com/?sitemap448.xml" "Mozilla/5.0 AppleWebKit/537.36 (KHTML, like Gecko; compatible; GPTBot/1.4; +https://openai.com/gptbot)"
104.23.170.16 - - [12/Jul/2026:06:29:22 +0200] "GET /wp-content/plugins/really-simple-ssl2/class-admin.php HTTP/1.1" 200 67 "-" "Mozilla/5.0 (Windows NT 10.0; Win64; x64; rv:122.0) Gecko/20100101 Firefox/122.0"
104.23.166.144 - - [12/Jul/2026:06:29:23 +0200] "GET /?a=129026965 HTTP/1.1" 500 0 "-" "Mozilla/5.0 (compatible; AwarioBot/1.0; +https://awario.com/bots.html)"
104.23.170.16 - - [12/Jul/2026:06:29:25 +0200] "GET /?a=131011223 HTTP/1.1" 500 0 "-" "Mozilla/5.0 (compatible; AwarioBot/1.0; +https://awario.com/bots.html)"
104.23.168.29 - - [12/Jul/2026:06:29:26 +0200] "GET /wp-content/plugins/really-simple-ssl2/alfa-rex.php8 HTTP/1.1" 200 1099089 "-" "Mozilla/5.0 (Macintosh; Intel Mac OS X 10_15_7) AppleWebKit/537.36 (KHTML, like Gecko) Chrome/120.0.0.0 Safari/537.36"
172.70.47.135 - - [12/Jul/2026:06:29:28 +0200] "GET /?a=132009132 HTTP/1.1" 500 0 "-" "Mozilla/5.0 (compatible; AwarioBot/1.0; +https://awario.com/bots.html)"
141.101.76.181 - - [12/Jul/2026:06:29:31 +0200] "GET /?a=132031206 HTTP/1.1" 500 0 "-" "Mozilla/5.0 (compatible; AwarioBot/1.0; +https://awario.com/bots.html)"
172.71.95.73 - - [12/Jul/2026:06:29:32 +0200] "GET /wp-content/plugins/really-simple-ssl2/languages/ HTTP/1.1" 200 0 "https://www.google.com/" "Mozilla/5.0 (Windows NT 10.0; Win64; x64) AppleWebKit/537.36 (KHTML, like Gecko) Chrome/121.0.0.0 Safari/537.36"
104.23.170.16 - - [12/Jul/2026:06:29:34 +0200] "GET /?a=132036442 HTTP/1.1" 500 0 "-" "Mozilla/5.0 (compatible; AwarioBot/1.0; +https://awario.com/bots.html)"
104.23.172.64 - - [12/Jul/2026:06:29:35 +0200] "GET /wp-content/plugins/really-simple-ssl2/multisite-cron.php HTTP/1.1" 200 67 "https://www.google.com/" "Mozilla/5.0 (Windows NT 10.0; Win64; x64) AppleWebKit/537.36 (KHTML, like Gecko) Chrome/121.0.0.0 Safari/537.36"
104.23.172.64 - - [12/Jul/2026:06:29:36 +0200] "GET /?a=132037566 HTTP/1.1" 500 0 "-" "Mozilla/5.0 (compatible; AwarioBot/1.0; +https://awario.com/bots.html)"
104.23.172.64 - - [12/Jul/2026:06:29:39 +0200] "GET /?a=133010631 HTTP/1.1" 500 0 "-" "Mozilla/5.0 (compatible; AwarioBot/1.0; +https://awario.com/bots.html)"
172.71.103.20 - - [12/Jul/2026:06:29:42 +0200] "GET /wp-content/plugins/really-simple-ssl2/class-rsssl-wp-cli.php HTTP/1.1" 200 67 "https://www.google.com/" "Mozilla/5.0 (Windows NT 10.0; Win64; x64) AppleWebKit/537.36 (KHTML, like Gecko) Chrome/121.0.0.0 Safari/537.36"
172.71.98.181 - - [12/Jul/2026:06:29:43 +0200] "GET /?a=134039754 HTTP/1.1" 500 0 "-" "Mozilla/5.0 (compatible; AwarioBot/1.0; +https://awario.com/bots.html)"
172.71.103.20 - - [12/Jul/2026:06:29:45 +0200] "GET /wp-content/plugins/really-simple-ssl2/css/ HTTP/1.1" 200 604 "-" "Mozilla/5.0 (Macintosh; Intel Mac OS X 10_15_7) AppleWebKit/537.36 (KHTML, like Gecko) Chrome/120.0.0.0 Safari/537.36"
141.101.76.180 - - [12/Jul/2026:06:29:45 +0200] "GET /wp-content/plugins/really-simple-ssl2/css/alfa-rex.php8 HTTP/1.1" 200 1099089 "-" "Mozilla/5.0 (X11; Linux x86_64; rv:121.0) Gecko/20100101 Firefox/121.0"
162.159.113.149 - - [12/Jul/2026:06:29:46 +0200] "GET /wp-content/plugins/really-simple-ssl2/css/about.php7 HTTP/1.1" 200 1099089 "https://www.google.com/" "Mozilla/5.0 (Windows NT 10.0; Win64; x64) AppleWebKit/537.36 (KHTML, like Gecko) Chrome/121.0.0.0 Safari/537.36"
172.71.95.73 - - [12/Jul/2026:06:29:46 +0200] "GET /?a=136004254 HTTP/1.1" 500 0 "-" "Mozilla/5.0 (compatible; AwarioBot/1.0; +https://awario.com/bots.html)"
141.101.76.181 - - [12/Jul/2026:06:29:49 +0200] "GET /?a=137047001 HTTP/1.1" 500 0 "-" "Mozilla/5.0 (compatible; AwarioBot/1.0; +https://awario.com/bots.html)"
172.71.98.181 - - [12/Jul/2026:06:29:52 +0200] "GET /?a=138049550 HTTP/1.1" 500 0 "-" "Mozilla/5.0 (compatible; AwarioBot/1.0; +https://awario.com/bots.html)"
172.71.95.73 - - [12/Jul/2026:06:29:54 +0200] "GET /wp-content/plugins/really-simple-ssl2/css/alfa-rex.php56 HTTP/1.1" 200 1099089 "https://www.google.com/" "Mozilla/5.0 (Windows NT 10.0; Win64; x64) AppleWebKit/537.36 (KHTML, like Gecko) Chrome/121.0.0.0 Safari/537.36"
172.71.103.19 - - [12/Jul/2026:06:29:55 +0200] "GET /?a=140046374 HTTP/1.1" 500 0 "-" "Mozilla/5.0 (compatible; AwarioBot/1.0; +https://awario.com/bots.html)"
104.22.57.39 - - [12/Jul/2026:06:29:55 +0200] "GET /outlet/006041985 HTTP/1.1" 404 243 "https://alg24info.com/?sitemap224.xml" "Mozilla/5.0 AppleWebKit/537.36 (KHTML, like Gecko; compatible; GPTBot/1.4; +https://openai.com/gptbot)"
104.23.168.28 - - [12/Jul/2026:06:29:57 +0200] "GET /?a=142043494 HTTP/1.1" 500 0 "-" "Mozilla/5.0 (compatible; AwarioBot/1.0; +https://awario.com/bots.html)"
172.71.95.73 - - [12/Jul/2026:06:29:59 +0200] "GET /wp-content/plugins/really-simple-ssl2/class-site-health.php HTTP/1.1" 200 67 "https://www.google.com/" "Mozilla/5.0 (Windows NT 10.0; Win64; x64) AppleWebKit/537.36 (KHTML, like Gecko) Chrome/121.0.0.0 Safari/537.36"
104.23.172.64 - - [12/Jul/2026:06:30:00 +0200] "GET /?a=236028916 HTTP/1.1" 500 0 "-" "Mozilla/5.0 (compatible; AwarioBot/1.0; +https://awario.com/bots.html)"
172.71.182.92 - - [12/Jul/2026:06:30:00 +0200] "GET /wp-content/plugins/really-simple-ssl2/class-front-end.php HTTP/1.1" 200 67 "-" "Mozilla/5.0 (Macintosh; Intel Mac OS X 10_15_7) AppleWebKit/537.36 (KHTML, like Gecko) Chrome/120.0.0.0 Safari/537.36"
104.23.168.29 - - [12/Jul/2026:06:30:00 +0200] "GET /wp-content/plugins/really-simple-ssl2/class-certificate.php HTTP/1.1" 200 67 "-" "Mozilla/5.0 (Macintosh; Intel Mac OS X 10_15_7) AppleWebKit/605.1.15 (KHTML, like Gecko) Version/17.2 Safari/605.1.15"
104.23.166.144 - - [12/Jul/2026:06:30:01 +0200] "GET /?a=144031124 HTTP/1.1" 500 0 "-" "Mozilla/5.0 (compatible; AwarioBot/1.0; +https://awario.com/bots.html)"
104.23.170.16 - - [12/Jul/2026:06:30:02 +0200] "GET /wp-content/plugins/really-simple-ssl2/ssl-test-page.php HTTP/1.1" 200 219 "-" "Mozilla/5.0 (X11; Linux x86_64; rv:121.0) Gecko/20100101 Firefox/121.0"
104.23.170.16 - - [12/Jul/2026:06:30:05 +0200] "GET /?a=146019914 HTTP/1.1" 500 0 "-" "Mozilla/5.0 (compatible; AwarioBot/1.0; +https://awario.com/bots.html)"
172.71.182.93 - - [12/Jul/2026:06:30:05 +0200] "GET /?a=237010799 HTTP/1.1" 500 0 "-" "Mozilla/5.0 (compatible; AwarioBot/1.0; +https://awario.com/bots.html)"
104.23.172.64 - - [12/Jul/2026:06:30:08 +0200] "GET /wp-content/plugins/really-simple-ssl2/testssl/ HTTP/1.1" 200 610 "-" "Mozilla/5.0 (Windows NT 10.0; Win64; x64; rv:122.0) Gecko/20100101 Firefox/122.0"
162.159.113.149 - - [12/Jul/2026:06:30:09 +0200] "GET /wp-content/plugins/really-simple-ssl2/testssl/envhttps/ HTTP/1.1" 200 498 "https://www.google.com/" "Mozilla/5.0 (Windows NT 10.0; Win64; x64) AppleWebKit/537.36 (KHTML, like Gecko) Chrome/121.0.0.0 Safari/537.36"
172.71.95.73 - - [12/Jul/2026:06:30:09 +0200] "GET /?a=148028516 HTTP/1.1" 500 0 "-" "Mozilla/5.0 (compatible; AwarioBot/1.0; +https://awario.com/bots.html)"
172.70.47.135 - - [12/Jul/2026:06:30:10 +0200] "GET /?a=237025541 HTTP/1.1" 500 0 "-" "Mozilla/5.0 (compatible; AwarioBot/1.0; +https://awario.com/bots.html)"
172.71.182.92 - - [12/Jul/2026:06:30:13 +0200] "GET /wp-content/plugins/really-simple-ssl2/testssl/cloudflare/ HTTP/1.1" 200 587 "https://www.google.com/" "Mozilla/5.0 (Windows NT 10.0; Win64; x64) AppleWebKit/537.36 (KHTML, like Gecko) Chrome/121.0.0.0 Safari/537.36"
141.101.76.180 - - [12/Jul/2026:06:30:13 +0200] "GET /wp-content/plugins/really-simple-ssl2/testssl/cloudflare/alfa-rex.php8 HTTP/1.1" 200 1099089 "-" "Mozilla/5.0 (Macintosh; Intel Mac OS X 10_15_7) AppleWebKit/537.36 (KHTML, like Gecko) Chrome/120.0.0.0 Safari/537.36"
104.23.166.144 - - [12/Jul/2026:06:30:13 +0200] "GET /?a=149038771 HTTP/1.1" 500 0 "-" "Mozilla/5.0 (compatible; AwarioBot/1.0; +https://awario.com/bots.html)"
172.71.95.73 - - [12/Jul/2026:06:30:15 +0200] "GET /?a=237028285 HTTP/1.1" 500 0 "-" "Mozilla/5.0 (compatible; AwarioBot/1.0; +https://awario.com/bots.html)"
172.71.182.92 - - [12/Jul/2026:06:30:17 +0200] "GET /wp-content/plugins/really-simple-ssl2/testssl/cloudflare/about.php7 HTTP/1.1" 200 1099089 "-" "Mozilla/5.0 (Macintosh; Intel Mac OS X 10_15_7) AppleWebKit/537.36 (KHTML, like Gecko) Chrome/120.0.0.0 Safari/537.36"
104.23.168.28 - - [12/Jul/2026:06:30:18 +0200] "GET /?a=151028685 HTTP/1.1" 500 0 "-" "Mozilla/5.0 (compatible; AwarioBot/1.0; +https://awario.com/bots.html)"
104.23.172.64 - - [12/Jul/2026:06:30:18 +0200] "GET /wp-content/plugins/really-simple-ssl2/testssl/cloudflare/alfa-rex.php56 HTTP/1.1" 200 1099089 "-" "Mozilla/5.0 (Macintosh; Intel Mac OS X 10_15_7) AppleWebKit/605.1.15 (KHTML, like Gecko) Version/17.2 Safari/605.1.15"
104.23.172.64 - - [12/Jul/2026:06:30:21 +0200] "GET /wp-content/plugins/really-simple-ssl2/testssl/loadbalancer/ HTTP/1.1" 200 590 "https://www.google.com/" "Mozilla/5.0 (Windows NT 10.0; Win64; x64) AppleWebKit/537.36 (KHTML, like Gecko) Chrome/121.0.0.0 Safari/537.36"
172.71.103.20 - - [12/Jul/2026:06:30:22 +0200] "GET /wp-content/plugins/really-simple-ssl2/testssl/loadbalancer/alfa-rex.php8 HTTP/1.1" 200 1099089 "-" "Mozilla/5.0 (Macintosh; Intel Mac OS X 10_15_7) AppleWebKit/537.36 (KHTML, like Gecko) Chrome/120.0.0.0 Safari/537.36"
172.70.47.135 - - [12/Jul/2026:06:30:22 +0200] "GET /?a=152043056 HTTP/1.1" 500 0 "-" "Mozilla/5.0 (compatible; AwarioBot/1.0; +https://awario.com/bots.html)"
172.71.103.20 - - [12/Jul/2026:06:30:23 +0200] "GET /wp-content/plugins/really-simple-ssl2/testssl/loadbalancer/about.php7 HTTP/1.1" 200 1099089 "-" "Mozilla/5.0 (Macintosh; Intel Mac OS X 10_15_7) AppleWebKit/537.36 (KHTML, like Gecko) Chrome/120.0.0.0 Safari/537.36"
104.23.166.144 - - [12/Jul/2026:06:30:24 +0200] "GET /?a=237039651 HTTP/1.1" 500 0 "-" "Mozilla/5.0 (compatible; AwarioBot/1.0; +https://awario.com/bots.html)"
172.71.98.181 - - [12/Jul/2026:06:30:26 +0200] "GET /?a=153003289 HTTP/1.1" 500 0 "-" "Mozilla/5.0 (compatible; AwarioBot/1.0; +https://awario.com/bots.html)"
104.23.168.29 - - [12/Jul/2026:06:30:26 +0200] "GET /wp-content/plugins/really-simple-ssl2/testssl/loadbalancer/alfa-rex.php56 HTTP/1.1" 200 1099089 "-" "Mozilla/5.0 (Macintosh; Intel Mac OS X 10_15_7) AppleWebKit/605.1.15 (KHTML, like Gecko) Version/17.2 Safari/605.1.15"
104.22.57.39 - - [12/Jul/2026:06:30:28 +0200] "GET /outlet/028048691 HTTP/1.1" 404 243 "https://alg24info.com/?sitemap344.xml" "Mozilla/5.0 AppleWebKit/537.36 (KHTML, like Gecko; compatible; GPTBot/1.4; +https://openai.com/gptbot)"
104.23.168.28 - - [12/Jul/2026:06:30:29 +0200] "GET /?a=240045668 HTTP/1.1" 500 0 "-" "Mozilla/5.0 (compatible; AwarioBot/1.0; +https://awario.com/bots.html)"
172.71.95.73 - - [12/Jul/2026:06:30:31 +0200] "GET /?a=155006613 HTTP/1.1" 500 0 "-" "Mozilla/5.0 (compatible; AwarioBot/1.0; +https://awario.com/bots.html)"
141.101.76.181 - - [12/Jul/2026:06:30:34 +0200] "GET /?a=241014057 HTTP/1.1" 500 0 "-" "Mozilla/5.0 (compatible; AwarioBot/1.0; +https://awario.com/bots.html)"
172.71.103.19 - - [12/Jul/2026:06:30:36 +0200] "GET /?a=157026565 HTTP/1.1" 500 0 "-" "Mozilla/5.0 (compatible; AwarioBot/1.0; +https://awario.com/bots.html)"
172.71.182.92 - - [12/Jul/2026:06:30:39 +0200] "GET /wp-content/plugins/really-simple-ssl2/testssl/cdn/ HTTP/1.1" 200 582 "-" "Mozilla/5.0 (Windows NT 10.0; Win64; x64; rv:122.0) Gecko/20100101 Firefox/122.0"
104.23.170.16 - - [12/Jul/2026:06:30:39 +0200] "GET /wp-content/plugins/really-simple-ssl2/testssl/cdn/alfa-rex.php8 HTTP/1.1" 200 1099089 "-" "Mozilla/5.0 (Windows NT 10.0; Win64; x64; rv:122.0) Gecko/20100101 Firefox/122.0"
104.23.166.144 - - [12/Jul/2026:06:30:39 +0200] "GET /?a=242033034 HTTP/1.1" 500 0 "-" "Mozilla/5.0 (compatible; AwarioBot/1.0; +https://awario.com/bots.html)"
104.23.166.144 - - [12/Jul/2026:06:30:40 +0200] "GET /?a=159000173 HTTP/1.1" 500 0 "-" "Mozilla/5.0 (compatible; AwarioBot/1.0; +https://awario.com/bots.html)"
172.71.103.20 - - [12/Jul/2026:06:30:42 +0200] "GET /wp-content/plugins/really-simple-ssl2/testssl/cdn/about.php7 HTTP/1.1" 200 1099089 "-" "Mozilla/5.0 (Macintosh; Intel Mac OS X 10_15_7) AppleWebKit/605.1.15 (KHTML, like Gecko) Version/17.2 Safari/605.1.15"
104.23.166.144 - - [12/Jul/2026:06:30:44 +0200] "GET /?a=244010888 HTTP/1.1" 500 0 "-" "Mozilla/5.0 (compatible; AwarioBot/1.0; +https://awario.com/bots.html)"
172.71.182.93 - - [12/Jul/2026:06:30:45 +0200] "GET /?a=161047131 HTTP/1.1" 500 0 "-" "Mozilla/5.0 (compatible; AwarioBot/1.0; +https://awario.com/bots.html)"
104.23.172.64 - - [12/Jul/2026:06:30:45 +0200] "GET /wp-content/plugins/really-simple-ssl2/testssl/cdn/alfa-rex.php56 HTTP/1.1" 200 1099089 "-" "Mozilla/5.0 (X11; Linux x86_64; rv:121.0) Gecko/20100101 Firefox/121.0"
141.101.76.181 - - [12/Jul/2026:06:30:48 +0200] "GET /?a=163002477 HTTP/1.1" 500 0 "-" "Mozilla/5.0 (compatible; AwarioBot/1.0; +https://awario.com/bots.html)"
172.71.182.93 - - [12/Jul/2026:06:30:50 +0200] "GET /?a=246040814 HTTP/1.1" 500 0 "-" "Mozilla/5.0 (compatible; AwarioBot/1.0; +https://awario.com/bots.html)"
172.71.182.92 - - [12/Jul/2026:06:30:52 +0200] "GET /wp-content/plugins/really-simple-ssl2/testssl/serverhttpson/ HTTP/1.1" 200 500 "-" "Mozilla/5.0 (X11; Linux x86_64; rv:121.0) Gecko/20100101 Firefox/121.0"
172.71.98.181 - - [12/Jul/2026:06:30:53 +0200] "GET /?b=009008027 HTTP/1.1" 500 0 "-" "Mozilla/5.0 (compatible; AwarioBot/1.0; +https://awario.com/bots.html)"
172.71.103.19 - - [12/Jul/2026:06:30:54 +0200] "GET /?a=247012037 HTTP/1.1" 500 0 "-" "Mozilla/5.0 (compatible; AwarioBot/1.0; +https://awario.com/bots.html)"
172.71.103.20 - - [12/Jul/2026:06:30:57 +0200] "GET /wp-content/plugins/really-simple-ssl2/testssl/serverhttps1/ HTTP/1.1" 200 588 "-" "Mozilla/5.0 (X11; Linux x86_64; rv:121.0) Gecko/20100101 Firefox/121.0"
104.23.166.145 - - [12/Jul/2026:06:30:57 +0200] "GET /wp-content/plugins/really-simple-ssl2/testssl/serverhttps1/alfa-rex.php8 HTTP/1.1" 200 1099089 "-" "Mozilla/5.0 (Windows NT 10.0; Win64; x64; rv:122.0) Gecko/20100101 Firefox/122.0"
104.23.172.64 - - [12/Jul/2026:06:30:58 +0200] "GET /?b=009049821 HTTP/1.1" 500 0 "-" "Mozilla/5.0 (compatible; AwarioBot/1.0; +https://awario.com/bots.html)"
172.71.95.73 - - [12/Jul/2026:06:31:00 +0200] "GET /?a=247017929 HTTP/1.1" 500 0 "-" "Mozilla/5.0 (compatible; AwarioBot/1.0; +https://awario.com/bots.html)"
104.22.57.39 - - [12/Jul/2026:06:31:01 +0200] "GET /outlet/033037156 HTTP/1.1" 404 243 "https://alg24info.com/?sitemap741.xml" "Mozilla/5.0 AppleWebKit/537.36 (KHTML, like Gecko; compatible; GPTBot/1.4; +https://openai.com/gptbot)"
104.23.168.29 - - [12/Jul/2026:06:31:01 +0200] "GET /wp-content/plugins/really-simple-ssl2/testssl/serverhttps1/about.php7 HTTP/1.1" 200 1099089 "https://www.google.com/" "Mozilla/5.0 (Windows NT 10.0; Win64; x64) AppleWebKit/537.36 (KHTML, like Gecko) Chrome/121.0.0.0 Safari/537.36"
162.159.113.149 - - [12/Jul/2026:06:31:02 +0200] "GET /?b=010048740 HTTP/1.1" 500 0 "-" "Mozilla/5.0 (compatible; AwarioBot/1.0; +https://awario.com/bots.html)"
162.159.113.149 - - [12/Jul/2026:06:31:03 +0200] "GET /wp-content/plugins/really-simple-ssl2/testssl/serverhttps1/alfa-rex.php56 HTTP/1.1" 200 1099089 "-" "Mozilla/5.0 (Macintosh; Intel Mac OS X 10_15_7) AppleWebKit/605.1.15 (KHTML, like Gecko) Version/17.2 Safari/605.1.15"
172.71.95.73 - - [12/Jul/2026:06:31:06 +0200] "GET /?a=247032431 HTTP/1.1" 500 0 "-" "Mozilla/5.0 (compatible; AwarioBot/1.0; +https://awario.com/bots.html)"
172.70.47.135 - - [12/Jul/2026:06:31:07 +0200] "GET /?b=011009117 HTTP/1.1" 500 0 "-" "Mozilla/5.0 (compatible; AwarioBot/1.0; +https://awario.com/bots.html)"
104.23.170.16 - - [12/Jul/2026:06:31:08 +0200] "GET /wp-content/plugins/really-simple-ssl2/testssl/cloudfront/ HTTP/1.1" 200 589 "-" "Mozilla/5.0 (Windows NT 10.0; Win64; x64; rv:122.0) Gecko/20100101 Firefox/122.0"
104.23.168.29 - - [12/Jul/2026:06:31:09 +0200] "GET /wp-content/plugins/really-simple-ssl2/testssl/cloudfront/alfa-rex.php8 HTTP/1.1" 200 1099089 "-" "Mozilla/5.0 (Macintosh; Intel Mac OS X 10_15_7) AppleWebKit/537.36 (KHTML, like Gecko) Chrome/120.0.0.0 Safari/537.36"
104.23.166.144 - - [12/Jul/2026:06:31:12 +0200] "GET /?b=012032452 HTTP/1.1" 500 0 "-" "Mozilla/5.0 (compatible; AwarioBot/1.0; +https://awario.com/bots.html)"
172.70.47.135 - - [12/Jul/2026:06:31:15 +0200] "GET /?a=248017844 HTTP/1.1" 500 0 "-" "Mozilla/5.0 (compatible; AwarioBot/1.0; +https://awario.com/bots.html)"
104.23.172.64 - - [12/Jul/2026:06:31:18 +0200] "GET /?b=012032844 HTTP/1.1" 500 0 "-" "Mozilla/5.0 (compatible; AwarioBot/1.0; +https://awario.com/bots.html)"
172.71.103.19 - - [12/Jul/2026:06:31:22 +0200] "GET /?b=013045659 HTTP/1.1" 500 0 "-" "Mozilla/5.0 (compatible; AwarioBot/1.0; +https://awario.com/bots.html)"
172.71.95.73 - - [12/Jul/2026:06:31:25 +0200] "GET /?b=015004425 HTTP/1.1" 500 0 "-" "Mozilla/5.0 (compatible; AwarioBot/1.0; +https://awario.com/bots.html)"
172.70.47.135 - - [12/Jul/2026:06:31:26 +0200] "GET /?a=249016223 HTTP/1.1" 500 0 "-" "Mozilla/5.0 (compatible; AwarioBot/1.0; +https://awario.com/bots.html)"
172.71.182.93 - - [12/Jul/2026:06:31:29 +0200] "GET /?b=015036411 HTTP/1.1" 500 0 "-" "Mozilla/5.0 (compatible; AwarioBot/1.0; +https://awario.com/bots.html)"
104.23.172.64 - - [12/Jul/2026:06:31:32 +0200] "GET /?a=251028687 HTTP/1.1" 500 0 "-" "Mozilla/5.0 (compatible; AwarioBot/1.0; +https://awario.com/bots.html)"
162.159.113.149 - - [12/Jul/2026:06:31:33 +0200] "GET /wp-content/plugins/really-simple-ssl2/testssl/cloudfront/about.php7 HTTP/1.1" 200 1099089 "-" "Mozilla/5.0 (X11; Linux x86_64; rv:121.0) Gecko/20100101 Firefox/121.0"
104.22.57.39 - - [12/Jul/2026:06:31:34 +0200] "GET /outlet/244003755 HTTP/1.1" 404 243 "https://alg24info.com/?sitemap448.xml" "Mozilla/5.0 AppleWebKit/537.36 (KHTML, like Gecko; compatible; GPTBot/1.4; +https://openai.com/gptbot)"
104.23.170.16 - - [12/Jul/2026:06:31:34 +0200] "GET /?b=016014038 HTTP/1.1" 500 0 "-" "Mozilla/5.0 (compatible; AwarioBot/1.0; +https://awario.com/bots.html)"
162.159.113.149 - - [12/Jul/2026:06:31:35 +0200] "GET /wp-content/plugins/really-simple-ssl2/testssl/cloudfront/alfa-rex.php56 HTTP/1.1" 200 1099089 "-" "Mozilla/5.0 (Macintosh; Intel Mac OS X 10_15_7) AppleWebKit/537.36 (KHTML, like Gecko) Chrome/120.0.0.0 Safari/537.36"
172.70.47.135 - - [12/Jul/2026:06:31:38 +0200] "GET /?b=020005848 HTTP/1.1" 500 0 "-" "Mozilla/5.0 (compatible; AwarioBot/1.0; +https://awario.com/bots.html)"
162.159.113.149 - - [12/Jul/2026:06:31:38 +0200] "GET /?a=257018271 HTTP/1.1" 500 0 "-" "Mozilla/5.0 (compatible; AwarioBot/1.0; +https://awario.com/bots.html)"
104.23.168.28 - - [12/Jul/2026:06:31:42 +0200] "GET /?b=020040762 HTTP/1.1" 500 0 "-" "Mozilla/5.0 (compatible; AwarioBot/1.0; +https://awario.com/bots.html)"
104.23.166.144 - - [12/Jul/2026:06:31:45 +0200] "GET /?a=257039743 HTTP/1.1" 500 0 "-" "Mozilla/5.0 (compatible; AwarioBot/1.0; +https://awario.com/bots.html)"
104.23.170.16 - - [12/Jul/2026:06:31:47 +0200] "GET /?b=021044555 HTTP/1.1" 500 0 "-" "Mozilla/5.0 (compatible; AwarioBot/1.0; +https://awario.com/bots.html)"
104.23.170.16 - - [12/Jul/2026:06:31:50 +0200] "GET /wp-content/plugins/really-simple-ssl2/testssl/serverhttpxforwardedssl1/ HTTP/1.1" 200 508 "-" "Mozilla/5.0 (Macintosh; Intel Mac OS X 10_15_7) AppleWebKit/537.36 (KHTML, like Gecko) Chrome/120.0.0.0 Safari/537.36"
172.70.47.2 - - [12/Jul/2026:06:31:51 +0200] "GET /?a=260014224 HTTP/1.1" 500 0 "-" "Mozilla/5.0 (compatible; AwarioBot/1.0; +https://awario.com/bots.html)"
172.71.182.92 - - [12/Jul/2026:06:31:51 +0200] "GET /wp-content/plugins/really-simple-ssl2/testssl/serverhttpxproto/ HTTP/1.1" 200 592 "-" "Mozilla/5.0 (Macintosh; Intel Mac OS X 10_15_7) AppleWebKit/537.36 (KHTML, like Gecko) Chrome/120.0.0.0 Safari/537.36"
172.71.95.73 - - [12/Jul/2026:06:31:51 +0200] "GET /?b=022009612 HTTP/1.1" 500 0 "-" "Mozilla/5.0 (compatible; AwarioBot/1.0; +https://awario.com/bots.html)"
104.23.168.29 - - [12/Jul/2026:06:31:51 +0200] "GET /wp-content/plugins/really-simple-ssl2/testssl/serverhttpxproto/alfa-rex.php8 HTTP/1.1" 200 1099089 "-" "Mozilla/5.0 (X11; Linux x86_64; rv:121.0) Gecko/20100101 Firefox/121.0"
141.101.76.180 - - [12/Jul/2026:06:31:55 +0200] "GET /wp-content/plugins/really-simple-ssl2/testssl/serverhttpxproto/about.php7 HTTP/1.1" 200 1099089 "-" "Mozilla/5.0 (Macintosh; Intel Mac OS X 10_15_7) AppleWebKit/605.1.15 (KHTML, like Gecko) Version/17.2 Safari/605.1.15"
172.71.98.181 - - [12/Jul/2026:06:31:56 +0200] "GET /?b=022019768 HTTP/1.1" 500 0 "-" "Mozilla/5.0 (compatible; AwarioBot/1.0; +https://awario.com/bots.html)"
141.101.76.180 - - [12/Jul/2026:06:31:57 +0200] "GET /wp-content/plugins/really-simple-ssl2/testssl/serverhttpxproto/alfa-rex.php56 HTTP/1.1" 200 1099089 "-" "Mozilla/5.0 (X11; Linux x86_64; rv:121.0) Gecko/20100101 Firefox/121.0"
104.23.166.144 - - [12/Jul/2026:06:31:57 +0200] "GET /?a=260022572 HTTP/1.1" 500 0 "-" "Mozilla/5.0 (compatible; AwarioBot/1.0; +https://awario.com/bots.html)"
104.23.166.144 - - [12/Jul/2026:06:32:00 +0200] "GET /?b=023027969 HTTP/1.1" 500 0 "-" "Mozilla/5.0 (compatible; AwarioBot/1.0; +https://awario.com/bots.html)"
104.23.168.28 - - [12/Jul/2026:06:32:03 +0200] "GET /?a=261014037 HTTP/1.1" 500 0 "-" "Mozilla/5.0 (compatible; AwarioBot/1.0; +https://awario.com/bots.html)"
104.23.172.64 - - [12/Jul/2026:06:32:04 +0200] "GET /?b=024013062 HTTP/1.1" 500 0 "-" "Mozilla/5.0 (compatible; AwarioBot/1.0; +https://awario.com/bots.html)"
104.23.170.16 - - [12/Jul/2026:06:32:05 +0200] "GET /wp-content/plugins/really-simple-ssl2/testssl/serverport443/ HTTP/1.1" 200 591 "-" "Mozilla/5.0 (Windows NT 10.0; Win64; x64; rv:122.0) Gecko/20100101 Firefox/122.0"
104.23.166.144 - - [12/Jul/2026:06:32:05 +0200] "GET /wp-content/plugins/really-simple-ssl2/testssl/serverport443/alfa-rex.php8 HTTP/1.1" 200 1099089 "-" "Mozilla/5.0 (Macintosh; Intel Mac OS X 10_15_7) AppleWebKit/605.1.15 (KHTML, like Gecko) Version/17.2 Safari/605.1.15"
104.22.57.39 - - [12/Jul/2026:06:32:08 +0200] "GET /outlet/048030067 HTTP/1.1" 404 243 "https://alg24info.com/?sitemap448.xml" "Mozilla/5.0 AppleWebKit/537.36 (KHTML, like Gecko; compatible; GPTBot/1.4; +https://openai.com/gptbot)"
172.71.182.93 - - [12/Jul/2026:06:32:08 +0200] "GET /?b=025024755 HTTP/1.1" 500 0 "-" "Mozilla/5.0 (compatible; AwarioBot/1.0; +https://awario.com/bots.html)"
172.71.182.92 - - [12/Jul/2026:06:32:12 +0200] "GET /wp-content/plugins/really-simple-ssl2/testssl/serverport443/about.php7 HTTP/1.1" 200 1099089 "https://www.google.com/" "Mozilla/5.0 (Windows NT 10.0; Win64; x64) AppleWebKit/537.36 (KHTML, like Gecko) Chrome/121.0.0.0 Safari/537.36"
162.159.113.149 - - [12/Jul/2026:06:32:13 +0200] "GET /?b=025029341 HTTP/1.1" 500 0 "-" "Mozilla/5.0 (compatible; AwarioBot/1.0; +https://awario.com/bots.html)"
172.71.182.92 - - [12/Jul/2026:06:32:14 +0200] "GET /wp-content/plugins/really-simple-ssl2/testssl/serverport443/alfa-rex.php56 HTTP/1.1" 200 1099089 "-" "Mozilla/5.0 (Windows NT 10.0; Win64; x64; rv:122.0) Gecko/20100101 Firefox/122.0"
172.71.182.93 - - [12/Jul/2026:06:32:15 +0200] "GET /?a=261026391 HTTP/1.1" 500 0 "-" "Mozilla/5.0 (compatible; AwarioBot/1.0; +https://awario.com/bots.html)"
104.23.172.64 - - [12/Jul/2026:06:32:16 +0200] "GET /wp-content/plugins/really-simple-ssl2/testssl/serverhttpxforwardedsslon/ HTTP/1.1" 200 596 "-" "Mozilla/5.0 (Macintosh; Intel Mac OS X 10_15_7) AppleWebKit/605.1.15 (KHTML, like Gecko) Version/17.2 Safari/605.1.15"
172.71.98.180 - - [12/Jul/2026:06:32:16 +0200] "GET /wp-content/plugins/really-simple-ssl2/testssl/serverhttpxforwardedsslon/alfa-rex.php8 HTTP/1.1" 200 1099089 "https://www.google.com/" "Mozilla/5.0 (Windows NT 10.0; Win64; x64) AppleWebKit/537.36 (KHTML, like Gecko) Chrome/121.0.0.0 Safari/537.36"
172.71.95.73 - - [12/Jul/2026:06:32:17 +0200] "GET /?b=032009092 HTTP/1.1" 500 0 "-" "Mozilla/5.0 (compatible; AwarioBot/1.0; +https://awario.com/bots.html)"
104.23.168.29 - - [12/Jul/2026:06:32:17 +0200] "GET /wp-content/plugins/really-simple-ssl2/testssl/serverhttpxforwardedsslon/about.php7 HTTP/1.1" 200 1099089 "-" "Mozilla/5.0 (X11; Linux x86_64; rv:121.0) Gecko/20100101 Firefox/121.0"
172.71.95.73 - - [12/Jul/2026:06:32:19 +0200] "GET /wp-content/plugins/really-simple-ssl2/testssl/serverhttpxforwardedsslon/alfa-rex.php56 HTTP/1.1" 200 1099089 "https://www.google.com/" "Mozilla/5.0 (Windows NT 10.0; Win64; x64) AppleWebKit/537.36 (KHTML, like Gecko) Chrome/121.0.0.0 Safari/537.36"
104.23.166.144 - - [12/Jul/2026:06:32:21 +0200] "GET /?b=032025568 HTTP/1.1" 500 0 "-" "Mozilla/5.0 (compatible; AwarioBot/1.0; +https://awario.com/bots.html)"
172.71.95.73 - - [12/Jul/2026:06:32:24 +0200] "GET /?a=264038014 HTTP/1.1" 500 0 "-" "Mozilla/5.0 (compatible; AwarioBot/1.0; +https://awario.com/bots.html)"
104.23.170.16 - - [12/Jul/2026:06:32:25 +0200] "GET /wp-content/plugins/really-simple-ssl2/class-server.php HTTP/1.1" 200 67 "https://www.google.com/" "Mozilla/5.0 (Windows NT 10.0; Win64; x64) AppleWebKit/537.36 (KHTML, like Gecko) Chrome/121.0.0.0 Safari/537.36"
162.159.113.149 - - [12/Jul/2026:06:32:25 +0200] "GET /wp-content/plugins/really-simple-ssl2/uninstall.php HTTP/1.1" 200 0 "https://www.google.com/" "Mozilla/5.0 (Windows NT 10.0; Win64; x64) AppleWebKit/537.36 (KHTML, like Gecko) Chrome/121.0.0.0 Safari/537.36"
104.23.172.64 - - [12/Jul/2026:06:32:26 +0200] "GET /?b=032036622 HTTP/1.1" 500 0 "-" "Mozilla/5.0 (compatible; AwarioBot/1.0; +https://awario.com/bots.html)"
172.71.95.73 - - [12/Jul/2026:06:32:28 +0200] "GET /?b=033008639 HTTP/1.1" 500 0 "-" "Mozilla/5.0 (compatible; AwarioBot/1.0; +https://awario.com/bots.html)"
172.71.98.181 - - [12/Jul/2026:06:32:29 +0200] "GET /?a=266008128 HTTP/1.1" 500 0 "-" "Mozilla/5.0 (compatible; AwarioBot/1.0; +https://awario.com/bots.html)"
172.71.95.73 - - [12/Jul/2026:06:32:30 +0200] "GET /wp-content/plugins/really-simple-ssl2/class-cache.php HTTP/1.1" 200 67 "-" "Mozilla/5.0 (Macintosh; Intel Mac OS X 10_15_7) AppleWebKit/605.1.15 (KHTML, like Gecko) Version/17.2 Safari/605.1.15"
172.71.95.73 - - [12/Jul/2026:06:32:33 +0200] "GET /wp-content/plugins/really-simple-ssl2/class-mixed-content-fixer.php HTTP/1.1" 200 67 "-" "Mozilla/5.0 (Windows NT 10.0; Win64; x64; rv:122.0) Gecko/20100101 Firefox/122.0"
104.23.166.144 - - [12/Jul/2026:06:32:34 +0200] "GET /wp-content/plugins/really-simple-ssl2/about.php7 HTTP/1.1" 200 1099089 "-" "Mozilla/5.0 (Macintosh; Intel Mac OS X 10_15_7) AppleWebKit/537.36 (KHTML, like Gecko) Chrome/120.0.0.0 Safari/537.36"
172.70.47.2 - - [12/Jul/2026:06:32:35 +0200] "GET /?a=267025723 HTTP/1.1" 500 0 "-" "Mozilla/5.0 (compatible; AwarioBot/1.0; +https://awario.com/bots.html)"
104.22.57.39 - - [12/Jul/2026:06:32:40 +0200] "GET /outlet/014039381 HTTP/1.1" 404 243 "https://alg24info.com/?sitemap741.xml" "Mozilla/5.0 AppleWebKit/537.36 (KHTML, like Gecko; compatible; GPTBot/1.4; +https://openai.com/gptbot)"
172.71.182.93 - - [12/Jul/2026:06:32:41 +0200] "GET /?a=267039461 HTTP/1.1" 500 0 "-" "Mozilla/5.0 (compatible; AwarioBot/1.0; +https://awario.com/bots.html)"
