162.158.106.220 - - [12/Jul/2026:21:58:19 +0200] "GET /modules/mod_simplefileuploadv1.3/elements/ HTTP/1.1" 404 243 "-" "Mozilla/5.0 (Macintosh; Intel Mac OS X 10_15_6) AppleWebKit/537.36 (KHTML, like Gecko) Chrome/84.0.4147.125 Safari/537.36"
162.158.106.220 - - [12/Jul/2026:21:58:19 +0200] "GET /wp-content/plugins/pwnd/ HTTP/1.1" 404 243 "-" "Mozilla/5.0 (Linux x86_64; rv:79.0) Gecko/20100101 Firefox/79.0"
162.158.106.220 - - [12/Jul/2026:21:58:19 +0200] "GET /wp-content/plugins/pwnd-1/ HTTP/1.1" 404 243 "-" "Mozilla/5.0 (Windows NT 10.0; Win64; x64; rv:76.0) Gecko/20100101 Firefox/76.0"
162.158.106.220 - - [12/Jul/2026:21:58:19 +0200] "GET /wp-admin/css/colors/midnight/ HTTP/1.1" 200 618 "-" "Mozilla/5.0 (compatible; MSIE 10.0; Windows NT 6.1; Trident/6.0)"
162.158.106.220 - - [12/Jul/2026:21:58:20 +0200] "GET /wp-admin/css/colors/midnight/about.php7 HTTP/1.1" 200 1099089 "-" "Mozilla/5.0 (Windows NT 10.0; Win64; x64; rv:71.0) Gecko/20100101 Firefox/71.0"
162.158.106.220 - - [12/Jul/2026:21:58:20 +0200] "GET /wp-admin/css/colors/midnight/alfa-rex.php8 HTTP/1.1" 200 1099089 "-" "Mozilla/5.0 (X11; Fedora; Linux x86_64; rv:79.0) Gecko/20100101 Firefox/79.0"
162.158.106.220 - - [12/Jul/2026:21:58:21 +0200] "GET /wp-admin/css/colors/midnight/alfa-rex.php56 HTTP/1.1" 200 1099089 "-" "Mozilla/5.0 (Windows NT 10.0; Win64; x64; rv:71.0) Gecko/20100101 Firefox/71.0"
162.158.106.220 - - [12/Jul/2026:21:58:21 +0200] "GET /vendor/phpunit/phpunit/src/Util/PHP/ HTTP/1.1" 404 243 "-" "Mozilla/5.0 (Windows NT 6.3; Win64; x64; rv:73.0) Gecko/20100101 Firefox/73.0"
162.158.106.220 - - [12/Jul/2026:21:58:22 +0200] "GET /wp-includes/style-engine/ HTTP/1.1" 404 243 "-" "Mozilla/5.0 (Windows NT 10.0; WOW64) AppleWebKit/537.36 (KHTML, like Gecko) Chrome/84.0.4147.105 Safari/537.36"
162.158.106.220 - - [12/Jul/2026:21:58:22 +0200] "GET /wp-content/plugins/core-plugin/ HTTP/1.1" 404 243 "-" "Mozilla/5.0 (Macintosh; Intel Mac OS X 10_15_6) AppleWebKit/537.36 (KHTML, like Gecko) Chrome/84.0.4147.125 Safari/537.36"
162.158.106.220 - - [12/Jul/2026:21:58:22 +0200] "GET /wp-content/plugins/ HTTP/1.1" 200 6155 "-" "Mozilla/5.0 (Windows NT 10.0; Win64; x64; rv:72.0) Gecko/20100101 Firefox/72.0"
162.158.106.220 - - [12/Jul/2026:21:58:23 +0200] "GET /js/ HTTP/1.1" 404 243 "-" "Mozilla/5.0 (Windows NT 10.0; Win64; x64; rv:73.0) Gecko/20100101 Firefox/73.0"
162.158.106.220 - - [12/Jul/2026:21:58:23 +0200] "GET /.well-known/pki-validation/ HTTP/1.1" 404 243 "-" "Mozilla/5.0 (Windows NT 10.0; Win64; x64) AppleWebKit/537.36 (KHTML, like Gecko) Chrome/70.0.3538.77 Safari/537.36"
162.158.106.220 - - [12/Jul/2026:21:58:23 +0200] "GET /wp-includes/js/ HTTP/1.1" 200 2111 "-" "Mozilla/5.0 (Windows NT 10.0; Win64; x64) AppleWebKit/537.36 (KHTML, like Gecko) Chrome/74.0.3729.169 Safari/537.36"
162.158.106.220 - - [12/Jul/2026:21:58:23 +0200] "GET /wp-content/upgrade/ HTTP/1.1" 200 1853 "-" "Mozilla/5.0 (Windows NT 10.0; Win64; x64) AppleWebKit/537.36 (KHTML, like Gecko) Chrome/79.0.3945.79 Safari/537.36"
162.158.106.220 - - [12/Jul/2026:21:58:24 +0200] "GET /wp-content/languages/ HTTP/1.1" 200 2733 "-" "Mozilla/5.0 (Windows NT 10.0; Win64; x64; rv:75.0) Gecko/20100101 Firefox/75.0"
162.158.106.220 - - [12/Jul/2026:21:58:24 +0200] "GET /wp-content/themes/ HTTP/1.1" 200 607 "-" "Mozilla/5.0 (X11; Ubuntu; Linux i686; rv:79.0) Gecko/20100101 Firefox/79.0"
162.158.106.220 - - [12/Jul/2026:21:58:24 +0200] "GET /wp-content/plugins/elementor/ HTTP/1.1" 404 243 "-" "Mozilla/5.0 (Windows NT 10.0; Win64; x64) AppleWebKit/537.36 (KHTML, like Gecko) Chrome/84.0.4147.105 Safari/537.36 OPR/70.0.3728.95"
162.158.106.221 - - [12/Jul/2026:21:58:24 +0200] "GET /wp-includes/IXR/ HTTP/1.1" 200 620 "-" "Mozilla/5.0 (Windows NT 10.0; Win64; x64; rv:79.0) Gecko/20100101 Firefox/79.0"
162.158.106.221 - - [12/Jul/2026:21:58:25 +0200] "GET /wp-includes/IXR/class-IXR-base64.php HTTP/1.1" 200 0 "-" "Mozilla/5.0 (Macintosh; Intel Mac OS X 10_15_6) AppleWebKit/537.36 (KHTML, like Gecko) Chrome/84.0.4147.105 Safari/537.36"
162.158.106.221 - - [12/Jul/2026:21:58:25 +0200] "GET /wp-includes/IXR/class-IXR-client.php HTTP/1.1" 200 0 "-" "Mozilla/5.0 (Windows NT 10.0; Win64; x64; rv:72.0) Gecko/20100101 Firefox/72.0"
162.158.106.221 - - [12/Jul/2026:21:58:25 +0200] "GET /wp-includes/IXR/class-IXR-clientmulticall.php HTTP/1.1" 500 0 "-" "Mozilla/5.0 (Windows NT 10.0; Win64; x64) AppleWebKit/537.36 (KHTML, like Gecko) Chrome/70.0.3538.110 Safari/537.36"
162.158.106.221 - - [12/Jul/2026:21:58:25 +0200] "GET /wp-includes/IXR/class-IXR-date.php HTTP/1.1" 200 0 "-" "Mozilla/5.0 (Windows NT 10.0; Win64; x64) AppleWebKit/537.36 (KHTML, like Gecko) Chrome/79.0.3945.79 Safari/537.36"
162.158.106.221 - - [12/Jul/2026:21:58:25 +0200] "GET /wp-includes/IXR/class-IXR-error.php HTTP/1.1" 200 0 "-" "Mozilla/5.0 (Windows NT 10.0; Win64; x64; rv:76.0) Gecko/20100101 Firefox/76.0"
162.158.106.221 - - [12/Jul/2026:21:58:25 +0200] "GET /wp-includes/IXR/class-IXR-introspectionserver.php HTTP/1.1" 500 0 "-" "Mozilla/5.0 (Windows NT 10.0; Win64; x64; rv:72.0) Gecko/20100101 Firefox/72.0"
162.158.106.221 - - [12/Jul/2026:21:58:26 +0200] "GET /wp-includes/IXR/class-IXR-message.php HTTP/1.1" 200 0 "-" "Mozilla/5.0 (Windows NT 10.0; Win64; x64) AppleWebKit/537.36 (KHTML, like Gecko) Chrome/74.0.3729.157 Safari/537.36"
162.158.106.221 - - [12/Jul/2026:21:58:26 +0200] "GET /wp-includes/IXR/class-IXR-request.php HTTP/1.1" 200 0 "-" "Mozilla/5.0 (Windows NT 10.0; Win64; x64; rv:67.0) Gecko/20100101 Firefox/67.0"
162.158.106.221 - - [12/Jul/2026:21:58:26 +0200] "GET /wp-includes/IXR/class-IXR-server.php HTTP/1.1" 200 0 "-" "Mozilla/5.0 (X11; Linux x86_64) AppleWebKit/537.36 (KHTML, like Gecko) Chrome/84.0.4147.105 Safari/537.36"
162.158.106.221 - - [12/Jul/2026:21:58:26 +0200] "GET /wp-includes/IXR/class-IXR-value.php HTTP/1.1" 200 0 "-" "Mozilla/5.0 (Windows NT 10.0; WOW64; Trident/7.0; .NET4.0C; .NET4.0E; .NET CLR 2.0.50727; .NET CLR 3.0.30729; .NET CLR 3.5.30729; rv:11.0) like Gecko"
162.158.106.221 - - [12/Jul/2026:21:58:26 +0200] "GET /wp-includes/widgets/ HTTP/1.1" 200 862 "-" "Mozilla/5.0 (Windows NT 6.1; Win64; x64) AppleWebKit/537.36 (KHTML, like Gecko) Chrome/74.0.3729.169 Safari/537.36"
162.158.106.221 - - [12/Jul/2026:21:58:27 +0200] "GET /wp-includes/widgets/about.php7 HTTP/1.1" 200 1099089 "-" "Mozilla/5.0 (Windows NT 10.0; WOW64) AppleWebKit/537.36 (KHTML, like Gecko) Chrome/84.0.4147.105 Safari/537.36"
162.158.106.221 - - [12/Jul/2026:21:58:28 +0200] "GET /wp-includes/widgets/alfa-rex.php8 HTTP/1.1" 200 1099089 "-" "Mozilla/5.0 (Windows NT 10.0; Win64; x64) AppleWebKit/537.36 (KHTML, like Gecko) Chrome/74.0.3729.169 Safari/537.36"
162.158.106.221 - - [12/Jul/2026:21:58:29 +0200] "GET /wp-includes/widgets/alfa-rex.php56 HTTP/1.1" 200 1099089 "-" "Mozilla/5.0 (Windows NT 10.0; Win64; x64; rv:77.0) Gecko/20100101 Firefox/77.0"
162.158.106.221 - - [12/Jul/2026:21:58:30 +0200] "GET /wp-includes/widgets/class-wp-customize-site-icon-control.php HTTP/1.1" 200 0 "-" "Mozilla/5.0 (Windows NT 10.0; Win64; x64) AppleWebKit/537.36 (KHTML, like Gecko) Chrome/79.0.3945.88 Safari/537.36"
162.158.106.221 - - [12/Jul/2026:21:58:30 +0200] "GET /wp-includes/widgets/class-wp-nav-menu-widget.php HTTP/1.1" 500 0 "-" "Mozilla/5.0 (Windows NT 10.0; Win64; x64) AppleWebKit/537.36 (KHTML, like Gecko) Chrome/77.0.3865.90 Safari/537.36"
162.158.106.221 - - [12/Jul/2026:21:58:31 +0200] "GET /wp-includes/widgets/class-wp-widget-archives.php HTTP/1.1" 500 0 "-" "Mozilla/5.0 (Windows NT 10.0; Win64; x64) AppleWebKit/537.36 (KHTML, like Gecko) Chrome/83.0.4103.61 Safari/537.36"
162.158.106.221 - - [12/Jul/2026:21:58:31 +0200] "GET /wp-includes/widgets/class-wp-widget-calendar.php HTTP/1.1" 500 0 "-" "Mozilla/5.0 (X11; Fedora; Linux x86_64; rv:79.0) Gecko/20100101 Firefox/79.0"
162.158.106.221 - - [12/Jul/2026:21:58:31 +0200] "GET /wp-includes/widgets/class-wp-widget-categories.php HTTP/1.1" 500 0 "-" "Mozilla/5.0 (Windows NT 6.3; Win64; x64; rv:73.0) Gecko/20100101 Firefox/73.0"
162.158.106.221 - - [12/Jul/2026:21:58:31 +0200] "GET /wp-includes/widgets/class-wp-widget-custom-html.php HTTP/1.1" 500 0 "-" "Mozilla/5.0 (Windows NT 6.1; Win64; x64) AppleWebKit/537.36 (KHTML, like Gecko) Chrome/79.0.3945.130 Safari/537.36"
162.158.106.221 - - [12/Jul/2026:21:58:31 +0200] "GET /wp-includes/widgets/class-wp-widget-links.php HTTP/1.1" 500 0 "-" "Mozilla/5.0 (Macintosh; Intel Mac OS X 10_10_1) AppleWebKit/537.36 (KHTML, like Gecko) Chrome/39.0.2171.95 Safari/537.36"
162.158.106.221 - - [12/Jul/2026:21:58:31 +0200] "GET /wp-includes/widgets/class-wp-widget-media-audio.php HTTP/1.1" 500 0 "-" "Mozilla/5.0 (Windows NT 10.0; WOW64) AppleWebKit/537.36 (KHTML, like Gecko) Chrome/72.0.3626.121 Safari/537.36"
162.158.106.221 - - [12/Jul/2026:21:58:32 +0200] "GET /wp-includes/widgets/class-wp-widget-media-gallery.php HTTP/1.1" 500 0 "-" "Mozilla/5.0 (Windows NT 10.0; Win64; x64) AppleWebKit/537.36 (KHTML, like Gecko) Chrome/79.0.3945.88 Safari/537.36"
162.158.106.221 - - [12/Jul/2026:21:58:32 +0200] "GET /wp-includes/widgets/class-wp-widget-media-image.php HTTP/1.1" 500 0 "-" "Mozilla/5.0 (Windows NT 10.0; Win64; x64; rv:74.0) Gecko/20100101 Firefox/74.0"
162.158.106.221 - - [12/Jul/2026:21:58:32 +0200] "GET /wp-includes/widgets/class-wp-widget-media-video.php HTTP/1.1" 500 0 "-" "Mozilla/5.0 (Linux x86_64; rv:79.0) Gecko/20100101 Firefox/79.0"
162.158.106.221 - - [12/Jul/2026:21:58:32 +0200] "GET /wp-includes/widgets/class-wp-widget-media.php HTTP/1.1" 500 0 "-" "Mozilla/5.0 (Windows NT 10.0; Win64; x64) AppleWebKit/537.36 (KHTML, like Gecko) Chrome/74.0.3729.157 Safari/537.36"
162.158.106.221 - - [12/Jul/2026:21:58:32 +0200] "GET /wp-includes/widgets/class-wp-widget-meta.php HTTP/1.1" 500 0 "-" "Mozilla/5.0 (Macintosh; Intel Mac OS X 10_15_6) AppleWebKit/537.36 (KHTML, like Gecko) Chrome/84.0.4147.125 Safari/537.36"
162.158.106.221 - - [12/Jul/2026:21:58:32 +0200] "GET /wp-includes/widgets/class-wp-widget-pages.php HTTP/1.1" 500 0 "-" "Mozilla/5.0 (X11; Fedora; Linux x86_64; rv:79.0) Gecko/20100101 Firefox/79.0"
162.158.106.221 - - [12/Jul/2026:21:58:33 +0200] "GET /wp-includes/widgets/class-wp-widget-recent-comments.php HTTP/1.1" 500 0 "-" "Mozilla/5.0 (Linux x86_64; rv:79.0) Gecko/20100101 Firefox/79.0"
162.158.106.221 - - [12/Jul/2026:21:58:33 +0200] "GET /wp-includes/widgets/class-wp-widget-recent-posts.php HTTP/1.1" 500 0 "-" "Mozilla/5.0 (Windows NT 6.1; Win64; x64) AppleWebKit/537.36 (KHTML, like Gecko) Chrome/79.0.3945.130 Safari/537.36"
162.158.106.221 - - [12/Jul/2026:21:58:33 +0200] "GET /wp-includes/widgets/class-wp-widget-rss.php HTTP/1.1" 500 0 "-" "Mozilla/5.0 (Windows NT 10.0; Win64; x64; rv:71.0) Gecko/20100101 Firefox/71.0"
162.158.106.221 - - [12/Jul/2026:21:58:33 +0200] "GET /wp-includes/widgets/class-wp-widget-search.php HTTP/1.1" 500 0 "-" "Mozilla/5.0 (Windows NT 10.0; Win64; x64) AppleWebKit/537.36 (KHTML, like Gecko) Chrome/81.0.4044.129 Safari/537.36"
162.158.106.221 - - [12/Jul/2026:21:58:34 +0200] "GET /wp-includes/widgets/class-wp-widget-tag-cloud.php HTTP/1.1" 500 0 "-" "Mozilla/5.0 (Windows NT 10.0) AppleWebKit/537.36 (KHTML, like Gecko) Chrome/72.0.3626.121 Safari/537.36"
162.158.106.221 - - [12/Jul/2026:21:58:34 +0200] "GET /wp-includes/widgets/class-wp-widget-text.php HTTP/1.1" 500 0 "-" "Mozilla/5.0 (Windows NT 6.1; Win64; x64) AppleWebKit/537.36 (KHTML, like Gecko) Chrome/58.0.3029.110 Safari/537.3"
162.158.106.221 - - [12/Jul/2026:21:58:34 +0200] "GET /wp-includes/images/smilies/ HTTP/1.1" 200 819 "-" "Mozilla/5.0 (Windows NT 10.0) AppleWebKit/537.36 (KHTML, like Gecko) Chrome/72.0.3626.121 Safari/537.36"
162.158.106.221 - - [12/Jul/2026:21:58:34 +0200] "GET /wp-includes/js/crop/ HTTP/1.1" 200 625 "-" "Mozilla/5.0 (Macintosh; Intel Mac OS X 10_10_1) AppleWebKit/537.36 (KHTML, like Gecko) Chrome/39.0.2171.95 Safari/537.36"
162.158.106.221 - - [12/Jul/2026:21:58:34 +0200] "GET /wp-includes/js/crop/about.php7 HTTP/1.1" 200 1099089 "-" "Mozilla/5.0 (Windows NT 10.0; Win64; x64) AppleWebKit/537.36 (KHTML, like Gecko) Chrome/58.0.3029.110 Safari/537.3"
162.158.106.221 - - [12/Jul/2026:21:58:35 +0200] "GET /wp-includes/js/crop/alfa-rex.php8 HTTP/1.1" 200 1099089 "-" "Mozilla/5.0 (Windows NT 6.1; Win64; x64) AppleWebKit/537.36 (KHTML, like Gecko) Chrome/58.0.3029.110 Safari/537.3"
162.158.106.221 - - [12/Jul/2026:21:58:35 +0200] "GET /wp-includes/js/crop/alfa-rex.php56 HTTP/1.1" 200 1099089 "-" "Mozilla/5.0 (Windows NT 10.0; WOW64; Trident/7.0; .NET4.0C; .NET4.0E; .NET CLR 2.0.50727; .NET CLR 3.0.30729; .NET CLR 3.5.30729; rv:11.0) like Gecko"
162.158.106.221 - - [12/Jul/2026:21:58:36 +0200] "GET /wp-includes/PHPMailer/ HTTP/1.1" 200 504 "-" "Mozilla/5.0 (X11; Fedora; Linux x86_64; rv:79.0) Gecko/20100101 Firefox/79.0"
162.158.106.221 - - [12/Jul/2026:21:58:36 +0200] "GET /wp-includes/PHPMailer/Exception.php HTTP/1.1" 200 0 "-" "Mozilla/5.0 (Windows NT 10.0; Win64; x64; rv:73.0) Gecko/20100101 Firefox/73.0"
162.158.106.221 - - [12/Jul/2026:21:58:36 +0200] "GET /wp-includes/PHPMailer/PHPMailer.php HTTP/1.1" 200 0 "-" "Mozilla/5.0 (Windows NT 10.0; Win64; x64) AppleWebKit/537.36 (KHTML, like Gecko) Chrome/70.0.3538.110 Safari/537.36"
162.158.106.221 - - [12/Jul/2026:21:58:36 +0200] "GET /wp-includes/PHPMailer/SMTP.php HTTP/1.1" 200 0 "-" "Mozilla/5.0 (Windows NT 10.0; WOW64) AppleWebKit/537.36 (KHTML, like Gecko) Chrome/84.0.4147.105 Safari/537.36"
162.158.106.221 - - [12/Jul/2026:21:58:36 +0200] "GET /cgi-bin/ HTTP/1.1" 404 243 "-" "Mozilla/5.0 (Windows NT 10.0; Win64; x64) AppleWebKit/537.36 (KHTML, like Gecko) Chrome/79.0.3945.88 Safari/537.36"
162.158.106.221 - - [12/Jul/2026:21:58:37 +0200] "GET /wp-admin/js/ HTTP/1.1" 200 1856 "-" "Mozilla/5.0 (X11; Linux x86_64) AppleWebKit/537.36 (KHTML, like Gecko) Chrome/84.0.4147.105 Safari/537.36"
162.158.106.221 - - [12/Jul/2026:21:58:37 +0200] "GET /wp-admin/js/about.php7 HTTP/1.1" 200 1099089 "-" "Mozilla/5.0 (X11; Linux x86_64) AppleWebKit/537.36 (KHTML, like Gecko) Chrome/84.0.4147.105 Safari/537.36"
162.158.106.221 - - [12/Jul/2026:21:58:37 +0200] "GET /wp-admin/js/alfa-rex.php8 HTTP/1.1" 200 1099089 "-" "Mozilla/5.0 (Windows NT 10.0; Win64; x64) AppleWebKit/537.36 (KHTML, like Gecko) Chrome/79.0.3945.130 Safari/537.36"
162.158.106.221 - - [12/Jul/2026:21:58:38 +0200] "GET /wp-admin/js/alfa-rex.php56 HTTP/1.1" 200 1099089 "-" "Mozilla/5.0 (Windows NT 10.0; Win64; x64; rv:67.0) Gecko/20100101 Firefox/67.0"
162.158.106.221 - - [12/Jul/2026:21:58:38 +0200] "GET /wp-includes/js/jquery/ HTTP/1.1" 200 782 "-" "Mozilla/5.0 (Windows NT 6.1; Win64; x64) AppleWebKit/537.36 (KHTML, like Gecko) Chrome/74.0.3729.169 Safari/537.36"
162.158.106.221 - - [12/Jul/2026:21:58:38 +0200] "GET /wp-includes/block-supports/ HTTP/1.1" 404 243 "-" "Mozilla/5.0 (Windows NT 10.0; WOW64) AppleWebKit/537.36 (KHTML, like Gecko) Chrome/72.0.3626.121 Safari/537.36"
162.158.106.221 - - [12/Jul/2026:21:58:38 +0200] "GET /wp-admin/network/ HTTP/1.1" 500 0 "-" "Mozilla/5.0 (Windows NT 10.0; Win64; x64; rv:72.0) Gecko/20100101 Firefox/72.0"
162.158.106.221 - - [12/Jul/2026:21:58:39 +0200] "GET /wp-admin/ HTTP/1.1" 500 0 "-" "Mozilla/5.0 (Windows NT 10.0; Win64; x64) AppleWebKit/537.36 (KHTML, like Gecko) Chrome/58.0.3029.110 Safari/537.3"
162.158.106.221 - - [12/Jul/2026:21:58:39 +0200] "GET /wp-includes/blocks/table/int/tmpl/ HTTP/1.1" 404 243 "-" "Mozilla/5.0 (Windows NT 10.0; Win64; x64) AppleWebKit/537.36 (KHTML, like Gecko) Chrome/74.0.3729.157 Safari/537.36"
162.158.106.221 - - [12/Jul/2026:21:58:39 +0200] "GET /wp-includes/ HTTP/1.1" 200 0 "-" "Mozilla/5.0 (Windows NT 10.0; WOW64) AppleWebKit/537.36 (KHTML, like Gecko) Chrome/84.0.4147.105 Safari/537.36"
162.158.106.221 - - [12/Jul/2026:21:58:39 +0200] "GET /wp-includes/customize/ HTTP/1.1" 200 1127 "-" "Mozilla/5.0 (Windows NT 10.0; Win64; x64; rv:77.0) Gecko/20100101 Firefox/77.0"
162.158.106.221 - - [12/Jul/2026:21:58:39 +0200] "GET /wp-includes/customize/about.php7 HTTP/1.1" 200 1099089 "-" "Mozilla/5.0 (Windows NT 10.0; Win64; x64; rv:79.0) Gecko/20100101 Firefox/79.0"
162.158.106.221 - - [12/Jul/2026:21:58:40 +0200] "GET /wp-includes/customize/alfa-rex.php8 HTTP/1.1" 200 1099089 "-" "Mozilla/5.0 (Windows NT 10.0; Win64; x64) AppleWebKit/537.36 (KHTML, like Gecko) Chrome/77.0.3865.90 Safari/537.36"
162.158.106.221 - - [12/Jul/2026:21:58:40 +0200] "GET /wp-includes/customize/alfa-rex.php56 HTTP/1.1" 200 1099089 "-" "Mozilla/5.0 (Macintosh; Intel Mac OS X 10_10_1) AppleWebKit/537.36 (KHTML, like Gecko) Chrome/39.0.2171.95 Safari/537.36"
162.158.106.221 - - [12/Jul/2026:21:58:40 +0200] "GET /wp-includes/customize/class-wp-customize-background-image-control.php HTTP/1.1" 500 0 "-" "Mozilla/5.0 (X11; Fedora; Linux x86_64; rv:79.0) Gecko/20100101 Firefox/79.0"
162.158.106.221 - - [12/Jul/2026:21:58:41 +0200] "GET /wp-includes/customize/class-wp-customize-background-image-setting.php HTTP/1.1" 500 0 "-" "Mozilla/5.0 (Windows NT 10.0; Win64; x64) AppleWebKit/537.36 (KHTML, like Gecko) Chrome/70.0.3538.77 Safari/537.36"
162.158.106.221 - - [12/Jul/2026:21:58:41 +0200] "GET /wp-includes/customize/class-wp-customize-background-position-control.php HTTP/1.1" 500 0 "-" "Mozilla/5.0 (compatible; MSIE 10.0; Windows NT 6.1; Trident/6.0)"
162.158.106.221 - - [12/Jul/2026:21:58:41 +0200] "GET /wp-includes/customize/class-wp-customize-code-editor-control.php HTTP/1.1" 500 0 "-" "Mozilla/5.0 (Windows NT 10.0; Win64; x64; rv:71.0) Gecko/20100101 Firefox/71.0"
162.158.106.221 - - [12/Jul/2026:21:58:41 +0200] "GET /wp-includes/customize/class-wp-customize-color-control.php HTTP/1.1" 500 0 "-" "Mozilla/5.0 (Windows NT 10.0; Win64; x64) AppleWebKit/537.36 (KHTML, like Gecko) Chrome/77.0.3865.90 Safari/537.36"
162.158.106.221 - - [12/Jul/2026:21:58:41 +0200] "GET /wp-includes/customize/class-wp-customize-cropped-image-control.php HTTP/1.1" 500 0 "-" "Mozilla/5.0 (Windows NT 10.0; Win64; x64; rv:76.0) Gecko/20100101 Firefox/76.0"
162.158.106.221 - - [12/Jul/2026:21:58:41 +0200] "GET /wp-includes/customize/class-wp-customize-custom-css-setting.php HTTP/1.1" 500 0 "-" "Mozilla/5.0 (Windows NT 10.0; Win64; x64; rv:79.0) Gecko/20100101 Firefox/79.0"
162.158.106.221 - - [12/Jul/2026:21:58:42 +0200] "GET /wp-includes/customize/class-wp-customize-date-time-control.php HTTP/1.1" 500 0 "-" "Mozilla/5.0 (Windows NT 6.1; Win64; x64) AppleWebKit/537.36 (KHTML, like Gecko) Chrome/74.0.3729.169 Safari/537.36"
162.158.106.221 - - [12/Jul/2026:21:58:42 +0200] "GET /wp-includes/customize/class-wp-customize-filter-setting.php HTTP/1.1" 500 0 "-" "Mozilla/5.0 (Macintosh; Intel Mac OS X 10_10_1) AppleWebKit/537.36 (KHTML, like Gecko) Chrome/39.0.2171.95 Safari/537.36"
162.158.106.221 - - [12/Jul/2026:21:58:42 +0200] "GET /wp-includes/customize/class-wp-customize-header-image-control.php HTTP/1.1" 500 0 "-" "Mozilla/5.0 (Windows NT 10.0; Win64; x64) AppleWebKit/537.36 (KHTML, like Gecko) Chrome/79.0.3945.88 Safari/537.36"
162.158.106.221 - - [12/Jul/2026:21:58:42 +0200] "GET /wp-includes/customize/class-wp-customize-header-image-setting.php HTTP/1.1" 500 0 "-" "Mozilla/5.0 (X11; Ubuntu; Linux i686; rv:79.0) Gecko/20100101 Firefox/79.0"
162.158.106.221 - - [12/Jul/2026:21:58:42 +0200] "GET /wp-includes/customize/class-wp-customize-image-control.php HTTP/1.1" 500 0 "-" "Mozilla/5.0 (Windows NT 10.0) AppleWebKit/537.36 (KHTML, like Gecko) Chrome/84.0.4147.105 Safari/537.36"
162.158.106.221 - - [12/Jul/2026:21:58:42 +0200] "GET /wp-includes/customize/class-wp-customize-media-control.php HTTP/1.1" 500 0 "-" "Mozilla/5.0 (Windows NT 10.0; Win64; x64; rv:72.0) Gecko/20100101 Firefox/72.0"
162.158.106.221 - - [12/Jul/2026:21:58:43 +0200] "GET /wp-includes/customize/class-wp-customize-nav-menu-auto-add-control.php HTTP/1.1" 500 0 "-" "Mozilla/5.0 (Macintosh; Intel Mac OS X 10_12_6) AppleWebKit/537.36 (KHTML, like Gecko) Chrome/58.0.3029.110 Safari/537.3"
162.158.106.221 - - [12/Jul/2026:21:58:43 +0200] "GET /wp-includes/customize/class-wp-customize-nav-menu-control.php HTTP/1.1" 500 0 "-" "Mozilla/5.0 (Windows NT 10.0; WOW64; x64) AppleWebKit/537.36 (KHTML, like Gecko) Chrome/84.0.4147.105 Safari/537.36 OPR/70.0.3728.95"
162.158.106.221 - - [12/Jul/2026:21:58:43 +0200] "GET /wp-includes/customize/class-wp-customize-nav-menu-item-control.php HTTP/1.1" 500 0 "-" "Mozilla/5.0 (Windows NT 10.0; Win64; x64) AppleWebKit/537.36 (KHTML, like Gecko) Chrome/75.0.3770.100 Safari/537.36"
162.158.106.221 - - [12/Jul/2026:21:58:43 +0200] "GET /wp-includes/customize/class-wp-customize-nav-menu-item-setting.php HTTP/1.1" 500 0 "-" "Mozilla/5.0 (Windows NT 10.0; Win64; x64; rv:75.0) Gecko/20100101 Firefox/75.0"
162.158.106.221 - - [12/Jul/2026:21:58:43 +0200] "GET /wp-includes/customize/class-wp-customize-nav-menu-location-control.php HTTP/1.1" 500 0 "-" "Mozilla/5.0 (Windows NT 10.0; Win64; x64; rv:76.0) Gecko/20100101 Firefox/76.0"
162.158.106.221 - - [12/Jul/2026:21:58:43 +0200] "GET /wp-includes/customize/class-wp-customize-nav-menu-locations-control.php HTTP/1.1" 500 0 "-" "Mozilla/5.0 (Windows NT 10.0; Win64; x64; rv:67.0) Gecko/20100101 Firefox/67.0"
162.158.106.221 - - [12/Jul/2026:21:58:44 +0200] "GET /wp-includes/customize/class-wp-customize-nav-menu-name-control.php HTTP/1.1" 500 0 "-" "Mozilla/5.0 (X11; Linux i686; rv:79.0) Gecko/20100101 Firefox/79.0"
162.158.106.221 - - [12/Jul/2026:21:58:44 +0200] "GET /wp-includes/customize/class-wp-customize-nav-menu-section.php HTTP/1.1" 500 0 "-" "Mozilla/5.0 (Macintosh; Intel Mac OS X 10_12_6) AppleWebKit/537.36 (KHTML, like Gecko) Chrome/58.0.3029.110 Safari/537.3"
162.158.106.221 - - [12/Jul/2026:21:58:44 +0200] "GET /wp-includes/customize/class-wp-customize-nav-menu-setting.php HTTP/1.1" 500 0 "-" "Mozilla/5.0 (Windows NT 6.3; Win64; x64; rv:73.0) Gecko/20100101 Firefox/73.0"
162.158.106.221 - - [12/Jul/2026:21:58:44 +0200] "GET /wp-includes/customize/class-wp-customize-nav-menus-panel.php HTTP/1.1" 500 0 "-" "Mozilla/5.0 (Macintosh; Intel Mac OS X 10_15_6) AppleWebKit/537.36 (KHTML, like Gecko) Chrome/84.0.4147.105 Safari/537.36 OPR/70.0.3728.95"
162.158.106.221 - - [12/Jul/2026:21:58:44 +0200] "GET /wp-includes/customize/class-wp-customize-new-menu-control.php HTTP/1.1" 500 0 "-" "Mozilla/5.0 (Windows NT 10.0; Win64; x64) AppleWebKit/537.36 (KHTML, like Gecko) Chrome/84.0.4147.105 Safari/537.36"
162.158.106.221 - - [12/Jul/2026:21:58:45 +0200] "GET /wp-includes/customize/class-wp-customize-new-menu-section.php HTTP/1.1" 500 0 "-" "Mozilla/5.0 (Windows NT 10.0; Win64; x64) AppleWebKit/537.36 (KHTML, like Gecko) Chrome/77.0.3865.90 Safari/537.36"
162.158.106.221 - - [12/Jul/2026:21:58:45 +0200] "GET /wp-includes/customize/class-wp-customize-partial.php HTTP/1.1" 200 0 "-" "Mozilla/5.0 (X11; Ubuntu; Linux x86_64; rv:79.0) Gecko/20100101 Firefox/79.0"
162.158.106.221 - - [12/Jul/2026:21:58:45 +0200] "GET /wp-includes/customize/class-wp-customize-selective-refresh.php HTTP/1.1" 200 0 "-" "Mozilla/5.0 (X11; Linux x86_64) AppleWebKit/537.36 (KHTML, like Gecko) Chrome/84.0.4147.105 Safari/537.36"
162.158.106.221 - - [12/Jul/2026:21:58:45 +0200] "GET /wp-includes/customize/class-wp-customize-sidebar-section.php HTTP/1.1" 500 0 "-" "Mozilla/5.0 (Windows NT 10.0; Win64; x64) AppleWebKit/537.36 (KHTML, like Gecko) Chrome/75.0.3770.100 Safari/537.36"
162.158.106.221 - - [12/Jul/2026:21:58:45 +0200] "GET /wp-includes/customize/class-wp-customize-site-icon-control.php HTTP/1.1" 500 0 "-" "Mozilla/5.0 (Windows NT 10.0; Win64; x64) AppleWebKit/537.36 (KHTML, like Gecko) Chrome/75.0.3770.100 Safari/537.36"
162.158.106.221 - - [12/Jul/2026:21:58:45 +0200] "GET /wp-includes/customize/class-wp-customize-theme-control.php HTTP/1.1" 500 0 "-" "Mozilla/5.0 (Windows NT 10.0; Win64; x64) AppleWebKit/537.36 (KHTML, like Gecko) Chrome/81.0.4044.129 Safari/537.36"
162.158.106.221 - - [12/Jul/2026:21:58:46 +0200] "GET /wp-includes/customize/class-wp-customize-themes-panel.php HTTP/1.1" 500 0 "-" "Mozilla/5.0 (Windows NT 10.0; WOW64) AppleWebKit/537.36 (KHTML, like Gecko) Chrome/84.0.4147.105 Safari/537.36"
162.158.106.221 - - [12/Jul/2026:21:58:46 +0200] "GET /wp-includes/customize/class-wp-customize-themes-section.php HTTP/1.1" 500 0 "-" "Mozilla/5.0 (Windows NT 10.0) AppleWebKit/537.36 (KHTML, like Gecko) Chrome/72.0.3626.121 Safari/537.36"
162.158.106.221 - - [12/Jul/2026:21:58:46 +0200] "GET /wp-includes/customize/class-wp-customize-upload-control.php HTTP/1.1" 500 0 "-" "Mozilla/5.0 (Linux x86_64; rv:79.0) Gecko/20100101 Firefox/79.0"
162.158.106.221 - - [12/Jul/2026:21:58:46 +0200] "GET /wp-includes/customize/class-wp-widget-area-customize-control.php HTTP/1.1" 500 0 "-" "Mozilla/5.0 (Windows NT 10.0; Win64; x64; rv:66.0) Gecko/20100101 Firefox/66.0"
162.158.106.221 - - [12/Jul/2026:21:58:46 +0200] "GET /wp-includes/customize/class-wp-widget-form-customize-control.php HTTP/1.1" 500 0 "-" "Mozilla/5.0 (Windows NT 10.0; WOW64; Trident/7.0; .NET4.0C; .NET4.0E; .NET CLR 2.0.50727; .NET CLR 3.0.30729; .NET CLR 3.5.30729; rv:11.0) like Gecko"
162.158.106.221 - - [12/Jul/2026:21:58:46 +0200] "GET /wp-includes/customize/mailer.php HTTP/1.1" 200 114 "-" "Mozilla/5.0 (Windows NT 6.1; Win64; x64) AppleWebKit/537.36 (KHTML, like Gecko) Chrome/79.0.3945.130 Safari/537.36"
104.22.57.39 - - [12/Jul/2026:21:59:18 +0200] "GET /outlet/098021425 HTTP/1.1" 404 243 "https://alg24info.com/?sitemap224.xml" "Mozilla/5.0 AppleWebKit/537.36 (KHTML, like Gecko; compatible; GPTBot/1.4; +https://openai.com/gptbot)"
94.154.43.254 - - [12/Jul/2026:21:59:52 +0200] "GET / HTTP/1.1" 200 1848 "-" "Linux Gnu (cow)"
172.70.47.2 - - [12/Jul/2026:22:00:17 +0200] "GET /wp-includes/core.php HTTP/1.1" 404 243 "-" "Mozlila/5.0 (Linux; Android 7.0; SM-G892A Bulid/NRD90M; wv) AppleWebKit/537.36 (KHTML, like Gecko) Version/4.0 Chrome/60.0.3112.107 Moblie Safari/537.36"
104.22.57.40 - - [12/Jul/2026:22:00:24 +0200] "GET /outlet/228017859 HTTP/1.1" 404 243 "https://alg24info.com/?sitemap448.xml" "Mozilla/5.0 AppleWebKit/537.36 (KHTML, like Gecko; compatible; GPTBot/1.4; +https://openai.com/gptbot)"
162.158.178.152 - - [12/Jul/2026:22:01:19 +0200] "HEAD /wp-login.php HTTP/1.1" 404 0 "-" "Mozilla/5.0 (X11; Linux x86_64) AppleWebKit/537.36 (KHTML, like Gecko) Chrome/120.0.0.0 Safari/537.36"
104.22.57.40 - - [12/Jul/2026:22:01:24 +0200] "GET /?sitemapindex.xml HTTP/1.1" 500 0 "-" "Mozilla/5.0 AppleWebKit/537.36 (KHTML, like Gecko; compatible; GPTBot/1.4; +https://openai.com/gptbot)"
104.22.57.40 - - [12/Jul/2026:22:02:25 +0200] "GET /?sitemap741.xml HTTP/1.1" 500 0 "-" "Mozilla/5.0 AppleWebKit/537.36 (KHTML, like Gecko; compatible; GPTBot/1.4; +https://openai.com/gptbot)"
104.22.57.40 - - [12/Jul/2026:22:03:27 +0200] "GET /?sitemap600.xml HTTP/1.1" 500 0 "-" "Mozilla/5.0 AppleWebKit/537.36 (KHTML, like Gecko; compatible; GPTBot/1.4; +https://openai.com/gptbot)"
104.22.57.40 - - [12/Jul/2026:22:04:31 +0200] "GET /outlet/239022586 HTTP/1.1" 404 243 "https://alg24info.com/?sitemap600.xml" "Mozilla/5.0 AppleWebKit/537.36 (KHTML, like Gecko; compatible; GPTBot/1.4; +https://openai.com/gptbot)"
108.162.237.68 - - [12/Jul/2026:22:04:32 +0200] "GET /robots.txt HTTP/1.1" 200 130 "-" "Mozilla/5.0 (Macintosh; Intel Mac OS X 10_15_7) AppleWebKit/537.36 (KHTML, like Gecko) Chrome/131.0.0.0 Safari/537.36; compatible; OAI-SearchBot/1.4; robots.txt; +https://openai.com/searchbot"
104.22.57.40 - - [12/Jul/2026:22:05:32 +0200] "GET /?sitemap448.xml HTTP/1.1" 500 0 "-" "Mozilla/5.0 AppleWebKit/537.36 (KHTML, like Gecko; compatible; GPTBot/1.4; +https://openai.com/gptbot)"
104.22.57.40 - - [12/Jul/2026:22:06:35 +0200] "GET /goods.php?sitemap230.xml HTTP/1.1" 404 243 "-" "Mozilla/5.0 AppleWebKit/537.36 (KHTML, like Gecko; compatible; GPTBot/1.4; +https://openai.com/gptbot)"
104.22.57.40 - - [12/Jul/2026:22:07:37 +0200] "GET /?sitemap224.xml HTTP/1.1" 500 0 "-" "Mozilla/5.0 AppleWebKit/537.36 (KHTML, like Gecko; compatible; GPTBot/1.4; +https://openai.com/gptbot)"
104.22.57.40 - - [12/Jul/2026:22:08:41 +0200] "GET /outlet/130034065 HTTP/1.1" 404 243 "https://alg24info.com/?sitemap600.xml" "Mozilla/5.0 AppleWebKit/537.36 (KHTML, like Gecko; compatible; GPTBot/1.4; +https://openai.com/gptbot)"
104.22.57.40 - - [12/Jul/2026:22:09:45 +0200] "GET /outlet/187035992 HTTP/1.1" 404 243 "https://alg24info.com/?sitemap344.xml" "Mozilla/5.0 AppleWebKit/537.36 (KHTML, like Gecko; compatible; GPTBot/1.4; +https://openai.com/gptbot)"
104.22.57.40 - - [12/Jul/2026:22:10:46 +0200] "GET /outlet/113022410 HTTP/1.1" 404 243 "https://alg24info.com/?sitemap741.xml" "Mozilla/5.0 AppleWebKit/537.36 (KHTML, like Gecko; compatible; GPTBot/1.4; +https://openai.com/gptbot)"
104.22.57.40 - - [12/Jul/2026:22:11:50 +0200] "GET /outlet/227003882 HTTP/1.1" 404 243 "https://alg24info.com/?sitemap600.xml" "Mozilla/5.0 AppleWebKit/537.36 (KHTML, like Gecko; compatible; GPTBot/1.4; +https://openai.com/gptbot)"
104.22.57.40 - - [12/Jul/2026:22:12:52 +0200] "GET /outlet/298006301 HTTP/1.1" 404 243 "https://alg24info.com/?sitemap741.xml" "Mozilla/5.0 AppleWebKit/537.36 (KHTML, like Gecko; compatible; GPTBot/1.4; +https://openai.com/gptbot)"
104.22.57.40 - - [12/Jul/2026:22:13:53 +0200] "GET /outlet/039026236 HTTP/1.1" 404 243 "https://alg24info.com/?sitemap224.xml" "Mozilla/5.0 AppleWebKit/537.36 (KHTML, like Gecko; compatible; GPTBot/1.4; +https://openai.com/gptbot)"
104.22.57.39 - - [12/Jul/2026:22:14:59 +0200] "GET /outlet/246025765 HTTP/1.1" 404 243 "https://alg24info.com/?sitemap224.xml" "Mozilla/5.0 AppleWebKit/537.36 (KHTML, like Gecko; compatible; GPTBot/1.4; +https://openai.com/gptbot)"
104.22.57.39 - - [12/Jul/2026:22:15:59 +0200] "GET /outlet/182012369 HTTP/1.1" 404 243 "https://alg24info.com/?sitemap224.xml" "Mozilla/5.0 AppleWebKit/537.36 (KHTML, like Gecko; compatible; GPTBot/1.4; +https://openai.com/gptbot)"
43.154.250.181 - - [12/Jul/2026:22:16:24 +0200] "GET / HTTP/1.1" 200 1848 "-" "Mozilla/5.0 (iPhone; CPU iPhone OS 13_2_3 like Mac OS X) AppleWebKit/605.1.15 (KHTML, like Gecko) Version/13.0.3 Mobile/15E148 Safari/604.1"
185.12.59.118 - - [12/Jul/2026:22:16:55 +0200] "GET /Dr0v HTTP/1.1" 404 275 "-" "-"
104.22.57.40 - - [12/Jul/2026:22:17:06 +0200] "GET /outlet/170023289 HTTP/1.1" 404 243 "https://alg24info.com/?sitemap741.xml" "Mozilla/5.0 AppleWebKit/537.36 (KHTML, like Gecko; compatible; GPTBot/1.4; +https://openai.com/gptbot)"
104.22.57.40 - - [12/Jul/2026:22:18:08 +0200] "GET /outlet/094004319 HTTP/1.1" 404 243 "https://alg24info.com/?sitemap344.xml" "Mozilla/5.0 AppleWebKit/537.36 (KHTML, like Gecko; compatible; GPTBot/1.4; +https://openai.com/gptbot)"
104.23.209.87 - - [12/Jul/2026:22:18:40 +0200] "GET /robots.txt HTTP/1.1" 200 130 "-" "Mozilla/5.0 (Macintosh; Intel Mac OS X 10_10_1) AppleWebKit/600.2.5 (KHTML, like Gecko) Version/8.0.2 Safari/600.2.5 (Gort)"
104.22.57.40 - - [12/Jul/2026:22:19:12 +0200] "GET /outlet/151028196 HTTP/1.1" 404 243 "https://alg24info.com/?sitemap741.xml" "Mozilla/5.0 AppleWebKit/537.36 (KHTML, like Gecko; compatible; GPTBot/1.4; +https://openai.com/gptbot)"
104.22.57.40 - - [12/Jul/2026:22:20:14 +0200] "GET /outlet/029039680 HTTP/1.1" 404 243 "https://alg24info.com/?sitemap448.xml" "Mozilla/5.0 AppleWebKit/537.36 (KHTML, like Gecko; compatible; GPTBot/1.4; +https://openai.com/gptbot)"
104.22.57.40 - - [12/Jul/2026:22:21:17 +0200] "GET /outlet/120011907 HTTP/1.1" 404 243 "https://alg24info.com/?sitemap224.xml" "Mozilla/5.0 AppleWebKit/537.36 (KHTML, like Gecko; compatible; GPTBot/1.4; +https://openai.com/gptbot)"
104.22.57.40 - - [12/Jul/2026:22:22:20 +0200] "GET /outlet/096006149 HTTP/1.1" 404 243 "https://alg24info.com/?sitemap448.xml" "Mozilla/5.0 AppleWebKit/537.36 (KHTML, like Gecko; compatible; GPTBot/1.4; +https://openai.com/gptbot)"
162.159.120.243 - - [12/Jul/2026:22:22:22 +0200] "GET /wp-content/uploads/2020/12/elhariri.jpg HTTP/1.1" 200 27270 "-" "facebookexternalhit/1.1 (+http://www.facebook.com/externalhit_uatext.php)"
172.71.146.228 - - [12/Jul/2026:22:22:22 +0200] "GET /wp-content/uploads/2020/12/prelevement.jpg HTTP/1.1" 200 99835 "-" "facebookexternalhit/1.1 (+http://www.facebook.com/externalhit_uatext.php)"
172.68.22.221 - - [12/Jul/2026:22:22:22 +0200] "GET /wp-content/uploads/2020/12/youtube.jpg HTTP/1.1" 200 32750 "-" "facebookexternalhit/1.1 (+http://www.facebook.com/externalhit_uatext.php)"
104.22.57.39 - - [12/Jul/2026:22:23:26 +0200] "GET /outlet/292042769 HTTP/1.1" 404 243 "https://alg24info.com/?sitemap600.xml" "Mozilla/5.0 AppleWebKit/537.36 (KHTML, like Gecko; compatible; GPTBot/1.4; +https://openai.com/gptbot)"
104.23.166.85 - - [12/Jul/2026:22:23:51 +0200] "GET / HTTP/1.1" 500 0 "-" "Mozilla/5.0 (iPhone; CPU iPhone OS 13_2_3 like Mac OS X) AppleWebKit/605.1.15 (KHTML, like Gecko) Version/13.0.3 Mobile/15E148 Safari/604.1"
141.101.76.181 - - [12/Jul/2026:22:24:24 +0200] "GET /wp-content/plugins/fix/7c18aade5e90.php HTTP/1.1" 200 7 "-" "Mozilla/5.0 (compatible; MSIE 9.0; Windows NT 10.0; Trident/5.0)"
141.101.76.53 - - [12/Jul/2026:22:24:24 +0200] "POST /wp-content/plugins/fix/7c18aade5e90.php HTTP/1.1" 200 123 "https://alg24info.com/wp-content/plugins/fix/7c18aade5e90.php" "Mozilla/5.0 (compatible; MSIE 9.0; Windows NT 10.0; Trident/5.0)"
104.22.57.39 - - [12/Jul/2026:22:24:28 +0200] "GET /outlet/039006974 HTTP/1.1" 404 243 "https://alg24info.com/?sitemap600.xml" "Mozilla/5.0 AppleWebKit/537.36 (KHTML, like Gecko; compatible; GPTBot/1.4; +https://openai.com/gptbot)"
104.22.57.39 - - [12/Jul/2026:22:25:30 +0200] "GET /outlet/280025635 HTTP/1.1" 404 243 "https://alg24info.com/?sitemap344.xml" "Mozilla/5.0 AppleWebKit/537.36 (KHTML, like Gecko; compatible; GPTBot/1.4; +https://openai.com/gptbot)"
104.22.57.39 - - [12/Jul/2026:22:26:30 +0200] "GET /outlet/201045630 HTTP/1.1" 404 243 "https://alg24info.com/?sitemap224.xml" "Mozilla/5.0 AppleWebKit/537.36 (KHTML, like Gecko; compatible; GPTBot/1.4; +https://openai.com/gptbot)"
151.243.11.231 - - [12/Jul/2026:22:27:09 +0200] "GET / HTTP/1.1" 400 280 "-" "Mozilla/5.0 (compatible; FlowIQLabsBot/1.0; +https://flowiq-labs.com/scanning-info)"
151.243.11.231 - - [12/Jul/2026:22:27:15 +0200] "GET / HTTP/1.1" 200 4963 "-" "Mozilla/5.0 (compatible; FlowIQLabsBot/1.0; +https://flowiq-labs.com/scanning-info)"
151.243.11.231 - - [12/Jul/2026:22:27:18 +0200] "GET /favicon.ico HTTP/1.1" 404 275 "-" "Mozilla/5.0 (compatible; FlowIQLabsBot/1.0; +https://flowiq-labs.com/scanning-info)"
104.22.57.39 - - [12/Jul/2026:22:27:32 +0200] "GET /outlet/181041738 HTTP/1.1" 404 243 "https://alg24info.com/?sitemap448.xml" "Mozilla/5.0 AppleWebKit/537.36 (KHTML, like Gecko; compatible; GPTBot/1.4; +https://openai.com/gptbot)"
104.22.57.39 - - [12/Jul/2026:22:28:34 +0200] "GET /outlet/177036336 HTTP/1.1" 404 243 "https://alg24info.com/?sitemap344.xml" "Mozilla/5.0 AppleWebKit/537.36 (KHTML, like Gecko; compatible; GPTBot/1.4; +https://openai.com/gptbot)"
47.84.44.44 - - [12/Jul/2026:22:29:14 +0200] "GET / HTTP/1.1" 200 1848 "-" "Mozilla/5.0 (Windows NT 6.1; WOW64) AppleWebKit/534.57.2 (KHTML, like Gecko) Version/5.1.7 Safari/534.57.2"
47.84.44.44 - - [12/Jul/2026:22:29:15 +0200] "GET /favicon.ico HTTP/1.1" 404 244 "-" "Mozilla/5.0 (Windows NT 6.1; WOW64) AppleWebKit/534.57.2 (KHTML, like Gecko) Version/5.1.7 Safari/534.57.2"
104.22.57.40 - - [12/Jul/2026:22:29:40 +0200] "GET /outlet/251005674 HTTP/1.1" 404 243 "https://alg24info.com/?sitemap224.xml" "Mozilla/5.0 AppleWebKit/537.36 (KHTML, like Gecko; compatible; GPTBot/1.4; +https://openai.com/gptbot)"
104.22.57.40 - - [12/Jul/2026:22:30:42 +0200] "GET /outlet/158015141 HTTP/1.1" 404 243 "https://alg24info.com/?sitemap448.xml" "Mozilla/5.0 AppleWebKit/537.36 (KHTML, like Gecko; compatible; GPTBot/1.4; +https://openai.com/gptbot)"
172.70.250.35 - - [12/Jul/2026:22:31:05 +0200] "GET /wp-content/plugins/fix/7c18aade5e90.php HTTP/1.1" 200 7 "-" "Mozilla/5.0 (X11; Ubuntu; Linux i686; rv:50.0) Gecko/20100101 Firefox/50.0"
172.70.250.35 - - [12/Jul/2026:22:31:10 +0200] "POST /wp-content/plugins/fix/7c18aade5e90.php HTTP/1.1" 200 123 "https://alg24info.com/wp-content/plugins/fix/7c18aade5e90.php" "Mozilla/5.0 (X11; Ubuntu; Linux i686; rv:50.0) Gecko/20100101 Firefox/50.0"
104.22.57.40 - - [12/Jul/2026:22:31:42 +0200] "GET /outlet/293034536 HTTP/1.1" 404 243 "https://alg24info.com/?sitemap741.xml" "Mozilla/5.0 AppleWebKit/537.36 (KHTML, like Gecko; compatible; GPTBot/1.4; +https://openai.com/gptbot)"
104.22.57.40 - - [12/Jul/2026:22:32:42 +0200] "GET /outlet/241033760 HTTP/1.1" 404 243 "https://alg24info.com/?sitemap344.xml" "Mozilla/5.0 AppleWebKit/537.36 (KHTML, like Gecko; compatible; GPTBot/1.4; +https://openai.com/gptbot)"
162.158.217.147 - - [12/Jul/2026:22:33:28 +0200] "GET /wp-content/plugins/fix/7c18aade5e90.php HTTP/1.1" 200 7 "-" "Mozilla/5.0 (Windows NT 10.0; WOW64) AppleWebKit/537.36 (KHTML, like Gecko) Chrome/53.0.2824.46 Safari/537.36"
162.158.217.147 - - [12/Jul/2026:22:33:28 +0200] "POST /wp-content/plugins/fix/7c18aade5e90.php HTTP/1.1" 200 9 "https://alg24info.com/wp-content/plugins/fix/7c18aade5e90.php" "Mozilla/5.0 (Windows NT 10.0; WOW64) AppleWebKit/537.36 (KHTML, like Gecko) Chrome/53.0.2824.46 Safari/537.36"
8.219.134.140 - - [12/Jul/2026:22:33:39 +0200] "GET / HTTP/1.1" 200 1848 "-" "Mozilla/5.0 (Windows NT 6.1; rv:2.0.1) Gecko/20100101 Firefox/4.0.1"
8.219.134.140 - - [12/Jul/2026:22:33:40 +0200] "GET /favicon.ico HTTP/1.1" 404 244 "-" "Mozilla/5.0 (Windows NT 6.1; rv:2.0.1) Gecko/20100101 Firefox/4.0.1"
104.22.57.40 - - [12/Jul/2026:22:33:44 +0200] "GET /outlet/178024827 HTTP/1.1" 404 243 "https://alg24info.com/?sitemap344.xml" "Mozilla/5.0 AppleWebKit/537.36 (KHTML, like Gecko; compatible; GPTBot/1.4; +https://openai.com/gptbot)"
66.228.62.150 - - [12/Jul/2026:22:33:58 +0200] "GET / HTTP/1.1" 400 280 "-" "Mozilla/5.0 zgrab/0.x"
172.71.103.148 - - [12/Jul/2026:22:34:09 +0200] "GET /wp-content/uploads/2019/11/forum.jpg HTTP/1.1" 200 42969 "-" "facebookexternalhit/1.1 (+http://www.facebook.com/externalhit_uatext.php)"
104.22.57.40 - - [12/Jul/2026:22:34:48 +0200] "GET /outlet/048003355 HTTP/1.1" 404 243 "https://alg24info.com/?sitemap448.xml" "Mozilla/5.0 AppleWebKit/537.36 (KHTML, like Gecko; compatible; GPTBot/1.4; +https://openai.com/gptbot)"
172.234.217.192 - - [12/Jul/2026:22:34:50 +0200] "GET / HTTP/1.1" 200 1848 "-" "Mozilla/5.0 (Macintosh; Intel Mac OS X 13_1) AppleWebKit/537.36 (KHTML, like Gecko) Chrome/108.0.0.0 Safari/537.36"
104.22.57.40 - - [12/Jul/2026:22:35:51 +0200] "GET /outlet/225008910 HTTP/1.1" 404 243 "https://alg24info.com/?sitemap741.xml" "Mozilla/5.0 AppleWebKit/537.36 (KHTML, like Gecko; compatible; GPTBot/1.4; +https://openai.com/gptbot)"
104.22.29.144 - - [12/Jul/2026:22:36:07 +0200] "GET /wp-content/uploads/ll13wsea.php?BDKR28=gkrw HTTP/1.1" 200 303 "-" "Mozilla/5.0 (Windows NT 10.0; Win64; x64) AppleWebKit/537.36 (KHTML, like Gecko) Chrome/150.0.0.0 Safari/537.36"
104.22.29.144 - - [12/Jul/2026:22:36:08 +0200] "GET /favicon.ico HTTP/1.1" 404 243 "https://alg24info.com/wp-content/uploads/ll13wsea.php?BDKR28=gkrw" "Mozilla/5.0 (Windows NT 10.0; Win64; x64) AppleWebKit/537.36 (KHTML, like Gecko) Chrome/150.0.0.0 Safari/537.36"
104.22.29.158 - - [12/Jul/2026:22:36:08 +0200] "GET /robots.txt?495524 HTTP/1.1" 200 130 "-" "Mozilla/5.0 (Windows NT 10.0; Win64; x64) AppleWebKit/537.36 (KHTML, like Gecko) Chrome/150.0.0.0 Safari/537.36"
172.68.132.158 - - [12/Jul/2026:22:36:09 +0200] "HEAD /wp-json/ HTTP/1.1" 404 0 "-" "Mozilla/5.0 (Windows NT 10.0; Win64; x64) AppleWebKit/537.36 (KHTML, like Gecko) Chrome/150.0.0.0 Safari/537.36"
172.68.132.158 - - [12/Jul/2026:22:36:09 +0200] "GET /wp-json/ HTTP/1.1" 404 243 "-" "Mozilla/5.0 (Windows NT 10.0; Win64; x64) AppleWebKit/537.36 (KHTML, like Gecko) Chrome/150.0.0.0 Safari/537.36"
104.22.29.144 - - [12/Jul/2026:22:36:18 +0200] "POST /wp-content/uploads/ll13wsea.php?BDKR28=gkrw HTTP/1.1" 200 321 "https://alg24info.com/wp-content/uploads/ll13wsea.php?BDKR28=gkrw" "Mozilla/5.0 (Windows NT 10.0; Win64; x64) AppleWebKit/537.36 (KHTML, like Gecko) Chrome/150.0.0.0 Safari/537.36"
172.68.132.158 - - [12/Jul/2026:22:36:19 +0200] "HEAD /wp-json/ HTTP/1.1" 404 0 "-" "Mozilla/5.0 (Windows NT 10.0; Win64; x64) AppleWebKit/537.36 (KHTML, like Gecko) Chrome/150.0.0.0 Safari/537.36"
172.68.132.158 - - [12/Jul/2026:22:36:19 +0200] "GET /wp-json/ HTTP/1.1" 404 243 "-" "Mozilla/5.0 (Windows NT 10.0; Win64; x64) AppleWebKit/537.36 (KHTML, like Gecko) Chrome/150.0.0.0 Safari/537.36"
104.22.29.144 - - [12/Jul/2026:22:36:22 +0200] "POST /wp-content/uploads/ll13wsea.php?BDKR28=gkrw HTTP/1.1" 200 325 "https://alg24info.com/wp-content/uploads/ll13wsea.php?BDKR28=gkrw" "Mozilla/5.0 (Windows NT 10.0; Win64; x64) AppleWebKit/537.36 (KHTML, like Gecko) Chrome/150.0.0.0 Safari/537.36"
172.68.132.158 - - [12/Jul/2026:22:36:22 +0200] "HEAD /wp-json/ HTTP/1.1" 404 0 "-" "Mozilla/5.0 (Windows NT 10.0; Win64; x64) AppleWebKit/537.36 (KHTML, like Gecko) Chrome/150.0.0.0 Safari/537.36"
172.68.132.158 - - [12/Jul/2026:22:36:22 +0200] "GET /wp-json/ HTTP/1.1" 404 243 "-" "Mozilla/5.0 (Windows NT 10.0; Win64; x64) AppleWebKit/537.36 (KHTML, like Gecko) Chrome/150.0.0.0 Safari/537.36"
104.22.29.144 - - [12/Jul/2026:22:36:25 +0200] "GET /wp-content/uploads/service.php HTTP/1.1" 500 0 "https://alg24info.com/wp-content/uploads/ll13wsea.php?BDKR28=gkrw" "Mozilla/5.0 (Windows NT 10.0; Win64; x64) AppleWebKit/537.36 (KHTML, like Gecko) Chrome/150.0.0.0 Safari/537.36"
104.22.29.144 - - [12/Jul/2026:22:36:34 +0200] "GET /wp-content/uploads/nux.php HTTP/1.1" 200 3086 "-" "Mozilla/5.0 (Windows NT 10.0; Win64; x64) AppleWebKit/537.36 (KHTML, like Gecko) Chrome/150.0.0.0 Safari/537.36"
104.22.57.40 - - [12/Jul/2026:22:36:52 +0200] "GET /outlet/289024978 HTTP/1.1" 404 243 "https://alg24info.com/?sitemap448.xml" "Mozilla/5.0 AppleWebKit/537.36 (KHTML, like Gecko; compatible; GPTBot/1.4; +https://openai.com/gptbot)"
104.22.57.40 - - [12/Jul/2026:22:37:56 +0200] "GET /outlet/009021680 HTTP/1.1" 404 243 "https://alg24info.com/?sitemap741.xml" "Mozilla/5.0 AppleWebKit/537.36 (KHTML, like Gecko; compatible; GPTBot/1.4; +https://openai.com/gptbot)"
104.22.57.40 - - [12/Jul/2026:22:39:00 +0200] "GET /outlet/026046115 HTTP/1.1" 404 243 "https://alg24info.com/?sitemap448.xml" "Mozilla/5.0 AppleWebKit/537.36 (KHTML, like Gecko; compatible; GPTBot/1.4; +https://openai.com/gptbot)"
104.22.57.40 - - [12/Jul/2026:22:40:02 +0200] "GET /outlet/231040264 HTTP/1.1" 404 243 "https://alg24info.com/?sitemap741.xml" "Mozilla/5.0 AppleWebKit/537.36 (KHTML, like Gecko; compatible; GPTBot/1.4; +https://openai.com/gptbot)"
104.22.57.40 - - [12/Jul/2026:22:41:06 +0200] "GET /outlet/269012160 HTTP/1.1" 404 243 "https://alg24info.com/?sitemap344.xml" "Mozilla/5.0 AppleWebKit/537.36 (KHTML, like Gecko; compatible; GPTBot/1.4; +https://openai.com/gptbot)"
172.64.217.53 - - [12/Jul/2026:22:41:59 +0200] "GET /wp-login.php HTTP/1.1" 404 243 "-" "Mozilla/5.0 (Windows NT 10.0; Win64; rv:143.0) Gecko/20100101 Firefox/143.0"
104.22.57.40 - - [12/Jul/2026:22:42:09 +0200] "GET /outlet/008036253 HTTP/1.1" 404 243 "https://alg24info.com/?sitemap741.xml" "Mozilla/5.0 AppleWebKit/537.36 (KHTML, like Gecko; compatible; GPTBot/1.4; +https://openai.com/gptbot)"
104.22.57.40 - - [12/Jul/2026:22:43:10 +0200] "GET /outlet/030043685 HTTP/1.1" 404 243 "https://alg24info.com/?sitemap600.xml" "Mozilla/5.0 AppleWebKit/537.36 (KHTML, like Gecko; compatible; GPTBot/1.4; +https://openai.com/gptbot)"
104.22.57.40 - - [12/Jul/2026:22:44:15 +0200] "GET /outlet/287041804 HTTP/1.1" 404 243 "https://alg24info.com/?sitemap344.xml" "Mozilla/5.0 AppleWebKit/537.36 (KHTML, like Gecko; compatible; GPTBot/1.4; +https://openai.com/gptbot)"
104.22.29.144 - - [12/Jul/2026:22:44:34 +0200] "POST /wp-content/uploads/nux.php HTTP/1.1" 200 3112 "https://alg24info.com/wp-content/uploads/nux.php" "Mozilla/5.0 (Windows NT 10.0; Win64; x64) AppleWebKit/537.36 (KHTML, like Gecko) Chrome/150.0.0.0 Safari/537.36"
104.22.57.40 - - [12/Jul/2026:22:45:17 +0200] "GET /outlet/056040025 HTTP/1.1" 404 243 "https://alg24info.com/?sitemap741.xml" "Mozilla/5.0 AppleWebKit/537.36 (KHTML, like Gecko; compatible; GPTBot/1.4; +https://openai.com/gptbot)"
104.22.57.40 - - [12/Jul/2026:22:46:20 +0200] "GET /outlet/050029895 HTTP/1.1" 404 243 "https://alg24info.com/?sitemap741.xml" "Mozilla/5.0 AppleWebKit/537.36 (KHTML, like Gecko; compatible; GPTBot/1.4; +https://openai.com/gptbot)"
91.92.42.80 - - [12/Jul/2026:22:47:07 +0200] "GET http://azenv.net/ HTTP/1.1" 400 280 "-" "zmap-proxy-probe/1.0"
104.22.57.40 - - [12/Jul/2026:22:47:25 +0200] "GET /outlet/025020368 HTTP/1.1" 404 243 "https://alg24info.com/?sitemap600.xml" "Mozilla/5.0 AppleWebKit/537.36 (KHTML, like Gecko; compatible; GPTBot/1.4; +https://openai.com/gptbot)"
104.22.57.40 - - [12/Jul/2026:22:48:28 +0200] "GET /outlet/140029269 HTTP/1.1" 404 243 "https://alg24info.com/?sitemap344.xml" "Mozilla/5.0 AppleWebKit/537.36 (KHTML, like Gecko; compatible; GPTBot/1.4; +https://openai.com/gptbot)"
104.22.57.40 - - [12/Jul/2026:22:49:30 +0200] "GET /outlet/034010655 HTTP/1.1" 404 243 "https://alg24info.com/?sitemap448.xml" "Mozilla/5.0 AppleWebKit/537.36 (KHTML, like Gecko; compatible; GPTBot/1.4; +https://openai.com/gptbot)"
172.70.94.140 - - [12/Jul/2026:22:50:12 +0200] "GET /wp-login.php HTTP/1.1" 404 243 "-" "Mozilla/5.0 (Windows NT 10.0; Win64; rv:143.0) Gecko/20100101 Firefox/143.0"
141.101.76.181 - - [12/Jul/2026:22:50:23 +0200] "POST /wp-content/plugins/fix/7c18aade5e90.php HTTP/1.1" 200 16 "-" "Mozilla/5.0 (Windows NT 6.1; Win64; x64) AppleWebKit/537.36 (KHTML, like Gecko) Chrome/56.0.2961.10 Safari/537.36"
172.71.103.19 - - [12/Jul/2026:22:50:28 +0200] "POST /wp-content/plugins/fix/7c18aade5e90.php HTTP/1.1" 200 9 "https://alg24info.com/wp-content/plugins/fix/7c18aade5e90.php" "Mozilla/5.0 (Windows NT 6.1; Win64; x64) AppleWebKit/537.36 (KHTML, like Gecko) Chrome/56.0.2961.10 Safari/537.36"
172.71.103.19 - - [12/Jul/2026:22:50:28 +0200] "GET /wp-content/plugins/fix/599b23e661index.php HTTP/1.1" 200 4311 "https://alg24info.com/wp-content/plugins/fix/7c18aade5e90.php" "Mozilla/5.0 (Windows NT 6.1; Win64; x64) AppleWebKit/537.36 (KHTML, like Gecko) Chrome/56.0.2961.10 Safari/537.36"
172.71.103.172 - - [12/Jul/2026:22:50:28 +0200] "GET /wp-content/plugins/fix/599b23e661index.php HTTP/1.1" 200 4311 "https://alg24info.com/wp-content/plugins/fix/599b23e661index.php" "Mozilla/5.0 (Windows NT 6.1; Win64; x64) AppleWebKit/537.36 (KHTML, like Gecko) Chrome/56.0.2961.10 Safari/537.36"
172.71.103.19 - - [12/Jul/2026:22:50:29 +0200] "GET /wp-content/plugins/fix/599b23e661index.php HTTP/1.1" 200 4314 "https://alg24info.com/wp-content/plugins/fix/599b23e661index.php" "Mozilla/5.0 (Windows NT 6.1; Win64; x64) AppleWebKit/537.36 (KHTML, like Gecko) Chrome/56.0.2961.10 Safari/537.36"
104.22.57.40 - - [12/Jul/2026:22:50:33 +0200] "GET /outlet/030032391 HTTP/1.1" 404 243 "https://alg24info.com/?sitemap344.xml" "Mozilla/5.0 AppleWebKit/537.36 (KHTML, like Gecko; compatible; GPTBot/1.4; +https://openai.com/gptbot)"
104.22.57.39 - - [12/Jul/2026:22:51:38 +0200] "GET /outlet/234005783 HTTP/1.1" 404 243 "https://alg24info.com/?sitemap448.xml" "Mozilla/5.0 AppleWebKit/537.36 (KHTML, like Gecko; compatible; GPTBot/1.4; +https://openai.com/gptbot)"
151.243.11.245 - - [12/Jul/2026:22:52:38 +0200] "GET / HTTP/1.1" 200 4963 "-" "Mozilla/5.0 (compatible; FlowIQLabsBot/1.0; +https://flowiq-labs.com/scanning-info)"
104.22.57.39 - - [12/Jul/2026:22:52:39 +0200] "GET /outlet/277033460 HTTP/1.1" 404 243 "https://alg24info.com/?sitemap224.xml" "Mozilla/5.0 AppleWebKit/537.36 (KHTML, like Gecko; compatible; GPTBot/1.4; +https://openai.com/gptbot)"
151.243.11.245 - - [12/Jul/2026:22:52:42 +0200] "GET /favicon.ico HTTP/1.1" 404 275 "-" "Mozilla/5.0 (compatible; FlowIQLabsBot/1.0; +https://flowiq-labs.com/scanning-info)"
104.244.79.113 - - [12/Jul/2026:22:53:40 +0200] "\x16\x03\x01\x02\x00\x01\x00\x01\xFC\x03\x03\xBE\xBFx\x87\x19B(\xCB g`\xF5\xE5\xB8\xDA\x89\xA2J\xFEF\x88\xB8\x8D\x85Vq\xCB\xC3\x1Bm\xE2\xA8 \xE2\xEB0P\xE4\xD08\x9FC#\x00\xE7\x18\xAD\xC3\x1FIV>s$\xE3\xE5\xF2\xAD\xFFa#\x1B\xB8t!\x00>\x13\x02\x13\x03\x13\x01\xC0,\xC00\x00\x9F\xCC\xA9\xCC\xA8\xCC\xAA\xC0+\xC0/\x00\x9E\xC0$\xC0(\x00k\xC0#\xC0'\x00g\xC0" 400 182 "-" "-"
104.244.79.113 - - [12/Jul/2026:22:53:40 +0200] "GET / HTTP/1.1" 200 4963 "-" "Mozilla/5.0"
104.22.57.39 - - [12/Jul/2026:22:53:41 +0200] "GET /outlet/275035172 HTTP/1.1" 404 243 "https://alg24info.com/?sitemap448.xml" "Mozilla/5.0 AppleWebKit/537.36 (KHTML, like Gecko; compatible; GPTBot/1.4; +https://openai.com/gptbot)"
104.22.57.39 - - [12/Jul/2026:22:54:42 +0200] "GET /outlet/249004724 HTTP/1.1" 404 243 "https://alg24info.com/?sitemap600.xml" "Mozilla/5.0 AppleWebKit/537.36 (KHTML, like Gecko; compatible; GPTBot/1.4; +https://openai.com/gptbot)"
104.22.57.39 - - [12/Jul/2026:22:55:47 +0200] "GET /outlet/167003044 HTTP/1.1" 404 243 "https://alg24info.com/?sitemap448.xml" "Mozilla/5.0 AppleWebKit/537.36 (KHTML, like Gecko; compatible; GPTBot/1.4; +https://openai.com/gptbot)"
104.22.57.39 - - [12/Jul/2026:22:56:51 +0200] "GET /outlet/172024899 HTTP/1.1" 404 243 "https://alg24info.com/?sitemap600.xml" "Mozilla/5.0 AppleWebKit/537.36 (KHTML, like Gecko; compatible; GPTBot/1.4; +https://openai.com/gptbot)"
139.162.88.198 - - [12/Jul/2026:22:57:17 +0200] "\x00\x0E8\xA5e\xB1\xC4\xEC\xE7\x0EG\x00\x00\x00\x01\x00" 400 182 "-" "-"
104.22.57.39 - - [12/Jul/2026:22:57:54 +0200] "GET /outlet/239007546 HTTP/1.1" 404 243 "https://alg24info.com/?sitemap741.xml" "Mozilla/5.0 AppleWebKit/537.36 (KHTML, like Gecko; compatible; GPTBot/1.4; +https://openai.com/gptbot)"
162.159.113.148 - - [12/Jul/2026:22:58:43 +0200] "POST /wp-content/plugins/fix/7c18aade5e90.php HTTP/1.1" 200 16 "-" "Mozilla/5.0 (Macintosh; Intel Mac OS X 10.9; rv:49.0) Gecko/20100101 Firefox/49.0"
104.22.57.39 - - [12/Jul/2026:22:58:54 +0200] "GET /outlet/072035827 HTTP/1.1" 404 243 "https://alg24info.com/?sitemap741.xml" "Mozilla/5.0 AppleWebKit/537.36 (KHTML, like Gecko; compatible; GPTBot/1.4; +https://openai.com/gptbot)"
