162.159.113.149 - - [12/Jul/2026:06:38:39 +0200] "GET /wp-content/plugins/wp-editor-themes/includes/alfa-rex.php56 HTTP/1.1" 200 1099089 "-" "Mozilla/5.0 (Macintosh; Intel Mac OS X 10_15_7) AppleWebKit/537.36 (KHTML, like Gecko) Chrome/120.0.0.0 Safari/537.36"
172.71.98.181 - - [12/Jul/2026:06:38:42 +0200] "GET /wp-content/plugins/wp-editor-themes/font/ HTTP/1.1" 200 430 "-" "Mozilla/5.0 (X11; Linux x86_64; rv:121.0) Gecko/20100101 Firefox/121.0"
172.71.98.181 - - [12/Jul/2026:06:38:42 +0200] "GET /?b=168022750 HTTP/1.1" 500 0 "-" "Mozilla/5.0 (compatible; AwarioBot/1.0; +https://awario.com/bots.html)"
162.159.113.149 - - [12/Jul/2026:06:38:42 +0200] "GET /wp-content/plugins/wp-editor-themes/css/ HTTP/1.1" 200 531 "-" "Mozilla/5.0 (Windows NT 10.0; Win64; x64; rv:122.0) Gecko/20100101 Firefox/122.0"
172.71.182.92 - - [12/Jul/2026:06:38:42 +0200] "GET /wp-content/plugins/wp-editor-themes/css/alfa-rex.php8 HTTP/1.1" 200 1099089 "-" "Mozilla/5.0 (Macintosh; Intel Mac OS X 10_15_7) AppleWebKit/537.36 (KHTML, like Gecko) Chrome/120.0.0.0 Safari/537.36"
172.70.47.2 - - [12/Jul/2026:06:38:43 +0200] "GET /?b=108019472 HTTP/1.1" 500 0 "-" "Mozilla/5.0 (compatible; AwarioBot/1.0; +https://awario.com/bots.html)"
104.23.168.28 - - [12/Jul/2026:06:38:45 +0200] "GET /wp-content/plugins/wp-editor-themes/css/about.php7 HTTP/1.1" 200 1099089 "-" "Mozilla/5.0 (X11; Linux x86_64; rv:121.0) Gecko/20100101 Firefox/121.0"
104.23.166.145 - - [12/Jul/2026:06:38:47 +0200] "GET /?b=170022460 HTTP/1.1" 500 0 "-" "Mozilla/5.0 (compatible; AwarioBot/1.0; +https://awario.com/bots.html)"
162.159.113.148 - - [12/Jul/2026:06:38:47 +0200] "GET /?b=108022336 HTTP/1.1" 500 0 "-" "Mozilla/5.0 (compatible; AwarioBot/1.0; +https://awario.com/bots.html)"
104.22.57.39 - - [12/Jul/2026:06:38:48 +0200] "GET /outlet/178036629 HTTP/1.1" 404 243 "https://alg24info.com/?sitemap344.xml" "Mozilla/5.0 AppleWebKit/537.36 (KHTML, like Gecko; compatible; GPTBot/1.4; +https://openai.com/gptbot)"
104.23.166.145 - - [12/Jul/2026:06:38:48 +0200] "GET /wp-content/plugins/wp-editor-themes/css/alfa-rex.php56 HTTP/1.1" 200 1099089 "-" "Mozilla/5.0 (Macintosh; Intel Mac OS X 10_15_7) AppleWebKit/605.1.15 (KHTML, like Gecko) Version/17.2 Safari/605.1.15"
162.159.113.148 - - [12/Jul/2026:06:38:50 +0200] "GET /?b=109038259 HTTP/1.1" 500 0 "-" "Mozilla/5.0 (compatible; AwarioBot/1.0; +https://awario.com/bots.html)"
172.71.182.92 - - [12/Jul/2026:06:38:52 +0200] "GET /wp-content/plugins/wp-editor-themes/public/ HTTP/1.1" 200 532 "-" "Mozilla/5.0 (Windows NT 10.0; Win64; x64; rv:122.0) Gecko/20100101 Firefox/122.0"
104.23.168.28 - - [12/Jul/2026:06:38:52 +0200] "GET /wp-content/plugins/wp-editor-themes/public/alfa-rex.php8 HTTP/1.1" 200 1099089 "-" "Mozilla/5.0 (Macintosh; Intel Mac OS X 10_15_7) AppleWebKit/537.36 (KHTML, like Gecko) Chrome/120.0.0.0 Safari/537.36"
172.71.98.181 - - [12/Jul/2026:06:38:53 +0200] "GET /?b=170039710 HTTP/1.1" 500 0 "-" "Mozilla/5.0 (compatible; AwarioBot/1.0; +https://awario.com/bots.html)"
104.23.166.145 - - [12/Jul/2026:06:38:54 +0200] "GET /?b=110023674 HTTP/1.1" 500 0 "-" "Mozilla/5.0 (compatible; AwarioBot/1.0; +https://awario.com/bots.html)"
172.70.47.2 - - [12/Jul/2026:06:38:58 +0200] "GET /?b=111032513 HTTP/1.1" 500 0 "-" "Mozilla/5.0 (compatible; AwarioBot/1.0; +https://awario.com/bots.html)"
172.71.103.19 - - [12/Jul/2026:06:38:58 +0200] "GET /?b=170045782 HTTP/1.1" 500 0 "-" "Mozilla/5.0 (compatible; AwarioBot/1.0; +https://awario.com/bots.html)"
172.71.95.74 - - [12/Jul/2026:06:39:04 +0200] "GET /?b=171019429 HTTP/1.1" 500 0 "-" "Mozilla/5.0 (compatible; AwarioBot/1.0; +https://awario.com/bots.html)"
172.71.98.181 - - [12/Jul/2026:06:39:04 +0200] "GET /?b=111044465 HTTP/1.1" 500 0 "-" "Mozilla/5.0 (compatible; AwarioBot/1.0; +https://awario.com/bots.html)"
104.23.170.16 - - [12/Jul/2026:06:39:05 +0200] "GET /wp-content/plugins/wp-editor-themes/public/about.php7 HTTP/1.1" 200 1099089 "https://www.google.com/" "Mozilla/5.0 (Windows NT 10.0; Win64; x64) AppleWebKit/537.36 (KHTML, like Gecko) Chrome/121.0.0.0 Safari/537.36"
141.101.76.180 - - [12/Jul/2026:06:39:07 +0200] "GET /wp-content/plugins/wp-editor-themes/public/alfa-rex.php56 HTTP/1.1" 200 1099089 "-" "Mozilla/5.0 (Windows NT 10.0; Win64; x64; rv:122.0) Gecko/20100101 Firefox/122.0"
141.101.76.180 - - [12/Jul/2026:06:39:08 +0200] "GET /?b=112009032 HTTP/1.1" 500 0 "-" "Mozilla/5.0 (compatible; AwarioBot/1.0; +https://awario.com/bots.html)"
141.101.76.180 - - [12/Jul/2026:06:39:08 +0200] "GET /wp-content/plugins/wp_cache/ HTTP/1.1" 200 519 "-" "Mozilla/5.0 (Macintosh; Intel Mac OS X 10_15_7) AppleWebKit/605.1.15 (KHTML, like Gecko) Version/17.2 Safari/605.1.15"
104.23.166.145 - - [12/Jul/2026:06:39:08 +0200] "GET /wp-content/plugins/wp_cache/about.php HTTP/1.1" 200 5292 "-" "Mozilla/5.0 (Macintosh; Intel Mac OS X 10_15_7) AppleWebKit/605.1.15 (KHTML, like Gecko) Version/17.2 Safari/605.1.15"
172.71.103.19 - - [12/Jul/2026:06:39:09 +0200] "GET /?b=171048307 HTTP/1.1" 500 0 "-" "Mozilla/5.0 (compatible; AwarioBot/1.0; +https://awario.com/bots.html)"
172.71.182.92 - - [12/Jul/2026:06:39:10 +0200] "GET /wp-content/plugins/wp_cache/wp_cache.php HTTP/1.1" 200 0 "-" "Mozilla/5.0 (X11; Linux x86_64; rv:121.0) Gecko/20100101 Firefox/121.0"
172.71.182.93 - - [12/Jul/2026:06:39:12 +0200] "GET /?b=113011143 HTTP/1.1" 500 0 "-" "Mozilla/5.0 (compatible; AwarioBot/1.0; +https://awario.com/bots.html)"
104.23.172.64 - - [12/Jul/2026:06:39:15 +0200] "GET /?b=173000317 HTTP/1.1" 500 0 "-" "Mozilla/5.0 (compatible; AwarioBot/1.0; +https://awario.com/bots.html)"
172.71.95.73 - - [12/Jul/2026:06:39:15 +0200] "GET /wp-content/plugins/wp_cache/radio.php HTTP/1.1" 500 0 "-" "Mozilla/5.0 (Macintosh; Intel Mac OS X 10_15_7) AppleWebKit/605.1.15 (KHTML, like Gecko) Version/17.2 Safari/605.1.15"
141.101.76.180 - - [12/Jul/2026:06:39:16 +0200] "GET /?b=113031593 HTTP/1.1" 500 0 "-" "Mozilla/5.0 (compatible; AwarioBot/1.0; +https://awario.com/bots.html)"
172.71.182.92 - - [12/Jul/2026:06:39:17 +0200] "GET /wp-content/plugins/oguhzry/ HTTP/1.1" 200 0 "-" "Mozilla/5.0 (X11; Linux x86_64; rv:121.0) Gecko/20100101 Firefox/121.0"
172.70.47.2 - - [12/Jul/2026:06:39:17 +0200] "GET /wp-content/plugins/wp-links-opml.php HTTP/1.1" 200 1658 "-" "Mozilla/5.0 (X11; Linux x86_64; rv:121.0) Gecko/20100101 Firefox/121.0"
104.23.168.28 - - [12/Jul/2026:06:39:19 +0200] "GET /wp-content/themes/ HTTP/1.1" 200 607 "-" "Mozilla/5.0 (Macintosh; Intel Mac OS X 10_15_7) AppleWebKit/605.1.15 (KHTML, like Gecko) Version/17.2 Safari/605.1.15"
104.22.57.39 - - [12/Jul/2026:06:39:20 +0200] "GET /outlet/014003089 HTTP/1.1" 404 243 "https://alg24info.com/?sitemap741.xml" "Mozilla/5.0 AppleWebKit/537.36 (KHTML, like Gecko; compatible; GPTBot/1.4; +https://openai.com/gptbot)"
172.70.47.2 - - [12/Jul/2026:06:39:21 +0200] "GET /?b=175030893 HTTP/1.1" 500 0 "-" "Mozilla/5.0 (compatible; AwarioBot/1.0; +https://awario.com/bots.html)"
172.71.95.73 - - [12/Jul/2026:06:39:22 +0200] "GET /wp-content/themes/twentysixteen/ HTTP/1.1" 200 6166 "-" "Mozilla/5.0 (X11; Linux x86_64; rv:121.0) Gecko/20100101 Firefox/121.0"
172.71.103.19 - - [12/Jul/2026:06:39:26 +0200] "GET /?b=113033427 HTTP/1.1" 500 0 "-" "Mozilla/5.0 (compatible; AwarioBot/1.0; +https://awario.com/bots.html)"
172.71.103.19 - - [12/Jul/2026:06:39:27 +0200] "GET /?b=176029572 HTTP/1.1" 500 0 "-" "Mozilla/5.0 (compatible; AwarioBot/1.0; +https://awario.com/bots.html)"
104.23.168.28 - - [12/Jul/2026:06:39:29 +0200] "GET /wp-content/themes/default/ HTTP/1.1" 200 5160 "-" "Mozilla/5.0 (X11; Linux x86_64; rv:121.0) Gecko/20100101 Firefox/121.0"
172.71.98.181 - - [12/Jul/2026:06:39:32 +0200] "GET /?b=114002974 HTTP/1.1" 500 0 "-" "Mozilla/5.0 (compatible; AwarioBot/1.0; +https://awario.com/bots.html)"
172.71.103.19 - - [12/Jul/2026:06:39:34 +0200] "GET /wp-content/themes/newsbt-mobile/ HTTP/1.1" 200 6199 "-" "Mozilla/5.0 (X11; Linux x86_64; rv:121.0) Gecko/20100101 Firefox/121.0"
162.159.113.148 - - [12/Jul/2026:06:39:34 +0200] "GET /?b=177000027 HTTP/1.1" 500 0 "-" "Mozilla/5.0 (compatible; AwarioBot/1.0; +https://awario.com/bots.html)"
104.23.166.145 - - [12/Jul/2026:06:39:35 +0200] "GET /wp-content/themes/twentytwentytwo/ HTTP/1.1" 200 462 "-" "Mozilla/5.0 (Macintosh; Intel Mac OS X 10_15_7) AppleWebKit/537.36 (KHTML, like Gecko) Chrome/120.0.0.0 Safari/537.36"
141.101.76.180 - - [12/Jul/2026:06:39:36 +0200] "GET /?b=115019011 HTTP/1.1" 500 0 "-" "Mozilla/5.0 (compatible; AwarioBot/1.0; +https://awario.com/bots.html)"
172.71.182.93 - - [12/Jul/2026:06:39:39 +0200] "GET /?b=179009215 HTTP/1.1" 500 0 "-" "Mozilla/5.0 (compatible; AwarioBot/1.0; +https://awario.com/bots.html)"
104.23.168.28 - - [12/Jul/2026:06:39:39 +0200] "GET /wp-content/themes/twentytwentytwo/inc/ HTTP/1.1" 200 5100 "https://www.google.com/" "Mozilla/5.0 (Windows NT 10.0; Win64; x64) AppleWebKit/537.36 (KHTML, like Gecko) Chrome/121.0.0.0 Safari/537.36"
104.23.172.64 - - [12/Jul/2026:06:39:40 +0200] "GET /?b=115020445 HTTP/1.1" 500 0 "-" "Mozilla/5.0 (compatible; AwarioBot/1.0; +https://awario.com/bots.html)"
104.23.166.145 - - [12/Jul/2026:06:39:40 +0200] "GET /wp-content/themes/twentyseventeen/ HTTP/1.1" 500 0 "-" "Mozilla/5.0 (Macintosh; Intel Mac OS X 10_15_7) AppleWebKit/537.36 (KHTML, like Gecko) Chrome/120.0.0.0 Safari/537.36"
141.101.76.180 - - [12/Jul/2026:06:39:44 +0200] "GET /?b=115029877 HTTP/1.1" 500 0 "-" "Mozilla/5.0 (compatible; AwarioBot/1.0; +https://awario.com/bots.html)"
104.23.166.145 - - [12/Jul/2026:06:39:45 +0200] "GET /?b=179043985 HTTP/1.1" 500 0 "-" "Mozilla/5.0 (compatible; AwarioBot/1.0; +https://awario.com/bots.html)"
162.159.113.149 - - [12/Jul/2026:06:39:46 +0200] "GET /wp-content/themes/newsbt-child/ HTTP/1.1" 200 554 "-" "Mozilla/5.0 (Macintosh; Intel Mac OS X 10_15_7) AppleWebKit/537.36 (KHTML, like Gecko) Chrome/120.0.0.0 Safari/537.36"
172.71.98.181 - - [12/Jul/2026:06:39:46 +0200] "GET /wp-content/themes/newsbt-child/functions.php HTTP/1.1" 200 17 "-" "Mozilla/5.0 (Windows NT 10.0; Win64; x64; rv:122.0) Gecko/20100101 Firefox/122.0"
104.23.172.64 - - [12/Jul/2026:06:39:47 +0200] "GET /?b=116044074 HTTP/1.1" 500 0 "-" "Mozilla/5.0 (compatible; AwarioBot/1.0; +https://awario.com/bots.html)"
172.71.103.19 - - [12/Jul/2026:06:39:48 +0200] "GET /wp-content/themes/twentytwenty/ HTTP/1.1" 200 6108 "-" "Mozilla/5.0 (Macintosh; Intel Mac OS X 10_15_7) AppleWebKit/537.36 (KHTML, like Gecko) Chrome/120.0.0.0 Safari/537.36"
172.71.95.73 - - [12/Jul/2026:06:39:48 +0200] "GET /wp-content/themes/twentynineteen/ HTTP/1.1" 500 0 "-" "Mozilla/5.0 (Macintosh; Intel Mac OS X 10_15_7) AppleWebKit/537.36 (KHTML, like Gecko) Chrome/120.0.0.0 Safari/537.36"
104.23.166.145 - - [12/Jul/2026:06:39:48 +0200] "GET /wp-content/themes/newsbt/ HTTP/1.1" 200 17 "-" "Mozilla/5.0 (X11; Linux x86_64; rv:121.0) Gecko/20100101 Firefox/121.0"
104.23.168.28 - - [12/Jul/2026:06:39:49 +0200] "GET /wp-content/themes/twentytwentyone/ HTTP/1.1" 200 5134 "-" "Mozilla/5.0 (Macintosh; Intel Mac OS X 10_15_7) AppleWebKit/605.1.15 (KHTML, like Gecko) Version/17.2 Safari/605.1.15"
172.71.98.181 - - [12/Jul/2026:06:39:51 +0200] "GET /?b=179047455 HTTP/1.1" 500 0 "-" "Mozilla/5.0 (compatible; AwarioBot/1.0; +https://awario.com/bots.html)"
172.71.103.19 - - [12/Jul/2026:06:39:52 +0200] "GET /?b=119014327 HTTP/1.1" 500 0 "-" "Mozilla/5.0 (compatible; AwarioBot/1.0; +https://awario.com/bots.html)"
104.22.57.39 - - [12/Jul/2026:06:39:55 +0200] "GET /outlet/138033161 HTTP/1.1" 404 243 "https://alg24info.com/?sitemap344.xml" "Mozilla/5.0 AppleWebKit/537.36 (KHTML, like Gecko; compatible; GPTBot/1.4; +https://openai.com/gptbot)"
172.71.95.73 - - [12/Jul/2026:06:39:56 +0200] "GET /images/ HTTP/1.1" 404 243 "-" "Mozilla/5.0 (Macintosh; Intel Mac OS X 10_15_7) AppleWebKit/537.36 (KHTML, like Gecko) Chrome/120.0.0.0 Safari/537.36"
104.23.168.28 - - [12/Jul/2026:06:39:56 +0200] "GET /?b=119026237 HTTP/1.1" 500 0 "-" "Mozilla/5.0 (compatible; AwarioBot/1.0; +https://awario.com/bots.html)"
104.23.168.28 - - [12/Jul/2026:06:39:56 +0200] "GET /assets/ HTTP/1.1" 404 243 "-" "Mozilla/5.0 (Macintosh; Intel Mac OS X 10_15_7) AppleWebKit/537.36 (KHTML, like Gecko) Chrome/120.0.0.0 Safari/537.36"
172.71.98.181 - - [12/Jul/2026:06:39:58 +0200] "GET /uploads/ HTTP/1.1" 404 243 "-" "Mozilla/5.0 (Windows NT 10.0; Win64; x64; rv:122.0) Gecko/20100101 Firefox/122.0"
172.71.182.93 - - [12/Jul/2026:06:40:00 +0200] "GET /?b=180040890 HTTP/1.1" 500 0 "-" "Mozilla/5.0 (compatible; AwarioBot/1.0; +https://awario.com/bots.html)"
172.71.98.181 - - [12/Jul/2026:06:40:01 +0200] "GET /?b=122035158 HTTP/1.1" 500 0 "-" "Mozilla/5.0 (compatible; AwarioBot/1.0; +https://awario.com/bots.html)"
172.71.103.19 - - [12/Jul/2026:06:40:05 +0200] "GET /?b=124021592 HTTP/1.1" 500 0 "-" "Mozilla/5.0 (compatible; AwarioBot/1.0; +https://awario.com/bots.html)"
162.159.113.149 - - [12/Jul/2026:06:40:06 +0200] "GET /files/ HTTP/1.1" 404 243 "-" "Mozilla/5.0 (X11; Linux x86_64; rv:121.0) Gecko/20100101 Firefox/121.0"
104.23.166.145 - - [12/Jul/2026:06:40:06 +0200] "GET /?b=180044868 HTTP/1.1" 500 0 "-" "Mozilla/5.0 (compatible; AwarioBot/1.0; +https://awario.com/bots.html)"
104.23.168.28 - - [12/Jul/2026:06:40:07 +0200] "GET /backup/ HTTP/1.1" 404 243 "-" "Mozilla/5.0 (Macintosh; Intel Mac OS X 10_15_7) AppleWebKit/605.1.15 (KHTML, like Gecko) Version/17.2 Safari/605.1.15"
141.101.76.180 - - [12/Jul/2026:06:40:09 +0200] "GET /?b=124039056 HTTP/1.1" 500 0 "-" "Mozilla/5.0 (compatible; AwarioBot/1.0; +https://awario.com/bots.html)"
172.71.98.181 - - [12/Jul/2026:06:40:11 +0200] "GET /tmp/ HTTP/1.1" 404 243 "-" "Mozilla/5.0 (Windows NT 10.0; Win64; x64; rv:122.0) Gecko/20100101 Firefox/122.0"
172.71.103.19 - - [12/Jul/2026:06:40:12 +0200] "GET /?b=183029561 HTTP/1.1" 500 0 "-" "Mozilla/5.0 (compatible; AwarioBot/1.0; +https://awario.com/bots.html)"
104.23.166.145 - - [12/Jul/2026:06:40:14 +0200] "GET /?b=125001429 HTTP/1.1" 500 0 "-" "Mozilla/5.0 (compatible; AwarioBot/1.0; +https://awario.com/bots.html)"
172.70.47.2 - - [12/Jul/2026:06:40:17 +0200] "GET /?b=185012169 HTTP/1.1" 500 0 "-" "Mozilla/5.0 (compatible; AwarioBot/1.0; +https://awario.com/bots.html)"
172.71.182.93 - - [12/Jul/2026:06:40:20 +0200] "GET /?b=125049425 HTTP/1.1" 500 0 "-" "Mozilla/5.0 (compatible; AwarioBot/1.0; +https://awario.com/bots.html)"
172.71.98.181 - - [12/Jul/2026:06:40:23 +0200] "GET /media/ HTTP/1.1" 404 243 "-" "Mozilla/5.0 (Macintosh; Intel Mac OS X 10_15_7) AppleWebKit/537.36 (KHTML, like Gecko) Chrome/120.0.0.0 Safari/537.36"
172.70.46.254 - - [12/Jul/2026:06:40:23 +0200] "GET /public/ HTTP/1.1" 404 243 "-" "Mozilla/5.0 (Windows NT 10.0; Win64; x64; rv:122.0) Gecko/20100101 Firefox/122.0"
172.71.103.19 - - [12/Jul/2026:06:40:24 +0200] "GET /?b=186038576 HTTP/1.1" 500 0 "-" "Mozilla/5.0 (compatible; AwarioBot/1.0; +https://awario.com/bots.html)"
104.23.172.64 - - [12/Jul/2026:06:40:26 +0200] "GET /?b=126049662 HTTP/1.1" 500 0 "-" "Mozilla/5.0 (compatible; AwarioBot/1.0; +https://awario.com/bots.html)"
104.22.57.39 - - [12/Jul/2026:06:40:29 +0200] "GET /outlet/031037784 HTTP/1.1" 404 243 "https://alg24info.com/?sitemap741.xml" "Mozilla/5.0 AppleWebKit/537.36 (KHTML, like Gecko; compatible; GPTBot/1.4; +https://openai.com/gptbot)"
172.71.98.181 - - [12/Jul/2026:06:40:29 +0200] "GET /wp-content/uploads/2020/ HTTP/1.1" 200 533 "-" "Mozilla/5.0 (Windows NT 10.0; Win64; x64; rv:122.0) Gecko/20100101 Firefox/122.0"
172.71.103.19 - - [12/Jul/2026:06:40:30 +0200] "GET /?b=126049704 HTTP/1.1" 500 0 "-" "Mozilla/5.0 (compatible; AwarioBot/1.0; +https://awario.com/bots.html)"
172.71.95.73 - - [12/Jul/2026:06:40:31 +0200] "GET /wp-content/uploads/2020/02/ HTTP/1.1" 200 830 "-" "Mozilla/5.0 (Windows NT 10.0; Win64; x64; rv:122.0) Gecko/20100101 Firefox/122.0"
172.70.47.2 - - [12/Jul/2026:06:40:31 +0200] "GET /?b=186049644 HTTP/1.1" 500 0 "-" "Mozilla/5.0 (compatible; AwarioBot/1.0; +https://awario.com/bots.html)"
104.23.166.145 - - [12/Jul/2026:06:40:31 +0200] "GET /wp-content/uploads/2020/08/ HTTP/1.1" 200 1587 "-" "Mozilla/5.0 (Macintosh; Intel Mac OS X 10_15_7) AppleWebKit/537.36 (KHTML, like Gecko) Chrome/120.0.0.0 Safari/537.36"
104.23.168.28 - - [12/Jul/2026:06:40:31 +0200] "GET /wp-content/uploads/2020/01/ HTTP/1.1" 200 1907 "-" "Mozilla/5.0 (Windows NT 10.0; Win64; x64; rv:122.0) Gecko/20100101 Firefox/122.0"
172.71.103.19 - - [12/Jul/2026:06:40:32 +0200] "GET /wp-content/uploads/2020/03/ HTTP/1.1" 200 887 "-" "Mozilla/5.0 (X11; Linux x86_64; rv:121.0) Gecko/20100101 Firefox/121.0"
141.101.76.181 - - [12/Jul/2026:06:40:35 +0200] "GET /wp-content/uploads/2020/10/ HTTP/1.1" 200 422 "-" "Mozilla/5.0 (Macintosh; Intel Mac OS X 10_15_7) AppleWebKit/605.1.15 (KHTML, like Gecko) Version/17.2 Safari/605.1.15"
172.71.103.19 - - [12/Jul/2026:06:40:35 +0200] "GET /?b=128021380 HTTP/1.1" 500 0 "-" "Mozilla/5.0 (compatible; AwarioBot/1.0; +https://awario.com/bots.html)"
104.23.168.28 - - [12/Jul/2026:06:40:37 +0200] "GET /?b=189003607 HTTP/1.1" 500 0 "-" "Mozilla/5.0 (compatible; AwarioBot/1.0; +https://awario.com/bots.html)"
172.71.98.181 - - [12/Jul/2026:06:40:40 +0200] "GET /?b=128029286 HTTP/1.1" 500 0 "-" "Mozilla/5.0 (compatible; AwarioBot/1.0; +https://awario.com/bots.html)"
162.159.113.149 - - [12/Jul/2026:06:40:40 +0200] "GET /wp-content/uploads/2020/11/ HTTP/1.1" 200 422 "https://www.google.com/" "Mozilla/5.0 (Windows NT 10.0; Win64; x64) AppleWebKit/537.36 (KHTML, like Gecko) Chrome/121.0.0.0 Safari/537.36"
104.23.170.17 - - [12/Jul/2026:06:40:40 +0200] "GET /wp-content/uploads/2020/05/ HTTP/1.1" 200 9215 "-" "Mozilla/5.0 (Macintosh; Intel Mac OS X 10_15_7) AppleWebKit/605.1.15 (KHTML, like Gecko) Version/17.2 Safari/605.1.15"
172.71.98.181 - - [12/Jul/2026:06:40:41 +0200] "GET /wp-content/uploads/2020/09/ HTTP/1.1" 200 422 "-" "Mozilla/5.0 (X11; Linux x86_64; rv:121.0) Gecko/20100101 Firefox/121.0"
104.23.170.17 - - [12/Jul/2026:06:40:43 +0200] "GET /wp-content/uploads/2020/07/ HTTP/1.1" 200 8136 "-" "Mozilla/5.0 (X11; Linux x86_64; rv:121.0) Gecko/20100101 Firefox/121.0"
172.71.103.19 - - [12/Jul/2026:06:40:43 +0200] "GET /?b=189004051 HTTP/1.1" 500 0 "-" "Mozilla/5.0 (compatible; AwarioBot/1.0; +https://awario.com/bots.html)"
104.23.170.17 - - [12/Jul/2026:06:40:43 +0200] "GET /wp-content/uploads/2020/12/ HTTP/1.1" 200 1689 "-" "Mozilla/5.0 (Macintosh; Intel Mac OS X 10_15_7) AppleWebKit/605.1.15 (KHTML, like Gecko) Version/17.2 Safari/605.1.15"
172.71.103.19 - - [12/Jul/2026:06:40:44 +0200] "GET /wp-content/uploads/2020/04/ HTTP/1.1" 200 422 "-" "Mozilla/5.0 (Macintosh; Intel Mac OS X 10_15_7) AppleWebKit/605.1.15 (KHTML, like Gecko) Version/17.2 Safari/605.1.15"
172.70.47.2 - - [12/Jul/2026:06:40:46 +0200] "GET /?b=128031578 HTTP/1.1" 500 0 "-" "Mozilla/5.0 (compatible; AwarioBot/1.0; +https://awario.com/bots.html)"
141.101.76.181 - - [12/Jul/2026:06:40:46 +0200] "GET /wp-content/uploads/2020/06/ HTTP/1.1" 200 11643 "-" "Mozilla/5.0 (X11; Linux x86_64; rv:121.0) Gecko/20100101 Firefox/121.0"
172.71.95.73 - - [12/Jul/2026:06:40:49 +0200] "GET /?b=189016445 HTTP/1.1" 500 0 "-" "Mozilla/5.0 (compatible; AwarioBot/1.0; +https://awario.com/bots.html)"
172.71.103.19 - - [12/Jul/2026:06:40:50 +0200] "GET /?b=129044649 HTTP/1.1" 500 0 "-" "Mozilla/5.0 (compatible; AwarioBot/1.0; +https://awario.com/bots.html)"
172.71.182.93 - - [12/Jul/2026:06:40:50 +0200] "GET /wp-content/uploads/2021/ HTTP/1.1" 200 533 "-" "Mozilla/5.0 (X11; Linux x86_64; rv:121.0) Gecko/20100101 Firefox/121.0"
141.101.76.181 - - [12/Jul/2026:06:40:51 +0200] "GET /wp-content/uploads/2021/02/ HTTP/1.1" 200 422 "-" "Mozilla/5.0 (Macintosh; Intel Mac OS X 10_15_7) AppleWebKit/537.36 (KHTML, like Gecko) Chrome/120.0.0.0 Safari/537.36"
172.71.182.93 - - [12/Jul/2026:06:40:51 +0200] "GET /wp-content/uploads/2021/08/ HTTP/1.1" 200 422 "https://www.google.com/" "Mozilla/5.0 (Windows NT 10.0; Win64; x64) AppleWebKit/537.36 (KHTML, like Gecko) Chrome/121.0.0.0 Safari/537.36"
172.70.46.254 - - [12/Jul/2026:06:40:51 +0200] "GET /wp-content/uploads/2021/01/ HTTP/1.1" 200 422 "https://www.google.com/" "Mozilla/5.0 (Windows NT 10.0; Win64; x64) AppleWebKit/537.36 (KHTML, like Gecko) Chrome/121.0.0.0 Safari/537.36"
104.23.170.17 - - [12/Jul/2026:06:40:52 +0200] "GET /wp-content/uploads/2021/03/ HTTP/1.1" 200 567 "-" "Mozilla/5.0 (Macintosh; Intel Mac OS X 10_15_7) AppleWebKit/537.36 (KHTML, like Gecko) Chrome/120.0.0.0 Safari/537.36"
104.23.166.145 - - [12/Jul/2026:06:40:54 +0200] "GET /wp-content/uploads/2021/10/ HTTP/1.1" 200 422 "-" "Mozilla/5.0 (Macintosh; Intel Mac OS X 10_15_7) AppleWebKit/537.36 (KHTML, like Gecko) Chrome/120.0.0.0 Safari/537.36"
172.71.103.19 - - [12/Jul/2026:06:40:55 +0200] "GET /?b=191021643 HTTP/1.1" 500 0 "-" "Mozilla/5.0 (compatible; AwarioBot/1.0; +https://awario.com/bots.html)"
172.68.22.25 - - [12/Jul/2026:06:40:57 +0200] "GET /index.php/2020/06/24/%D8%B9%D8%A8%D8%AF-%D8%A7%D9%84%D9%85%D8%AC%D9%8A%D8%AF%D8%B9%D8%B7%D8%A7%D8%B1-%D9%8A%D8%B3%D8%AA%D9%84%D9%85-%D9%85%D9%87%D8%A7%D9%85%D9%87-%D9%83%D9%88%D8%B2%D9%8A%D8%B1-%D9%84%D9%84%D8%B7%D8%A7/ HTTP/1.1" 500 0 "-" "Mozilla/5.0 (compatible; DotBot/1.2; +https://opensiteexplorer.org/dotbot; [email protected])"
104.23.168.28 - - [12/Jul/2026:06:40:57 +0200] "GET /wp-content/uploads/2021/11/ HTTP/1.1" 200 422 "https://www.google.com/" "Mozilla/5.0 (Windows NT 10.0; Win64; x64) AppleWebKit/537.36 (KHTML, like Gecko) Chrome/121.0.0.0 Safari/537.36"
104.23.166.145 - - [12/Jul/2026:06:40:58 +0200] "GET /wp-content/uploads/2021/05/ HTTP/1.1" 200 422 "-" "Mozilla/5.0 (X11; Linux x86_64; rv:121.0) Gecko/20100101 Firefox/121.0"
172.71.95.73 - - [12/Jul/2026:06:41:00 +0200] "GET /?b=193000645 HTTP/1.1" 500 0 "-" "Mozilla/5.0 (compatible; AwarioBot/1.0; +https://awario.com/bots.html)"
162.159.113.149 - - [12/Jul/2026:06:41:00 +0200] "GET /wp-content/uploads/2021/09/ HTTP/1.1" 200 422 "-" "Mozilla/5.0 (Macintosh; Intel Mac OS X 10_15_7) AppleWebKit/605.1.15 (KHTML, like Gecko) Version/17.2 Safari/605.1.15"
104.22.57.39 - - [12/Jul/2026:06:41:04 +0200] "GET /outlet/184043919 HTTP/1.1" 404 243 "https://alg24info.com/?sitemap344.xml" "Mozilla/5.0 AppleWebKit/537.36 (KHTML, like Gecko; compatible; GPTBot/1.4; +https://openai.com/gptbot)"
172.70.47.2 - - [12/Jul/2026:06:41:06 +0200] "GET /?b=193045797 HTTP/1.1" 500 0 "-" "Mozilla/5.0 (compatible; AwarioBot/1.0; +https://awario.com/bots.html)"
104.23.170.147 - - [12/Jul/2026:06:41:08 +0200] "GET /wp-content/uploads/2021/07/ HTTP/1.1" 200 422 "-" "Mozilla/5.0 (Macintosh; Intel Mac OS X 10_15_7) AppleWebKit/537.36 (KHTML, like Gecko) Chrome/120.0.0.0 Safari/537.36"
172.70.46.254 - - [12/Jul/2026:06:41:09 +0200] "GET /wp-content/uploads/2021/12/ HTTP/1.1" 200 422 "-" "Mozilla/5.0 (Windows NT 10.0; Win64; x64; rv:122.0) Gecko/20100101 Firefox/122.0"
172.71.182.93 - - [12/Jul/2026:06:41:10 +0200] "GET /wp-content/uploads/2021/04/ HTTP/1.1" 200 631 "-" "Mozilla/5.0 (Macintosh; Intel Mac OS X 10_15_7) AppleWebKit/537.36 (KHTML, like Gecko) Chrome/120.0.0.0 Safari/537.36"
172.70.47.2 - - [12/Jul/2026:06:41:11 +0200] "GET /?b=194031094 HTTP/1.1" 500 0 "-" "Mozilla/5.0 (compatible; AwarioBot/1.0; +https://awario.com/bots.html)"
172.71.95.73 - - [12/Jul/2026:06:41:12 +0200] "GET /wp-content/uploads/2021/06/ HTTP/1.1" 200 422 "https://www.google.com/" "Mozilla/5.0 (Windows NT 10.0; Win64; x64) AppleWebKit/537.36 (KHTML, like Gecko) Chrome/121.0.0.0 Safari/537.36"
104.23.170.147 - - [12/Jul/2026:06:41:12 +0200] "GET /wp-content/uploads/2022/ HTTP/1.1" 200 533 "-" "Mozilla/5.0 (Windows NT 10.0; Win64; x64; rv:122.0) Gecko/20100101 Firefox/122.0"
172.70.46.254 - - [12/Jul/2026:06:41:14 +0200] "GET /wp-content/uploads/2022/02/ HTTP/1.1" 200 422 "-" "Mozilla/5.0 (Macintosh; Intel Mac OS X 10_15_7) AppleWebKit/537.36 (KHTML, like Gecko) Chrome/120.0.0.0 Safari/537.36"
172.71.98.17 - - [12/Jul/2026:06:41:15 +0200] "GET /wp-content/uploads/2022/08/ HTTP/1.1" 200 477 "-" "Mozilla/5.0 (Macintosh; Intel Mac OS X 10_15_7) AppleWebKit/537.36 (KHTML, like Gecko) Chrome/120.0.0.0 Safari/537.36"
104.23.170.147 - - [12/Jul/2026:06:41:16 +0200] "GET /wp-content/uploads/2022/01/ HTTP/1.1" 200 479 "-" "Mozilla/5.0 (Macintosh; Intel Mac OS X 10_15_7) AppleWebKit/605.1.15 (KHTML, like Gecko) Version/17.2 Safari/605.1.15"
104.23.166.145 - - [12/Jul/2026:06:41:16 +0200] "GET /?b=195008061 HTTP/1.1" 500 0 "-" "Mozilla/5.0 (compatible; AwarioBot/1.0; +https://awario.com/bots.html)"
104.23.170.147 - - [12/Jul/2026:06:41:21 +0200] "GET /?b=198001748 HTTP/1.1" 500 0 "-" "Mozilla/5.0 (compatible; AwarioBot/1.0; +https://awario.com/bots.html)"
172.71.95.73 - - [12/Jul/2026:06:41:22 +0200] "GET /wp-content/uploads/2022/03/ HTTP/1.1" 200 477 "-" "Mozilla/5.0 (Windows NT 10.0; Win64; x64; rv:122.0) Gecko/20100101 Firefox/122.0"
172.71.98.17 - - [12/Jul/2026:06:41:26 +0200] "GET /?b=198028276 HTTP/1.1" 500 0 "-" "Mozilla/5.0 (compatible; AwarioBot/1.0; +https://awario.com/bots.html)"
162.159.113.149 - - [12/Jul/2026:06:41:30 +0200] "GET /wp-content/uploads/2022/10/ HTTP/1.1" 200 421 "-" "Mozilla/5.0 (Macintosh; Intel Mac OS X 10_15_7) AppleWebKit/605.1.15 (KHTML, like Gecko) Version/17.2 Safari/605.1.15"
104.23.168.28 - - [12/Jul/2026:06:41:31 +0200] "GET /?b=199000639 HTTP/1.1" 500 0 "-" "Mozilla/5.0 (compatible; AwarioBot/1.0; +https://awario.com/bots.html)"
104.23.170.147 - - [12/Jul/2026:06:41:32 +0200] "GET /wp-content/uploads/2022/11/ HTTP/1.1" 200 422 "-" "Mozilla/5.0 (Macintosh; Intel Mac OS X 10_15_7) AppleWebKit/537.36 (KHTML, like Gecko) Chrome/120.0.0.0 Safari/537.36"
172.71.98.17 - - [12/Jul/2026:06:41:33 +0200] "GET /wp-content/uploads/2022/05/ HTTP/1.1" 200 422 "-" "Mozilla/5.0 (Macintosh; Intel Mac OS X 10_15_7) AppleWebKit/605.1.15 (KHTML, like Gecko) Version/17.2 Safari/605.1.15"
104.22.57.39 - - [12/Jul/2026:06:41:37 +0200] "GET /outlet/087036204 HTTP/1.1" 404 243 "https://alg24info.com/?sitemap448.xml" "Mozilla/5.0 AppleWebKit/537.36 (KHTML, like Gecko; compatible; GPTBot/1.4; +https://openai.com/gptbot)"
104.23.166.145 - - [12/Jul/2026:06:41:38 +0200] "GET /?b=202008114 HTTP/1.1" 500 0 "-" "Mozilla/5.0 (compatible; AwarioBot/1.0; +https://awario.com/bots.html)"
172.70.46.254 - - [12/Jul/2026:06:41:39 +0200] "GET /wp-content/uploads/2022/09/ HTTP/1.1" 200 422 "-" "Mozilla/5.0 (Macintosh; Intel Mac OS X 10_15_7) AppleWebKit/537.36 (KHTML, like Gecko) Chrome/120.0.0.0 Safari/537.36"
172.71.98.17 - - [12/Jul/2026:06:41:39 +0200] "GET /wp-content/uploads/2022/07/ HTTP/1.1" 200 422 "-" "Mozilla/5.0 (Windows NT 10.0; Win64; x64; rv:122.0) Gecko/20100101 Firefox/122.0"
172.71.98.17 - - [12/Jul/2026:06:41:45 +0200] "GET /wp-content/uploads/2022/12/ HTTP/1.1" 200 422 "https://www.google.com/" "Mozilla/5.0 (Windows NT 10.0; Win64; x64) AppleWebKit/537.36 (KHTML, like Gecko) Chrome/121.0.0.0 Safari/537.36"
162.158.86.139 - - [12/Jul/2026:06:41:46 +0200] "GET / HTTP/1.1" 500 0 "-" "Mozilla/5.0 (Macintosh; Intel Mac OS X 10_15_2) AppleWebKit/537.36 (KHTML, like Gecko) Chrome/79.0.3945.130 Safari/537.36"
172.71.98.17 - - [12/Jul/2026:06:41:46 +0200] "GET /?b=202044664 HTTP/1.1" 500 0 "-" "Mozilla/5.0 (compatible; AwarioBot/1.0; +https://awario.com/bots.html)"
172.71.98.17 - - [12/Jul/2026:06:41:47 +0200] "GET /wp-content/uploads/2022/04/ HTTP/1.1" 200 421 "-" "Mozilla/5.0 (Macintosh; Intel Mac OS X 10_15_7) AppleWebKit/537.36 (KHTML, like Gecko) Chrome/120.0.0.0 Safari/537.36"
104.23.172.65 - - [12/Jul/2026:06:41:51 +0200] "GET /wp-content/uploads/2022/06/ HTTP/1.1" 200 422 "-" "Mozilla/5.0 (Macintosh; Intel Mac OS X 10_15_7) AppleWebKit/605.1.15 (KHTML, like Gecko) Version/17.2 Safari/605.1.15"
172.70.47.2 - - [12/Jul/2026:06:41:51 +0200] "GET /?b=203007511 HTTP/1.1" 500 0 "-" "Mozilla/5.0 (compatible; AwarioBot/1.0; +https://awario.com/bots.html)"
172.71.182.93 - - [12/Jul/2026:06:41:52 +0200] "GET /wp-content/uploads/2023/ HTTP/1.1" 200 533 "-" "Mozilla/5.0 (Macintosh; Intel Mac OS X 10_15_7) AppleWebKit/537.36 (KHTML, like Gecko) Chrome/120.0.0.0 Safari/537.36"
172.71.98.17 - - [12/Jul/2026:06:41:54 +0200] "GET /wp-content/uploads/2023/02/ HTTP/1.1" 200 421 "-" "Mozilla/5.0 (Windows NT 10.0; Win64; x64; rv:122.0) Gecko/20100101 Firefox/122.0"
172.70.47.2 - - [12/Jul/2026:06:41:56 +0200] "GET /?b=204018658 HTTP/1.1" 500 0 "-" "Mozilla/5.0 (compatible; AwarioBot/1.0; +https://awario.com/bots.html)"
172.71.98.17 - - [12/Jul/2026:06:41:57 +0200] "GET /wp-content/uploads/2023/08/ HTTP/1.1" 200 422 "-" "Mozilla/5.0 (Windows NT 10.0; Win64; x64; rv:122.0) Gecko/20100101 Firefox/122.0"
172.70.47.2 - - [12/Jul/2026:06:42:02 +0200] "GET /?b=205023151 HTTP/1.1" 500 0 "-" "Mozilla/5.0 (compatible; AwarioBot/1.0; +https://awario.com/bots.html)"
162.159.113.149 - - [12/Jul/2026:06:42:07 +0200] "GET /wp-content/uploads/2023/01/ HTTP/1.1" 200 422 "-" "Mozilla/5.0 (Macintosh; Intel Mac OS X 10_15_7) AppleWebKit/537.36 (KHTML, like Gecko) Chrome/120.0.0.0 Safari/537.36"
172.71.102.211 - - [12/Jul/2026:06:42:08 +0200] "GET /wp-content/uploads/2023/03/ HTTP/1.1" 200 422 "-" "Mozilla/5.0 (Windows NT 10.0; Win64; x64; rv:122.0) Gecko/20100101 Firefox/122.0"
104.22.57.39 - - [12/Jul/2026:06:42:09 +0200] "GET /outlet/140017711 HTTP/1.1" 404 243 "https://alg24info.com/?sitemap600.xml" "Mozilla/5.0 AppleWebKit/537.36 (KHTML, like Gecko; compatible; GPTBot/1.4; +https://openai.com/gptbot)"
172.71.95.73 - - [12/Jul/2026:06:42:10 +0200] "GET /wp-content/uploads/2023/10/ HTTP/1.1" 200 421 "https://www.google.com/" "Mozilla/5.0 (Windows NT 10.0; Win64; x64) AppleWebKit/537.36 (KHTML, like Gecko) Chrome/121.0.0.0 Safari/537.36"
104.23.166.145 - - [12/Jul/2026:06:42:10 +0200] "GET /?b=207022459 HTTP/1.1" 500 0 "-" "Mozilla/5.0 (compatible; AwarioBot/1.0; +https://awario.com/bots.html)"
172.70.47.2 - - [12/Jul/2026:06:42:15 +0200] "GET /?b=208041870 HTTP/1.1" 500 0 "-" "Mozilla/5.0 (compatible; AwarioBot/1.0; +https://awario.com/bots.html)"
104.23.170.147 - - [12/Jul/2026:06:42:20 +0200] "GET /wp-content/uploads/2023/11/ HTTP/1.1" 200 478 "https://www.google.com/" "Mozilla/5.0 (Windows NT 10.0; Win64; x64) AppleWebKit/537.36 (KHTML, like Gecko) Chrome/121.0.0.0 Safari/537.36"
172.71.182.93 - - [12/Jul/2026:06:42:20 +0200] "GET /?b=209016009 HTTP/1.1" 500 0 "-" "Mozilla/5.0 (compatible; AwarioBot/1.0; +https://awario.com/bots.html)"
172.71.182.93 - - [12/Jul/2026:06:42:22 +0200] "GET /wp-content/uploads/2023/05/ HTTP/1.1" 200 478 "-" "Mozilla/5.0 (X11; Linux x86_64; rv:121.0) Gecko/20100101 Firefox/121.0"
104.23.168.29 - - [12/Jul/2026:06:42:22 +0200] "GET /wp-content/uploads/2023/09/ HTTP/1.1" 200 479 "-" "Mozilla/5.0 (Macintosh; Intel Mac OS X 10_15_7) AppleWebKit/537.36 (KHTML, like Gecko) Chrome/120.0.0.0 Safari/537.36"
104.23.170.147 - - [12/Jul/2026:06:42:26 +0200] "GET /?b=210009860 HTTP/1.1" 500 0 "-" "Mozilla/5.0 (compatible; AwarioBot/1.0; +https://awario.com/bots.html)"
104.23.166.145 - - [12/Jul/2026:06:42:27 +0200] "GET /wp-content/uploads/2023/07/ HTTP/1.1" 200 422 "-" "Mozilla/5.0 (Macintosh; Intel Mac OS X 10_15_7) AppleWebKit/605.1.15 (KHTML, like Gecko) Version/17.2 Safari/605.1.15"
172.71.98.17 - - [12/Jul/2026:06:42:28 +0200] "GET /wp-content/uploads/2023/12/ HTTP/1.1" 200 422 "-" "Mozilla/5.0 (Macintosh; Intel Mac OS X 10_15_7) AppleWebKit/605.1.15 (KHTML, like Gecko) Version/17.2 Safari/605.1.15"
172.71.98.17 - - [12/Jul/2026:06:42:32 +0200] "GET /?b=210046088 HTTP/1.1" 500 0 "-" "Mozilla/5.0 (compatible; AwarioBot/1.0; +https://awario.com/bots.html)"
104.23.166.145 - - [12/Jul/2026:06:42:34 +0200] "GET /wp-content/uploads/2023/04/ HTTP/1.1" 200 421 "https://www.google.com/" "Mozilla/5.0 (Windows NT 10.0; Win64; x64) AppleWebKit/537.36 (KHTML, like Gecko) Chrome/121.0.0.0 Safari/537.36"
172.71.182.93 - - [12/Jul/2026:06:42:39 +0200] "GET /wp-content/uploads/2023/06/ HTTP/1.1" 200 422 "-" "Mozilla/5.0 (Macintosh; Intel Mac OS X 10_15_7) AppleWebKit/605.1.15 (KHTML, like Gecko) Version/17.2 Safari/605.1.15"
104.23.170.147 - - [12/Jul/2026:06:42:40 +0200] "GET /wp-content/uploads/2024/ HTTP/1.1" 200 480 "-" "Mozilla/5.0 (X11; Linux x86_64; rv:121.0) Gecko/20100101 Firefox/121.0"
162.159.113.149 - - [12/Jul/2026:06:42:41 +0200] "GET /wp-content/uploads/2024/02/ HTTP/1.1" 200 421 "-" "Mozilla/5.0 (Macintosh; Intel Mac OS X 10_15_7) AppleWebKit/605.1.15 (KHTML, like Gecko) Version/17.2 Safari/605.1.15"
104.23.168.29 - - [12/Jul/2026:06:42:41 +0200] "GET /wp-content/uploads/2024/01/ HTTP/1.1" 200 477 "-" "Mozilla/5.0 (X11; Linux x86_64; rv:121.0) Gecko/20100101 Firefox/121.0"
141.101.76.181 - - [12/Jul/2026:06:42:42 +0200] "GET /wp-content/uploads/2024/03/ HTTP/1.1" 200 421 "-" "Mozilla/5.0 (Macintosh; Intel Mac OS X 10_15_7) AppleWebKit/537.36 (KHTML, like Gecko) Chrome/120.0.0.0 Safari/537.36"
104.23.166.145 - - [12/Jul/2026:06:42:42 +0200] "GET /wp-content/uploads/2024/04/ HTTP/1.1" 200 544 "-" "Mozilla/5.0 (X11; Linux x86_64; rv:121.0) Gecko/20100101 Firefox/121.0"
172.71.102.211 - - [12/Jul/2026:06:42:42 +0200] "GET /?b=211012707 HTTP/1.1" 500 0 "-" "Mozilla/5.0 (compatible; AwarioBot/1.0; +https://awario.com/bots.html)"
172.71.95.73 - - [12/Jul/2026:06:42:42 +0200] "GET /wp-content/uploads/2025/ HTTP/1.1" 404 243 "-" "Mozilla/5.0 (Windows NT 10.0; Win64; x64; rv:122.0) Gecko/20100101 Firefox/122.0"
104.23.166.145 - - [12/Jul/2026:06:42:43 +0200] "GET /wp-content/uploads/2026/ HTTP/1.1" 404 243 "-" "Mozilla/5.0 (Macintosh; Intel Mac OS X 10_15_7) AppleWebKit/537.36 (KHTML, like Gecko) Chrome/120.0.0.0 Safari/537.36"
104.22.57.39 - - [12/Jul/2026:06:42:44 +0200] "GET /outlet/189004474 HTTP/1.1" 404 243 "https://alg24info.com/?sitemap600.xml" "Mozilla/5.0 AppleWebKit/537.36 (KHTML, like Gecko; compatible; GPTBot/1.4; +https://openai.com/gptbot)"
141.101.76.180 - - [12/Jul/2026:06:42:47 +0200] "GET /?b=212012494 HTTP/1.1" 500 0 "-" "Mozilla/5.0 (compatible; AwarioBot/1.0; +https://awario.com/bots.html)"
104.23.170.147 - - [12/Jul/2026:06:42:51 +0200] "GET /?b=212040588 HTTP/1.1" 500 0 "-" "Mozilla/5.0 (compatible; AwarioBot/1.0; +https://awario.com/bots.html)"
172.71.182.93 - - [12/Jul/2026:06:42:56 +0200] "GET /?b=215001977 HTTP/1.1" 500 0 "-" "Mozilla/5.0 (compatible; AwarioBot/1.0; +https://awario.com/bots.html)"
104.23.166.145 - - [12/Jul/2026:06:43:03 +0200] "GET /?b=218034180 HTTP/1.1" 500 0 "-" "Mozilla/5.0 (compatible; AwarioBot/1.0; +https://awario.com/bots.html)"
172.70.47.2 - - [12/Jul/2026:06:43:08 +0200] "GET /?b=218042186 HTTP/1.1" 500 0 "-" "Mozilla/5.0 (compatible; AwarioBot/1.0; +https://awario.com/bots.html)"
104.23.170.147 - - [12/Jul/2026:06:43:13 +0200] "GET /?b=222005148 HTTP/1.1" 500 0 "-" "Mozilla/5.0 (compatible; AwarioBot/1.0; +https://awario.com/bots.html)"
104.22.57.39 - - [12/Jul/2026:06:43:19 +0200] "GET /outlet/131020324 HTTP/1.1" 404 243 "https://alg24info.com/?sitemap741.xml" "Mozilla/5.0 AppleWebKit/537.36 (KHTML, like Gecko; compatible; GPTBot/1.4; +https://openai.com/gptbot)"
104.23.170.147 - - [12/Jul/2026:06:43:19 +0200] "GET /?b=222049570 HTTP/1.1" 500 0 "-" "Mozilla/5.0 (compatible; AwarioBot/1.0; +https://awario.com/bots.html)"
141.101.76.180 - - [12/Jul/2026:06:43:24 +0200] "GET /?b=223021045 HTTP/1.1" 500 0 "-" "Mozilla/5.0 (compatible; AwarioBot/1.0; +https://awario.com/bots.html)"
172.71.98.17 - - [12/Jul/2026:06:43:29 +0200] "GET /?b=223037725 HTTP/1.1" 500 0 "-" "Mozilla/5.0 (compatible; AwarioBot/1.0; +https://awario.com/bots.html)"
172.71.102.211 - - [12/Jul/2026:06:43:34 +0200] "GET /?b=225042269 HTTP/1.1" 500 0 "-" "Mozilla/5.0 (compatible; AwarioBot/1.0; +https://awario.com/bots.html)"
45.90.163.37 - - [12/Jul/2026:06:43:35 +0200] "GET / HTTP/1.1" 200 4963 "-" "-"
45.90.163.37 - - [12/Jul/2026:06:43:35 +0200] "PUT /v1/agent/service/register  HTTP/1.1" 400 182 "-" "-"
104.23.168.28 - - [12/Jul/2026:06:43:39 +0200] "GET /?b=227005001 HTTP/1.1" 500 0 "-" "Mozilla/5.0 (compatible; AwarioBot/1.0; +https://awario.com/bots.html)"
141.101.76.180 - - [12/Jul/2026:06:43:44 +0200] "GET /?b=227028847 HTTP/1.1" 500 0 "-" "Mozilla/5.0 (compatible; AwarioBot/1.0; +https://awario.com/bots.html)"
104.23.168.28 - - [12/Jul/2026:06:43:49 +0200] "GET /?b=228019306 HTTP/1.1" 500 0 "-" "Mozilla/5.0 (compatible; AwarioBot/1.0; +https://awario.com/bots.html)"
104.22.57.39 - - [12/Jul/2026:06:43:52 +0200] "GET /outlet/162021427 HTTP/1.1" 404 243 "https://alg24info.com/?sitemap224.xml" "Mozilla/5.0 AppleWebKit/537.36 (KHTML, like Gecko; compatible; GPTBot/1.4; +https://openai.com/gptbot)"
172.71.182.93 - - [12/Jul/2026:06:43:54 +0200] "GET /?b=228035710 HTTP/1.1" 500 0 "-" "Mozilla/5.0 (compatible; AwarioBot/1.0; +https://awario.com/bots.html)"
141.101.76.180 - - [12/Jul/2026:06:43:59 +0200] "GET /?b=230042264 HTTP/1.1" 500 0 "-" "Mozilla/5.0 (compatible; AwarioBot/1.0; +https://awario.com/bots.html)"
172.70.47.2 - - [12/Jul/2026:06:44:04 +0200] "GET /?b=232022190 HTTP/1.1" 500 0 "-" "Mozilla/5.0 (compatible; AwarioBot/1.0; +https://awario.com/bots.html)"
104.23.170.147 - - [12/Jul/2026:06:44:11 +0200] "GET /?b=233013037 HTTP/1.1" 500 0 "-" "Mozilla/5.0 (compatible; AwarioBot/1.0; +https://awario.com/bots.html)"
172.71.102.177 - - [12/Jul/2026:06:44:15 +0200] "GET /?b=236043270 HTTP/1.1" 500 0 "-" "Mozilla/5.0 (compatible; AwarioBot/1.0; +https://awario.com/bots.html)"
104.23.170.147 - - [12/Jul/2026:06:44:20 +0200] "GET /?b=236047620 HTTP/1.1" 500 0 "-" "Mozilla/5.0 (compatible; AwarioBot/1.0; +https://awario.com/bots.html)"
104.22.57.39 - - [12/Jul/2026:06:44:24 +0200] "GET /outlet/158043329 HTTP/1.1" 404 243 "https://alg24info.com/?sitemap741.xml" "Mozilla/5.0 AppleWebKit/537.36 (KHTML, like Gecko; compatible; GPTBot/1.4; +https://openai.com/gptbot)"
104.23.166.144 - - [12/Jul/2026:06:44:25 +0200] "GET /?b=238009310 HTTP/1.1" 500 0 "-" "Mozilla/5.0 (compatible; AwarioBot/1.0; +https://awario.com/bots.html)"
141.101.76.180 - - [12/Jul/2026:06:44:31 +0200] "GET /?b=238013484 HTTP/1.1" 500 0 "-" "Mozilla/5.0 (compatible; AwarioBot/1.0; +https://awario.com/bots.html)"
104.23.170.146 - - [12/Jul/2026:06:44:44 +0200] "GET /?b=238030268 HTTP/1.1" 500 0 "-" "Mozilla/5.0 (compatible; AwarioBot/1.0; +https://awario.com/bots.html)"
172.70.47.2 - - [12/Jul/2026:06:44:51 +0200] "GET /?b=238034776 HTTP/1.1" 500 0 "-" "Mozilla/5.0 (compatible; AwarioBot/1.0; +https://awario.com/bots.html)"
104.22.57.39 - - [12/Jul/2026:06:44:57 +0200] "GET /outlet/129044118 HTTP/1.1" 404 243 "https://alg24info.com/?sitemap600.xml" "Mozilla/5.0 AppleWebKit/537.36 (KHTML, like Gecko; compatible; GPTBot/1.4; +https://openai.com/gptbot)"
172.71.95.74 - - [12/Jul/2026:06:45:00 +0200] "GET /?b=240005910 HTTP/1.1" 500 0 "-" "Mozilla/5.0 (compatible; AwarioBot/1.0; +https://awario.com/bots.html)"
104.22.57.39 - - [12/Jul/2026:06:45:32 +0200] "GET /outlet/276014293 HTTP/1.1" 404 243 "https://alg24info.com/?sitemap344.xml" "Mozilla/5.0 AppleWebKit/537.36 (KHTML, like Gecko; compatible; GPTBot/1.4; +https://openai.com/gptbot)"
104.23.166.145 - - [12/Jul/2026:06:45:37 +0200] "GET /?b=243007225 HTTP/1.1" 500 0 "-" "Mozilla/5.0 (compatible; AwarioBot/1.0; +https://awario.com/bots.html)"
162.159.113.149 - - [12/Jul/2026:06:45:44 +0200] "GET /?b=244039636 HTTP/1.1" 500 0 "-" "Mozilla/5.0 (compatible; AwarioBot/1.0; +https://awario.com/bots.html)"
104.23.172.64 - - [12/Jul/2026:06:45:51 +0200] "GET /?b=247020515 HTTP/1.1" 500 0 "-" "Mozilla/5.0 (compatible; AwarioBot/1.0; +https://awario.com/bots.html)"
104.23.172.64 - - [12/Jul/2026:06:45:58 +0200] "GET /?b=247025183 HTTP/1.1" 500 0 "-" "Mozilla/5.0 (compatible; AwarioBot/1.0; +https://awario.com/bots.html)"
104.22.57.39 - - [12/Jul/2026:06:46:04 +0200] "GET /outlet/294027249 HTTP/1.1" 404 243 "https://alg24info.com/?sitemap448.xml" "Mozilla/5.0 AppleWebKit/537.36 (KHTML, like Gecko; compatible; GPTBot/1.4; +https://openai.com/gptbot)"
205.210.31.232 - - [12/Jul/2026:06:46:08 +0200] "\x16\x03\x01\x00\xCA\x01\x00\x00\xC6\x03\x03\x0Ex\xCE\xA0\xA0A\x87\xEF\xFE\xBCe\xAEu\x07E\xB8:\xB9\xE6C\xF9\xDF7\xA5%O\x96\x06>\x8Er" 400 182 "-" "-"
205.210.31.232 - - [12/Jul/2026:06:46:08 +0200] "\x16\x03\x01\x00\xEE\x01\x00\x00\xEA\x03\x03}\xFD\xF4\xD1\xCAZ\x0E\xFD\xCBv\x9D\xFF\x9F\x87\x91\xFE\xF4\x98\x1E\x11'\x90\xF7\x83\xA4\xDA\x13\x19@\x5C\xD3\xD2 \xBD\x96\x9Do\xF9T\xD0\x98\xF6\xDE\xB14=e\xC0\xF3\xFA\xC0\xB8\xD5\xF9\xD0\xCDVi\x88\x16\x16\x80\x9A\xD3T\x00&\xC0+\xC0/\xC0,\xC00\xCC\xA9\xCC\xA8\xC0\x09\xC0\x13\xC0" 400 182 "-" "-"
172.71.102.176 - - [12/Jul/2026:06:46:08 +0200] "GET /?b=251008459 HTTP/1.1" 500 0 "-" "Mozilla/5.0 (compatible; AwarioBot/1.0; +https://awario.com/bots.html)"
172.71.102.176 - - [12/Jul/2026:06:46:14 +0200] "GET /?b=251041891 HTTP/1.1" 500 0 "-" "Mozilla/5.0 (compatible; AwarioBot/1.0; +https://awario.com/bots.html)"
162.159.113.149 - - [12/Jul/2026:06:46:20 +0200] "GET /?b=254022374 HTTP/1.1" 500 0 "-" "Mozilla/5.0 (compatible; AwarioBot/1.0; +https://awario.com/bots.html)"
172.71.182.92 - - [12/Jul/2026:06:46:26 +0200] "GET /?b=255000361 HTTP/1.1" 500 0 "-" "Mozilla/5.0 (compatible; AwarioBot/1.0; +https://awario.com/bots.html)"
104.23.168.115 - - [12/Jul/2026:06:46:35 +0200] "GET /?b=255005651 HTTP/1.1" 500 0 "-" "Mozilla/5.0 (compatible; AwarioBot/1.0; +https://awario.com/bots.html)"
104.22.57.39 - - [12/Jul/2026:06:46:38 +0200] "GET /outlet/216004097 HTTP/1.1" 404 243 "https://alg24info.com/?sitemap600.xml" "Mozilla/5.0 AppleWebKit/537.36 (KHTML, like Gecko; compatible; GPTBot/1.4; +https://openai.com/gptbot)"
172.71.182.92 - - [12/Jul/2026:06:46:42 +0200] "GET /?b=255009139 HTTP/1.1" 500 0 "-" "Mozilla/5.0 (compatible; AwarioBot/1.0; +https://awario.com/bots.html)"
172.70.47.2 - - [12/Jul/2026:06:46:54 +0200] "GET /?b=255020675 HTTP/1.1" 500 0 "-" "Mozilla/5.0 (compatible; AwarioBot/1.0; +https://awario.com/bots.html)"
172.71.102.176 - - [12/Jul/2026:06:47:02 +0200] "GET /?b=256034016 HTTP/1.1" 500 0 "-" "Mozilla/5.0 (compatible; AwarioBot/1.0; +https://awario.com/bots.html)"
172.71.95.73 - - [12/Jul/2026:06:47:09 +0200] "GET /?b=256048394 HTTP/1.1" 500 0 "-" "Mozilla/5.0 (compatible; AwarioBot/1.0; +https://awario.com/bots.html)"
104.22.57.39 - - [12/Jul/2026:06:47:12 +0200] "GET /outlet/051007152 HTTP/1.1" 404 243 "https://alg24info.com/?sitemap600.xml" "Mozilla/5.0 AppleWebKit/537.36 (KHTML, like Gecko; compatible; GPTBot/1.4; +https://openai.com/gptbot)"
141.101.76.181 - - [12/Jul/2026:06:47:15 +0200] "GET /?b=257018969 HTTP/1.1" 500 0 "-" "Mozilla/5.0 (compatible; AwarioBot/1.0; +https://awario.com/bots.html)"
162.159.113.149 - - [12/Jul/2026:06:47:21 +0200] "GET /?b=257029899 HTTP/1.1" 500 0 "-" "Mozilla/5.0 (compatible; AwarioBot/1.0; +https://awario.com/bots.html)"
104.23.166.144 - - [12/Jul/2026:06:47:28 +0200] "GET /?b=258021968 HTTP/1.1" 500 0 "-" "Mozilla/5.0 (compatible; AwarioBot/1.0; +https://awario.com/bots.html)"
172.70.47.2 - - [12/Jul/2026:06:47:36 +0200] "GET /?b=259036933 HTTP/1.1" 500 0 "-" "Mozilla/5.0 (compatible; AwarioBot/1.0; +https://awario.com/bots.html)"
141.101.76.181 - - [12/Jul/2026:06:47:42 +0200] "GET /?b=262041280 HTTP/1.1" 500 0 "-" "Mozilla/5.0 (compatible; AwarioBot/1.0; +https://awario.com/bots.html)"
104.22.57.39 - - [12/Jul/2026:06:47:47 +0200] "GET /outlet/063002152 HTTP/1.1" 404 243 "https://alg24info.com/?sitemap741.xml" "Mozilla/5.0 AppleWebKit/537.36 (KHTML, like Gecko; compatible; GPTBot/1.4; +https://openai.com/gptbot)"
104.22.57.39 - - [12/Jul/2026:06:48:19 +0200] "GET /outlet/005017006 HTTP/1.1" 404 243 "https://alg24info.com/?sitemap448.xml" "Mozilla/5.0 AppleWebKit/537.36 (KHTML, like Gecko; compatible; GPTBot/1.4; +https://openai.com/gptbot)"
172.69.159.170 - - [12/Jul/2026:06:48:20 +0200] "GET /wp-content/uploads/ HTTP/1.1" 200 565 "-" "Mozilla/5.0 (Windows NT 10.0; Win64; x64) AppleWebKit/537.36 (KHTML, like Gecko) Chrome/150.0.0.0 Safari/537.36"
172.69.159.166 - - [12/Jul/2026:06:48:21 +0200] "GET /icons/folder.gif HTTP/1.1" 200 225 "https://alg24info.com/wp-content/uploads/" "Mozilla/5.0 (Windows NT 10.0; Win64; x64) AppleWebKit/537.36 (KHTML, like Gecko) Chrome/150.0.0.0 Safari/537.36"
172.69.159.175 - - [12/Jul/2026:06:48:21 +0200] "GET /icons/unknown.gif HTTP/1.1" 200 245 "https://alg24info.com/wp-content/uploads/" "Mozilla/5.0 (Windows NT 10.0; Win64; x64) AppleWebKit/537.36 (KHTML, like Gecko) Chrome/150.0.0.0 Safari/537.36"
172.69.159.163 - - [12/Jul/2026:06:48:21 +0200] "GET /icons/back.gif HTTP/1.1" 200 216 "https://alg24info.com/wp-content/uploads/" "Mozilla/5.0 (Windows NT 10.0; Win64; x64) AppleWebKit/537.36 (KHTML, like Gecko) Chrome/150.0.0.0 Safari/537.36"
172.69.159.152 - - [12/Jul/2026:06:48:21 +0200] "GET /icons/blank.gif HTTP/1.1" 200 148 "https://alg24info.com/wp-content/uploads/" "Mozilla/5.0 (Windows NT 10.0; Win64; x64) AppleWebKit/537.36 (KHTML, like Gecko) Chrome/150.0.0.0 Safari/537.36"
172.69.159.170 - - [12/Jul/2026:06:48:23 +0200] "GET /wp-content/uploads/hp2.php HTTP/1.1" 200 3247 "https://alg24info.com/wp-content/uploads/" "Mozilla/5.0 (Windows NT 10.0; Win64; x64) AppleWebKit/537.36 (KHTML, like Gecko) Chrome/150.0.0.0 Safari/537.36"
66.132.195.44 - - [12/Jul/2026:06:48:29 +0200] "GET / HTTP/1.1" 200 1848 "-" "Mozilla/5.0 (compatible; CensysInspect/1.1; +https://about.censys.io/)"
66.132.195.44 - - [12/Jul/2026:06:48:32 +0200] "\x16\x03\x01\x00\xEE\x01\x00\x00\xEA\x03\x03\xD4\xE2\xB9-\xBC\xA89(,8\x13@\xA5\xD3?\xA8\x88,N\xCEk\xCD*\xF9\x8C\xD3va\xBA\xA7\x19= \xE0\xC1\x97\x07\x0C\x86\x99\x93@8\x93\x09\xD6[\xCC\x1B(\xF0E\x18t\xFE!\xB9\xF1F\xA7\xE7j\x09/\xF6\x00&\xCC\xA8\xCC\xA9\xC0/\xC00\xC0+\xC0,\xC0\x13\xC0\x09\xC0\x14\xC0" 400 182 "-" "-"
66.132.195.44 - - [12/Jul/2026:06:48:41 +0200] "GET /favicon.ico HTTP/1.1" 404 244 "-" "Mozilla/5.0 (compatible; CensysInspect/1.1; +https://about.censys.io/)"
104.22.57.39 - - [12/Jul/2026:06:48:53 +0200] "GET /outlet/007002494 HTTP/1.1" 404 243 "https://alg24info.com/?sitemap600.xml" "Mozilla/5.0 AppleWebKit/537.36 (KHTML, like Gecko; compatible; GPTBot/1.4; +https://openai.com/gptbot)"
66.132.195.44 - - [12/Jul/2026:06:49:25 +0200] "GET /robots.txt HTTP/1.1" 404 244 "-" "Mozilla/5.0 (compatible; CensysInspect/1.1; +https://about.censys.io/)"
104.22.57.39 - - [12/Jul/2026:06:49:26 +0200] "GET /outlet/157042312 HTTP/1.1" 404 243 "https://alg24info.com/?sitemap224.xml" "Mozilla/5.0 AppleWebKit/537.36 (KHTML, like Gecko; compatible; GPTBot/1.4; +https://openai.com/gptbot)"
66.132.195.44 - - [12/Jul/2026:06:49:28 +0200] "\x16\x03\x01\x00\xEE\x01\x00\x00\xEA\x03\x03\x80{\xD8V=n\xFDN" 400 182 "-" "-"
104.22.57.39 - - [12/Jul/2026:06:49:59 +0200] "GET /outlet/087006416 HTTP/1.1" 404 243 "https://alg24info.com/?sitemap344.xml" "Mozilla/5.0 AppleWebKit/537.36 (KHTML, like Gecko; compatible; GPTBot/1.4; +https://openai.com/gptbot)"
172.71.95.74 - - [12/Jul/2026:06:50:03 +0200] "GET /?b=263038223 HTTP/1.1" 500 0 "-" "Mozilla/5.0 (compatible; AwarioBot/1.0; +https://awario.com/bots.html)"
104.23.170.147 - - [12/Jul/2026:06:50:12 +0200] "GET /?b=264018358 HTTP/1.1" 500 0 "-" "Mozilla/5.0 (compatible; AwarioBot/1.0; +https://awario.com/bots.html)"
172.71.102.176 - - [12/Jul/2026:06:50:18 +0200] "GET /?b=265011841 HTTP/1.1" 500 0 "-" "Mozilla/5.0 (compatible; AwarioBot/1.0; +https://awario.com/bots.html)"
104.23.166.144 - - [12/Jul/2026:06:50:25 +0200] "GET /?b=266033232 HTTP/1.1" 500 0 "-" "Mozilla/5.0 (compatible; AwarioBot/1.0; +https://awario.com/bots.html)"
104.22.57.39 - - [12/Jul/2026:06:50:33 +0200] "GET /outlet/063040924 HTTP/1.1" 404 243 "https://alg24info.com/?sitemap448.xml" "Mozilla/5.0 AppleWebKit/537.36 (KHTML, like Gecko; compatible; GPTBot/1.4; +https://openai.com/gptbot)"
172.71.98.17 - - [12/Jul/2026:06:50:34 +0200] "GET /?b=267024109 HTTP/1.1" 500 0 "-" "Mozilla/5.0 (compatible; AwarioBot/1.0; +https://awario.com/bots.html)"
172.71.183.181 - - [12/Jul/2026:06:50:40 +0200] "GET /?b=268029608 HTTP/1.1" 500 0 "-" "Mozilla/5.0 (compatible; AwarioBot/1.0; +https://awario.com/bots.html)"
172.71.95.74 - - [12/Jul/2026:06:50:48 +0200] "GET /?b=269003247 HTTP/1.1" 500 0 "-" "Mozilla/5.0 (compatible; AwarioBot/1.0; +https://awario.com/bots.html)"
104.23.166.144 - - [12/Jul/2026:06:50:54 +0200] "GET /?b=270046344 HTTP/1.1" 500 0 "-" "Mozilla/5.0 (compatible; AwarioBot/1.0; +https://awario.com/bots.html)"
81.19.216.125 - - [12/Jul/2026:06:51:02 +0200] "GET / HTTP/1.1" 200 1951 "-" "Mozilla/5.0 (compatible; Infrawatch/1.0; +https://infrawat.ch/)"
172.70.47.2 - - [12/Jul/2026:06:51:05 +0200] "GET /?b=271040107 HTTP/1.1" 500 0 "-" "Mozilla/5.0 (compatible; AwarioBot/1.0; +https://awario.com/bots.html)"
104.22.57.39 - - [12/Jul/2026:06:51:07 +0200] "GET /outlet/196026679 HTTP/1.1" 404 243 "https://alg24info.com/?sitemap741.xml" "Mozilla/5.0 AppleWebKit/537.36 (KHTML, like Gecko; compatible; GPTBot/1.4; +https://openai.com/gptbot)"
104.23.166.144 - - [12/Jul/2026:06:51:12 +0200] "GET /?b=273026321 HTTP/1.1" 500 0 "-" "Mozilla/5.0 (compatible; AwarioBot/1.0; +https://awario.com/bots.html)"
162.158.190.32 - - [12/Jul/2026:06:51:16 +0200] "GET /index.php/2019/11/05/%d9%85%d8%a7%d9%84%d9%8a-%d8%a5%d8%b9%d9%84%d8%a7%d9%86-%d8%b9%d9%86-%d8%ad%d8%af%d8%a7%d8%af-%d9%88%d8%b7%d9%86%d9%8a-%d9%84%d8%ab%d9%84%d8%a7%d8%ab%d8%a9-%d8%a3%d9%8a%d8%a7%d9%85/ HTTP/1.1" 500 0 "http://alg24info.com/index.php/2020/06/03/%d8%aa%d9%88%d9%86%d8%b3-%d8%af%d8%b9%d9%88%d8%a7%d8%aa-%d9%84%d8%b3%d8%ad%d8%a8-%d8%a7%d9%84%d8%ab%d9%82%d8%a9-%d9%85%d9%86-%d8%a7%d9%84%d8%ba%d9%86%d9%88%d8%b4%d9%8a-%d9%81%d9%8a-%d8%ac%d9%84%d8%b3/" "Mozilla/5.0 (Linux; Android 7.0;) AppleWebKit/537.36 (HTML, like Gecko) Mobile Safari/537.36 (compatible; PetalBot;+https://webmaster.petalsearch.com/site/petalbot)"
213.166.84.43 - - [12/Jul/2026:06:51:17 +0200] "GET / HTTP/1.1" 200 1848 "-" "Mozilla/5.0 (compatible; Infrawatch/1.0; +https://infrawat.ch/)"
188.240.59.27 - - [12/Jul/2026:06:51:17 +0200] "GET /favicon.ico HTTP/1.1" 404 244 "-" "Mozilla/5.0 (compatible; Infrawatch/1.0; +https://infrawat.ch/)"
31.14.254.32 - - [12/Jul/2026:06:51:17 +0200] "POST /mcp HTTP/1.1" 404 244 "-" "Mozilla/5.0 (compatible; Infrawatch/1.0; +https://infrawat.ch/)"
31.14.254.9 - - [12/Jul/2026:06:51:17 +0200] "POST / HTTP/1.1" 200 1848 "-" "Mozilla/5.0 (compatible; Infrawatch/1.0; +https://infrawat.ch/)"
