104.22.57.39 - - [12/Jul/2026:22:59:56 +0200] "GET /outlet/225032968 HTTP/1.1" 404 243 "https://alg24info.com/?sitemap344.xml" "Mozilla/5.0 AppleWebKit/537.36 (KHTML, like Gecko; compatible; GPTBot/1.4; +https://openai.com/gptbot)"
104.22.57.39 - - [12/Jul/2026:23:00:58 +0200] "GET /outlet/228005185 HTTP/1.1" 404 243 "https://alg24info.com/?sitemap224.xml" "Mozilla/5.0 AppleWebKit/537.36 (KHTML, like Gecko; compatible; GPTBot/1.4; +https://openai.com/gptbot)"
104.22.57.39 - - [12/Jul/2026:23:02:04 +0200] "GET /outlet/043016432 HTTP/1.1" 404 243 "https://alg24info.com/?sitemap600.xml" "Mozilla/5.0 AppleWebKit/537.36 (KHTML, like Gecko; compatible; GPTBot/1.4; +https://openai.com/gptbot)"
104.22.57.39 - - [12/Jul/2026:23:03:04 +0200] "GET /outlet/013026824 HTTP/1.1" 404 243 "https://alg24info.com/?sitemap448.xml" "Mozilla/5.0 AppleWebKit/537.36 (KHTML, like Gecko; compatible; GPTBot/1.4; +https://openai.com/gptbot)"
104.23.168.28 - - [12/Jul/2026:23:03:43 +0200] "GET /wp-content/plugins/fix/7c18aade5e90.php HTTP/1.1" 200 7 "-" "Mozilla/5.0 (X11; Ubuntu; Linux x86_64) AppleWebKit/537.36 (KHTML, like Gecko) Chrome/49.0.2635.93 Safari/537.36"
172.71.183.182 - - [12/Jul/2026:23:03:48 +0200] "POST /wp-content/plugins/fix/7c18aade5e90.php HTTP/1.1" 200 9 "https://alg24info.com/wp-content/plugins/fix/7c18aade5e90.php" "Mozilla/5.0 (Macintosh; Intel Mac OS X 10.9; rv:49.0) Gecko/20100101 Firefox/49.0"
172.71.183.217 - - [12/Jul/2026:23:03:48 +0200] "GET /wp-content/plugins/fix/0a5a3eb879index.php HTTP/1.1" 200 1772 "https://alg24info.com/wp-content/plugins/fix/7c18aade5e90.php" "Mozilla/5.0 (Macintosh; Intel Mac OS X 10.9; rv:49.0) Gecko/20100101 Firefox/49.0"
172.71.183.182 - - [12/Jul/2026:23:03:48 +0200] "GET /wp-content/plugins/fix/0a5a3eb879index.php HTTP/1.1" 200 1772 "https://alg24info.com/wp-content/plugins/fix/0a5a3eb879index.php" "Mozilla/5.0 (Macintosh; Intel Mac OS X 10.9; rv:49.0) Gecko/20100101 Firefox/49.0"
172.71.183.217 - - [12/Jul/2026:23:03:48 +0200] "GET /wp-content/plugins/fix/0a5a3eb879index.php HTTP/1.1" 200 1772 "https://alg24info.com/wp-content/plugins/fix/0a5a3eb879index.php" "Mozilla/5.0 (Macintosh; Intel Mac OS X 10.9; rv:49.0) Gecko/20100101 Firefox/49.0"
172.71.99.230 - - [12/Jul/2026:23:03:54 +0200] "POST /wp-content/plugins/fix/7c18aade5e90.php HTTP/1.1" 200 123 "https://alg24info.com/wp-content/plugins/fix/7c18aade5e90.php" "Mozilla/5.0 (X11; Ubuntu; Linux x86_64) AppleWebKit/537.36 (KHTML, like Gecko) Chrome/49.0.2635.93 Safari/537.36"
104.22.57.39 - - [12/Jul/2026:23:04:08 +0200] "GET /outlet/130019641 HTTP/1.1" 404 243 "https://alg24info.com/?sitemap600.xml" "Mozilla/5.0 AppleWebKit/537.36 (KHTML, like Gecko; compatible; GPTBot/1.4; +https://openai.com/gptbot)"
172.68.150.218 - - [12/Jul/2026:23:04:44 +0200] "GET /wp-content/x41e411/index.php HTTP/1.1" 200 0 "https://alg24info.com/wp-content/x41e411/index.php" "Mozilla/5.0 (Macintosh; Intel Mac OS X 10_6_8) AppleWebKit/535.1 (KHTML, like Gecko) RockMelt/0.9.64.361 Chrome/13.0.782.218 Safari/535.1"
172.69.238.133 - - [12/Jul/2026:23:04:58 +0200] "POST /wp-admin/admin-ajax.php HTTP/1.1" 500 0 "-" "Python/3.13 aiohttp/3.14.1"
172.69.238.133 - - [12/Jul/2026:23:04:58 +0200] "POST / HTTP/1.1" 500 0 "-" "Python/3.13 aiohttp/3.14.1"
172.69.238.133 - - [12/Jul/2026:23:04:58 +0200] "POST /wp-admin/admin-ajax.php HTTP/1.1" 500 0 "-" "Python/3.13 aiohttp/3.14.1"
172.69.238.148 - - [12/Jul/2026:23:04:59 +0200] "POST / HTTP/1.1" 500 0 "-" "Python/3.13 aiohttp/3.14.1"
172.69.238.133 - - [12/Jul/2026:23:04:59 +0200] "POST /wp-admin/admin-ajax.php HTTP/1.1" 500 0 "-" "Python/3.13 aiohttp/3.14.1"
172.69.238.148 - - [12/Jul/2026:23:04:59 +0200] "POST / HTTP/1.1" 500 0 "-" "Python/3.13 aiohttp/3.14.1"
172.69.238.133 - - [12/Jul/2026:23:04:59 +0200] "POST /wp-admin/admin-ajax.php HTTP/1.1" 500 0 "-" "Python/3.13 aiohttp/3.14.1"
172.69.238.133 - - [12/Jul/2026:23:04:59 +0200] "POST / HTTP/1.1" 500 0 "-" "Python/3.13 aiohttp/3.14.1"
172.71.166.131 - - [12/Jul/2026:23:05:05 +0200] "GET /wp-content/uploads/cache/google1-6v4lhynsj9i3j68hknybanxgf56s5bgo6szlf84vclv.jpg HTTP/1.1" 200 21545 "-" "Mozilla/5.0 (compatible; crawler)"
104.22.57.39 - - [12/Jul/2026:23:05:09 +0200] "GET /outlet/061028468 HTTP/1.1" 404 243 "https://alg24info.com/?sitemap741.xml" "Mozilla/5.0 AppleWebKit/537.36 (KHTML, like Gecko; compatible; GPTBot/1.4; +https://openai.com/gptbot)"
104.22.57.39 - - [12/Jul/2026:23:06:13 +0200] "GET /outlet/176021235 HTTP/1.1" 404 243 "https://alg24info.com/?sitemap448.xml" "Mozilla/5.0 AppleWebKit/537.36 (KHTML, like Gecko; compatible; GPTBot/1.4; +https://openai.com/gptbot)"
104.22.57.39 - - [12/Jul/2026:23:07:16 +0200] "GET /outlet/191022504 HTTP/1.1" 404 243 "https://alg24info.com/?sitemap741.xml" "Mozilla/5.0 AppleWebKit/537.36 (KHTML, like Gecko; compatible; GPTBot/1.4; +https://openai.com/gptbot)"
104.22.57.39 - - [12/Jul/2026:23:08:20 +0200] "GET /outlet/239015892 HTTP/1.1" 404 243 "https://alg24info.com/?sitemap344.xml" "Mozilla/5.0 AppleWebKit/537.36 (KHTML, like Gecko; compatible; GPTBot/1.4; +https://openai.com/gptbot)"
104.22.57.39 - - [12/Jul/2026:23:09:23 +0200] "GET /outlet/225036850 HTTP/1.1" 404 243 "https://alg24info.com/?sitemap344.xml" "Mozilla/5.0 AppleWebKit/537.36 (KHTML, like Gecko; compatible; GPTBot/1.4; +https://openai.com/gptbot)"
172.69.238.132 - - [12/Jul/2026:23:10:21 +0200] "POST /wp-admin/admin-ajax.php HTTP/1.1" 500 0 "-" "Python/3.13 aiohttp/3.14.1"
172.69.238.132 - - [12/Jul/2026:23:10:21 +0200] "POST / HTTP/1.1" 500 0 "-" "Python/3.13 aiohttp/3.14.1"
172.69.238.132 - - [12/Jul/2026:23:10:21 +0200] "POST /wp-admin/admin-ajax.php HTTP/1.1" 500 0 "-" "Python/3.13 aiohttp/3.14.1"
172.69.238.132 - - [12/Jul/2026:23:10:21 +0200] "POST / HTTP/1.1" 500 0 "-" "Python/3.13 aiohttp/3.14.1"
172.69.238.132 - - [12/Jul/2026:23:10:21 +0200] "POST /wp-admin/admin-ajax.php HTTP/1.1" 500 0 "-" "Python/3.13 aiohttp/3.14.1"
172.69.238.132 - - [12/Jul/2026:23:10:21 +0200] "POST / HTTP/1.1" 500 0 "-" "Python/3.13 aiohttp/3.14.1"
172.69.238.132 - - [12/Jul/2026:23:10:21 +0200] "POST /wp-admin/admin-ajax.php HTTP/1.1" 500 0 "-" "Python/3.13 aiohttp/3.14.1"
172.69.238.132 - - [12/Jul/2026:23:10:22 +0200] "POST / HTTP/1.1" 500 0 "-" "Python/3.13 aiohttp/3.14.1"
104.22.57.39 - - [12/Jul/2026:23:10:28 +0200] "GET /outlet/210040847 HTTP/1.1" 404 243 "https://alg24info.com/?sitemap344.xml" "Mozilla/5.0 AppleWebKit/537.36 (KHTML, like Gecko; compatible; GPTBot/1.4; +https://openai.com/gptbot)"
172.71.144.67 - - [12/Jul/2026:23:10:52 +0200] "POST /wp-content/plugins/fix/7c18aade5e90.php HTTP/1.1" 200 16 "-" "Mozilla/5.0 (Windows NT 5.1; Win64; x64; rv:46.0) Gecko/20100101 Firefox/46.0"
172.71.144.67 - - [12/Jul/2026:23:10:52 +0200] "POST /wp-content/plugins/fix/7c18aade5e90.php HTTP/1.1" 200 9 "https://alg24info.com/wp-content/plugins/fix/7c18aade5e90.php" "Mozilla/5.0 (Windows NT 5.1; Win64; x64; rv:46.0) Gecko/20100101 Firefox/46.0"
172.71.144.52 - - [12/Jul/2026:23:10:57 +0200] "GET /wp-content/plugins/fix/599b23e661index.php HTTP/1.1" 200 4373 "https://alg24info.com/wp-content/plugins/fix/7c18aade5e90.php" "Mozilla/5.0 (Windows NT 5.1; Win64; x64; rv:46.0) Gecko/20100101 Firefox/46.0"
172.71.144.67 - - [12/Jul/2026:23:11:02 +0200] "GET /wp-content/plugins/fix/599b23e661index.php HTTP/1.1" 200 4374 "https://alg24info.com/wp-content/plugins/fix/599b23e661index.php" "Mozilla/5.0 (Windows NT 5.1; Win64; x64; rv:46.0) Gecko/20100101 Firefox/46.0"
172.71.144.67 - - [12/Jul/2026:23:11:03 +0200] "GET /wp-content/plugins/fix/599b23e661index.php HTTP/1.1" 200 4374 "https://alg24info.com/wp-content/plugins/fix/599b23e661index.php" "Mozilla/5.0 (Windows NT 5.1; Win64; x64; rv:46.0) Gecko/20100101 Firefox/46.0"
104.22.57.39 - - [12/Jul/2026:23:11:30 +0200] "GET /outlet/254043751 HTTP/1.1" 404 243 "https://alg24info.com/?sitemap741.xml" "Mozilla/5.0 AppleWebKit/537.36 (KHTML, like Gecko; compatible; GPTBot/1.4; +https://openai.com/gptbot)"
104.23.195.90 - - [12/Jul/2026:23:11:33 +0200] "GET / HTTP/1.1" 500 0 "-" "Mozilla/5.0 (X11; Linux x86_64; rv:1.9.6.20) Gecko/ Firefox/3.6.14"
198.41.227.133 - - [12/Jul/2026:23:11:33 +0200] "GET /favicon.ico HTTP/1.1" 404 243 "-" "Mozilla/5.0 (X11; Linux x86_64; rv:1.9.6.20) Gecko/ Firefox/3.6.14"
104.22.57.39 - - [12/Jul/2026:23:12:32 +0200] "GET /outlet/257016536 HTTP/1.1" 404 243 "https://alg24info.com/?sitemap448.xml" "Mozilla/5.0 AppleWebKit/537.36 (KHTML, like Gecko; compatible; GPTBot/1.4; +https://openai.com/gptbot)"
172.70.247.188 - - [12/Jul/2026:23:13:12 +0200] "GET /wp-content/plugins/fix/7c18aade5e90.php HTTP/1.1" 200 7 "-" "Mozilla/5.0 (Windows NT 10.0; Win64; x64; rv:49.0) Gecko/20100101 Firefox/49.0"
172.70.246.47 - - [12/Jul/2026:23:13:12 +0200] "POST /wp-content/plugins/fix/7c18aade5e90.php HTTP/1.1" 200 123 "https://alg24info.com/wp-content/plugins/fix/7c18aade5e90.php" "Mozilla/5.0 (Windows NT 10.0; Win64; x64; rv:49.0) Gecko/20100101 Firefox/49.0"
104.22.57.39 - - [12/Jul/2026:23:13:37 +0200] "GET /outlet/195016382 HTTP/1.1" 404 243 "https://alg24info.com/?sitemap344.xml" "Mozilla/5.0 AppleWebKit/537.36 (KHTML, like Gecko; compatible; GPTBot/1.4; +https://openai.com/gptbot)"
104.22.57.39 - - [12/Jul/2026:23:14:41 +0200] "GET /outlet/076023645 HTTP/1.1" 404 243 "https://alg24info.com/?sitemap448.xml" "Mozilla/5.0 AppleWebKit/537.36 (KHTML, like Gecko; compatible; GPTBot/1.4; +https://openai.com/gptbot)"
172.71.103.20 - - [12/Jul/2026:23:14:50 +0200] "POST /wp-admin/admin-ajax.php HTTP/1.1" 500 0 "-" "Mozilla/5.0"
104.23.168.28 - - [12/Jul/2026:23:14:50 +0200] "POST / HTTP/1.1" 500 0 "-" "Mozilla/5.0"
104.23.166.145 - - [12/Jul/2026:23:14:50 +0200] "POST /wp-admin/admin-ajax.php HTTP/1.1" 500 0 "-" "Mozilla/5.0"
172.70.46.254 - - [12/Jul/2026:23:14:50 +0200] "POST / HTTP/1.1" 500 0 "-" "Mozilla/5.0"
141.101.76.181 - - [12/Jul/2026:23:14:50 +0200] "POST /wp-admin/admin-ajax.php HTTP/1.1" 500 0 "-" "Mozilla/5.0"
172.71.99.229 - - [12/Jul/2026:23:14:51 +0200] "POST / HTTP/1.1" 500 0 "-" "Mozilla/5.0"
162.159.113.148 - - [12/Jul/2026:23:14:51 +0200] "POST /wp-admin/admin-ajax.php HTTP/1.1" 500 0 "-" "Mozilla/5.0"
162.159.113.148 - - [12/Jul/2026:23:14:51 +0200] "POST / HTTP/1.1" 500 0 "-" "Mozilla/5.0"
104.23.223.77 - - [12/Jul/2026:23:15:06 +0200] "GET /robots.txt HTTP/1.1" 200 130 "-" "Mozilla/5.0 (Linux; Android 12; SAMSUNG SM-A415F) AppleWebKit/537.36 (KHTML, like Gecko) SamsungBrowser/23.0 Chrome/115.0.0.0 Mobile Safari/537.3"
104.23.223.2 - - [12/Jul/2026:23:15:06 +0200] "GET / HTTP/1.1" 500 0 "-" "Mozilla/5.0 (Linux; Android 12; SAMSUNG SM-A415F) AppleWebKit/537.36 (KHTML, like Gecko) SamsungBrowser/23.0 Chrome/115.0.0.0 Mobile Safari/537.3"
104.22.57.39 - - [12/Jul/2026:23:15:45 +0200] "GET /outlet/204017601 HTTP/1.1" 404 243 "https://alg24info.com/?sitemap224.xml" "Mozilla/5.0 AppleWebKit/537.36 (KHTML, like Gecko; compatible; GPTBot/1.4; +https://openai.com/gptbot)"
104.22.57.39 - - [12/Jul/2026:23:16:45 +0200] "GET /outlet/120010957 HTTP/1.1" 404 243 "https://alg24info.com/?sitemap448.xml" "Mozilla/5.0 AppleWebKit/537.36 (KHTML, like Gecko; compatible; GPTBot/1.4; +https://openai.com/gptbot)"
104.22.57.39 - - [12/Jul/2026:23:17:51 +0200] "GET /outlet/124007713 HTTP/1.1" 404 243 "https://alg24info.com/?sitemap448.xml" "Mozilla/5.0 AppleWebKit/537.36 (KHTML, like Gecko; compatible; GPTBot/1.4; +https://openai.com/gptbot)"
104.22.57.39 - - [12/Jul/2026:23:18:57 +0200] "GET /outlet/052023883 HTTP/1.1" 404 243 "https://alg24info.com/?sitemap448.xml" "Mozilla/5.0 AppleWebKit/537.36 (KHTML, like Gecko; compatible; GPTBot/1.4; +https://openai.com/gptbot)"
104.22.57.39 - - [12/Jul/2026:23:19:58 +0200] "GET /outlet/283020410 HTTP/1.1" 404 243 "https://alg24info.com/?sitemap344.xml" "Mozilla/5.0 AppleWebKit/537.36 (KHTML, like Gecko; compatible; GPTBot/1.4; +https://openai.com/gptbot)"
104.22.57.40 - - [12/Jul/2026:23:21:04 +0200] "GET /outlet/093017628 HTTP/1.1" 404 243 "https://alg24info.com/?sitemap741.xml" "Mozilla/5.0 AppleWebKit/537.36 (KHTML, like Gecko; compatible; GPTBot/1.4; +https://openai.com/gptbot)"
104.23.221.167 - - [12/Jul/2026:23:21:28 +0200] "GET /wp-login.php HTTP/1.1" 404 243 "-" "Mozilla/5.0"
104.22.57.40 - - [12/Jul/2026:23:22:06 +0200] "GET /outlet/050033639 HTTP/1.1" 404 243 "https://alg24info.com/?sitemap448.xml" "Mozilla/5.0 AppleWebKit/537.36 (KHTML, like Gecko; compatible; GPTBot/1.4; +https://openai.com/gptbot)"
104.22.57.40 - - [12/Jul/2026:23:23:06 +0200] "GET /outlet/209031822 HTTP/1.1" 404 243 "https://alg24info.com/?sitemap600.xml" "Mozilla/5.0 AppleWebKit/537.36 (KHTML, like Gecko; compatible; GPTBot/1.4; +https://openai.com/gptbot)"
104.22.57.40 - - [12/Jul/2026:23:24:10 +0200] "GET /outlet/211002954 HTTP/1.1" 404 243 "https://alg24info.com/?sitemap224.xml" "Mozilla/5.0 AppleWebKit/537.36 (KHTML, like Gecko; compatible; GPTBot/1.4; +https://openai.com/gptbot)"
104.22.57.40 - - [12/Jul/2026:23:25:10 +0200] "GET /outlet/275035508 HTTP/1.1" 404 243 "https://alg24info.com/?sitemap224.xml" "Mozilla/5.0 AppleWebKit/537.36 (KHTML, like Gecko; compatible; GPTBot/1.4; +https://openai.com/gptbot)"
104.22.57.40 - - [12/Jul/2026:23:26:11 +0200] "GET /outlet/112039033 HTTP/1.1" 404 243 "https://alg24info.com/?sitemap600.xml" "Mozilla/5.0 AppleWebKit/537.36 (KHTML, like Gecko; compatible; GPTBot/1.4; +https://openai.com/gptbot)"
45.205.1.223 - - [12/Jul/2026:23:26:30 +0200] "GET / HTTP/1.1" 400 280 "-" "Mozilla/5.0 (compatible; FlowIQLabsBot/1.0; +https://flowiq-labs.com/scanning-info)"
45.205.1.223 - - [12/Jul/2026:23:26:35 +0200] "GET / HTTP/1.1" 200 4963 "-" "Mozilla/5.0 (compatible; FlowIQLabsBot/1.0; +https://flowiq-labs.com/scanning-info)"
45.205.1.223 - - [12/Jul/2026:23:26:39 +0200] "GET /favicon.ico HTTP/1.1" 404 275 "-" "Mozilla/5.0 (compatible; FlowIQLabsBot/1.0; +https://flowiq-labs.com/scanning-info)"
104.22.57.40 - - [12/Jul/2026:23:27:17 +0200] "GET /outlet/289007916 HTTP/1.1" 404 243 "https://alg24info.com/?sitemap224.xml" "Mozilla/5.0 AppleWebKit/537.36 (KHTML, like Gecko; compatible; GPTBot/1.4; +https://openai.com/gptbot)"
104.22.57.40 - - [12/Jul/2026:23:28:19 +0200] "GET /outlet/146019389 HTTP/1.1" 404 243 "https://alg24info.com/?sitemap344.xml" "Mozilla/5.0 AppleWebKit/537.36 (KHTML, like Gecko; compatible; GPTBot/1.4; +https://openai.com/gptbot)"
172.71.148.143 - - [12/Jul/2026:23:28:21 +0200] "POST /wp-content/plugins/fix/7c18aade5e90.php HTTP/1.1" 200 16 "-" "Mozilla/5.0 (Windows NT 6.1; WOW64) AppleWebKit/537.36 (KHTML, like Gecko) Chrome/50.0.2679.52 Safari/537.36"
172.71.148.143 - - [12/Jul/2026:23:28:22 +0200] "POST /wp-content/plugins/fix/7c18aade5e90.php HTTP/1.1" 200 9 "https://alg24info.com/wp-content/plugins/fix/7c18aade5e90.php" "Mozilla/5.0 (Windows NT 6.1; WOW64) AppleWebKit/537.36 (KHTML, like Gecko) Chrome/50.0.2679.52 Safari/537.36"
172.71.148.151 - - [12/Jul/2026:23:28:22 +0200] "GET /wp-content/plugins/fix/0a5a3eb879index.php HTTP/1.1" 200 1772 "https://alg24info.com/wp-content/plugins/fix/7c18aade5e90.php" "Mozilla/5.0 (Windows NT 6.1; WOW64) AppleWebKit/537.36 (KHTML, like Gecko) Chrome/50.0.2679.52 Safari/537.36"
172.71.148.143 - - [12/Jul/2026:23:28:23 +0200] "GET /wp-content/plugins/fix/0a5a3eb879index.php HTTP/1.1" 200 1772 "https://alg24info.com/wp-content/plugins/fix/0a5a3eb879index.php" "Mozilla/5.0 (Windows NT 6.1; WOW64) AppleWebKit/537.36 (KHTML, like Gecko) Chrome/50.0.2679.52 Safari/537.36"
172.71.148.143 - - [12/Jul/2026:23:28:26 +0200] "GET /wp-content/plugins/fix/0a5a3eb879index.php HTTP/1.1" 200 1772 "https://alg24info.com/wp-content/plugins/fix/0a5a3eb879index.php" "Mozilla/5.0 (Windows NT 6.1; WOW64) AppleWebKit/537.36 (KHTML, like Gecko) Chrome/50.0.2679.52 Safari/537.36"
104.22.57.40 - - [12/Jul/2026:23:29:19 +0200] "GET /outlet/131013566 HTTP/1.1" 404 243 "https://alg24info.com/?sitemap741.xml" "Mozilla/5.0 AppleWebKit/537.36 (KHTML, like Gecko; compatible; GPTBot/1.4; +https://openai.com/gptbot)"
104.22.57.40 - - [12/Jul/2026:23:30:22 +0200] "GET /outlet/276005953 HTTP/1.1" 404 243 "https://alg24info.com/?sitemap741.xml" "Mozilla/5.0 AppleWebKit/537.36 (KHTML, like Gecko; compatible; GPTBot/1.4; +https://openai.com/gptbot)"
104.22.57.40 - - [12/Jul/2026:23:31:26 +0200] "GET /outlet/250041519 HTTP/1.1" 404 243 "https://alg24info.com/?sitemap600.xml" "Mozilla/5.0 AppleWebKit/537.36 (KHTML, like Gecko; compatible; GPTBot/1.4; +https://openai.com/gptbot)"
104.22.57.40 - - [12/Jul/2026:23:32:30 +0200] "GET /outlet/150015163 HTTP/1.1" 404 243 "https://alg24info.com/?sitemap224.xml" "Mozilla/5.0 AppleWebKit/537.36 (KHTML, like Gecko; compatible; GPTBot/1.4; +https://openai.com/gptbot)"
104.22.57.40 - - [12/Jul/2026:23:33:34 +0200] "GET /outlet/212043323 HTTP/1.1" 404 243 "https://alg24info.com/?sitemap741.xml" "Mozilla/5.0 AppleWebKit/537.36 (KHTML, like Gecko; compatible; GPTBot/1.4; +https://openai.com/gptbot)"
104.22.57.40 - - [12/Jul/2026:23:34:34 +0200] "GET /outlet/232030423 HTTP/1.1" 404 243 "https://alg24info.com/?sitemap224.xml" "Mozilla/5.0 AppleWebKit/537.36 (KHTML, like Gecko; compatible; GPTBot/1.4; +https://openai.com/gptbot)"
104.22.57.40 - - [12/Jul/2026:23:35:39 +0200] "GET /outlet/149004522 HTTP/1.1" 404 243 "https://alg24info.com/?sitemap224.xml" "Mozilla/5.0 AppleWebKit/537.36 (KHTML, like Gecko; compatible; GPTBot/1.4; +https://openai.com/gptbot)"
104.23.170.16 - - [12/Jul/2026:23:36:26 +0200] "POST /wp-content/plugins/fix/7c18aade5e90.php HTTP/1.1" 200 16 "-" "Mozilla/5.0 (Windows NT 6.1) AppleWebKit/537.36 (KHTML, like Gecko) Chrome/56.0.2930.81 Safari/537.36"
172.71.183.181 - - [12/Jul/2026:23:36:38 +0200] "POST /wp-content/plugins/fix/7c18aade5e90.php HTTP/1.1" 200 9 "https://alg24info.com/wp-content/plugins/fix/7c18aade5e90.php" "Mozilla/5.0 (Windows NT 6.1) AppleWebKit/537.36 (KHTML, like Gecko) Chrome/56.0.2930.81 Safari/537.36"
172.71.183.181 - - [12/Jul/2026:23:36:38 +0200] "GET /wp-content/plugins/fix/599b23e661index.php HTTP/1.1" 200 4374 "https://alg24info.com/wp-content/plugins/fix/7c18aade5e90.php" "Mozilla/5.0 (Windows NT 6.1) AppleWebKit/537.36 (KHTML, like Gecko) Chrome/56.0.2930.81 Safari/537.36"
104.22.57.40 - - [12/Jul/2026:23:36:40 +0200] "GET /outlet/135022126 HTTP/1.1" 404 243 "https://alg24info.com/?sitemap224.xml" "Mozilla/5.0 AppleWebKit/537.36 (KHTML, like Gecko; compatible; GPTBot/1.4; +https://openai.com/gptbot)"
172.71.183.181 - - [12/Jul/2026:23:36:42 +0200] "GET /wp-content/plugins/fix/599b23e661index.php HTTP/1.1" 200 4377 "https://alg24info.com/wp-content/plugins/fix/599b23e661index.php" "Mozilla/5.0 (Windows NT 6.1) AppleWebKit/537.36 (KHTML, like Gecko) Chrome/56.0.2930.81 Safari/537.36"
172.71.183.181 - - [12/Jul/2026:23:36:42 +0200] "GET /wp-content/plugins/fix/599b23e661index.php HTTP/1.1" 200 4377 "https://alg24info.com/wp-content/plugins/fix/599b23e661index.php" "Mozilla/5.0 (Windows NT 6.1) AppleWebKit/537.36 (KHTML, like Gecko) Chrome/56.0.2930.81 Safari/537.36"
104.22.57.40 - - [12/Jul/2026:23:37:42 +0200] "GET /outlet/283048420 HTTP/1.1" 404 243 "https://alg24info.com/?sitemap344.xml" "Mozilla/5.0 AppleWebKit/537.36 (KHTML, like Gecko; compatible; GPTBot/1.4; +https://openai.com/gptbot)"
104.237.145.228 - - [12/Jul/2026:23:37:45 +0200] "GET / HTTP/1.1" 200 1848 "-" "Mozilla/5.0 (Macintosh; Intel Mac OS X 13_1) AppleWebKit/537.36 (KHTML, like Gecko) Chrome/108.0.0.0 Safari/537.36"
104.23.170.17 - - [12/Jul/2026:23:37:58 +0200] "GET /wp-content/plugins/fix/7c18aade5e90.php HTTP/1.1" 200 7 "-" "Mozilla/5.0 (Windows NT 5.1; Win64; x64) AppleWebKit/537.36 (KHTML, like Gecko) Chrome/54.0.2846.82 Safari/537.36"
104.23.170.17 - - [12/Jul/2026:23:37:59 +0200] "POST /wp-content/plugins/fix/7c18aade5e90.php HTTP/1.1" 200 123 "https://alg24info.com/wp-content/plugins/fix/7c18aade5e90.php" "Mozilla/5.0 (Windows NT 5.1; Win64; x64) AppleWebKit/537.36 (KHTML, like Gecko) Chrome/54.0.2846.82 Safari/537.36"
104.22.57.40 - - [12/Jul/2026:23:38:45 +0200] "GET /outlet/025012752 HTTP/1.1" 404 243 "https://alg24info.com/?sitemap600.xml" "Mozilla/5.0 AppleWebKit/537.36 (KHTML, like Gecko; compatible; GPTBot/1.4; +https://openai.com/gptbot)"
104.22.57.40 - - [12/Jul/2026:23:39:48 +0200] "GET /outlet/161011978 HTTP/1.1" 404 243 "https://alg24info.com/?sitemap224.xml" "Mozilla/5.0 AppleWebKit/537.36 (KHTML, like Gecko; compatible; GPTBot/1.4; +https://openai.com/gptbot)"
104.22.57.40 - - [12/Jul/2026:23:40:52 +0200] "GET /outlet/288049955 HTTP/1.1" 404 243 "https://alg24info.com/?sitemap344.xml" "Mozilla/5.0 AppleWebKit/537.36 (KHTML, like Gecko; compatible; GPTBot/1.4; +https://openai.com/gptbot)"
104.22.57.40 - - [12/Jul/2026:23:41:52 +0200] "GET /outlet/077047100 HTTP/1.1" 404 243 "https://alg24info.com/?sitemap344.xml" "Mozilla/5.0 AppleWebKit/537.36 (KHTML, like Gecko; compatible; GPTBot/1.4; +https://openai.com/gptbot)"
198.235.24.153 - - [12/Jul/2026:23:42:49 +0200] "GET / HTTP/1.1" 200 1848 "-" "Hello from Palo Alto Networks, find out more about our scans in https://docs-cortex.paloaltonetworks.com/r/1/Cortex-Xpanse/Scanning-activity"
104.22.57.40 - - [12/Jul/2026:23:42:54 +0200] "GET /outlet/033018066 HTTP/1.1" 404 243 "https://alg24info.com/?sitemap448.xml" "Mozilla/5.0 AppleWebKit/537.36 (KHTML, like Gecko; compatible; GPTBot/1.4; +https://openai.com/gptbot)"
104.23.197.85 - - [12/Jul/2026:23:43:55 +0200] "GET /robots.txt HTTP/1.1" 200 130 "-" "Mozilla/5.0 AppleWebKit/537.36 (KHTML, like Gecko; compatible; ClaudeBot/1.0; [email protected])"
104.23.243.17 - - [12/Jul/2026:23:43:56 +0200] "GET /goods.php HTTP/1.1" 404 243 "-" "Mozilla/5.0 AppleWebKit/537.36 (KHTML, like Gecko; compatible; ClaudeBot/1.0; [email protected])"
71.6.146.185 - - [12/Jul/2026:23:43:56 +0200] "GET / HTTP/1.1" 200 4963 "-" "Mozilla/5.0 (Windows NT 6.1) AppleWebKit/537.36 (KHTML, like Gecko) Chrome/41.0.2228.0 Safari/537.36"
71.6.146.185 - - [12/Jul/2026:23:43:56 +0200] "GET /robots.txt HTTP/1.1" 404 275 "-" "-"
104.22.57.40 - - [12/Jul/2026:23:43:57 +0200] "GET /outlet/263005904 HTTP/1.1" 404 243 "https://alg24info.com/?sitemap344.xml" "Mozilla/5.0 AppleWebKit/537.36 (KHTML, like Gecko; compatible; GPTBot/1.4; +https://openai.com/gptbot)"
71.6.146.185 - - [12/Jul/2026:23:43:57 +0200] "GET /sitemap.xml HTTP/1.1" 404 275 "-" "-"
71.6.146.185 - - [12/Jul/2026:23:43:58 +0200] "GET /.well-known/security.txt HTTP/1.1" 404 275 "-" "-"
104.22.72.45 - - [12/Jul/2026:23:44:13 +0200] "GET /robots.txt HTTP/1.1" 200 130 "-" "Mozilla/5.0 (compatible; DotBot/1.2; +https://opensiteexplorer.org/dotbot; [email protected])"
104.22.57.40 - - [12/Jul/2026:23:45:02 +0200] "GET /outlet/287004208 HTTP/1.1" 404 243 "https://alg24info.com/?sitemap224.xml" "Mozilla/5.0 AppleWebKit/537.36 (KHTML, like Gecko; compatible; GPTBot/1.4; +https://openai.com/gptbot)"
104.22.57.40 - - [12/Jul/2026:23:46:05 +0200] "GET /outlet/116045341 HTTP/1.1" 404 243 "https://alg24info.com/?sitemap741.xml" "Mozilla/5.0 AppleWebKit/537.36 (KHTML, like Gecko; compatible; GPTBot/1.4; +https://openai.com/gptbot)"
104.22.57.40 - - [12/Jul/2026:23:47:07 +0200] "GET /outlet/204025873 HTTP/1.1" 404 243 "https://alg24info.com/?sitemap600.xml" "Mozilla/5.0 AppleWebKit/537.36 (KHTML, like Gecko; compatible; GPTBot/1.4; +https://openai.com/gptbot)"
104.23.243.16 - - [12/Jul/2026:23:47:30 +0200] "GET / HTTP/1.1" 500 0 "-" "Mozilla/5.0 AppleWebKit/537.36 (KHTML, like Gecko; compatible; ClaudeBot/1.0; [email protected])"
43.166.253.94 - - [12/Jul/2026:23:48:09 +0200] "GET / HTTP/1.1" 200 1848 "-" "Mozilla/5.0 (iPhone; CPU iPhone OS 13_2_3 like Mac OS X) AppleWebKit/605.1.15 (KHTML, like Gecko) Version/13.0.3 Mobile/15E148 Safari/604.1"
104.22.57.40 - - [12/Jul/2026:23:48:10 +0200] "GET /outlet/055049432 HTTP/1.1" 404 243 "https://alg24info.com/?sitemap741.xml" "Mozilla/5.0 AppleWebKit/537.36 (KHTML, like Gecko; compatible; GPTBot/1.4; +https://openai.com/gptbot)"
104.22.57.40 - - [12/Jul/2026:23:49:12 +0200] "GET /outlet/015037504 HTTP/1.1" 404 243 "https://alg24info.com/?sitemap448.xml" "Mozilla/5.0 AppleWebKit/537.36 (KHTML, like Gecko; compatible; GPTBot/1.4; +https://openai.com/gptbot)"
104.22.57.40 - - [12/Jul/2026:23:50:16 +0200] "GET /outlet/277026380 HTTP/1.1" 404 243 "https://alg24info.com/?sitemap344.xml" "Mozilla/5.0 AppleWebKit/537.36 (KHTML, like Gecko; compatible; GPTBot/1.4; +https://openai.com/gptbot)"
104.22.57.40 - - [12/Jul/2026:23:51:17 +0200] "GET /outlet/074038961 HTTP/1.1" 404 243 "https://alg24info.com/?sitemap448.xml" "Mozilla/5.0 AppleWebKit/537.36 (KHTML, like Gecko; compatible; GPTBot/1.4; +https://openai.com/gptbot)"
104.22.57.40 - - [12/Jul/2026:23:52:18 +0200] "GET /outlet/153006806 HTTP/1.1" 404 243 "https://alg24info.com/?sitemap741.xml" "Mozilla/5.0 AppleWebKit/537.36 (KHTML, like Gecko; compatible; GPTBot/1.4; +https://openai.com/gptbot)"
172.70.50.93 - - [12/Jul/2026:23:52:31 +0200] "GET /.dj/index.php HTTP/1.1" 404 243 "-" "Mozilla/5.0 (Windows NT 10.0; Win64; x64) AppleWebKit/537.36 (KHTML, like Gecko) Chrome/120.0.0.0 Safari/537.36"
172.70.50.93 - - [12/Jul/2026:23:52:31 +0200] "GET /.tmb/ HTTP/1.1" 404 243 "-" "Mozilla/5.0 (Windows NT 10.0; Win64; x64) AppleWebKit/537.36 (KHTML, like Gecko) Chrome/120.0.0.0 Safari/537.36"
172.70.80.216 - - [12/Jul/2026:23:52:32 +0200] "GET /.trash7206/index.php HTTP/1.1" 404 243 "-" "Mozilla/5.0 (Windows NT 10.0; Win64; x64) AppleWebKit/537.36 (KHTML, like Gecko) Chrome/120.0.0.0 Safari/537.36"
172.70.50.93 - - [12/Jul/2026:23:52:32 +0200] "GET /.well-known/ HTTP/1.1" 404 243 "-" "Mozilla/5.0 (Windows NT 10.0; Win64; x64) AppleWebKit/537.36 (KHTML, like Gecko) Chrome/120.0.0.0 Safari/537.36"
172.70.50.93 - - [12/Jul/2026:23:52:32 +0200] "GET /.well-known/acme-challenge/ HTTP/1.1" 404 243 "-" "Mozilla/5.0 (Windows NT 10.0; Win64; x64) AppleWebKit/537.36 (KHTML, like Gecko) Chrome/120.0.0.0 Safari/537.36"
172.70.80.216 - - [12/Jul/2026:23:52:32 +0200] "GET /.well-known/gecko-litespeed.php HTTP/1.1" 404 243 "-" "Mozilla/5.0 (Windows NT 10.0; Win64; x64) AppleWebKit/537.36 (KHTML, like Gecko) Chrome/120.0.0.0 Safari/537.36"
172.70.50.93 - - [12/Jul/2026:23:52:32 +0200] "GET /.well-known/logs233/index.php HTTP/1.1" 404 243 "-" "Mozilla/5.0 (Windows NT 10.0; Win64; x64) AppleWebKit/537.36 (KHTML, like Gecko) Chrome/120.0.0.0 Safari/537.36"
172.70.50.93 - - [12/Jul/2026:23:52:32 +0200] "GET /.well-known/wp-cron.php HTTP/1.1" 404 243 "-" "Mozilla/5.0 (Windows NT 10.0; Win64; x64) AppleWebKit/537.36 (KHTML, like Gecko) Chrome/120.0.0.0 Safari/537.36"
172.70.80.216 - - [12/Jul/2026:23:52:33 +0200] "GET /0.kb-v3.php HTTP/1.1" 404 243 "-" "Mozilla/5.0 (Windows NT 10.0; Win64; x64) AppleWebKit/537.36 (KHTML, like Gecko) Chrome/120.0.0.0 Safari/537.36"
172.70.50.93 - - [12/Jul/2026:23:52:33 +0200] "GET /0.php HTTP/1.1" 404 243 "-" "Mozilla/5.0 (Windows NT 10.0; Win64; x64) AppleWebKit/537.36 (KHTML, like Gecko) Chrome/120.0.0.0 Safari/537.36"
172.70.50.93 - - [12/Jul/2026:23:52:33 +0200] "GET /002.php HTTP/1.1" 404 243 "-" "Mozilla/5.0 (Windows NT 10.0; Win64; x64) AppleWebKit/537.36 (KHTML, like Gecko) Chrome/120.0.0.0 Safari/537.36"
172.70.80.216 - - [12/Jul/2026:23:52:33 +0200] "GET /01.php HTTP/1.1" 404 243 "-" "Mozilla/5.0 (Windows NT 10.0; Win64; x64) AppleWebKit/537.36 (KHTML, like Gecko) Chrome/120.0.0.0 Safari/537.36"
172.70.50.93 - - [12/Jul/2026:23:52:33 +0200] "GET /0x.php HTTP/1.1" 404 243 "-" "Mozilla/5.0 (Windows NT 10.0; Win64; x64) AppleWebKit/537.36 (KHTML, like Gecko) Chrome/120.0.0.0 Safari/537.36"
172.70.50.93 - - [12/Jul/2026:23:52:33 +0200] "GET /1.php HTTP/1.1" 404 243 "-" "Mozilla/5.0 (Windows NT 10.0; Win64; x64) AppleWebKit/537.36 (KHTML, like Gecko) Chrome/120.0.0.0 Safari/537.36"
172.70.80.216 - - [12/Jul/2026:23:52:33 +0200] "GET /100.php HTTP/1.1" 404 243 "-" "Mozilla/5.0 (Windows NT 10.0; Win64; x64) AppleWebKit/537.36 (KHTML, like Gecko) Chrome/120.0.0.0 Safari/537.36"
172.70.50.93 - - [12/Jul/2026:23:52:33 +0200] "GET /122.php HTTP/1.1" 404 243 "-" "Mozilla/5.0 (Windows NT 10.0; Win64; x64) AppleWebKit/537.36 (KHTML, like Gecko) Chrome/120.0.0.0 Safari/537.36"
172.70.50.93 - - [12/Jul/2026:23:52:34 +0200] "GET /123.php HTTP/1.1" 404 243 "-" "Mozilla/5.0 (Windows NT 10.0; Win64; x64) AppleWebKit/537.36 (KHTML, like Gecko) Chrome/120.0.0.0 Safari/537.36"
172.70.50.93 - - [12/Jul/2026:23:52:34 +0200] "GET /13.php HTTP/1.1" 404 243 "-" "Mozilla/5.0 (Windows NT 10.0; Win64; x64) AppleWebKit/537.36 (KHTML, like Gecko) Chrome/120.0.0.0 Safari/537.36"
172.70.50.93 - - [12/Jul/2026:23:52:34 +0200] "GET /133.php HTTP/1.1" 404 243 "-" "Mozilla/5.0 (Windows NT 10.0; Win64; x64) AppleWebKit/537.36 (KHTML, like Gecko) Chrome/120.0.0.0 Safari/537.36"
172.70.50.93 - - [12/Jul/2026:23:52:34 +0200] "GET /155.php HTTP/1.1" 404 243 "-" "Mozilla/5.0 (Windows NT 10.0; Win64; x64) AppleWebKit/537.36 (KHTML, like Gecko) Chrome/120.0.0.0 Safari/537.36"
172.70.50.93 - - [12/Jul/2026:23:52:34 +0200] "GET /177.php HTTP/1.1" 404 243 "-" "Mozilla/5.0 (Windows NT 10.0; Win64; x64) AppleWebKit/537.36 (KHTML, like Gecko) Chrome/120.0.0.0 Safari/537.36"
172.70.50.93 - - [12/Jul/2026:23:52:34 +0200] "GET /1index.php HTTP/1.1" 404 243 "-" "Mozilla/5.0 (Windows NT 10.0; Win64; x64) AppleWebKit/537.36 (KHTML, like Gecko) Chrome/120.0.0.0 Safari/537.36"
172.70.50.93 - - [12/Jul/2026:23:52:34 +0200] "GET /2.php HTTP/1.1" 404 243 "-" "Mozilla/5.0 (Windows NT 10.0; Win64; x64) AppleWebKit/537.36 (KHTML, like Gecko) Chrome/120.0.0.0 Safari/537.36"
172.70.50.93 - - [12/Jul/2026:23:52:34 +0200] "GET /222.php HTTP/1.1" 404 243 "-" "Mozilla/5.0 (Windows NT 10.0; Win64; x64) AppleWebKit/537.36 (KHTML, like Gecko) Chrome/120.0.0.0 Safari/537.36"
172.70.50.93 - - [12/Jul/2026:23:52:35 +0200] "GET /2p.update.php HTTP/1.1" 404 243 "-" "Mozilla/5.0 (Windows NT 10.0; Win64; x64) AppleWebKit/537.36 (KHTML, like Gecko) Chrome/120.0.0.0 Safari/537.36"
172.70.50.93 - - [12/Jul/2026:23:52:35 +0200] "GET /3.php HTTP/1.1" 404 243 "-" "Mozilla/5.0 (Windows NT 10.0; Win64; x64) AppleWebKit/537.36 (KHTML, like Gecko) Chrome/120.0.0.0 Safari/537.36"
172.70.50.93 - - [12/Jul/2026:23:52:35 +0200] "GET /3pjcpmfsd8b.php HTTP/1.1" 404 243 "-" "Mozilla/5.0 (Windows NT 10.0; Win64; x64) AppleWebKit/537.36 (KHTML, like Gecko) Chrome/120.0.0.0 Safari/537.36"
172.70.50.93 - - [12/Jul/2026:23:52:35 +0200] "GET /403.php HTTP/1.1" 404 243 "-" "Mozilla/5.0 (Windows NT 10.0; Win64; x64) AppleWebKit/537.36 (KHTML, like Gecko) Chrome/120.0.0.0 Safari/537.36"
172.70.50.93 - - [12/Jul/2026:23:52:35 +0200] "GET /404.php HTTP/1.1" 404 243 "-" "Mozilla/5.0 (Windows NT 10.0; Win64; x64) AppleWebKit/537.36 (KHTML, like Gecko) Chrome/120.0.0.0 Safari/537.36"
104.22.57.40 - - [12/Jul/2026:23:53:18 +0200] "GET /outlet/062045405 HTTP/1.1" 404 243 "https://alg24info.com/?sitemap741.xml" "Mozilla/5.0 AppleWebKit/537.36 (KHTML, like Gecko; compatible; GPTBot/1.4; +https://openai.com/gptbot)"
104.22.57.40 - - [12/Jul/2026:23:54:18 +0200] "GET /outlet/242043525 HTTP/1.1" 404 243 "https://alg24info.com/?sitemap224.xml" "Mozilla/5.0 AppleWebKit/537.36 (KHTML, like Gecko; compatible; GPTBot/1.4; +https://openai.com/gptbot)"
104.23.168.29 - - [12/Jul/2026:23:54:29 +0200] "POST /wp-content/plugins/fix/7c18aade5e90.php HTTP/1.1" 200 16 "-" "Mozilla/5.0 (Windows NT 6.3; rv:49.0) Gecko/20100101 Firefox/49.0"
104.23.168.38 - - [12/Jul/2026:23:54:30 +0200] "POST /wp-content/plugins/fix/7c18aade5e90.php HTTP/1.1" 200 9 "https://alg24info.com/wp-content/plugins/fix/7c18aade5e90.php" "Mozilla/5.0 (Windows NT 6.3; rv:49.0) Gecko/20100101 Firefox/49.0"
104.23.168.29 - - [12/Jul/2026:23:54:30 +0200] "GET /wp-content/plugins/fix/0a5a3eb879index.php HTTP/1.1" 200 1772 "https://alg24info.com/wp-content/plugins/fix/7c18aade5e90.php" "Mozilla/5.0 (Windows NT 6.3; rv:49.0) Gecko/20100101 Firefox/49.0"
104.23.168.38 - - [12/Jul/2026:23:54:30 +0200] "GET /wp-content/plugins/fix/0a5a3eb879index.php HTTP/1.1" 200 1772 "https://alg24info.com/wp-content/plugins/fix/0a5a3eb879index.php" "Mozilla/5.0 (Windows NT 6.3; rv:49.0) Gecko/20100101 Firefox/49.0"
104.23.168.29 - - [12/Jul/2026:23:54:31 +0200] "GET /wp-content/plugins/fix/0a5a3eb879index.php HTTP/1.1" 200 1772 "https://alg24info.com/wp-content/plugins/fix/0a5a3eb879index.php" "Mozilla/5.0 (Windows NT 6.3; rv:49.0) Gecko/20100101 Firefox/49.0"
104.22.57.40 - - [12/Jul/2026:23:55:22 +0200] "GET /outlet/226013933 HTTP/1.1" 404 243 "https://alg24info.com/?sitemap448.xml" "Mozilla/5.0 AppleWebKit/537.36 (KHTML, like Gecko; compatible; GPTBot/1.4; +https://openai.com/gptbot)"
172.71.119.89 - - [12/Jul/2026:23:56:20 +0200] "GET /robots.txt HTTP/1.1" 200 130 "-" "Mozilla/5.0 (compatible; MJ12bot/v2.0.5; http://mj12bot.com/)"
172.69.222.29 - - [12/Jul/2026:23:56:21 +0200] "GET / HTTP/1.1" 500 0 "-" "Mozilla/5.0 (compatible; MJ12bot/v2.0.5; http://mj12bot.com/)"
104.22.57.40 - - [12/Jul/2026:23:56:26 +0200] "GET /outlet/003024956 HTTP/1.1" 404 243 "https://alg24info.com/?sitemap600.xml" "Mozilla/5.0 AppleWebKit/537.36 (KHTML, like Gecko; compatible; GPTBot/1.4; +https://openai.com/gptbot)"
172.69.9.54 - - [12/Jul/2026:23:56:52 +0200] "GET /wp-content/plugins/fix/7c18aade5e90.php HTTP/1.1" 200 7 "-" "Mozilla/5.0 (Macintosh; Intel Mac OS X 10.9; rv:46.0) Gecko/20100101 Firefox/46.0"
104.22.57.40 - - [12/Jul/2026:23:57:27 +0200] "GET /outlet/051031124 HTTP/1.1" 404 243 "https://alg24info.com/?sitemap741.xml" "Mozilla/5.0 AppleWebKit/537.36 (KHTML, like Gecko; compatible; GPTBot/1.4; +https://openai.com/gptbot)"
104.22.57.40 - - [12/Jul/2026:23:58:28 +0200] "GET /outlet/123017200 HTTP/1.1" 404 243 "https://alg24info.com/?sitemap448.xml" "Mozilla/5.0 AppleWebKit/537.36 (KHTML, like Gecko; compatible; GPTBot/1.4; +https://openai.com/gptbot)"
104.22.57.40 - - [12/Jul/2026:23:59:31 +0200] "GET /outlet/137036706 HTTP/1.1" 404 243 "https://alg24info.com/?sitemap600.xml" "Mozilla/5.0 AppleWebKit/537.36 (KHTML, like Gecko; compatible; GPTBot/1.4; +https://openai.com/gptbot)"
162.158.217.147 - - [13/Jul/2026:00:00:26 +0200] "POST /wp-content/plugins/fix/7c18aade5e90.php HTTP/1.1" 200 123 "https://alg24info.com/wp-content/plugins/fix/7c18aade5e90.php" "Mozilla/5.0 (Macintosh; Intel Mac OS X 10.9; rv:46.0) Gecko/20100101 Firefox/46.0"
104.22.57.40 - - [13/Jul/2026:00:00:37 +0200] "GET /outlet/248040671 HTTP/1.1" 404 243 "https://alg24info.com/?sitemap600.xml" "Mozilla/5.0 AppleWebKit/537.36 (KHTML, like Gecko; compatible; GPTBot/1.4; +https://openai.com/gptbot)"
104.22.57.40 - - [13/Jul/2026:00:01:43 +0200] "GET /outlet/242040651 HTTP/1.1" 404 243 "https://alg24info.com/?sitemap600.xml" "Mozilla/5.0 AppleWebKit/537.36 (KHTML, like Gecko; compatible; GPTBot/1.4; +https://openai.com/gptbot)"
104.22.57.40 - - [13/Jul/2026:00:02:45 +0200] "GET /outlet/011036408 HTTP/1.1" 404 243 "https://alg24info.com/?sitemap344.xml" "Mozilla/5.0 AppleWebKit/537.36 (KHTML, like Gecko; compatible; GPTBot/1.4; +https://openai.com/gptbot)"
104.22.57.40 - - [13/Jul/2026:00:03:50 +0200] "GET /outlet/256020429 HTTP/1.1" 404 243 "https://alg24info.com/?sitemap600.xml" "Mozilla/5.0 AppleWebKit/537.36 (KHTML, like Gecko; compatible; GPTBot/1.4; +https://openai.com/gptbot)"
78.153.140.93 - - [13/Jul/2026:00:04:22 +0200] "GET /.env HTTP/1.1" 404 244 "-" "Mozilla/5.0 (Windows NT 10.0; Win64; x64) AppleWebKit/537.36 (KHTML, like Gecko) Chrome/116.0.5845.140 Safari/537.36"
78.153.140.93 - - [13/Jul/2026:00:04:22 +0200] "POST / HTTP/1.1" 200 1848 "-" "Mozilla/5.0 (Windows NT 10.0; Win64; x64) AppleWebKit/537.36 (KHTML, like Gecko) Chrome/116.0.5845.140 Safari/537.36"
104.22.57.40 - - [13/Jul/2026:00:04:53 +0200] "GET /outlet/121017814 HTTP/1.1" 404 243 "https://alg24info.com/?sitemap600.xml" "Mozilla/5.0 AppleWebKit/537.36 (KHTML, like Gecko; compatible; GPTBot/1.4; +https://openai.com/gptbot)"
104.22.57.40 - - [13/Jul/2026:00:05:53 +0200] "GET /outlet/291010842 HTTP/1.1" 404 243 "https://alg24info.com/?sitemap448.xml" "Mozilla/5.0 AppleWebKit/537.36 (KHTML, like Gecko; compatible; GPTBot/1.4; +https://openai.com/gptbot)"
89.34.96.151 - - [13/Jul/2026:00:06:41 +0200] "\x16\x03\x01\x00\xF1\x01\x00\x00\xED\x03\x03\xE4I/8/\xDD-\xFB:\xBB=9\x12.E\xB7\xA9\x0B/\x18\x9E\xAF\x8C\xB5\xDD&\xA6*\x00\xC9N\x92 \x83\xA0\xF3\xA2\xC8\x1B\xB3ZL\xDB3\xFA\x7Fj{\x8F\xC9/+N\xC3\x85Utc9{\x88\x0Ew\x03/\x00,\x13\x02\x13\x01\xC0,\xC0+\xC00\xC0/\x00\x9F\x00\x9E\xC0$\xC0#\xC0(\xC0'\xC0" 400 182 "-" "-"
89.34.96.151 - - [13/Jul/2026:00:06:42 +0200] "GET / HTTP/1.1" 200 1848 "-" "Mozilla/5.0"
89.34.96.151 - - [13/Jul/2026:00:06:44 +0200] "GET / HTTP/1.1" 200 1848 "-" "Mozilla/5.0"
172.71.146.240 - - [13/Jul/2026:00:06:48 +0200] "GET /index.php/2020/06/12/%D8%A7%D9%84%D8%A8%D9%86%D8%AA%D8%A7%D8%BA%D9%88%D9%86-%D9%8A%D8%A4%D8%AC%D9%84-%D8%A5%D8%B7%D9%84%D8%A7%D9%82-3-%D8%A3%D9%82%D9%85%D8%A7%D8%B1-%D8%B5%D9%86%D8%A7%D8%B9%D9%8A%D8%A9-%D9%84%D9%84%D8%AA/ HTTP/1.1" 500 0 "-" "Mozilla/5.0 (compatible; DotBot/1.2; +https://opensiteexplorer.org/dotbot; [email protected])"
104.22.57.40 - - [13/Jul/2026:00:06:55 +0200] "GET /outlet/219010628 HTTP/1.1" 404 243 "https://alg24info.com/?sitemap224.xml" "Mozilla/5.0 AppleWebKit/537.36 (KHTML, like Gecko; compatible; GPTBot/1.4; +https://openai.com/gptbot)"
172.71.146.240 - - [13/Jul/2026:00:07:48 +0200] "GET /index.php/2020/07/10/%D8%A7%D9%84%D9%82%D8%B6%D8%A7%D8%A1-%D8%A7%D9%84%D8%AA%D8%B1%D9%83%D9%8A-%D9%8A%D9%84%D8%BA%D9%8A-%D9%82%D8%B1%D8%A7%D8%B1-%D8%AA%D8%AD%D9%88%D9%8A%D9%84-%D9%85%D8%B3%D8%AC%D8%AF-%D8%A2%D9%8A%D8%A7/ HTTP/1.1" 500 0 "-" "Mozilla/5.0 (compatible; DotBot/1.2; +https://opensiteexplorer.org/dotbot; [email protected])"
104.22.57.40 - - [13/Jul/2026:00:08:00 +0200] "GET /outlet/202005537 HTTP/1.1" 404 243 "https://alg24info.com/?sitemap344.xml" "Mozilla/5.0 AppleWebKit/537.36 (KHTML, like Gecko; compatible; GPTBot/1.4; +https://openai.com/gptbot)"
162.158.42.76 - - [13/Jul/2026:00:08:18 +0200] "GET /index.php/2020/06/08/%D8%AA%D8%B0%D8%A8%D8%B0%D8%A8-%D9%81%D9%8A-%D8%A7%D9%84%D8%AA%D8%B2%D9%88%D9%8A%D8%AF-%D8%A8%D8%A7%D9%84%D9%83%D9%87%D8%B1%D8%A8%D8%A7%D8%A1-%D9%81%D9%8A-%D8%A8%D8%B9%D8%B6-%D8%A8%D9%84%D8%AF%D9%8A/ HTTP/1.1" 500 0 "-" "Mozilla/5.0 (compatible; DotBot/1.2; +https://opensiteexplorer.org/dotbot; [email protected])"
104.22.57.40 - - [13/Jul/2026:00:09:00 +0200] "GET /outlet/252002161 HTTP/1.1" 404 243 "https://alg24info.com/?sitemap344.xml" "Mozilla/5.0 AppleWebKit/537.36 (KHTML, like Gecko; compatible; GPTBot/1.4; +https://openai.com/gptbot)"
172.71.8.69 - - [13/Jul/2026:00:09:19 +0200] "GET / HTTP/1.1" 500 0 "-" "Mozilla/5.0 (iPhone; CPU iPhone OS 13_2_3 like Mac OS X) AppleWebKit/605.1.15 (KHTML, like Gecko) Version/13.0.3 Mobile/15E148 Safari/604.1"
104.22.57.40 - - [13/Jul/2026:00:10:03 +0200] "GET /outlet/215038934 HTTP/1.1" 404 243 "https://alg24info.com/?sitemap344.xml" "Mozilla/5.0 AppleWebKit/537.36 (KHTML, like Gecko; compatible; GPTBot/1.4; +https://openai.com/gptbot)"
172.70.248.33 - - [13/Jul/2026:00:10:16 +0200] "POST /wp-content/plugins/fix/7c18aade5e90.php HTTP/1.1" 200 16 "-" "Mozilla/5.0 (Macintosh; Intel Mac OS X 10.12; rv:46.0) Gecko/20100101 Firefox/46.0"
172.70.248.33 - - [13/Jul/2026:00:10:17 +0200] "POST /wp-content/plugins/fix/7c18aade5e90.php HTTP/1.1" 200 9 "https://alg24info.com/wp-content/plugins/fix/7c18aade5e90.php" "Mozilla/5.0 (Macintosh; Intel Mac OS X 10.12; rv:46.0) Gecko/20100101 Firefox/46.0"
172.71.144.67 - - [13/Jul/2026:00:10:27 +0200] "GET /wp-content/plugins/fix/599b23e661index.php HTTP/1.1" 200 4383 "https://alg24info.com/wp-content/plugins/fix/7c18aade5e90.php" "Mozilla/5.0 (Macintosh; Intel Mac OS X 10.12; rv:46.0) Gecko/20100101 Firefox/46.0"
172.71.144.67 - - [13/Jul/2026:00:10:27 +0200] "GET /wp-content/plugins/fix/599b23e661index.php HTTP/1.1" 200 4383 "https://alg24info.com/wp-content/plugins/fix/599b23e661index.php" "Mozilla/5.0 (Macintosh; Intel Mac OS X 10.12; rv:46.0) Gecko/20100101 Firefox/46.0"
172.71.144.67 - - [13/Jul/2026:00:10:27 +0200] "GET /wp-content/plugins/fix/599b23e661index.php HTTP/1.1" 200 4383 "https://alg24info.com/wp-content/plugins/fix/599b23e661index.php" "Mozilla/5.0 (Macintosh; Intel Mac OS X 10.12; rv:46.0) Gecko/20100101 Firefox/46.0"
104.22.57.40 - - [13/Jul/2026:00:11:04 +0200] "GET /outlet/055034598 HTTP/1.1" 404 243 "https://alg24info.com/?sitemap741.xml" "Mozilla/5.0 AppleWebKit/537.36 (KHTML, like Gecko; compatible; GPTBot/1.4; +https://openai.com/gptbot)"
104.22.72.27 - - [13/Jul/2026:00:11:26 +0200] "GET /wp-content/uploads/2019/10/gallery_vertical_1_col_thumb_7_nail_polish_you_should_buy_this_winter_2020_fustany_image_4-1.jpg HTTP/1.1" 200 20014 "-" "Mozilla/5.0 (compatible; DotBot/1.2; +https://opensiteexplorer.org/dotbot; [email protected])"
104.22.57.40 - - [13/Jul/2026:00:12:06 +0200] "GET /outlet/295039904 HTTP/1.1" 404 243 "https://alg24info.com/?sitemap600.xml" "Mozilla/5.0 AppleWebKit/537.36 (KHTML, like Gecko; compatible; GPTBot/1.4; +https://openai.com/gptbot)"
104.22.57.40 - - [13/Jul/2026:00:13:09 +0200] "GET /outlet/066007113 HTTP/1.1" 404 243 "https://alg24info.com/?sitemap344.xml" "Mozilla/5.0 AppleWebKit/537.36 (KHTML, like Gecko; compatible; GPTBot/1.4; +https://openai.com/gptbot)"
78.153.140.250 - - [13/Jul/2026:00:14:08 +0200] "GET /.env HTTP/1.1" 404 244 "-" "Mozilla/5.0 (Windows NT 10.0; Win64; x64) AppleWebKit/537.36 (KHTML, like Gecko) Chrome/116.0.5845.140 Safari/537.36"
78.153.140.250 - - [13/Jul/2026:00:14:09 +0200] "POST / HTTP/1.1" 200 1848 "-" "Mozilla/5.0 (Windows NT 10.0; Win64; x64) AppleWebKit/537.36 (KHTML, like Gecko) Chrome/116.0.5845.140 Safari/537.36"
104.22.57.40 - - [13/Jul/2026:00:14:11 +0200] "GET /outlet/198037691 HTTP/1.1" 404 243 "https://alg24info.com/?sitemap344.xml" "Mozilla/5.0 AppleWebKit/537.36 (KHTML, like Gecko; compatible; GPTBot/1.4; +https://openai.com/gptbot)"
172.69.238.132 - - [13/Jul/2026:00:14:51 +0200] "POST /wp-admin/admin-ajax.php HTTP/1.1" 500 0 "-" "Python/3.13 aiohttp/3.14.1"
172.69.238.148 - - [13/Jul/2026:00:14:51 +0200] "POST / HTTP/1.1" 500 0 "-" "Python/3.13 aiohttp/3.14.1"
172.69.238.132 - - [13/Jul/2026:00:14:52 +0200] "POST /wp-admin/admin-ajax.php HTTP/1.1" 500 0 "-" "Python/3.13 aiohttp/3.14.1"
172.69.238.132 - - [13/Jul/2026:00:14:52 +0200] "POST / HTTP/1.1" 500 0 "-" "Python/3.13 aiohttp/3.14.1"
172.69.238.132 - - [13/Jul/2026:00:14:53 +0200] "POST /wp-admin/admin-ajax.php HTTP/1.1" 500 0 "-" "Python/3.13 aiohttp/3.14.1"
172.69.238.132 - - [13/Jul/2026:00:14:53 +0200] "POST / HTTP/1.1" 500 0 "-" "Python/3.13 aiohttp/3.14.1"
172.69.238.132 - - [13/Jul/2026:00:14:53 +0200] "POST /wp-admin/admin-ajax.php HTTP/1.1" 500 0 "-" "Python/3.13 aiohttp/3.14.1"
172.69.238.132 - - [13/Jul/2026:00:14:53 +0200] "POST / HTTP/1.1" 500 0 "-" "Python/3.13 aiohttp/3.14.1"
104.22.57.40 - - [13/Jul/2026:00:15:17 +0200] "GET /outlet/110029387 HTTP/1.1" 404 243 "https://alg24info.com/?sitemap600.xml" "Mozilla/5.0 AppleWebKit/537.36 (KHTML, like Gecko; compatible; GPTBot/1.4; +https://openai.com/gptbot)"
104.22.57.40 - - [13/Jul/2026:00:16:20 +0200] "GET /outlet/092030041 HTTP/1.1" 404 243 "https://alg24info.com/?sitemap448.xml" "Mozilla/5.0 AppleWebKit/537.36 (KHTML, like Gecko; compatible; GPTBot/1.4; +https://openai.com/gptbot)"
104.22.57.40 - - [13/Jul/2026:00:17:21 +0200] "GET /outlet/091031198 HTTP/1.1" 404 243 "https://alg24info.com/?sitemap344.xml" "Mozilla/5.0 AppleWebKit/537.36 (KHTML, like Gecko; compatible; GPTBot/1.4; +https://openai.com/gptbot)"
104.22.57.40 - - [13/Jul/2026:00:18:25 +0200] "GET /outlet/045016604 HTTP/1.1" 404 243 "https://alg24info.com/?sitemap741.xml" "Mozilla/5.0 AppleWebKit/537.36 (KHTML, like Gecko; compatible; GPTBot/1.4; +https://openai.com/gptbot)"
104.22.57.40 - - [13/Jul/2026:00:19:29 +0200] "GET /outlet/167014606 HTTP/1.1" 404 243 "https://alg24info.com/?sitemap600.xml" "Mozilla/5.0 AppleWebKit/537.36 (KHTML, like Gecko; compatible; GPTBot/1.4; +https://openai.com/gptbot)"
104.22.57.40 - - [13/Jul/2026:00:20:29 +0200] "GET /outlet/295028494 HTTP/1.1" 404 243 "https://alg24info.com/?sitemap448.xml" "Mozilla/5.0 AppleWebKit/537.36 (KHTML, like Gecko; compatible; GPTBot/1.4; +https://openai.com/gptbot)"
104.22.57.40 - - [13/Jul/2026:00:21:34 +0200] "GET /outlet/218007761 HTTP/1.1" 404 243 "https://alg24info.com/?sitemap600.xml" "Mozilla/5.0 AppleWebKit/537.36 (KHTML, like Gecko; compatible; GPTBot/1.4; +https://openai.com/gptbot)"
104.22.57.40 - - [13/Jul/2026:00:22:39 +0200] "GET /outlet/178030541 HTTP/1.1" 404 243 "https://alg24info.com/?sitemap600.xml" "Mozilla/5.0 AppleWebKit/537.36 (KHTML, like Gecko; compatible; GPTBot/1.4; +https://openai.com/gptbot)"
104.22.57.40 - - [13/Jul/2026:00:23:44 +0200] "GET /outlet/008023579 HTTP/1.1" 404 243 "https://alg24info.com/?sitemap448.xml" "Mozilla/5.0 AppleWebKit/537.36 (KHTML, like Gecko; compatible; GPTBot/1.4; +https://openai.com/gptbot)"
172.68.150.218 - - [13/Jul/2026:00:23:48 +0200] "GET /wp-content/x41e411/index.php HTTP/1.1" 200 0 "https://alg24info.com/wp-content/x41e411/index.php" "Mozilla/5.0 (Windows NT 6.1; WOW64; rv:9.0.1) Gecko/20100101 Firefox/9.0.1"
104.22.57.40 - - [13/Jul/2026:00:24:50 +0200] "GET /outlet/067046148 HTTP/1.1" 404 243 "https://alg24info.com/?sitemap344.xml" "Mozilla/5.0 AppleWebKit/537.36 (KHTML, like Gecko; compatible; GPTBot/1.4; +https://openai.com/gptbot)"
162.158.154.175 - - [13/Jul/2026:00:25:40 +0200] "POST /wp-login.php HTTP/1.1" 404 243 "http://alg24info.com/wp-admin/" "Mozilla/5.0 (Windows NT 10.0; Win64; x64) AppleWebKit/537.36 (KHTML, like Gecko) Chrome/90.0.4430.85 Safari/537.36"
162.158.154.175 - - [13/Jul/2026:00:25:40 +0200] "GET /wp-admin/ HTTP/1.1" 500 0 "www.google.com" "Mozilla/5.0 (Windows NT 10.0; Win64; x64) AppleWebKit/537.36 (KHTML, like Gecko) Chrome/90.0.4430.85 Safari/537.36"
104.22.57.40 - - [13/Jul/2026:00:25:54 +0200] "GET /outlet/255031198 HTTP/1.1" 404 243 "https://alg24info.com/?sitemap741.xml" "Mozilla/5.0 AppleWebKit/537.36 (KHTML, like Gecko; compatible; GPTBot/1.4; +https://openai.com/gptbot)"
104.23.239.16 - - [13/Jul/2026:00:26:11 +0200] "POST /wp-content/plugins/fix/7c18aade5e90.php HTTP/1.1" 200 16 "-" "Mozilla/5.0 (Macintosh; Intel Mac OS X 10.11; rv:49.0) Gecko/20100101 Firefox/49.0"
104.23.239.123 - - [13/Jul/2026:00:26:11 +0200] "POST /wp-content/plugins/fix/7c18aade5e90.php HTTP/1.1" 200 9 "https://alg24info.com/wp-content/plugins/fix/7c18aade5e90.php" "Mozilla/5.0 (Macintosh; Intel Mac OS X 10.11; rv:49.0) Gecko/20100101 Firefox/49.0"
104.23.239.123 - - [13/Jul/2026:00:26:11 +0200] "GET /wp-content/plugins/fix/0a5a3eb879index.php HTTP/1.1" 200 1772 "https://alg24info.com/wp-content/plugins/fix/7c18aade5e90.php" "Mozilla/5.0 (Macintosh; Intel Mac OS X 10.11; rv:49.0) Gecko/20100101 Firefox/49.0"
104.23.239.123 - - [13/Jul/2026:00:26:11 +0200] "GET /wp-content/plugins/fix/0a5a3eb879index.php HTTP/1.1" 200 1772 "https://alg24info.com/wp-content/plugins/fix/0a5a3eb879index.php" "Mozilla/5.0 (Macintosh; Intel Mac OS X 10.11; rv:49.0) Gecko/20100101 Firefox/49.0"
104.23.239.123 - - [13/Jul/2026:00:26:11 +0200] "GET /wp-content/plugins/fix/0a5a3eb879index.php HTTP/1.1" 200 1772 "https://alg24info.com/wp-content/plugins/fix/0a5a3eb879index.php" "Mozilla/5.0 (Macintosh; Intel Mac OS X 10.11; rv:49.0) Gecko/20100101 Firefox/49.0"
104.22.57.40 - - [13/Jul/2026:00:26:56 +0200] "GET /outlet/172028085 HTTP/1.1" 404 243 "https://alg24info.com/?sitemap741.xml" "Mozilla/5.0 AppleWebKit/537.36 (KHTML, like Gecko; compatible; GPTBot/1.4; +https://openai.com/gptbot)"
104.22.57.39 - - [13/Jul/2026:00:28:02 +0200] "GET /outlet/298021167 HTTP/1.1" 404 243 "https://alg24info.com/?sitemap344.xml" "Mozilla/5.0 AppleWebKit/537.36 (KHTML, like Gecko; compatible; GPTBot/1.4; +https://openai.com/gptbot)"
104.22.57.39 - - [13/Jul/2026:00:29:02 +0200] "GET /outlet/149039716 HTTP/1.1" 404 243 "https://alg24info.com/?sitemap448.xml" "Mozilla/5.0 AppleWebKit/537.36 (KHTML, like Gecko; compatible; GPTBot/1.4; +https://openai.com/gptbot)"
104.22.57.39 - - [13/Jul/2026:00:30:04 +0200] "GET /outlet/295048582 HTTP/1.1" 404 243 "https://alg24info.com/?sitemap344.xml" "Mozilla/5.0 AppleWebKit/537.36 (KHTML, like Gecko; compatible; GPTBot/1.4; +https://openai.com/gptbot)"
104.22.57.39 - - [13/Jul/2026:00:31:10 +0200] "GET /outlet/079016228 HTTP/1.1" 404 243 "https://alg24info.com/?sitemap344.xml" "Mozilla/5.0 AppleWebKit/537.36 (KHTML, like Gecko; compatible; GPTBot/1.4; +https://openai.com/gptbot)"
104.22.57.39 - - [13/Jul/2026:00:32:15 +0200] "GET /outlet/029007446 HTTP/1.1" 404 243 "https://alg24info.com/?sitemap224.xml" "Mozilla/5.0 AppleWebKit/537.36 (KHTML, like Gecko; compatible; GPTBot/1.4; +https://openai.com/gptbot)"
104.23.170.16 - - [13/Jul/2026:00:33:16 +0200] "POST /wp-content/plugins/fix/7c18aade5e90.php HTTP/1.1" 200 16 "-" "Mozilla/5.0 (Windows NT 5.1; WOW64; rv:49.0) Gecko/20100101 Firefox/49.0"
104.23.170.173 - - [13/Jul/2026:00:33:17 +0200] "POST /wp-content/plugins/fix/7c18aade5e90.php HTTP/1.1" 200 9 "https://alg24info.com/wp-content/plugins/fix/7c18aade5e90.php" "Mozilla/5.0 (Windows NT 5.1; WOW64; rv:49.0) Gecko/20100101 Firefox/49.0"
104.22.57.39 - - [13/Jul/2026:00:33:17 +0200] "GET /outlet/121020442 HTTP/1.1" 404 243 "https://alg24info.com/?sitemap600.xml" "Mozilla/5.0 AppleWebKit/537.36 (KHTML, like Gecko; compatible; GPTBot/1.4; +https://openai.com/gptbot)"
104.23.170.173 - - [13/Jul/2026:00:33:18 +0200] "GET /wp-content/plugins/fix/599b23e661index.php HTTP/1.1" 200 4385 "https://alg24info.com/wp-content/plugins/fix/7c18aade5e90.php" "Mozilla/5.0 (Windows NT 5.1; WOW64; rv:49.0) Gecko/20100101 Firefox/49.0"
104.23.170.16 - - [13/Jul/2026:00:33:19 +0200] "GET /wp-content/plugins/fix/599b23e661index.php HTTP/1.1" 200 4385 "https://alg24info.com/wp-content/plugins/fix/599b23e661index.php" "Mozilla/5.0 (Windows NT 5.1; WOW64; rv:49.0) Gecko/20100101 Firefox/49.0"
104.23.170.173 - - [13/Jul/2026:00:33:19 +0200] "GET /wp-content/plugins/fix/599b23e661index.php HTTP/1.1" 200 4385 "https://alg24info.com/wp-content/plugins/fix/599b23e661index.php" "Mozilla/5.0 (Windows NT 5.1; WOW64; rv:49.0) Gecko/20100101 Firefox/49.0"
72.14.178.148 - - [13/Jul/2026:00:33:35 +0200] "GET / HTTP/1.1" 400 280 "-" "Mozilla/5.0 zgrab/0.x"
