45.79.207.181 - - [13/Jul/2026:00:34:04 +0200] "GET / HTTP/1.1" 200 1848 "-" "Mozilla/5.0 zgrab/0.x"
104.22.57.39 - - [13/Jul/2026:00:34:20 +0200] "GET /outlet/145045160 HTTP/1.1" 404 243 "https://alg24info.com/?sitemap344.xml" "Mozilla/5.0 AppleWebKit/537.36 (KHTML, like Gecko; compatible; GPTBot/1.4; +https://openai.com/gptbot)"
172.71.167.235 - - [13/Jul/2026:00:34:21 +0200] "GET /wp-content/uploads/cache/constitution-6vo9cbt72t31rubcs8zt6sayxhsl1v7c2u7alzmqdvv.jpeg HTTP/1.1" 200 7795 "-" "Mozilla/5.0 (compatible; crawler)"
172.234.217.192 - - [13/Jul/2026:00:35:13 +0200] "GET / HTTP/1.1" 200 1848 "-" "Mozilla/5.0 (Macintosh; Intel Mac OS X 13_1) AppleWebKit/537.36 (KHTML, like Gecko) Chrome/108.0.0.0 Safari/537.36"
104.22.57.39 - - [13/Jul/2026:00:35:21 +0200] "GET /outlet/037009852 HTTP/1.1" 404 243 "https://alg24info.com/?sitemap224.xml" "Mozilla/5.0 AppleWebKit/537.36 (KHTML, like Gecko; compatible; GPTBot/1.4; +https://openai.com/gptbot)"
45.79.181.223 - - [13/Jul/2026:00:35:26 +0200] "GET / HTTP/1.1" 200 1848 "-" "Mozilla/5.0 (Macintosh; Intel Mac OS X 13_1) AppleWebKit/537.36 (KHTML, like Gecko) Chrome/108.0.0.0 Safari/537.36"
104.22.57.39 - - [13/Jul/2026:00:36:23 +0200] "GET /outlet/279025690 HTTP/1.1" 404 243 "https://alg24info.com/?sitemap344.xml" "Mozilla/5.0 AppleWebKit/537.36 (KHTML, like Gecko; compatible; GPTBot/1.4; +https://openai.com/gptbot)"
104.22.57.39 - - [13/Jul/2026:00:37:29 +0200] "GET /outlet/171033924 HTTP/1.1" 404 243 "https://alg24info.com/?sitemap448.xml" "Mozilla/5.0 AppleWebKit/537.36 (KHTML, like Gecko; compatible; GPTBot/1.4; +https://openai.com/gptbot)"
104.23.195.90 - - [13/Jul/2026:00:38:26 +0200] "GET / HTTP/1.1" 500 0 "-" "Mozilla/5.0 (Windows NT 10.0; Win64; x64; rv:124.0) Gecko/20100101 Firefox/124.0"
198.41.227.132 - - [13/Jul/2026:00:38:27 +0200] "GET /favicon.ico HTTP/1.1" 404 243 "-" "Mozilla/5.0 (Windows NT 10.0; Win64; x64; rv:124.0) Gecko/20100101 Firefox/124.0"
104.22.57.39 - - [13/Jul/2026:00:38:33 +0200] "GET /outlet/053021366 HTTP/1.1" 404 243 "https://alg24info.com/?sitemap448.xml" "Mozilla/5.0 AppleWebKit/537.36 (KHTML, like Gecko; compatible; GPTBot/1.4; +https://openai.com/gptbot)"
104.22.57.40 - - [13/Jul/2026:00:39:39 +0200] "GET /outlet/164038101 HTTP/1.1" 404 243 "https://alg24info.com/?sitemap224.xml" "Mozilla/5.0 AppleWebKit/537.36 (KHTML, like Gecko; compatible; GPTBot/1.4; +https://openai.com/gptbot)"
104.22.57.40 - - [13/Jul/2026:00:40:44 +0200] "GET /outlet/231037974 HTTP/1.1" 404 243 "https://alg24info.com/?sitemap600.xml" "Mozilla/5.0 AppleWebKit/537.36 (KHTML, like Gecko; compatible; GPTBot/1.4; +https://openai.com/gptbot)"
104.22.57.40 - - [13/Jul/2026:00:41:48 +0200] "GET /outlet/089007848 HTTP/1.1" 404 243 "https://alg24info.com/?sitemap448.xml" "Mozilla/5.0 AppleWebKit/537.36 (KHTML, like Gecko; compatible; GPTBot/1.4; +https://openai.com/gptbot)"
104.22.57.40 - - [13/Jul/2026:00:42:49 +0200] "GET /outlet/101040204 HTTP/1.1" 404 243 "https://alg24info.com/?sitemap344.xml" "Mozilla/5.0 AppleWebKit/537.36 (KHTML, like Gecko; compatible; GPTBot/1.4; +https://openai.com/gptbot)"
104.22.57.40 - - [13/Jul/2026:00:43:52 +0200] "GET /outlet/151026386 HTTP/1.1" 404 243 "https://alg24info.com/?sitemap600.xml" "Mozilla/5.0 AppleWebKit/537.36 (KHTML, like Gecko; compatible; GPTBot/1.4; +https://openai.com/gptbot)"
104.22.57.40 - - [13/Jul/2026:00:44:56 +0200] "GET /outlet/243027764 HTTP/1.1" 404 243 "https://alg24info.com/?sitemap224.xml" "Mozilla/5.0 AppleWebKit/537.36 (KHTML, like Gecko; compatible; GPTBot/1.4; +https://openai.com/gptbot)"
104.22.57.40 - - [13/Jul/2026:00:45:59 +0200] "GET /outlet/103002558 HTTP/1.1" 404 243 "https://alg24info.com/?sitemap600.xml" "Mozilla/5.0 AppleWebKit/537.36 (KHTML, like Gecko; compatible; GPTBot/1.4; +https://openai.com/gptbot)"
104.22.57.40 - - [13/Jul/2026:00:47:04 +0200] "GET /outlet/256029705 HTTP/1.1" 404 243 "https://alg24info.com/?sitemap224.xml" "Mozilla/5.0 AppleWebKit/537.36 (KHTML, like Gecko; compatible; GPTBot/1.4; +https://openai.com/gptbot)"
172.68.22.24 - - [13/Jul/2026:00:47:24 +0200] "GET /index.php/category/%D9%81%D8%B6%D8%A7%D8%A1-%D8%A7%D9%84%D9%85%D8%B1%D8%A3%D8%A9/ HTTP/1.1" 500 0 "-" "Mozilla/5.0 (compatible; DotBot/1.2; +https://opensiteexplorer.org/dotbot; [email protected])"
104.22.57.40 - - [13/Jul/2026:00:48:07 +0200] "GET /outlet/175034880 HTTP/1.1" 404 243 "https://alg24info.com/?sitemap224.xml" "Mozilla/5.0 AppleWebKit/537.36 (KHTML, like Gecko; compatible; GPTBot/1.4; +https://openai.com/gptbot)"
162.158.162.53 - - [13/Jul/2026:00:48:24 +0200] "GET /robots.txt HTTP/1.1" 200 130 "-" "Mozilla/5.0 (Linux; Android 5.0) AppleWebKit/537.36 (KHTML, like Gecko) Mobile Safari/537.36 (compatible; Bytespider; [email protected])"
104.22.57.40 - - [13/Jul/2026:00:49:12 +0200] "GET /outlet/181016694 HTTP/1.1" 404 243 "https://alg24info.com/?sitemap741.xml" "Mozilla/5.0 AppleWebKit/537.36 (KHTML, like Gecko; compatible; GPTBot/1.4; +https://openai.com/gptbot)"
104.22.57.40 - - [13/Jul/2026:00:50:14 +0200] "GET /outlet/075024930 HTTP/1.1" 404 243 "https://alg24info.com/?sitemap741.xml" "Mozilla/5.0 AppleWebKit/537.36 (KHTML, like Gecko; compatible; GPTBot/1.4; +https://openai.com/gptbot)"
104.22.57.40 - - [13/Jul/2026:00:51:16 +0200] "GET /outlet/256028593 HTTP/1.1" 404 243 "https://alg24info.com/?sitemap448.xml" "Mozilla/5.0 AppleWebKit/537.36 (KHTML, like Gecko; compatible; GPTBot/1.4; +https://openai.com/gptbot)"
172.69.22.83 - - [13/Jul/2026:00:52:08 +0200] "GET / HTTP/1.1" 500 0 "-" "Mozilla/5.0 (iPhone; CPU iPhone OS 13_2_3 like Mac OS X) AppleWebKit/605.1.15 (KHTML, like Gecko) Version/13.0.3 Mobile/15E148 Safari/604.1"
104.22.57.40 - - [13/Jul/2026:00:52:17 +0200] "GET /outlet/230012605 HTTP/1.1" 404 243 "https://alg24info.com/?sitemap741.xml" "Mozilla/5.0 AppleWebKit/537.36 (KHTML, like Gecko; compatible; GPTBot/1.4; +https://openai.com/gptbot)"
104.22.57.40 - - [13/Jul/2026:00:53:19 +0200] "GET /outlet/090025943 HTTP/1.1" 404 243 "https://alg24info.com/?sitemap344.xml" "Mozilla/5.0 AppleWebKit/537.36 (KHTML, like Gecko; compatible; GPTBot/1.4; +https://openai.com/gptbot)"
172.71.150.252 - - [13/Jul/2026:00:54:09 +0200] "GET /index.php/2019/11/12/%D8%A7%D9%84%D8%AC%D9%8A%D8%B4-%D9%8A%D8%AA%D8%AF%D8%AE%D9%84-%D9%84%D9%81%D9%83-%D8%A7%D9%84%D8%B9%D8%B2%D9%84%D8%A9-%D8%B9%D9%84%D9%89-%D8%B9%D8%AF%D8%A9-%D9%82%D8%B1%D9%89/ HTTP/1.1" 500 0 "-" "Mozilla/5.0 (compatible; DotBot/1.2; +https://opensiteexplorer.org/dotbot; [email protected])"
104.22.57.40 - - [13/Jul/2026:00:54:20 +0200] "GET /outlet/143018110 HTTP/1.1" 404 243 "https://alg24info.com/?sitemap344.xml" "Mozilla/5.0 AppleWebKit/537.36 (KHTML, like Gecko; compatible; GPTBot/1.4; +https://openai.com/gptbot)"
172.71.146.240 - - [13/Jul/2026:00:54:58 +0200] "GET /index.php/2020/06/13/%D8%B1%D9%81%D8%B9-%D8%A7%D9%84%D8%AD%D8%AC%D8%B1-%D8%A7%D9%84%D9%83%D8%A7%D9%85%D9%84-%D9%81%D9%8A-19-%D9%88%D9%84%D8%A7%D9%8A%D8%A9-%D9%88-%D8%AA%D8%B9%D8%AF%D9%8A%D9%84-%D8%A7%D9%84%D8%AA%D9%88/ HTTP/1.1" 500 0 "-" "Mozilla/5.0 (compatible; DotBot/1.2; +https://opensiteexplorer.org/dotbot; [email protected])"
104.22.57.40 - - [13/Jul/2026:00:55:23 +0200] "GET /outlet/087024576 HTTP/1.1" 404 243 "https://alg24info.com/?sitemap600.xml" "Mozilla/5.0 AppleWebKit/537.36 (KHTML, like Gecko; compatible; GPTBot/1.4; +https://openai.com/gptbot)"
104.22.57.40 - - [13/Jul/2026:00:56:25 +0200] "GET /outlet/183039048 HTTP/1.1" 404 243 "https://alg24info.com/?sitemap448.xml" "Mozilla/5.0 AppleWebKit/537.36 (KHTML, like Gecko; compatible; GPTBot/1.4; +https://openai.com/gptbot)"
104.22.57.39 - - [13/Jul/2026:00:57:31 +0200] "GET /outlet/061011730 HTTP/1.1" 404 243 "https://alg24info.com/?sitemap600.xml" "Mozilla/5.0 AppleWebKit/537.36 (KHTML, like Gecko; compatible; GPTBot/1.4; +https://openai.com/gptbot)"
104.22.57.39 - - [13/Jul/2026:00:58:35 +0200] "GET /outlet/065033536 HTTP/1.1" 404 243 "https://alg24info.com/?sitemap600.xml" "Mozilla/5.0 AppleWebKit/537.36 (KHTML, like Gecko; compatible; GPTBot/1.4; +https://openai.com/gptbot)"
104.22.57.39 - - [13/Jul/2026:00:59:41 +0200] "GET /outlet/270013463 HTTP/1.1" 404 243 "https://alg24info.com/?sitemap224.xml" "Mozilla/5.0 AppleWebKit/537.36 (KHTML, like Gecko; compatible; GPTBot/1.4; +https://openai.com/gptbot)"
104.22.57.40 - - [13/Jul/2026:01:00:46 +0200] "GET /outlet/286009357 HTTP/1.1" 404 243 "https://alg24info.com/?sitemap224.xml" "Mozilla/5.0 AppleWebKit/537.36 (KHTML, like Gecko; compatible; GPTBot/1.4; +https://openai.com/gptbot)"
172.69.22.136 - - [13/Jul/2026:01:01:28 +0200] "GET /robots.txt HTTP/1.1" 200 130 "-" "facebookexternalhit/1.1 (+http://www.facebook.com/externalhit_uatext.php)"
104.22.57.40 - - [13/Jul/2026:01:01:50 +0200] "GET /outlet/188038429 HTTP/1.1" 404 243 "https://alg24info.com/?sitemap448.xml" "Mozilla/5.0 AppleWebKit/537.36 (KHTML, like Gecko; compatible; GPTBot/1.4; +https://openai.com/gptbot)"
104.22.57.40 - - [13/Jul/2026:01:02:51 +0200] "GET /outlet/026011451 HTTP/1.1" 404 243 "https://alg24info.com/?sitemap741.xml" "Mozilla/5.0 AppleWebKit/537.36 (KHTML, like Gecko; compatible; GPTBot/1.4; +https://openai.com/gptbot)"
104.22.57.40 - - [13/Jul/2026:01:03:51 +0200] "GET /outlet/083022092 HTTP/1.1" 404 243 "https://alg24info.com/?sitemap224.xml" "Mozilla/5.0 AppleWebKit/537.36 (KHTML, like Gecko; compatible; GPTBot/1.4; +https://openai.com/gptbot)"
104.22.57.40 - - [13/Jul/2026:01:04:57 +0200] "GET /outlet/178008047 HTTP/1.1" 404 243 "https://alg24info.com/?sitemap448.xml" "Mozilla/5.0 AppleWebKit/537.36 (KHTML, like Gecko; compatible; GPTBot/1.4; +https://openai.com/gptbot)"
104.22.57.40 - - [13/Jul/2026:01:06:02 +0200] "GET /outlet/286028005 HTTP/1.1" 404 243 "https://alg24info.com/?sitemap344.xml" "Mozilla/5.0 AppleWebKit/537.36 (KHTML, like Gecko; compatible; GPTBot/1.4; +https://openai.com/gptbot)"
104.22.57.40 - - [13/Jul/2026:01:07:08 +0200] "GET /outlet/197001612 HTTP/1.1" 404 243 "https://alg24info.com/?sitemap448.xml" "Mozilla/5.0 AppleWebKit/537.36 (KHTML, like Gecko; compatible; GPTBot/1.4; +https://openai.com/gptbot)"
104.22.57.40 - - [13/Jul/2026:01:08:13 +0200] "GET /outlet/181012478 HTTP/1.1" 404 243 "https://alg24info.com/?sitemap224.xml" "Mozilla/5.0 AppleWebKit/537.36 (KHTML, like Gecko; compatible; GPTBot/1.4; +https://openai.com/gptbot)"
104.22.57.39 - - [13/Jul/2026:01:09:19 +0200] "GET /outlet/045037786 HTTP/1.1" 404 243 "https://alg24info.com/?sitemap224.xml" "Mozilla/5.0 AppleWebKit/537.36 (KHTML, like Gecko; compatible; GPTBot/1.4; +https://openai.com/gptbot)"
16.58.56.214 - - [13/Jul/2026:01:10:06 +0200] "\x03\x00\x00+&\xE0\x00\x00\x00\x00\x00Cookie: mstshash=zgrab" 400 182 "-" "-"
104.22.57.39 - - [13/Jul/2026:01:10:22 +0200] "GET /outlet/011012254 HTTP/1.1" 404 243 "https://alg24info.com/?sitemap448.xml" "Mozilla/5.0 AppleWebKit/537.36 (KHTML, like Gecko; compatible; GPTBot/1.4; +https://openai.com/gptbot)"
16.58.56.214 - - [13/Jul/2026:01:10:23 +0200] "GET / HTTP/1.1" 200 1848 "-" "visionheight.com/scan Mozilla/5.0 (Macintosh; Intel Mac OS X 10_15_7) Chrome/126.0.0.0 Safari/537.36"
20.168.12.169 - - [13/Jul/2026:01:10:31 +0200] "GET /manager/text/list HTTP/1.1" 400 280 "-" "Mozilla/5.0 zgrab/0.x"
16.58.56.214 - - [13/Jul/2026:01:10:46 +0200] "\x16\x03\x01\x00\xEE\x01\x00\x00\xEA\x03\x03\xDD\x8F9{3:\xBA\xEF\xE8\xD8\xA5\xF0R\x9F\xCF\xA0:3\x94\xE1\xF6q\xF6lL\xA2_\x88\xE5\xFA\x96\xB4 \xB4\xDA\xD1\xAE\x1F\xDD\xFC\xB2\xF5\xC3\x16\x13\x95Yg\x8A=u\x176i\x8E\xD3\xD9}\x9AT\x0F\xC5\x19DL\x00&\xCC\xA8\xCC\xA9\xC0/\xC00\xC0+\xC0,\xC0\x13\xC0\x09\xC0\x14\xC0" 400 182 "-" "-"
104.22.57.40 - - [13/Jul/2026:01:11:28 +0200] "GET /outlet/165045928 HTTP/1.1" 404 243 "https://alg24info.com/?sitemap224.xml" "Mozilla/5.0 AppleWebKit/537.36 (KHTML, like Gecko; compatible; GPTBot/1.4; +https://openai.com/gptbot)"
16.58.56.214 - - [13/Jul/2026:01:11:31 +0200] "\x16\x03\x01\x01\x00\x01\x00\x00\xFC\x03\x03Q\xC1J\x87*\xD3\xDF$\x19\x18\x86T\x94\x83\xDF\xD2\xF9" 400 182 "-" "-"
104.22.57.40 - - [13/Jul/2026:01:12:30 +0200] "GET /outlet/097025750 HTTP/1.1" 404 243 "https://alg24info.com/?sitemap448.xml" "Mozilla/5.0 AppleWebKit/537.36 (KHTML, like Gecko; compatible; GPTBot/1.4; +https://openai.com/gptbot)"
16.58.56.214 - - [13/Jul/2026:01:12:32 +0200] "" 400 0 "-" "-"
16.58.56.214 - - [13/Jul/2026:01:12:40 +0200] "GET / HTTP/1.1" 200 1848 "-" "visionheight.com/scan Mozilla/5.0 (Macintosh; Intel Mac OS X 10_15_7) Chrome/126.0.0.0 Safari/537.36"
104.22.57.40 - - [13/Jul/2026:01:13:31 +0200] "GET /outlet/156015305 HTTP/1.1" 404 243 "https://alg24info.com/?sitemap224.xml" "Mozilla/5.0 AppleWebKit/537.36 (KHTML, like Gecko; compatible; GPTBot/1.4; +https://openai.com/gptbot)"
162.158.108.54 - - [13/Jul/2026:01:14:32 +0200] "GET /wp-login.php HTTP/1.1" 404 243 "https://alg24info.com/wp-admin/" "Mozilla/5.0 (Windows NT 10.0; Win64; x64) AppleWebKit/537.36 (KHTML, like Gecko) Chrome/90.0.4430.85 Safari/537.36"
162.158.108.54 - - [13/Jul/2026:01:14:33 +0200] "POST /wp-login.php HTTP/1.1" 404 243 "https://alg24info.com/wp-admin/" "Mozilla/5.0 (Windows NT 10.0; Win64; x64) AppleWebKit/537.36 (KHTML, like Gecko) Chrome/90.0.4430.85 Safari/537.36"
104.22.57.40 - - [13/Jul/2026:01:14:33 +0200] "GET /outlet/107038712 HTTP/1.1" 404 243 "https://alg24info.com/?sitemap600.xml" "Mozilla/5.0 AppleWebKit/537.36 (KHTML, like Gecko; compatible; GPTBot/1.4; +https://openai.com/gptbot)"
162.158.108.14 - - [13/Jul/2026:01:14:34 +0200] "GET /wp-admin/ HTTP/1.1" 500 0 "https://alg24info.com/wp-admin/" "Mozilla/5.0 (Windows NT 10.0; Win64; x64) AppleWebKit/537.36 (KHTML, like Gecko) Chrome/90.0.4430.85 Safari/537.36"
172.70.208.148 - - [13/Jul/2026:01:14:34 +0200] "POST /xmlrpc.php HTTP/1.1" 404 243 "https://www.google.com" "Mozilla/5.0 (Windows NT 10.0; Win64; x64) AppleWebKit/537.36 (KHTML, like Gecko) Chrome/90.0.4430.85 Safari/537.36"
172.71.124.72 - - [13/Jul/2026:01:14:35 +0200] "POST /xmlrpc.php HTTP/1.1" 404 243 "https://www.google.com" "Mozilla/5.0 (Windows NT 10.0; Win64; x64) AppleWebKit/537.36 (KHTML, like Gecko) Chrome/90.0.4430.85 Safari/537.36"
104.22.66.149 - AdminU53r1 [13/Jul/2026:01:14:36 +0200] "GET /wp-json/wp/v2/users/me HTTP/1.1" 404 243 "https://www.google.com" "Mozilla/5.0 (Windows NT 10.0; Win64; x64) AppleWebKit/537.36 (KHTML, like Gecko) Chrome/90.0.4430.85 Safari/537.36"
104.22.57.40 - - [13/Jul/2026:01:15:37 +0200] "GET /outlet/120047387 HTTP/1.1" 404 243 "https://alg24info.com/?sitemap600.xml" "Mozilla/5.0 AppleWebKit/537.36 (KHTML, like Gecko; compatible; GPTBot/1.4; +https://openai.com/gptbot)"
104.22.57.40 - - [13/Jul/2026:01:16:41 +0200] "GET /outlet/126039319 HTTP/1.1" 404 243 "https://alg24info.com/?sitemap224.xml" "Mozilla/5.0 AppleWebKit/537.36 (KHTML, like Gecko; compatible; GPTBot/1.4; +https://openai.com/gptbot)"
104.22.57.40 - - [13/Jul/2026:01:17:43 +0200] "GET /outlet/262040093 HTTP/1.1" 404 243 "https://alg24info.com/?sitemap224.xml" "Mozilla/5.0 AppleWebKit/537.36 (KHTML, like Gecko; compatible; GPTBot/1.4; +https://openai.com/gptbot)"
104.22.57.40 - - [13/Jul/2026:01:18:45 +0200] "GET /outlet/203031872 HTTP/1.1" 404 243 "https://alg24info.com/?sitemap448.xml" "Mozilla/5.0 AppleWebKit/537.36 (KHTML, like Gecko; compatible; GPTBot/1.4; +https://openai.com/gptbot)"
104.22.57.40 - - [13/Jul/2026:01:19:50 +0200] "GET /outlet/292005939 HTTP/1.1" 404 243 "https://alg24info.com/?sitemap448.xml" "Mozilla/5.0 AppleWebKit/537.36 (KHTML, like Gecko; compatible; GPTBot/1.4; +https://openai.com/gptbot)"
104.22.57.40 - - [13/Jul/2026:01:20:51 +0200] "GET /outlet/281023370 HTTP/1.1" 404 243 "https://alg24info.com/?sitemap741.xml" "Mozilla/5.0 AppleWebKit/537.36 (KHTML, like Gecko; compatible; GPTBot/1.4; +https://openai.com/gptbot)"
104.22.57.40 - - [13/Jul/2026:01:21:54 +0200] "GET /outlet/160028209 HTTP/1.1" 404 243 "https://alg24info.com/?sitemap600.xml" "Mozilla/5.0 AppleWebKit/537.36 (KHTML, like Gecko; compatible; GPTBot/1.4; +https://openai.com/gptbot)"
104.22.57.40 - - [13/Jul/2026:01:22:58 +0200] "GET /outlet/211018396 HTTP/1.1" 404 243 "https://alg24info.com/?sitemap448.xml" "Mozilla/5.0 AppleWebKit/537.36 (KHTML, like Gecko; compatible; GPTBot/1.4; +https://openai.com/gptbot)"
104.22.57.40 - - [13/Jul/2026:01:24:00 +0200] "GET /outlet/227016242 HTTP/1.1" 404 243 "https://alg24info.com/?sitemap448.xml" "Mozilla/5.0 AppleWebKit/537.36 (KHTML, like Gecko; compatible; GPTBot/1.4; +https://openai.com/gptbot)"
104.22.57.40 - - [13/Jul/2026:01:25:02 +0200] "GET /outlet/143048802 HTTP/1.1" 404 243 "https://alg24info.com/?sitemap741.xml" "Mozilla/5.0 AppleWebKit/537.36 (KHTML, like Gecko; compatible; GPTBot/1.4; +https://openai.com/gptbot)"
104.22.57.40 - - [13/Jul/2026:01:26:06 +0200] "GET /outlet/179024418 HTTP/1.1" 404 243 "https://alg24info.com/?sitemap741.xml" "Mozilla/5.0 AppleWebKit/537.36 (KHTML, like Gecko; compatible; GPTBot/1.4; +https://openai.com/gptbot)"
104.22.57.40 - - [13/Jul/2026:01:27:11 +0200] "GET /outlet/174025363 HTTP/1.1" 404 243 "https://alg24info.com/?sitemap224.xml" "Mozilla/5.0 AppleWebKit/537.36 (KHTML, like Gecko; compatible; GPTBot/1.4; +https://openai.com/gptbot)"
104.22.57.40 - - [13/Jul/2026:01:28:12 +0200] "GET /outlet/173035612 HTTP/1.1" 404 243 "https://alg24info.com/?sitemap448.xml" "Mozilla/5.0 AppleWebKit/537.36 (KHTML, like Gecko; compatible; GPTBot/1.4; +https://openai.com/gptbot)"
104.22.57.39 - - [13/Jul/2026:01:29:18 +0200] "GET /outlet/224018337 HTTP/1.1" 404 243 "https://alg24info.com/?sitemap344.xml" "Mozilla/5.0 AppleWebKit/537.36 (KHTML, like Gecko; compatible; GPTBot/1.4; +https://openai.com/gptbot)"
104.22.57.39 - - [13/Jul/2026:01:30:21 +0200] "GET /outlet/090012619 HTTP/1.1" 404 243 "https://alg24info.com/?sitemap344.xml" "Mozilla/5.0 AppleWebKit/537.36 (KHTML, like Gecko; compatible; GPTBot/1.4; +https://openai.com/gptbot)"
104.22.57.39 - - [13/Jul/2026:01:31:22 +0200] "GET /outlet/033044940 HTTP/1.1" 404 243 "https://alg24info.com/?sitemap741.xml" "Mozilla/5.0 AppleWebKit/537.36 (KHTML, like Gecko; compatible; GPTBot/1.4; +https://openai.com/gptbot)"
104.22.57.39 - - [13/Jul/2026:01:32:26 +0200] "GET /outlet/098021893 HTTP/1.1" 404 243 "https://alg24info.com/?sitemap224.xml" "Mozilla/5.0 AppleWebKit/537.36 (KHTML, like Gecko; compatible; GPTBot/1.4; +https://openai.com/gptbot)"
104.22.57.39 - - [13/Jul/2026:01:33:27 +0200] "GET /outlet/179046896 HTTP/1.1" 404 243 "https://alg24info.com/?sitemap448.xml" "Mozilla/5.0 AppleWebKit/537.36 (KHTML, like Gecko; compatible; GPTBot/1.4; +https://openai.com/gptbot)"
45.79.207.129 - - [13/Jul/2026:01:33:43 +0200] "GET / HTTP/1.1" 200 1848 "-" "Mozilla/5.0 zgrab/0.x"
104.22.57.40 - - [13/Jul/2026:01:34:33 +0200] "GET /outlet/118047805 HTTP/1.1" 404 243 "https://alg24info.com/?sitemap600.xml" "Mozilla/5.0 AppleWebKit/537.36 (KHTML, like Gecko; compatible; GPTBot/1.4; +https://openai.com/gptbot)"
66.228.53.4 - - [13/Jul/2026:01:34:37 +0200] "GET / HTTP/1.1" 200 1848 "-" "Mozilla/5.0 (Macintosh; Intel Mac OS X 13_1) AppleWebKit/537.36 (KHTML, like Gecko) Chrome/108.0.0.0 Safari/537.36"
104.22.57.40 - - [13/Jul/2026:01:35:35 +0200] "GET /outlet/163041022 HTTP/1.1" 404 243 "https://alg24info.com/?sitemap448.xml" "Mozilla/5.0 AppleWebKit/537.36 (KHTML, like Gecko; compatible; GPTBot/1.4; +https://openai.com/gptbot)"
104.22.57.40 - - [13/Jul/2026:01:36:35 +0200] "GET /outlet/035002118 HTTP/1.1" 404 243 "https://alg24info.com/?sitemap600.xml" "Mozilla/5.0 AppleWebKit/537.36 (KHTML, like Gecko; compatible; GPTBot/1.4; +https://openai.com/gptbot)"
104.22.57.40 - - [13/Jul/2026:01:37:36 +0200] "GET /outlet/146030847 HTTP/1.1" 404 243 "https://alg24info.com/?sitemap344.xml" "Mozilla/5.0 AppleWebKit/537.36 (KHTML, like Gecko; compatible; GPTBot/1.4; +https://openai.com/gptbot)"
104.22.57.40 - - [13/Jul/2026:01:38:37 +0200] "GET /outlet/166028967 HTTP/1.1" 404 243 "https://alg24info.com/?sitemap600.xml" "Mozilla/5.0 AppleWebKit/537.36 (KHTML, like Gecko; compatible; GPTBot/1.4; +https://openai.com/gptbot)"
172.71.28.171 - - [13/Jul/2026:01:38:47 +0200] "GET / HTTP/1.1" 500 0 "-" "Mozilla/5.0 AppleWebKit/537.36 (KHTML, like Gecko; compatible; ClaudeBot/1.0; [email protected])"
172.236.119.165 - - [13/Jul/2026:01:38:47 +0200] "GET / HTTP/1.1" 200 1848 "-" "Mozilla/5.0 (Macintosh; Intel Mac OS X 13_1) AppleWebKit/537.36 (KHTML, like Gecko) Chrome/108.0.0.0 Safari/537.36"
47.250.37.210 - - [13/Jul/2026:01:39:25 +0200] "GET / HTTP/1.1" 200 4963 "-" "curl/7.64.1"
47.250.37.210 - - [13/Jul/2026:01:39:26 +0200] "GET / HTTP/1.1" 200 1848 "-" "curl/7.74.0"
104.22.57.40 - - [13/Jul/2026:01:39:40 +0200] "GET /outlet/137006650 HTTP/1.1" 404 243 "https://alg24info.com/?sitemap741.xml" "Mozilla/5.0 AppleWebKit/537.36 (KHTML, like Gecko; compatible; GPTBot/1.4; +https://openai.com/gptbot)"
151.243.11.245 - - [13/Jul/2026:01:39:47 +0200] "GET / HTTP/1.1" 400 280 "-" "Mozilla/5.0 (compatible; FlowIQLabsBot/1.0; +https://flowiq-labs.com/scanning-info)"
151.243.11.245 - - [13/Jul/2026:01:39:47 +0200] "GET / HTTP/1.1" 200 4963 "-" "Mozilla/5.0 (compatible; FlowIQLabsBot/1.0; +https://flowiq-labs.com/scanning-info)"
151.243.11.245 - - [13/Jul/2026:01:39:56 +0200] "GET /favicon.ico HTTP/1.1" 404 275 "-" "Mozilla/5.0 (compatible; FlowIQLabsBot/1.0; +https://flowiq-labs.com/scanning-info)"
123.160.223.74 - - [13/Jul/2026:01:40:03 +0200] "GET / HTTP/1.1" 200 1848 "-" "Mozilla/5.0 (Macintosh; Intel Mac OS X 10_15_7) AppleWebKit/537.36 (KHTML, like Gecko) Chrome/120.0.0.0 Safari/537.36"
47.254.76.66 - - [13/Jul/2026:01:40:05 +0200] "GET / HTTP/1.1" 200 1848 "-" "Mozilla/5.0 (Macintosh; Intel Mac OS X 10_15_7) AppleWebKit/537.36 (KHTML, like Gecko) Chrome/114.0.0.0 Safari/537.36"
123.160.223.75 - - [13/Jul/2026:01:40:14 +0200] "GET /favicon.ico HTTP/1.1" 404 244 "-" "Mozilla/5.0 (Macintosh; Intel Mac OS X 10_15_7) AppleWebKit/537.36 (KHTML, like Gecko) Chrome/120.0.0.0 Safari/537.36"
104.22.57.40 - - [13/Jul/2026:01:40:40 +0200] "GET /outlet/162007739 HTTP/1.1" 404 243 "https://alg24info.com/?sitemap224.xml" "Mozilla/5.0 AppleWebKit/537.36 (KHTML, like Gecko; compatible; GPTBot/1.4; +https://openai.com/gptbot)"
104.22.57.40 - - [13/Jul/2026:01:41:43 +0200] "GET /outlet/130040991 HTTP/1.1" 404 243 "https://alg24info.com/?sitemap741.xml" "Mozilla/5.0 AppleWebKit/537.36 (KHTML, like Gecko; compatible; GPTBot/1.4; +https://openai.com/gptbot)"
172.68.150.218 - - [13/Jul/2026:01:42:12 +0200] "GET /wp-content/x41e411/index.php HTTP/1.1" 200 0 "https://alg24info.com/wp-content/x41e411/index.php" "Mozilla/5.0 (compatible; MSIE 9.0; Windows NT 6.1; WOW64; Trident/5.0; Sleipnir/2.9.8)"
104.22.72.57 - - [13/Jul/2026:01:42:33 +0200] "GET /index.php/2020/06/21/%D8%BA%D8%A7%D8%B2%D8%A8%D8%B1%D9%88%D9%85-%D8%B9%D8%AB%D8%B1%D8%AA-%D8%B9%D9%84%D9%89-%D8%B7%D8%B1%D9%8A%D9%82%D8%A9-%D9%84%D8%AA%D8%AC%D9%86%D8%A8-%D8%B9%D9%82%D9%88%D8%A8%D8%A7%D8%AA-%D9%88/ HTTP/1.1" 500 0 "-" "Mozilla/5.0 (compatible; DotBot/1.2; +https://opensiteexplorer.org/dotbot; [email protected])"
104.22.57.40 - - [13/Jul/2026:01:42:46 +0200] "GET /outlet/065022656 HTTP/1.1" 404 243 "https://alg24info.com/?sitemap741.xml" "Mozilla/5.0 AppleWebKit/537.36 (KHTML, like Gecko; compatible; GPTBot/1.4; +https://openai.com/gptbot)"
104.22.72.57 - - [13/Jul/2026:01:43:09 +0200] "GET /index.php/2020/05/12/%D8%AA%D9%85%D8%AF%D9%8A%D8%AF-%D8%A7%D9%84%D8%AD%D8%AC%D8%B1-%D8%A7%D9%84%D8%B5%D8%AD%D9%8A-%D9%84%D9%85%D8%AF%D8%A9-15-%D9%8A%D9%88%D9%85%D8%A7-%D8%A5%D8%B6%D8%A7%D9%81%D9%8A%D8%A9/ HTTP/1.1" 500 0 "-" "Mozilla/5.0 (compatible; DotBot/1.2; +https://opensiteexplorer.org/dotbot; [email protected])"
104.22.57.40 - - [13/Jul/2026:01:43:49 +0200] "GET /outlet/165032496 HTTP/1.1" 404 243 "https://alg24info.com/?sitemap344.xml" "Mozilla/5.0 AppleWebKit/537.36 (KHTML, like Gecko; compatible; GPTBot/1.4; +https://openai.com/gptbot)"
104.22.57.40 - - [13/Jul/2026:01:44:50 +0200] "GET /outlet/208009213 HTTP/1.1" 404 243 "https://alg24info.com/?sitemap600.xml" "Mozilla/5.0 AppleWebKit/537.36 (KHTML, like Gecko; compatible; GPTBot/1.4; +https://openai.com/gptbot)"
104.22.57.40 - - [13/Jul/2026:01:45:52 +0200] "GET /outlet/044035431 HTTP/1.1" 404 243 "https://alg24info.com/?sitemap600.xml" "Mozilla/5.0 AppleWebKit/537.36 (KHTML, like Gecko; compatible; GPTBot/1.4; +https://openai.com/gptbot)"
104.22.57.40 - - [13/Jul/2026:01:46:56 +0200] "GET /outlet/169040096 HTTP/1.1" 404 243 "https://alg24info.com/?sitemap224.xml" "Mozilla/5.0 AppleWebKit/537.36 (KHTML, like Gecko; compatible; GPTBot/1.4; +https://openai.com/gptbot)"
104.22.57.40 - - [13/Jul/2026:01:47:59 +0200] "GET /outlet/182040659 HTTP/1.1" 404 243 "https://alg24info.com/?sitemap600.xml" "Mozilla/5.0 AppleWebKit/537.36 (KHTML, like Gecko; compatible; GPTBot/1.4; +https://openai.com/gptbot)"
104.22.57.40 - - [13/Jul/2026:01:49:03 +0200] "GET /outlet/103043416 HTTP/1.1" 404 243 "https://alg24info.com/?sitemap741.xml" "Mozilla/5.0 AppleWebKit/537.36 (KHTML, like Gecko; compatible; GPTBot/1.4; +https://openai.com/gptbot)"
104.22.57.40 - - [13/Jul/2026:01:50:04 +0200] "GET /outlet/238029535 HTTP/1.1" 404 243 "https://alg24info.com/?sitemap224.xml" "Mozilla/5.0 AppleWebKit/537.36 (KHTML, like Gecko; compatible; GPTBot/1.4; +https://openai.com/gptbot)"
104.22.57.40 - - [13/Jul/2026:01:51:10 +0200] "GET /outlet/195017912 HTTP/1.1" 404 243 "https://alg24info.com/?sitemap448.xml" "Mozilla/5.0 AppleWebKit/537.36 (KHTML, like Gecko; compatible; GPTBot/1.4; +https://openai.com/gptbot)"
5.61.209.92 - - [13/Jul/2026:01:51:28 +0200] "GET /SDK/webLanguage HTTP/1.1" 404 244 "-" "Mozilla/5.0 (Windows NT 10.0; Win64; x64) AppleWebKit/537.36 (KHTML, like Gecko) Chrome/90.0.4430.85 Safari/537.36 Edg/90.0.818.46"
172.71.28.171 - - [13/Jul/2026:01:52:07 +0200] "GET /goods.php HTTP/1.1" 404 243 "-" "Mozilla/5.0 AppleWebKit/537.36 (KHTML, like Gecko; compatible; ClaudeBot/1.0; [email protected])"
104.22.57.40 - - [13/Jul/2026:01:52:12 +0200] "GET /outlet/075039110 HTTP/1.1" 404 243 "https://alg24info.com/?sitemap741.xml" "Mozilla/5.0 AppleWebKit/537.36 (KHTML, like Gecko; compatible; GPTBot/1.4; +https://openai.com/gptbot)"
104.22.57.40 - - [13/Jul/2026:01:53:13 +0200] "GET /outlet/109026238 HTTP/1.1" 404 243 "https://alg24info.com/?sitemap344.xml" "Mozilla/5.0 AppleWebKit/537.36 (KHTML, like Gecko; compatible; GPTBot/1.4; +https://openai.com/gptbot)"
104.22.57.40 - - [13/Jul/2026:01:54:13 +0200] "GET /outlet/238046723 HTTP/1.1" 404 243 "https://alg24info.com/?sitemap741.xml" "Mozilla/5.0 AppleWebKit/537.36 (KHTML, like Gecko; compatible; GPTBot/1.4; +https://openai.com/gptbot)"
104.22.57.40 - - [13/Jul/2026:01:55:18 +0200] "GET / HTTP/1.1" 500 0 "-" "Mozilla/5.0 AppleWebKit/537.36 (KHTML, like Gecko; compatible; GPTBot/1.4; +https://openai.com/gptbot)"
172.70.46.190 - - [13/Jul/2026:01:55:57 +0200] "POST /wp-content/plugins/fix/7c18aade5e90.php HTTP/1.1" 200 16 "-" "Mozilla/5.0 (Windows NT 5.1; Win64; x64) AppleWebKit/537.36 (KHTML, like Gecko) Chrome/56.0.2974.23 Safari/537.36"
172.70.46.190 - - [13/Jul/2026:01:55:57 +0200] "POST /wp-content/plugins/fix/7c18aade5e90.php HTTP/1.1" 200 9 "https://alg24info.com/wp-content/plugins/fix/7c18aade5e90.php" "Mozilla/5.0 (Windows NT 5.1; Win64; x64) AppleWebKit/537.36 (KHTML, like Gecko) Chrome/56.0.2974.23 Safari/537.36"
172.70.46.243 - - [13/Jul/2026:01:55:57 +0200] "GET /wp-content/plugins/fix/0a5a3eb879index.php HTTP/1.1" 200 1772 "https://alg24info.com/wp-content/plugins/fix/7c18aade5e90.php" "Mozilla/5.0 (Windows NT 5.1; Win64; x64) AppleWebKit/537.36 (KHTML, like Gecko) Chrome/56.0.2974.23 Safari/537.36"
172.70.46.190 - - [13/Jul/2026:01:55:58 +0200] "GET /wp-content/plugins/fix/0a5a3eb879index.php HTTP/1.1" 200 1772 "https://alg24info.com/wp-content/plugins/fix/0a5a3eb879index.php" "Mozilla/5.0 (Windows NT 5.1; Win64; x64) AppleWebKit/537.36 (KHTML, like Gecko) Chrome/56.0.2974.23 Safari/537.36"
172.70.46.243 - - [13/Jul/2026:01:55:58 +0200] "GET /wp-content/plugins/fix/0a5a3eb879index.php HTTP/1.1" 200 1772 "https://alg24info.com/wp-content/plugins/fix/0a5a3eb879index.php" "Mozilla/5.0 (Windows NT 5.1; Win64; x64) AppleWebKit/537.36 (KHTML, like Gecko) Chrome/56.0.2974.23 Safari/537.36"
104.22.57.40 - - [13/Jul/2026:01:56:18 +0200] "GET /outlet/138006171 HTTP/1.1" 404 243 "https://alg24info.com/?sitemap600.xml" "Mozilla/5.0 AppleWebKit/537.36 (KHTML, like Gecko; compatible; GPTBot/1.4; +https://openai.com/gptbot)"
104.22.57.40 - - [13/Jul/2026:01:57:23 +0200] "GET /outlet/075016154 HTTP/1.1" 404 243 "https://alg24info.com/?sitemap224.xml" "Mozilla/5.0 AppleWebKit/537.36 (KHTML, like Gecko; compatible; GPTBot/1.4; +https://openai.com/gptbot)"
104.22.57.40 - - [13/Jul/2026:01:58:23 +0200] "GET /outlet/259039782 HTTP/1.1" 404 243 "https://alg24info.com/?sitemap224.xml" "Mozilla/5.0 AppleWebKit/537.36 (KHTML, like Gecko; compatible; GPTBot/1.4; +https://openai.com/gptbot)"
104.22.57.40 - - [13/Jul/2026:01:59:24 +0200] "GET /outlet/252043051 HTTP/1.1" 404 243 "https://alg24info.com/?sitemap600.xml" "Mozilla/5.0 AppleWebKit/537.36 (KHTML, like Gecko; compatible; GPTBot/1.4; +https://openai.com/gptbot)"
104.22.57.40 - - [13/Jul/2026:02:00:25 +0200] "GET /outlet/077008344 HTTP/1.1" 404 243 "https://alg24info.com/?sitemap741.xml" "Mozilla/5.0 AppleWebKit/537.36 (KHTML, like Gecko; compatible; GPTBot/1.4; +https://openai.com/gptbot)"
104.22.57.40 - - [13/Jul/2026:02:01:27 +0200] "GET /outlet/124028165 HTTP/1.1" 404 243 "https://alg24info.com/?sitemap224.xml" "Mozilla/5.0 AppleWebKit/537.36 (KHTML, like Gecko; compatible; GPTBot/1.4; +https://openai.com/gptbot)"
104.22.57.40 - - [13/Jul/2026:02:02:29 +0200] "GET /outlet/287039212 HTTP/1.1" 404 243 "https://alg24info.com/?sitemap600.xml" "Mozilla/5.0 AppleWebKit/537.36 (KHTML, like Gecko; compatible; GPTBot/1.4; +https://openai.com/gptbot)"
104.22.57.40 - - [13/Jul/2026:02:03:31 +0200] "GET /outlet/146049495 HTTP/1.1" 404 243 "https://alg24info.com/?sitemap741.xml" "Mozilla/5.0 AppleWebKit/537.36 (KHTML, like Gecko; compatible; GPTBot/1.4; +https://openai.com/gptbot)"
104.22.57.40 - - [13/Jul/2026:02:04:32 +0200] "GET /outlet/293013294 HTTP/1.1" 404 243 "https://alg24info.com/?sitemap448.xml" "Mozilla/5.0 AppleWebKit/537.36 (KHTML, like Gecko; compatible; GPTBot/1.4; +https://openai.com/gptbot)"
104.22.57.40 - - [13/Jul/2026:02:05:35 +0200] "GET /outlet/166026381 HTTP/1.1" 404 243 "https://alg24info.com/?sitemap448.xml" "Mozilla/5.0 AppleWebKit/537.36 (KHTML, like Gecko; compatible; GPTBot/1.4; +https://openai.com/gptbot)"
104.22.57.40 - - [13/Jul/2026:02:06:37 +0200] "GET /outlet/129047240 HTTP/1.1" 404 243 "https://alg24info.com/?sitemap600.xml" "Mozilla/5.0 AppleWebKit/537.36 (KHTML, like Gecko; compatible; GPTBot/1.4; +https://openai.com/gptbot)"
104.22.57.40 - - [13/Jul/2026:02:07:42 +0200] "GET /outlet/196015921 HTTP/1.1" 404 243 "https://alg24info.com/?sitemap224.xml" "Mozilla/5.0 AppleWebKit/537.36 (KHTML, like Gecko; compatible; GPTBot/1.4; +https://openai.com/gptbot)"
104.22.57.40 - - [13/Jul/2026:02:08:45 +0200] "GET /outlet/089021908 HTTP/1.1" 404 243 "https://alg24info.com/?sitemap224.xml" "Mozilla/5.0 AppleWebKit/537.36 (KHTML, like Gecko; compatible; GPTBot/1.4; +https://openai.com/gptbot)"
104.22.57.40 - - [13/Jul/2026:02:09:50 +0200] "GET /outlet/149006940 HTTP/1.1" 404 243 "https://alg24info.com/?sitemap448.xml" "Mozilla/5.0 AppleWebKit/537.36 (KHTML, like Gecko; compatible; GPTBot/1.4; +https://openai.com/gptbot)"
104.22.57.40 - - [13/Jul/2026:02:10:50 +0200] "GET /outlet/033040216 HTTP/1.1" 404 243 "https://alg24info.com/?sitemap224.xml" "Mozilla/5.0 AppleWebKit/537.36 (KHTML, like Gecko; compatible; GPTBot/1.4; +https://openai.com/gptbot)"
104.22.57.40 - - [13/Jul/2026:02:11:51 +0200] "GET /outlet/148003027 HTTP/1.1" 404 243 "https://alg24info.com/?sitemap600.xml" "Mozilla/5.0 AppleWebKit/537.36 (KHTML, like Gecko; compatible; GPTBot/1.4; +https://openai.com/gptbot)"
43.135.145.77 - - [13/Jul/2026:02:12:30 +0200] "GET / HTTP/1.1" 200 1848 "-" "Mozilla/5.0 (iPhone; CPU iPhone OS 13_2_3 like Mac OS X) AppleWebKit/605.1.15 (KHTML, like Gecko) Version/13.0.3 Mobile/15E148 Safari/604.1"
104.23.245.196 - - [13/Jul/2026:02:12:37 +0200] "GET /robots.txt HTTP/1.1" 200 130 "-" "facebookexternalhit/1.1 (+http://www.facebook.com/externalhit_uatext.php)"
104.22.57.39 - - [13/Jul/2026:02:12:56 +0200] "GET /outlet/102026973 HTTP/1.1" 404 243 "https://alg24info.com/?sitemap448.xml" "Mozilla/5.0 AppleWebKit/537.36 (KHTML, like Gecko; compatible; GPTBot/1.4; +https://openai.com/gptbot)"
104.22.57.39 - - [13/Jul/2026:02:13:59 +0200] "GET /outlet/230020601 HTTP/1.1" 404 243 "https://alg24info.com/?sitemap224.xml" "Mozilla/5.0 AppleWebKit/537.36 (KHTML, like Gecko; compatible; GPTBot/1.4; +https://openai.com/gptbot)"
64.89.162.168 - - [13/Jul/2026:02:14:35 +0200] "POST /ALFA_DATA/alfacgiapi/perl.alfa HTTP/1.1" 404 275 "www.google.com" "Mozlila/5.0 (Linux; Android 7.0; SM-G892A Bulid/NRD90M; wv) AppleWebKit/537.36 (KHTML, like Gecko) Version/4.0 Chrome/60.0.3112.107 Moblie Safari/537.36"
64.89.162.168 - - [13/Jul/2026:02:14:35 +0200] "GET /wp-content/plugins/fix/up.php HTTP/1.1" 404 275 "-" "Mozilla/5.0 (Windows NT 10.0; Win64; x64) AppleWebKit/537.36 (KHTML, like Gecko) Chrome/85.0.4183.102 Safari/537.36"
64.89.162.168 - - [13/Jul/2026:02:14:35 +0200] "GET /wp-content/themes/seotheme/db.php?u HTTP/1.1" 404 275 "www.google.com" "Mozlila/5.0 (Linux; Android 7.0; SM-G892A Bulid/NRD90M; wv) AppleWebKit/537.36 (KHTML, like Gecko) Version/4.0 Chrome/60.0.3112.107 Moblie Safari/537.36"
64.89.162.168 - - [13/Jul/2026:02:14:35 +0200] "POST /wp-plain.php HTTP/1.1" 404 275 "www.google.com" "Mozilla/5.0 (Linux; Android 7.0; SM-G892A Bulid/NRD90M; wv) AppleWebKit/537.36 (KHTML, like Gecko) Version/4.0 Chrome/60.0.3112.107 Moblie Safari/537.36"
64.89.162.168 - - [13/Jul/2026:02:14:35 +0200] "GET / HTTP/1.1" 200 4963 "-" "Mozlila/5.0 (Linux; Android 7.0; SM-G892A Bulid/NRD90M; wv) AppleWebKit/537.36 (KHTML, like Gecko) Version/4.0 Chrome/60.0.3112.107 Moblie Safari/537.36"
64.89.162.168 - - [13/Jul/2026:02:14:35 +0200] "GET /dntsoeiy.php?Fox=d3wL7 HTTP/1.1" 404 275 "www.google.com" "Mozilla/5.0 (Linux; Android 7.0; SM-G892A Bulid/NRD90M; wv) AppleWebKit/537.36 (KHTML, like Gecko) Version/4.0 Chrome/60.0.3112.107 Moblie Safari/537.36"
64.89.162.168 - - [13/Jul/2026:02:14:35 +0200] "POST /alfacgiapi/perl.alfa HTTP/1.1" 404 275 "www.google.com" "Mozlila/5.0 (Linux; Android 7.0; SM-G892A Bulid/NRD90M; wv) AppleWebKit/537.36 (KHTML, like Gecko) Version/4.0 Chrome/60.0.3112.107 Moblie Safari/537.36"
64.89.162.168 - - [13/Jul/2026:02:14:35 +0200] "GET /wp-content/themes/seotheme/db.php?u HTTP/1.1" 404 275 "www.google.com" "Mozlila/5.0 (Linux; Android 7.0; SM-G892A Bulid/NRD90M; wv) AppleWebKit/537.36 (KHTML, like Gecko) Version/4.0 Chrome/60.0.3112.107 Moblie Safari/537.36"
64.89.162.168 - - [13/Jul/2026:02:14:35 +0200] "POST /wp-plain.php HTTP/1.1" 404 275 "www.google.com" "Mozilla/5.0 (Linux; Android 7.0; SM-G892A Bulid/NRD90M; wv) AppleWebKit/537.36 (KHTML, like Gecko) Version/4.0 Chrome/60.0.3112.107 Moblie Safari/537.36"
64.89.162.168 - - [13/Jul/2026:02:14:35 +0200] "GET /rhpjufrk.php?Fox=d3wL7 HTTP/1.1" 404 275 "www.google.com" "Mozilla/5.0 (Linux; Android 7.0; SM-G892A Bulid/NRD90M; wv) AppleWebKit/537.36 (KHTML, like Gecko) Version/4.0 Chrome/60.0.3112.107 Moblie Safari/537.36"
3.129.187.38 - - [13/Jul/2026:02:15:03 +0200] "\x03\x00\x00+&\xE0\x00\x00\x00\x00\x00Cookie: mstshash=zgrab" 400 182 "-" "-"
104.22.57.39 - - [13/Jul/2026:02:15:05 +0200] "GET /outlet/276033003 HTTP/1.1" 404 243 "https://alg24info.com/?sitemap344.xml" "Mozilla/5.0 AppleWebKit/537.36 (KHTML, like Gecko; compatible; GPTBot/1.4; +https://openai.com/gptbot)"
3.129.187.38 - - [13/Jul/2026:02:15:10 +0200] "GET / HTTP/1.1" 200 1848 "-" "visionheight.com/scan Mozilla/5.0 (Macintosh; Intel Mac OS X 10_15_7) Chrome/126.0.0.0 Safari/537.36"
3.129.187.38 - - [13/Jul/2026:02:15:44 +0200] "\x16\x03\x01\x00\xEE\x01\x00\x00\xEA\x03\x03\xE8\x92\xA7\x90\xE8q\xE7r\x98\xD9\x87\x02k\xA0\x81\xF9\x9B\xF8\xBB-\xB5z@?N\xB0\xE0v%\xEEz\xF1 \xFC;\xD2\x9D\xC7\x0B\x91\x8D\x17\xCC#@Bd\xFBD-\xD3\xB6VIiG\xD9\x02`\x86\x0C\xB6\x0E(\x93\x00&\xCC\xA8\xCC\xA9\xC0/\xC00\xC0+\xC0,\xC0\x13\xC0\x09\xC0\x14\xC0" 400 182 "-" "-"
3.129.187.38 - - [13/Jul/2026:02:16:01 +0200] "\x16\x03\x01\x01\x00\x01\x00\x00\xFC\x03\x03\xAC\x16\xC7" 400 182 "-" "-"
104.22.57.39 - - [13/Jul/2026:02:16:05 +0200] "GET /outlet/030018877 HTTP/1.1" 404 243 "https://alg24info.com/?sitemap344.xml" "Mozilla/5.0 AppleWebKit/537.36 (KHTML, like Gecko; compatible; GPTBot/1.4; +https://openai.com/gptbot)"
3.129.187.38 - - [13/Jul/2026:02:16:56 +0200] "" 400 0 "-" "-"
3.129.187.38 - - [13/Jul/2026:02:17:00 +0200] "GET / HTTP/1.1" 200 1848 "-" "visionheight.com/scan Mozilla/5.0 (Macintosh; Intel Mac OS X 10_15_7) Chrome/126.0.0.0 Safari/537.36"
104.22.57.39 - - [13/Jul/2026:02:17:08 +0200] "GET /outlet/097010120 HTTP/1.1" 404 243 "https://alg24info.com/?sitemap448.xml" "Mozilla/5.0 AppleWebKit/537.36 (KHTML, like Gecko; compatible; GPTBot/1.4; +https://openai.com/gptbot)"
104.22.57.39 - - [13/Jul/2026:02:18:14 +0200] "GET /outlet/288034725 HTTP/1.1" 404 243 "https://alg24info.com/?sitemap344.xml" "Mozilla/5.0 AppleWebKit/537.36 (KHTML, like Gecko; compatible; GPTBot/1.4; +https://openai.com/gptbot)"
104.22.57.39 - - [13/Jul/2026:02:19:16 +0200] "GET /outlet/195043544 HTTP/1.1" 404 243 "https://alg24info.com/?sitemap741.xml" "Mozilla/5.0 AppleWebKit/537.36 (KHTML, like Gecko; compatible; GPTBot/1.4; +https://openai.com/gptbot)"
104.22.57.39 - - [13/Jul/2026:02:20:21 +0200] "GET /outlet/212028735 HTTP/1.1" 404 243 "https://alg24info.com/?sitemap448.xml" "Mozilla/5.0 AppleWebKit/537.36 (KHTML, like Gecko; compatible; GPTBot/1.4; +https://openai.com/gptbot)"
104.22.57.39 - - [13/Jul/2026:02:21:27 +0200] "GET /outlet/016013709 HTTP/1.1" 404 243 "https://alg24info.com/?sitemap448.xml" "Mozilla/5.0 AppleWebKit/537.36 (KHTML, like Gecko; compatible; GPTBot/1.4; +https://openai.com/gptbot)"
104.22.57.39 - - [13/Jul/2026:02:22:27 +0200] "GET /outlet/126030857 HTTP/1.1" 404 243 "https://alg24info.com/?sitemap344.xml" "Mozilla/5.0 AppleWebKit/537.36 (KHTML, like Gecko; compatible; GPTBot/1.4; +https://openai.com/gptbot)"
104.22.57.39 - - [13/Jul/2026:02:23:31 +0200] "GET /outlet/199035408 HTTP/1.1" 404 243 "https://alg24info.com/?sitemap448.xml" "Mozilla/5.0 AppleWebKit/537.36 (KHTML, like Gecko; compatible; GPTBot/1.4; +https://openai.com/gptbot)"
172.69.22.141 - - [13/Jul/2026:02:24:27 +0200] "GET /wp-content/themes/2x.php HTTP/1.1" 404 243 "-" "Mozilla/5.0 (Windows NT 10.0; Win64; x64) AppleWebKit/537.36 (KHTML, like Gecko) Chrome/150.0.0.0 Safari/537.36"
104.22.17.26 - - [13/Jul/2026:02:24:28 +0200] "GET /favicon.ico HTTP/1.1" 404 243 "https://alg24info.com/wp-content/themes/2x.php" "Mozilla/5.0 (Windows NT 10.0; Win64; x64) AppleWebKit/537.36 (KHTML, like Gecko) Chrome/150.0.0.0 Safari/537.36"
104.22.57.39 - - [13/Jul/2026:02:24:34 +0200] "GET /outlet/143030620 HTTP/1.1" 404 243 "https://alg24info.com/?sitemap600.xml" "Mozilla/5.0 AppleWebKit/537.36 (KHTML, like Gecko; compatible; GPTBot/1.4; +https://openai.com/gptbot)"
104.22.57.39 - - [13/Jul/2026:02:25:38 +0200] "GET /outlet/198033181 HTTP/1.1" 404 243 "https://alg24info.com/?sitemap600.xml" "Mozilla/5.0 AppleWebKit/537.36 (KHTML, like Gecko; compatible; GPTBot/1.4; +https://openai.com/gptbot)"
104.22.57.39 - - [13/Jul/2026:02:26:42 +0200] "GET /outlet/044049565 HTTP/1.1" 404 243 "https://alg24info.com/?sitemap448.xml" "Mozilla/5.0 AppleWebKit/537.36 (KHTML, like Gecko; compatible; GPTBot/1.4; +https://openai.com/gptbot)"
104.22.57.39 - - [13/Jul/2026:02:27:43 +0200] "GET /outlet/260010029 HTTP/1.1" 404 243 "https://alg24info.com/?sitemap448.xml" "Mozilla/5.0 AppleWebKit/537.36 (KHTML, like Gecko; compatible; GPTBot/1.4; +https://openai.com/gptbot)"
104.22.57.40 - - [13/Jul/2026:02:28:49 +0200] "GET /outlet/209007084 HTTP/1.1" 404 243 "https://alg24info.com/?sitemap741.xml" "Mozilla/5.0 AppleWebKit/537.36 (KHTML, like Gecko; compatible; GPTBot/1.4; +https://openai.com/gptbot)"
172.68.26.156 - - [13/Jul/2026:02:28:56 +0200] "GET /ie0Yn17u HTTP/1.1" 404 243 "-" "Mozilla/5.0 (X11; Linux x86_64) AppleWebKit/537.36 (KHTML, like Gecko) Chrome/44.0.2403.157 Safari/537.36"
104.22.57.40 - - [13/Jul/2026:02:29:49 +0200] "GET /outlet/108009177 HTTP/1.1" 404 243 "https://alg24info.com/?sitemap448.xml" "Mozilla/5.0 AppleWebKit/537.36 (KHTML, like Gecko; compatible; GPTBot/1.4; +https://openai.com/gptbot)"
104.22.57.39 - - [13/Jul/2026:02:30:55 +0200] "GET /outlet/096002203 HTTP/1.1" 404 243 "https://alg24info.com/?sitemap600.xml" "Mozilla/5.0 AppleWebKit/537.36 (KHTML, like Gecko; compatible; GPTBot/1.4; +https://openai.com/gptbot)"
104.22.57.39 - - [13/Jul/2026:02:32:00 +0200] "GET /outlet/288028089 HTTP/1.1" 404 243 "https://alg24info.com/?sitemap344.xml" "Mozilla/5.0 AppleWebKit/537.36 (KHTML, like Gecko; compatible; GPTBot/1.4; +https://openai.com/gptbot)"
104.22.57.39 - - [13/Jul/2026:02:33:05 +0200] "GET /outlet/083003610 HTTP/1.1" 404 243 "https://alg24info.com/?sitemap224.xml" "Mozilla/5.0 AppleWebKit/537.36 (KHTML, like Gecko; compatible; GPTBot/1.4; +https://openai.com/gptbot)"
104.22.57.39 - - [13/Jul/2026:02:34:09 +0200] "GET /outlet/151030636 HTTP/1.1" 404 243 "https://alg24info.com/?sitemap344.xml" "Mozilla/5.0 AppleWebKit/537.36 (KHTML, like Gecko; compatible; GPTBot/1.4; +https://openai.com/gptbot)"
162.159.106.28 - - [13/Jul/2026:02:34:45 +0200] "GET /ie0yn17u HTTP/1.1" 404 243 "-" "Mozilla/5.0 (X11; Linux x86_64) AppleWebKit/537.36 (KHTML, like Gecko) Chrome/44.0.2403.157 Safari/537.36"
104.22.57.39 - - [13/Jul/2026:02:35:14 +0200] "GET /outlet/214045143 HTTP/1.1" 404 243 "https://alg24info.com/?sitemap344.xml" "Mozilla/5.0 AppleWebKit/537.36 (KHTML, like Gecko; compatible; GPTBot/1.4; +https://openai.com/gptbot)"
104.22.57.39 - - [13/Jul/2026:02:36:17 +0200] "GET /outlet/137044812 HTTP/1.1" 404 243 "https://alg24info.com/?sitemap448.xml" "Mozilla/5.0 AppleWebKit/537.36 (KHTML, like Gecko; compatible; GPTBot/1.4; +https://openai.com/gptbot)"
104.22.57.39 - - [13/Jul/2026:02:37:21 +0200] "GET /outlet/257013702 HTTP/1.1" 404 243 "https://alg24info.com/?sitemap224.xml" "Mozilla/5.0 AppleWebKit/537.36 (KHTML, like Gecko; compatible; GPTBot/1.4; +https://openai.com/gptbot)"
104.22.57.39 - - [13/Jul/2026:02:38:23 +0200] "GET /outlet/180045279 HTTP/1.1" 404 243 "https://alg24info.com/?sitemap600.xml" "Mozilla/5.0 AppleWebKit/537.36 (KHTML, like Gecko; compatible; GPTBot/1.4; +https://openai.com/gptbot)"
104.22.57.39 - - [13/Jul/2026:02:39:23 +0200] "GET /outlet/148008141 HTTP/1.1" 404 243 "https://alg24info.com/?sitemap344.xml" "Mozilla/5.0 AppleWebKit/537.36 (KHTML, like Gecko; compatible; GPTBot/1.4; +https://openai.com/gptbot)"
23.239.11.64 - - [13/Jul/2026:02:39:29 +0200] "GET / HTTP/1.1" 200 1848 "-" "Mozilla/5.0 (Macintosh; Intel Mac OS X 13_1) AppleWebKit/537.36 (KHTML, like Gecko) Chrome/108.0.0.0 Safari/537.36"
104.22.57.39 - - [13/Jul/2026:02:40:27 +0200] "GET /outlet/175028344 HTTP/1.1" 404 243 "https://alg24info.com/?sitemap344.xml" "Mozilla/5.0 AppleWebKit/537.36 (KHTML, like Gecko; compatible; GPTBot/1.4; +https://openai.com/gptbot)"
104.22.57.39 - - [13/Jul/2026:02:41:33 +0200] "GET /outlet/053021968 HTTP/1.1" 404 243 "https://alg24info.com/?sitemap448.xml" "Mozilla/5.0 AppleWebKit/537.36 (KHTML, like Gecko; compatible; GPTBot/1.4; +https://openai.com/gptbot)"
104.22.57.39 - - [13/Jul/2026:02:42:36 +0200] "GET /outlet/281013458 HTTP/1.1" 404 243 "https://alg24info.com/?sitemap344.xml" "Mozilla/5.0 AppleWebKit/537.36 (KHTML, like Gecko; compatible; GPTBot/1.4; +https://openai.com/gptbot)"
104.22.57.39 - - [13/Jul/2026:02:43:38 +0200] "GET /outlet/247020494 HTTP/1.1" 404 243 "https://alg24info.com/?sitemap600.xml" "Mozilla/5.0 AppleWebKit/537.36 (KHTML, like Gecko; compatible; GPTBot/1.4; +https://openai.com/gptbot)"
104.22.57.39 - - [13/Jul/2026:02:44:38 +0200] "GET /outlet/255015802 HTTP/1.1" 404 243 "https://alg24info.com/?sitemap448.xml" "Mozilla/5.0 AppleWebKit/537.36 (KHTML, like Gecko; compatible; GPTBot/1.4; +https://openai.com/gptbot)"
172.70.142.113 - - [13/Jul/2026:02:45:11 +0200] "GET /index.php/2020/06/21/%d8%a7%d9%84%d8%b1%d8%a6%d9%8a%d8%b3-%d8%aa%d8%a8%d9%88%d9%86-%d9%8a%d8%b9%d9%8a%d9%86-%d8%b9%d8%a8%d8%af-%d8%a7%d9%84%d8%b9%d8%b2%d9%8a%d8%b2-%d8%ae%d9%84%d9%81-%d9%85%d8%b3%d8%aa%d8%b4%d8%a7%d8%b1 HTTP/1.1" 500 0 "http://alg24info.com/index.php/2020/06/21/%d8%a7%d9%84%d8%b1%d8%a6%d9%8a%d8%b3-%d8%aa%d8%a8%d9%88%d9%86-%d9%8a%d8%b9%d9%8a%d9%86-%d8%b9%d8%a8%d8%af-%d8%a7%d9%84%d8%b9%d8%b2%d9%8a%d8%b2-%d8%ae%d9%84%d9%81-%d9%85%d8%b3%d8%aa%d8%b4%d8%a7%d8%b1" "Mozilla/5.0 (Linux; Android 7.0;) AppleWebKit/537.36 (HTML, like Gecko) Mobile Safari/537.36 (compatible; PetalBot;+https://webmaster.petalsearch.com/site/petalbot)"
104.22.57.39 - - [13/Jul/2026:02:45:41 +0200] "GET /outlet/156002949 HTTP/1.1" 404 243 "https://alg24info.com/?sitemap448.xml" "Mozilla/5.0 AppleWebKit/537.36 (KHTML, like Gecko; compatible; GPTBot/1.4; +https://openai.com/gptbot)"
104.22.57.39 - - [13/Jul/2026:02:46:42 +0200] "GET /outlet/015004148 HTTP/1.1" 404 243 "https://alg24info.com/?sitemap741.xml" "Mozilla/5.0 AppleWebKit/537.36 (KHTML, like Gecko; compatible; GPTBot/1.4; +https://openai.com/gptbot)"
104.22.57.39 - - [13/Jul/2026:02:47:44 +0200] "GET /outlet/133012758 HTTP/1.1" 404 243 "https://alg24info.com/?sitemap741.xml" "Mozilla/5.0 AppleWebKit/537.36 (KHTML, like Gecko; compatible; GPTBot/1.4; +https://openai.com/gptbot)"
104.22.57.40 - - [13/Jul/2026:02:48:50 +0200] "GET /outlet/023014868 HTTP/1.1" 404 243 "https://alg24info.com/?sitemap741.xml" "Mozilla/5.0 AppleWebKit/537.36 (KHTML, like Gecko; compatible; GPTBot/1.4; +https://openai.com/gptbot)"
104.22.57.40 - - [13/Jul/2026:02:49:51 +0200] "GET /outlet/122004531 HTTP/1.1" 404 243 "https://alg24info.com/?sitemap600.xml" "Mozilla/5.0 AppleWebKit/537.36 (KHTML, like Gecko; compatible; GPTBot/1.4; +https://openai.com/gptbot)"
104.22.57.40 - - [13/Jul/2026:02:50:53 +0200] "GET /outlet/037009572 HTTP/1.1" 404 243 "https://alg24info.com/?sitemap224.xml" "Mozilla/5.0 AppleWebKit/537.36 (KHTML, like Gecko; compatible; GPTBot/1.4; +https://openai.com/gptbot)"
104.22.57.40 - - [13/Jul/2026:02:51:54 +0200] "GET /outlet/076027801 HTTP/1.1" 404 243 "https://alg24info.com/?sitemap741.xml" "Mozilla/5.0 AppleWebKit/537.36 (KHTML, like Gecko; compatible; GPTBot/1.4; +https://openai.com/gptbot)"
172.71.170.211 - - [13/Jul/2026:02:52:18 +0200] "GET / HTTP/1.1" 500 0 "-" "Mozilla/5.0 (X11; Linux x86_64) AppleWebKit/537.36 (KHTML, like Gecko) Chrome/44.0.2403.157 Safari/537.36"
104.22.57.40 - - [13/Jul/2026:02:52:55 +0200] "GET /outlet/128015751 HTTP/1.1" 404 243 "https://alg24info.com/?sitemap448.xml" "Mozilla/5.0 AppleWebKit/537.36 (KHTML, like Gecko; compatible; GPTBot/1.4; +https://openai.com/gptbot)"
104.22.57.39 - - [13/Jul/2026:02:54:01 +0200] "GET /outlet/137031648 HTTP/1.1" 404 243 "https://alg24info.com/?sitemap448.xml" "Mozilla/5.0 AppleWebKit/537.36 (KHTML, like Gecko; compatible; GPTBot/1.4; +https://openai.com/gptbot)"
104.22.57.39 - - [13/Jul/2026:02:55:05 +0200] "GET /outlet/048034891 HTTP/1.1" 404 243 "https://alg24info.com/?sitemap600.xml" "Mozilla/5.0 AppleWebKit/537.36 (KHTML, like Gecko; compatible; GPTBot/1.4; +https://openai.com/gptbot)"
172.70.216.145 - - [13/Jul/2026:02:56:03 +0200] "POST /wp-content/plugins/fix/7c18aade5e90.php HTTP/1.1" 200 16 "-" "Mozilla/5.0 (Windows NT 6.1; Win64; x64) AppleWebKit/537.36 (KHTML, like Gecko) Chrome/50.0.2670.31 Safari/537.36"
172.70.216.194 - - [13/Jul/2026:02:56:03 +0200] "POST /wp-content/plugins/fix/7c18aade5e90.php HTTP/1.1" 200 9 "https://alg24info.com/wp-content/plugins/fix/7c18aade5e90.php" "Mozilla/5.0 (Windows NT 6.1; Win64; x64) AppleWebKit/537.36 (KHTML, like Gecko) Chrome/50.0.2670.31 Safari/537.36"
172.70.216.145 - - [13/Jul/2026:02:56:04 +0200] "GET /wp-content/plugins/fix/599b23e661index.php HTTP/1.1" 200 4386 "https://alg24info.com/wp-content/plugins/fix/7c18aade5e90.php" "Mozilla/5.0 (Windows NT 6.1; Win64; x64) AppleWebKit/537.36 (KHTML, like Gecko) Chrome/50.0.2670.31 Safari/537.36"
172.70.216.194 - - [13/Jul/2026:02:56:04 +0200] "GET /wp-content/plugins/fix/599b23e661index.php HTTP/1.1" 200 4386 "https://alg24info.com/wp-content/plugins/fix/599b23e661index.php" "Mozilla/5.0 (Windows NT 6.1; Win64; x64) AppleWebKit/537.36 (KHTML, like Gecko) Chrome/50.0.2670.31 Safari/537.36"
172.70.216.145 - - [13/Jul/2026:02:56:04 +0200] "GET /wp-content/plugins/fix/599b23e661index.php HTTP/1.1" 200 4386 "https://alg24info.com/wp-content/plugins/fix/599b23e661index.php" "Mozilla/5.0 (Windows NT 6.1; Win64; x64) AppleWebKit/537.36 (KHTML, like Gecko) Chrome/50.0.2670.31 Safari/537.36"
104.22.57.39 - - [13/Jul/2026:02:56:07 +0200] "GET /outlet/114005161 HTTP/1.1" 404 243 "https://alg24info.com/?sitemap344.xml" "Mozilla/5.0 AppleWebKit/537.36 (KHTML, like Gecko; compatible; GPTBot/1.4; +https://openai.com/gptbot)"
104.22.57.39 - - [13/Jul/2026:02:57:10 +0200] "GET /outlet/278041217 HTTP/1.1" 404 243 "https://alg24info.com/?sitemap224.xml" "Mozilla/5.0 AppleWebKit/537.36 (KHTML, like Gecko; compatible; GPTBot/1.4; +https://openai.com/gptbot)"
104.22.57.40 - - [13/Jul/2026:02:58:16 +0200] "GET /outlet/247012248 HTTP/1.1" 404 243 "https://alg24info.com/?sitemap344.xml" "Mozilla/5.0 AppleWebKit/537.36 (KHTML, like Gecko; compatible; GPTBot/1.4; +https://openai.com/gptbot)"
104.22.57.40 - - [13/Jul/2026:02:59:17 +0200] "GET /outlet/027023310 HTTP/1.1" 404 243 "https://alg24info.com/?sitemap741.xml" "Mozilla/5.0 AppleWebKit/537.36 (KHTML, like Gecko; compatible; GPTBot/1.4; +https://openai.com/gptbot)"
104.22.57.40 - - [13/Jul/2026:03:00:22 +0200] "GET /outlet/266040083 HTTP/1.1" 404 243 "https://alg24info.com/?sitemap448.xml" "Mozilla/5.0 AppleWebKit/537.36 (KHTML, like Gecko; compatible; GPTBot/1.4; +https://openai.com/gptbot)"
104.22.72.45 - - [13/Jul/2026:03:00:36 +0200] "GET /robots.txt HTTP/1.1" 200 130 "-" "Mozilla/5.0 (compatible; DotBot/1.2; +https://opensiteexplorer.org/dotbot; [email protected])"
