45.194.67.27 - - [13/Jul/2026:03:00:58 +0200] "GET / HTTP/1.1" 200 4963 "-" "Mozilla/5.0 (compatible; FlowIQLabsBot/1.0; +https://flowiq-labs.com/scanning-info)"
45.194.67.27 - - [13/Jul/2026:03:01:05 +0200] "GET /favicon.ico HTTP/1.1" 404 275 "-" "Mozilla/5.0 (compatible; FlowIQLabsBot/1.0; +https://flowiq-labs.com/scanning-info)"
172.70.176.88 - - [13/Jul/2026:03:01:25 +0200] "GET /wp-content/x41e411/index.php HTTP/1.1" 200 0 "https://alg24info.com/wp-content/x41e411/index.php" "Mozilla/4.0 (compatible; MSIE 6.0; X11; Linux i686; ja) Opera 10.10"
104.22.57.39 - - [13/Jul/2026:03:01:27 +0200] "GET /outlet/277041900 HTTP/1.1" 404 243 "https://alg24info.com/?sitemap741.xml" "Mozilla/5.0 AppleWebKit/537.36 (KHTML, like Gecko; compatible; GPTBot/1.4; +https://openai.com/gptbot)"
104.22.57.39 - - [13/Jul/2026:03:02:33 +0200] "GET /outlet/257026814 HTTP/1.1" 404 243 "https://alg24info.com/?sitemap600.xml" "Mozilla/5.0 AppleWebKit/537.36 (KHTML, like Gecko; compatible; GPTBot/1.4; +https://openai.com/gptbot)"
104.22.57.39 - - [13/Jul/2026:03:03:36 +0200] "GET /outlet/023004656 HTTP/1.1" 404 243 "https://alg24info.com/?sitemap741.xml" "Mozilla/5.0 AppleWebKit/537.36 (KHTML, like Gecko; compatible; GPTBot/1.4; +https://openai.com/gptbot)"
104.22.57.39 - - [13/Jul/2026:03:04:37 +0200] "GET /outlet/214037019 HTTP/1.1" 404 243 "https://alg24info.com/?sitemap224.xml" "Mozilla/5.0 AppleWebKit/537.36 (KHTML, like Gecko; compatible; GPTBot/1.4; +https://openai.com/gptbot)"
104.22.57.39 - - [13/Jul/2026:03:05:40 +0200] "GET /outlet/232015039 HTTP/1.1" 404 243 "https://alg24info.com/?sitemap741.xml" "Mozilla/5.0 AppleWebKit/537.36 (KHTML, like Gecko; compatible; GPTBot/1.4; +https://openai.com/gptbot)"
172.69.17.127 - - [13/Jul/2026:03:06:00 +0200] "GET /wp-content/uploads/cache/djerad-1-6vprcm12i56n0dpwzfh09j8cfki4mw8xas4nwxxajdf.jpg HTTP/1.1" 200 21667 "-" "Mozilla/5.0 (compatible; crawler)"
104.22.57.39 - - [13/Jul/2026:03:06:44 +0200] "GET /outlet/044033663 HTTP/1.1" 404 243 "https://alg24info.com/?sitemap741.xml" "Mozilla/5.0 AppleWebKit/537.36 (KHTML, like Gecko; compatible; GPTBot/1.4; +https://openai.com/gptbot)"
104.22.57.39 - - [13/Jul/2026:03:07:46 +0200] "GET /outlet/028023583 HTTP/1.1" 404 243 "https://alg24info.com/?sitemap448.xml" "Mozilla/5.0 AppleWebKit/537.36 (KHTML, like Gecko; compatible; GPTBot/1.4; +https://openai.com/gptbot)"
104.22.57.39 - - [13/Jul/2026:03:08:47 +0200] "GET /outlet/265028584 HTTP/1.1" 404 243 "https://alg24info.com/?sitemap741.xml" "Mozilla/5.0 AppleWebKit/537.36 (KHTML, like Gecko; compatible; GPTBot/1.4; +https://openai.com/gptbot)"
104.22.57.39 - - [13/Jul/2026:03:09:48 +0200] "GET /outlet/271026906 HTTP/1.1" 404 243 "https://alg24info.com/?sitemap344.xml" "Mozilla/5.0 AppleWebKit/537.36 (KHTML, like Gecko; compatible; GPTBot/1.4; +https://openai.com/gptbot)"
104.22.57.39 - - [13/Jul/2026:03:10:51 +0200] "GET /outlet/136019269 HTTP/1.1" 404 243 "https://alg24info.com/?sitemap344.xml" "Mozilla/5.0 AppleWebKit/537.36 (KHTML, like Gecko; compatible; GPTBot/1.4; +https://openai.com/gptbot)"
104.22.57.39 - - [13/Jul/2026:03:11:56 +0200] "GET /outlet/236049279 HTTP/1.1" 404 243 "https://alg24info.com/?sitemap600.xml" "Mozilla/5.0 AppleWebKit/537.36 (KHTML, like Gecko; compatible; GPTBot/1.4; +https://openai.com/gptbot)"
104.22.57.39 - - [13/Jul/2026:03:12:59 +0200] "GET /outlet/211033590 HTTP/1.1" 404 243 "https://alg24info.com/?sitemap344.xml" "Mozilla/5.0 AppleWebKit/537.36 (KHTML, like Gecko; compatible; GPTBot/1.4; +https://openai.com/gptbot)"
104.22.57.39 - - [13/Jul/2026:03:14:00 +0200] "GET /outlet/192031881 HTTP/1.1" 404 243 "https://alg24info.com/?sitemap448.xml" "Mozilla/5.0 AppleWebKit/537.36 (KHTML, like Gecko; compatible; GPTBot/1.4; +https://openai.com/gptbot)"
104.22.57.39 - - [13/Jul/2026:03:15:00 +0200] "GET /outlet/268032969 HTTP/1.1" 404 243 "https://alg24info.com/?sitemap600.xml" "Mozilla/5.0 AppleWebKit/537.36 (KHTML, like Gecko; compatible; GPTBot/1.4; +https://openai.com/gptbot)"
104.22.57.39 - - [13/Jul/2026:03:16:02 +0200] "GET /outlet/163006914 HTTP/1.1" 404 243 "https://alg24info.com/?sitemap224.xml" "Mozilla/5.0 AppleWebKit/537.36 (KHTML, like Gecko; compatible; GPTBot/1.4; +https://openai.com/gptbot)"
104.22.57.39 - - [13/Jul/2026:03:17:04 +0200] "GET /outlet/185038822 HTTP/1.1" 404 243 "https://alg24info.com/?sitemap600.xml" "Mozilla/5.0 AppleWebKit/537.36 (KHTML, like Gecko; compatible; GPTBot/1.4; +https://openai.com/gptbot)"
162.158.108.54 - - [13/Jul/2026:03:17:13 +0200] "GET /index.php/2020/07/26/%d9%86%d8%a7%d8%a6%d8%a8-%d9%88%d8%b2%d9%8a%d8%b1-%d8%a7%d9%84%d8%b5%d8%ad%d8%a9-%d8%a7%d9%84%d8%a5%d9%8a%d8%b1%d8%a7%d9%86%d9%8a-%d9%83%d9%84-%d8%a5%d9%8a%d8%b1%d8%a7%d9%86-%d8%aa%d9%82%d8%b1%d9%8a/ HTTP/1.1" 500 0 "http://alg24info.com/index.php/2020/05/16/%d9%81%d8%b1%d9%86%d8%b3%d8%a7-%d8%a7%d9%84%d8%b3%d8%aa%d8%b1%d8%a7%d8%aa-%d8%a7%d9%84%d8%b5%d9%81%d8%b1%d8%a7%d8%a1-%d8%aa%d8%af%d8%b9%d9%88-%d9%84%d9%84%d8%aa%d8%ad%d8%b1%d9%83-%d9%85%d9%86" "Mozilla/5.0 (Linux; Android 7.0;) AppleWebKit/537.36 (HTML, like Gecko) Mobile Safari/537.36 (compatible; PetalBot;+https://webmaster.petalsearch.com/site/petalbot)"
20.65.193.191 - - [13/Jul/2026:03:17:40 +0200] "GET /developmentserver/metadatauploader HTTP/1.1" 404 244 "-" "Mozilla/5.0 zgrab/0.x"
103.27.176.143 - - [13/Jul/2026:03:18:01 +0200] "GET / HTTP/1.1" 200 1848 "-" "Mozilla/5.0 (iPhone; CPU iPhone OS 18_5 like Mac OS X) AppleWebKit/605.1.15 (KHTML, like Gecko) Version/18.5 Mobile/15E148 Safari/604.1"
104.22.57.39 - - [13/Jul/2026:03:18:07 +0200] "GET /outlet/052036507 HTTP/1.1" 404 243 "https://alg24info.com/?sitemap448.xml" "Mozilla/5.0 AppleWebKit/537.36 (KHTML, like Gecko; compatible; GPTBot/1.4; +https://openai.com/gptbot)"
104.22.57.39 - - [13/Jul/2026:03:19:08 +0200] "GET /outlet/229002978 HTTP/1.1" 404 243 "https://alg24info.com/?sitemap741.xml" "Mozilla/5.0 AppleWebKit/537.36 (KHTML, like Gecko; compatible; GPTBot/1.4; +https://openai.com/gptbot)"
104.22.57.39 - - [13/Jul/2026:03:20:12 +0200] "GET /outlet/104042701 HTTP/1.1" 404 243 "https://alg24info.com/?sitemap448.xml" "Mozilla/5.0 AppleWebKit/537.36 (KHTML, like Gecko; compatible; GPTBot/1.4; +https://openai.com/gptbot)"
162.158.88.152 - - [13/Jul/2026:03:20:24 +0200] "GET /test1.php HTTP/1.1" 200 169 "-" "Mozilla/5.0 (Linux; Android 5.0) AppleWebKit/537.36 (KHTML, like Gecko) Mobile Safari/537.36 (compatible; Bytespider; [email protected])"
104.22.57.39 - - [13/Jul/2026:03:21:16 +0200] "GET /outlet/240038123 HTTP/1.1" 404 243 "https://alg24info.com/?sitemap224.xml" "Mozilla/5.0 AppleWebKit/537.36 (KHTML, like Gecko; compatible; GPTBot/1.4; +https://openai.com/gptbot)"
104.22.20.117 - - [13/Jul/2026:03:21:31 +0200] "GET /wp-content/uploads/cache/elghanouchi-6vcr687ubkgxq67how2itnga0925hn8gxzsj4dz5cib.jpg HTTP/1.1" 200 22513 "-" "Mozilla/5.0 (compatible; crawler)"
104.22.57.39 - - [13/Jul/2026:03:22:19 +0200] "GET /outlet/145006818 HTTP/1.1" 404 243 "https://alg24info.com/?sitemap448.xml" "Mozilla/5.0 AppleWebKit/537.36 (KHTML, like Gecko; compatible; GPTBot/1.4; +https://openai.com/gptbot)"
80.82.65.207 - - [13/Jul/2026:03:22:49 +0200] "GET / HTTP/1.1" 400 280 "-" "-"
104.22.57.39 - - [13/Jul/2026:03:23:22 +0200] "GET /outlet/193024092 HTTP/1.1" 404 243 "https://alg24info.com/?sitemap741.xml" "Mozilla/5.0 AppleWebKit/537.36 (KHTML, like Gecko; compatible; GPTBot/1.4; +https://openai.com/gptbot)"
172.70.189.82 - - [13/Jul/2026:03:24:25 +0200] "GET /test1.php HTTP/1.1" 200 169 "-" "Mozilla/5.0 (Linux; Android 5.0) AppleWebKit/537.36 (KHTML, like Gecko) Mobile Safari/537.36 (compatible; Bytespider; [email protected])"
104.22.57.39 - - [13/Jul/2026:03:24:25 +0200] "GET /outlet/209035326 HTTP/1.1" 404 243 "https://alg24info.com/?sitemap344.xml" "Mozilla/5.0 AppleWebKit/537.36 (KHTML, like Gecko; compatible; GPTBot/1.4; +https://openai.com/gptbot)"
172.71.150.252 - - [13/Jul/2026:03:25:17 +0200] "GET /index.php/2019/11/26/%D9%82%D8%A7%D9%8A%D8%AF-%D8%B5%D8%A7%D9%84%D8%AD%D8%B2%D9%8A%D8%A7%D8%B1%D8%A9-%D8%B9%D9%85%D9%84-%D9%88%D8%AA%D9%81%D8%AA%D9%8A%D8%B4-%D8%A5%D9%84%D9%89-%D9%82%D9%8A%D8%A7%D8%AF%D8%A9-%D8%A7%D9%84/ HTTP/1.1" 500 0 "-" "Mozilla/5.0 (compatible; DotBot/1.2; +https://opensiteexplorer.org/dotbot; [email protected])"
172.71.150.252 - - [13/Jul/2026:03:25:28 +0200] "GET /index.php/2020/06/16/%D9%88%D8%B2%D8%A7%D8%B1%D8%A9-%D8%A7%D9%84%D8%AA%D8%AC%D8%A7%D8%B1%D8%A9-%D8%AA%D9%88%D9%82%D8%B9-%D8%A7%D8%AA%D9%81%D8%A7%D9%82%D9%8A%D8%A9-%D8%B4%D8%B1%D8%A7%D9%83%D8%A9-%D9%85%D8%B9-%D8%A7%D9%84/ HTTP/1.1" 500 0 "-" "Mozilla/5.0 (compatible; DotBot/1.2; +https://opensiteexplorer.org/dotbot; [email protected])"
104.22.57.39 - - [13/Jul/2026:03:25:28 +0200] "GET /outlet/165039746 HTTP/1.1" 404 243 "https://alg24info.com/?sitemap600.xml" "Mozilla/5.0 AppleWebKit/537.36 (KHTML, like Gecko; compatible; GPTBot/1.4; +https://openai.com/gptbot)"
172.68.22.25 - - [13/Jul/2026:03:25:38 +0200] "GET /index.php/2019/12/04/%D8%A5%D8%B6%D8%B1%D8%A7%D8%A8%D8%A7%D8%AA-%D9%88%D8%A7%D8%B3%D8%B9%D8%A9-%D8%BA%D8%AF%D8%A7-%D8%AA%D8%B4%D9%84-%D9%81%D8%B1%D9%86%D8%B3%D8%A7-%D8%B1%D9%81%D8%B6%D8%A7-%D9%84%D8%A5%D8%B5%D9%84%D8%A7/ HTTP/1.1" 500 0 "-" "Mozilla/5.0 (compatible; DotBot/1.2; +https://opensiteexplorer.org/dotbot; [email protected])"
172.68.22.25 - - [13/Jul/2026:03:26:08 +0200] "GET /index.php/2020/06/29/%D8%AA%D9%85%D8%AF%D9%8A%D8%AF-%D8%A2%D8%AC%D8%A7%D9%84-%D8%A7%D9%82%D8%AA%D9%86%D8%A7%D8%A1-%D9%82%D8%B3%D9%8A%D9%85%D8%A9-%D8%A7%D9%84%D8%B3%D9%8A%D8%A7%D8%B1%D8%A7%D8%AA-%D8%A5%D9%84%D9%89-%D8%BA/ HTTP/1.1" 500 0 "-" "Mozilla/5.0 (compatible; DotBot/1.2; +https://opensiteexplorer.org/dotbot; [email protected])"
172.71.95.74 - - [13/Jul/2026:03:26:12 +0200] "GET / HTTP/1.1" 500 0 "-" "Mozilla/5.0 (iPhone; CPU iPhone OS 13_2_3 like Mac OS X) AppleWebKit/605.1.15 (KHTML, like Gecko) Version/13.0.3 Mobile/15E148 Safari/604.1"
104.22.57.39 - - [13/Jul/2026:03:26:28 +0200] "GET /outlet/089024992 HTTP/1.1" 404 243 "https://alg24info.com/?sitemap224.xml" "Mozilla/5.0 AppleWebKit/537.36 (KHTML, like Gecko; compatible; GPTBot/1.4; +https://openai.com/gptbot)"
172.71.146.190 - - [13/Jul/2026:03:26:45 +0200] "GET /index.php/2019/11/18/%D8%B1%D8%A6%D8%A7%D8%B3%D9%8A%D8%A7%D8%AA-2019-%D8%A8%D8%B1%D9%86%D8%A7%D9%85%D8%AC-%D8%A7%D9%84%D9%8A%D9%88%D9%85-%D8%A7%D9%84%D8%AB%D8%A7%D9%86%D9%8A-%D9%84%D9%84%D8%AD%D9%85%D9%84%D8%A9-%D8%A7/ HTTP/1.1" 500 0 "-" "Mozilla/5.0 (compatible; DotBot/1.2; +https://opensiteexplorer.org/dotbot; [email protected])"
104.22.57.39 - - [13/Jul/2026:03:27:34 +0200] "GET /outlet/272006921 HTTP/1.1" 404 243 "https://alg24info.com/?sitemap600.xml" "Mozilla/5.0 AppleWebKit/537.36 (KHTML, like Gecko; compatible; GPTBot/1.4; +https://openai.com/gptbot)"
172.69.9.55 - - [13/Jul/2026:03:28:05 +0200] "POST /wp-content/plugins/fix/7c18aade5e90.php HTTP/1.1" 200 16 "-" "Mozilla/5.0 (Macintosh; Intel Mac OS X 10_12_1) AppleWebKit/537.36 (KHTML, like Gecko) Chrome/49.0.2656.75 Safari/537.36"
172.69.9.53 - - [13/Jul/2026:03:28:05 +0200] "POST /wp-content/plugins/fix/7c18aade5e90.php HTTP/1.1" 200 9 "https://alg24info.com/wp-content/plugins/fix/7c18aade5e90.php" "Mozilla/5.0 (Macintosh; Intel Mac OS X 10_12_1) AppleWebKit/537.36 (KHTML, like Gecko) Chrome/49.0.2656.75 Safari/537.36"
172.69.9.55 - - [13/Jul/2026:03:28:05 +0200] "GET /wp-content/plugins/fix/0a5a3eb879index.php HTTP/1.1" 200 1772 "https://alg24info.com/wp-content/plugins/fix/7c18aade5e90.php" "Mozilla/5.0 (Macintosh; Intel Mac OS X 10_12_1) AppleWebKit/537.36 (KHTML, like Gecko) Chrome/49.0.2656.75 Safari/537.36"
172.69.9.53 - - [13/Jul/2026:03:28:06 +0200] "GET /wp-content/plugins/fix/0a5a3eb879index.php HTTP/1.1" 200 1772 "https://alg24info.com/wp-content/plugins/fix/0a5a3eb879index.php" "Mozilla/5.0 (Macintosh; Intel Mac OS X 10_12_1) AppleWebKit/537.36 (KHTML, like Gecko) Chrome/49.0.2656.75 Safari/537.36"
172.69.9.55 - - [13/Jul/2026:03:28:07 +0200] "GET /wp-content/plugins/fix/0a5a3eb879index.php HTTP/1.1" 200 1772 "https://alg24info.com/wp-content/plugins/fix/0a5a3eb879index.php" "Mozilla/5.0 (Macintosh; Intel Mac OS X 10_12_1) AppleWebKit/537.36 (KHTML, like Gecko) Chrome/49.0.2656.75 Safari/537.36"
104.23.216.217 - - [13/Jul/2026:03:28:26 +0200] "GET /test1.php HTTP/1.1" 200 169 "-" "Mozilla/5.0 (Linux; Android 8.0; Pixel 2 Build/OPD3.170816.012) AppleWebKit/537.36 (KHTML, like Gecko) Chrome/45.0.2897.1437 Mobile Safari/537.36"
104.22.57.39 - - [13/Jul/2026:03:28:36 +0200] "GET /outlet/276040879 HTTP/1.1" 404 243 "https://alg24info.com/?sitemap600.xml" "Mozilla/5.0 AppleWebKit/537.36 (KHTML, like Gecko; compatible; GPTBot/1.4; +https://openai.com/gptbot)"
104.22.57.39 - - [13/Jul/2026:03:29:41 +0200] "GET /outlet/228015689 HTTP/1.1" 404 243 "https://alg24info.com/?sitemap448.xml" "Mozilla/5.0 AppleWebKit/537.36 (KHTML, like Gecko; compatible; GPTBot/1.4; +https://openai.com/gptbot)"
104.22.57.40 - - [13/Jul/2026:03:30:47 +0200] "GET /outlet/168026281 HTTP/1.1" 404 243 "https://alg24info.com/?sitemap344.xml" "Mozilla/5.0 AppleWebKit/537.36 (KHTML, like Gecko; compatible; GPTBot/1.4; +https://openai.com/gptbot)"
104.22.57.40 - - [13/Jul/2026:03:31:53 +0200] "GET /outlet/086036791 HTTP/1.1" 404 243 "https://alg24info.com/?sitemap448.xml" "Mozilla/5.0 AppleWebKit/537.36 (KHTML, like Gecko; compatible; GPTBot/1.4; +https://openai.com/gptbot)"
104.23.175.242 - - [13/Jul/2026:03:32:38 +0200] "GET /index.php/2020/07/13/%D8%A7%D9%84%D8%AF%D8%AE%D9%88%D9%84-%D8%A7%D9%84%D9%85%D8%AF%D8%B1%D8%B3%D9%8A2020-2021-%D8%B6%D9%85%D8%A7%D9%86-%D8%A7%D9%86%D8%B7%D9%84%D8%A7%D9%82-%D9%81%D8%B9%D9%84%D9%8A-%D9%84%D9%84%D8%AF/ HTTP/1.1" 500 0 "http://alg24info.com/index.php/2020/07/13/%D8%A7%D9%84%D8%AF%D8%AE%D9%88%D9%84-%D8%A7%D9%84%D9%85%D8%AF%D8%B1%D8%B3%D9%8A2020-2021-%D8%B6%D9%85%D8%A7%D9%86-%D8%A7%D9%86%D8%B7%D9%84%D8%A7%D9%82-%D9%81%D8%B9%D9%84%D9%8A-%D9%84%D9%84%D8%AF/" "Mozilla/5.0 (Linux; Android 7.0;) AppleWebKit/537.36 (HTML, like Gecko) Mobile Safari/537.36 (compatible; PetalBot;+https://webmaster.petalsearch.com/site/petalbot)"
104.22.57.40 - - [13/Jul/2026:03:32:55 +0200] "GET /outlet/108024973 HTTP/1.1" 404 243 "https://alg24info.com/?sitemap224.xml" "Mozilla/5.0 AppleWebKit/537.36 (KHTML, like Gecko; compatible; GPTBot/1.4; +https://openai.com/gptbot)"
104.22.57.39 - - [13/Jul/2026:03:34:01 +0200] "GET /outlet/291019712 HTTP/1.1" 404 243 "https://alg24info.com/?sitemap448.xml" "Mozilla/5.0 AppleWebKit/537.36 (KHTML, like Gecko; compatible; GPTBot/1.4; +https://openai.com/gptbot)"
104.22.57.39 - - [13/Jul/2026:03:35:04 +0200] "GET /outlet/050040961 HTTP/1.1" 404 243 "https://alg24info.com/?sitemap224.xml" "Mozilla/5.0 AppleWebKit/537.36 (KHTML, like Gecko; compatible; GPTBot/1.4; +https://openai.com/gptbot)"
172.69.74.234 - - [13/Jul/2026:03:35:29 +0200] "GET / HTTP/1.1" 500 0 "-" "Mozilla/5.0 (X11; Linux i686) AppleWebKit/537.36 (KHTML, like Gecko) Chrome/132.0.0.0 Safari/537.36"
162.158.244.151 - - [13/Jul/2026:03:35:29 +0200] "GET /favicon.ico HTTP/1.1" 404 243 "-" "Mozilla/5.0 (X11; Linux i686) AppleWebKit/537.36 (KHTML, like Gecko) Chrome/132.0.0.0 Safari/537.36"
104.22.57.39 - - [13/Jul/2026:03:36:07 +0200] "GET /outlet/074044159 HTTP/1.1" 404 243 "https://alg24info.com/?sitemap741.xml" "Mozilla/5.0 AppleWebKit/537.36 (KHTML, like Gecko; compatible; GPTBot/1.4; +https://openai.com/gptbot)"
104.22.57.39 - - [13/Jul/2026:03:37:11 +0200] "GET /outlet/068025205 HTTP/1.1" 404 243 "https://alg24info.com/?sitemap448.xml" "Mozilla/5.0 AppleWebKit/537.36 (KHTML, like Gecko; compatible; GPTBot/1.4; +https://openai.com/gptbot)"
162.158.210.90 - - [13/Jul/2026:03:37:43 +0200] "GET /wp-content/uploads/2019/12/djerrad.jpg HTTP/1.1" 200 92438 "-" "Mozilla/5.0 (compatible; crawler)"
104.22.57.39 - - [13/Jul/2026:03:38:15 +0200] "GET /outlet/266022899 HTTP/1.1" 404 243 "https://alg24info.com/?sitemap600.xml" "Mozilla/5.0 AppleWebKit/537.36 (KHTML, like Gecko; compatible; GPTBot/1.4; +https://openai.com/gptbot)"
104.22.57.39 - - [13/Jul/2026:03:39:16 +0200] "GET /outlet/046036307 HTTP/1.1" 404 243 "https://alg24info.com/?sitemap448.xml" "Mozilla/5.0 AppleWebKit/537.36 (KHTML, like Gecko; compatible; GPTBot/1.4; +https://openai.com/gptbot)"
104.22.57.39 - - [13/Jul/2026:03:40:20 +0200] "GET /outlet/043006586 HTTP/1.1" 404 243 "https://alg24info.com/?sitemap448.xml" "Mozilla/5.0 AppleWebKit/537.36 (KHTML, like Gecko; compatible; GPTBot/1.4; +https://openai.com/gptbot)"
192.248.150.180 - - [13/Jul/2026:03:41:05 +0200] "GET / HTTP/1.1" 200 1848 "-" "Mozilla/5.0 (compatible; CyberConvoyScout/1.0; +https://scout.cyberconvoy.co)"
104.22.57.39 - - [13/Jul/2026:03:41:25 +0200] "GET /outlet/209004978 HTTP/1.1" 404 243 "https://alg24info.com/?sitemap741.xml" "Mozilla/5.0 AppleWebKit/537.36 (KHTML, like Gecko; compatible; GPTBot/1.4; +https://openai.com/gptbot)"
104.22.57.39 - - [13/Jul/2026:03:42:31 +0200] "GET /outlet/056005039 HTTP/1.1" 404 243 "https://alg24info.com/?sitemap741.xml" "Mozilla/5.0 AppleWebKit/537.36 (KHTML, like Gecko; compatible; GPTBot/1.4; +https://openai.com/gptbot)"
45.148.10.200 - - [13/Jul/2026:03:43:17 +0200] "GET / HTTP/1.1" 400 182 "-" "-"
45.148.10.200 - - [13/Jul/2026:03:43:17 +0200] "GET / HTTP/1.1" 200 4963 "-" "l9tcpid/v1.1.0"
45.148.10.200 - - [13/Jul/2026:03:43:17 +0200] "GET /.env.local HTTP/1.1" 404 244 "-" "l9explore/1.2.2"
45.148.10.200 - - [13/Jul/2026:03:43:18 +0200] "GET /.env.development HTTP/1.1" 404 244 "-" "l9explore/1.2.2"
45.148.10.200 - - [13/Jul/2026:03:43:18 +0200] "GET /.git-credentials HTTP/1.1" 404 244 "-" "l9explore/1.2.2"
45.148.10.200 - - [13/Jul/2026:03:43:18 +0200] "GET /config/.env.local HTTP/1.1" 404 244 "-" "l9explore/1.2.2"
45.148.10.200 - - [13/Jul/2026:03:43:18 +0200] "GET /backend/.env.production HTTP/1.1" 404 244 "-" "l9explore/1.2.2"
45.148.10.200 - - [13/Jul/2026:03:43:18 +0200] "GET /web/.env HTTP/1.1" 404 244 "-" "l9explore/1.2.2"
45.148.10.200 - - [13/Jul/2026:03:43:18 +0200] "GET /project/.env HTTP/1.1" 404 244 "-" "l9explore/1.2.2"
45.148.10.200 - - [13/Jul/2026:03:43:18 +0200] "GET /aws.env HTTP/1.1" 404 244 "-" "l9explore/1.2.2"
45.148.10.200 - - [13/Jul/2026:03:43:18 +0200] "GET /.envrc.local HTTP/1.1" 404 244 "-" "l9explore/1.2.2"
45.148.10.200 - - [13/Jul/2026:03:43:18 +0200] "GET /.env.example HTTP/1.1" 404 244 "-" "l9explore/1.2.2"
45.148.10.200 - - [13/Jul/2026:03:43:18 +0200] "GET /repo/.env HTTP/1.1" 404 244 "-" "l9explore/1.2.2"
45.148.10.200 - - [13/Jul/2026:03:43:18 +0200] "GET /secrets.env HTTP/1.1" 404 244 "-" "l9explore/1.2.2"
45.148.10.200 - - [13/Jul/2026:03:43:18 +0200] "GET /app/.env HTTP/1.1" 404 244 "-" "l9explore/1.2.2"
45.148.10.200 - - [13/Jul/2026:03:43:18 +0200] "GET /public/.env HTTP/1.1" 404 244 "-" "l9explore/1.2.2"
45.148.10.200 - - [13/Jul/2026:03:43:18 +0200] "GET /core/.env HTTP/1.1" 404 244 "-" "l9explore/1.2.2"
45.148.10.200 - - [13/Jul/2026:03:43:19 +0200] "GET /laravel/.env HTTP/1.1" 404 244 "-" "l9explore/1.2.2"
45.148.10.200 - - [13/Jul/2026:03:43:19 +0200] "GET /config/.env HTTP/1.1" 404 244 "-" "l9explore/1.2.2"
45.148.10.200 - - [13/Jul/2026:03:43:19 +0200] "GET /api/.env.production HTTP/1.1" 404 244 "-" "l9explore/1.2.2"
45.148.10.200 - - [13/Jul/2026:03:43:19 +0200] "GET /server/.env HTTP/1.1" 404 244 "-" "l9explore/1.2.2"
45.148.10.200 - - [13/Jul/2026:03:43:19 +0200] "GET /storage/.env HTTP/1.1" 404 244 "-" "l9explore/1.2.2"
45.148.10.200 - - [13/Jul/2026:03:43:19 +0200] "GET /.env HTTP/1.1" 404 244 "-" "l9explore/1.2.2"
45.148.10.200 - - [13/Jul/2026:03:43:19 +0200] "GET /.env.staging HTTP/1.1" 404 244 "-" "l9explore/1.2.2"
45.148.10.200 - - [13/Jul/2026:03:43:19 +0200] "GET /.env.test HTTP/1.1" 404 244 "-" "l9explore/1.2.2"
45.148.10.200 - - [13/Jul/2026:03:43:19 +0200] "GET /.env.bak HTTP/1.1" 404 244 "-" "l9explore/1.2.2"
45.148.10.200 - - [13/Jul/2026:03:43:19 +0200] "GET /.env.save HTTP/1.1" 404 244 "-" "l9explore/1.2.2"
45.148.10.200 - - [13/Jul/2026:03:43:19 +0200] "GET /.env.sample HTTP/1.1" 404 244 "-" "l9explore/1.2.2"
45.148.10.200 - - [13/Jul/2026:03:43:19 +0200] "GET /.dotenv HTTP/1.1" 404 244 "-" "l9explore/1.2.2"
45.148.10.200 - - [13/Jul/2026:03:43:19 +0200] "GET /.env.prod HTTP/1.1" 404 244 "-" "l9explore/1.2.2"
45.148.10.200 - - [13/Jul/2026:03:43:19 +0200] "GET /admin/.env HTTP/1.1" 404 244 "-" "l9explore/1.2.2"
104.22.57.39 - - [13/Jul/2026:03:43:36 +0200] "GET /outlet/189012448 HTTP/1.1" 404 243 "https://alg24info.com/?sitemap448.xml" "Mozilla/5.0 AppleWebKit/537.36 (KHTML, like Gecko; compatible; GPTBot/1.4; +https://openai.com/gptbot)"
104.23.170.16 - - [13/Jul/2026:03:44:24 +0200] "POST /wp-plain.php HTTP/1.1" 404 243 "www.google.com" "Mozilla/5.0 (Linux; Android 7.0; SM-G892A Bulid/NRD90M; wv) AppleWebKit/537.36 (KHTML, like Gecko) Version/4.0 Chrome/60.0.3112.107 Moblie Safari/537.36"
172.71.95.74 - - [13/Jul/2026:03:44:24 +0200] "POST /ALFA_DATA/alfacgiapi/perl.alfa HTTP/1.1" 404 243 "www.google.com" "Mozlila/5.0 (Linux; Android 7.0; SM-G892A Bulid/NRD90M; wv) AppleWebKit/537.36 (KHTML, like Gecko) Version/4.0 Chrome/60.0.3112.107 Moblie Safari/537.36"
104.23.172.65 - - [13/Jul/2026:03:44:24 +0200] "GET /wp-content/themes/seotheme/db.php?u HTTP/1.1" 404 243 "www.google.com" "Mozlila/5.0 (Linux; Android 7.0; SM-G892A Bulid/NRD90M; wv) AppleWebKit/537.36 (KHTML, like Gecko) Version/4.0 Chrome/60.0.3112.107 Moblie Safari/537.36"
172.71.99.35 - - [13/Jul/2026:03:44:24 +0200] "GET /wp-content/plugins/fix/up.php HTTP/1.1" 404 243 "-" "Mozilla/5.0 (Windows NT 10.0; Win64; x64) AppleWebKit/537.36 (KHTML, like Gecko) Chrome/85.0.4183.102 Safari/537.36"
104.23.170.172 - - [13/Jul/2026:03:44:24 +0200] "GET /ojtvaovh.php?Fox=d3wL7 HTTP/1.1" 404 243 "www.google.com" "Mozilla/5.0 (Linux; Android 7.0; SM-G892A Bulid/NRD90M; wv) AppleWebKit/537.36 (KHTML, like Gecko) Version/4.0 Chrome/60.0.3112.107 Moblie Safari/537.36"
172.71.102.150 - - [13/Jul/2026:03:44:24 +0200] "GET / HTTP/1.1" 500 0 "-" "Mozlila/5.0 (Linux; Android 7.0; SM-G892A Bulid/NRD90M; wv) AppleWebKit/537.36 (KHTML, like Gecko) Version/4.0 Chrome/60.0.3112.107 Moblie Safari/537.36"
172.71.95.74 - - [13/Jul/2026:03:44:24 +0200] "POST /alfacgiapi/perl.alfa HTTP/1.1" 404 243 "www.google.com" "Mozlila/5.0 (Linux; Android 7.0; SM-G892A Bulid/NRD90M; wv) AppleWebKit/537.36 (KHTML, like Gecko) Version/4.0 Chrome/60.0.3112.107 Moblie Safari/537.36"
172.71.102.150 - - [13/Jul/2026:03:44:24 +0200] "GET /wp-content/themes/seotheme/db.php?u HTTP/1.1" 404 243 "www.google.com" "Mozlila/5.0 (Linux; Android 7.0; SM-G892A Bulid/NRD90M; wv) AppleWebKit/537.36 (KHTML, like Gecko) Version/4.0 Chrome/60.0.3112.107 Moblie Safari/537.36"
172.71.98.201 - - [13/Jul/2026:03:44:24 +0200] "POST /wp-plain.php HTTP/1.1" 404 243 "www.google.com" "Mozilla/5.0 (Linux; Android 7.0; SM-G892A Bulid/NRD90M; wv) AppleWebKit/537.36 (KHTML, like Gecko) Version/4.0 Chrome/60.0.3112.107 Moblie Safari/537.36"
172.71.102.75 - - [13/Jul/2026:03:44:24 +0200] "GET /vvjtwgee.php?Fox=d3wL7 HTTP/1.1" 404 243 "www.google.com" "Mozilla/5.0 (Linux; Android 7.0; SM-G892A Bulid/NRD90M; wv) AppleWebKit/537.36 (KHTML, like Gecko) Version/4.0 Chrome/60.0.3112.107 Moblie Safari/537.36"
104.22.57.40 - - [13/Jul/2026:03:44:41 +0200] "GET /outlet/243018016 HTTP/1.1" 404 243 "https://alg24info.com/?sitemap224.xml" "Mozilla/5.0 AppleWebKit/537.36 (KHTML, like Gecko; compatible; GPTBot/1.4; +https://openai.com/gptbot)"
45.205.1.223 - - [13/Jul/2026:03:45:20 +0200] "GET / HTTP/1.1" 200 4963 "-" "Mozilla/5.0 (compatible; FlowIQLabsBot/1.0; +https://flowiq-labs.com/scanning-info)"
45.205.1.223 - - [13/Jul/2026:03:45:22 +0200] "GET /favicon.ico HTTP/1.1" 404 275 "-" "Mozilla/5.0 (compatible; FlowIQLabsBot/1.0; +https://flowiq-labs.com/scanning-info)"
104.22.57.40 - - [13/Jul/2026:03:45:44 +0200] "GET /outlet/253005410 HTTP/1.1" 404 243 "https://alg24info.com/?sitemap600.xml" "Mozilla/5.0 AppleWebKit/537.36 (KHTML, like Gecko; compatible; GPTBot/1.4; +https://openai.com/gptbot)"
116.99.49.208 - - [13/Jul/2026:03:46:07 +0200] "POST /cgi-bin/.%2e/.%2e/.%2e/.%2e/.%2e/.%2e/.%2e/.%2e/.%2e/.%2e/bin/sh HTTP/1.1" 400 182 "-" "-"
116.99.49.208 - - [13/Jul/2026:03:46:08 +0200] "POST /cgi-bin/%%32%65%%32%65/%%32%65%%32%65/%%32%65%%32%65/%%32%65%%32%65/%%32%65%%32%65/%%32%65%%32%65/%%32%65%%32%65/bin/sh HTTP/1.1" 400 182 "-" "-"
116.99.49.208 - - [13/Jul/2026:03:46:09 +0200] "POST /hello.world?%ADd+allow_url_include%3d1+%ADd+auto_prepend_file%3dphp://input HTTP/1.1" 404 275 "-" "libredtail-http"
116.99.49.208 - - [13/Jul/2026:03:46:11 +0200] "POST /?%ADd+allow_url_include%3d1+%ADd+auto_prepend_file%3dphp://input HTTP/1.1" 200 4963 "-" "libredtail-http"
116.99.49.208 - - [13/Jul/2026:03:46:11 +0200] "GET /vendor/phpunit/phpunit/src/Util/PHP/eval-stdin.php HTTP/1.1" 404 275 "-" "libredtail-http"
116.99.49.208 - - [13/Jul/2026:03:46:12 +0200] "GET /vendor/phpunit/phpunit/Util/PHP/eval-stdin.php HTTP/1.1" 404 275 "-" "libredtail-http"
116.99.49.208 - - [13/Jul/2026:03:46:13 +0200] "GET /vendor/phpunit/src/Util/PHP/eval-stdin.php HTTP/1.1" 404 275 "-" "libredtail-http"
116.99.49.208 - - [13/Jul/2026:03:46:14 +0200] "GET /vendor/phpunit/Util/PHP/eval-stdin.php HTTP/1.1" 404 275 "-" "libredtail-http"
116.99.49.208 - - [13/Jul/2026:03:46:14 +0200] "GET /vendor/phpunit/phpunit/LICENSE/eval-stdin.php HTTP/1.1" 404 275 "-" "libredtail-http"
116.99.49.208 - - [13/Jul/2026:03:46:18 +0200] "GET /vendor/vendor/phpunit/phpunit/src/Util/PHP/eval-stdin.php HTTP/1.1" 404 275 "-" "libredtail-http"
116.99.49.208 - - [13/Jul/2026:03:46:19 +0200] "GET /phpunit/phpunit/src/Util/PHP/eval-stdin.php HTTP/1.1" 404 275 "-" "libredtail-http"
116.99.49.208 - - [13/Jul/2026:03:46:20 +0200] "GET /phpunit/phpunit/Util/PHP/eval-stdin.php HTTP/1.1" 404 275 "-" "libredtail-http"
116.99.49.208 - - [13/Jul/2026:03:46:20 +0200] "GET /phpunit/src/Util/PHP/eval-stdin.php HTTP/1.1" 404 275 "-" "libredtail-http"
116.99.49.208 - - [13/Jul/2026:03:46:21 +0200] "GET /phpunit/Util/PHP/eval-stdin.php HTTP/1.1" 404 275 "-" "libredtail-http"
116.99.49.208 - - [13/Jul/2026:03:46:22 +0200] "GET /lib/phpunit/phpunit/src/Util/PHP/eval-stdin.php HTTP/1.1" 404 275 "-" "libredtail-http"
116.99.49.208 - - [13/Jul/2026:03:46:23 +0200] "GET /lib/phpunit/phpunit/Util/PHP/eval-stdin.php HTTP/1.1" 404 275 "-" "libredtail-http"
116.99.49.208 - - [13/Jul/2026:03:46:23 +0200] "GET /lib/phpunit/src/Util/PHP/eval-stdin.php HTTP/1.1" 404 275 "-" "libredtail-http"
116.99.49.208 - - [13/Jul/2026:03:46:25 +0200] "GET /lib/phpunit/Util/PHP/eval-stdin.php HTTP/1.1" 404 275 "-" "libredtail-http"
116.99.49.208 - - [13/Jul/2026:03:46:26 +0200] "GET /lib/vendor/phpunit/phpunit/src/Util/PHP/eval-stdin.php HTTP/1.1" 404 275 "-" "libredtail-http"
116.99.49.208 - - [13/Jul/2026:03:46:26 +0200] "GET /laravel/vendor/phpunit/phpunit/src/Util/PHP/eval-stdin.php HTTP/1.1" 404 275 "-" "libredtail-http"
116.99.49.208 - - [13/Jul/2026:03:46:27 +0200] "GET /www/vendor/phpunit/phpunit/src/Util/PHP/eval-stdin.php HTTP/1.1" 404 275 "-" "libredtail-http"
116.99.49.208 - - [13/Jul/2026:03:46:28 +0200] "GET /ws/vendor/phpunit/phpunit/src/Util/PHP/eval-stdin.php HTTP/1.1" 404 275 "-" "libredtail-http"
116.99.49.208 - - [13/Jul/2026:03:46:28 +0200] "GET /yii/vendor/phpunit/phpunit/src/Util/PHP/eval-stdin.php HTTP/1.1" 404 275 "-" "libredtail-http"
116.99.49.208 - - [13/Jul/2026:03:46:30 +0200] "GET /zend/vendor/phpunit/phpunit/src/Util/PHP/eval-stdin.php HTTP/1.1" 404 275 "-" "libredtail-http"
116.99.49.208 - - [13/Jul/2026:03:46:30 +0200] "GET /ws/ec/vendor/phpunit/phpunit/src/Util/PHP/eval-stdin.php HTTP/1.1" 404 275 "-" "libredtail-http"
116.99.49.208 - - [13/Jul/2026:03:46:33 +0200] "GET /V2/vendor/phpunit/phpunit/src/Util/PHP/eval-stdin.php HTTP/1.1" 404 275 "-" "libredtail-http"
116.99.49.208 - - [13/Jul/2026:03:46:33 +0200] "GET /tests/vendor/phpunit/phpunit/src/Util/PHP/eval-stdin.php HTTP/1.1" 404 275 "-" "libredtail-http"
116.99.49.208 - - [13/Jul/2026:03:46:34 +0200] "GET /test/vendor/phpunit/phpunit/src/Util/PHP/eval-stdin.php HTTP/1.1" 404 275 "-" "libredtail-http"
116.99.49.208 - - [13/Jul/2026:03:46:35 +0200] "GET /testing/vendor/phpunit/phpunit/src/Util/PHP/eval-stdin.php HTTP/1.1" 404 275 "-" "libredtail-http"
116.99.49.208 - - [13/Jul/2026:03:46:35 +0200] "GET /api/vendor/phpunit/phpunit/src/Util/PHP/eval-stdin.php HTTP/1.1" 404 275 "-" "libredtail-http"
116.99.49.208 - - [13/Jul/2026:03:46:36 +0200] "GET /demo/vendor/phpunit/phpunit/src/Util/PHP/eval-stdin.php HTTP/1.1" 404 275 "-" "libredtail-http"
116.99.49.208 - - [13/Jul/2026:03:46:37 +0200] "GET /cms/vendor/phpunit/phpunit/src/Util/PHP/eval-stdin.php HTTP/1.1" 404 275 "-" "libredtail-http"
116.99.49.208 - - [13/Jul/2026:03:46:38 +0200] "GET /crm/vendor/phpunit/phpunit/src/Util/PHP/eval-stdin.php HTTP/1.1" 404 275 "-" "libredtail-http"
116.99.49.208 - - [13/Jul/2026:03:46:38 +0200] "GET /admin/vendor/phpunit/phpunit/src/Util/PHP/eval-stdin.php HTTP/1.1" 404 275 "-" "libredtail-http"
116.99.49.208 - - [13/Jul/2026:03:46:39 +0200] "GET /backup/vendor/phpunit/phpunit/src/Util/PHP/eval-stdin.php HTTP/1.1" 404 275 "-" "libredtail-http"
116.99.49.208 - - [13/Jul/2026:03:46:40 +0200] "GET /blog/vendor/phpunit/phpunit/src/Util/PHP/eval-stdin.php HTTP/1.1" 404 275 "-" "libredtail-http"
116.99.49.208 - - [13/Jul/2026:03:46:41 +0200] "GET /workspace/drupal/vendor/phpunit/phpunit/src/Util/PHP/eval-stdin.php HTTP/1.1" 404 275 "-" "libredtail-http"
116.99.49.208 - - [13/Jul/2026:03:46:41 +0200] "GET /panel/vendor/phpunit/phpunit/src/Util/PHP/eval-stdin.php HTTP/1.1" 404 275 "-" "libredtail-http"
116.99.49.208 - - [13/Jul/2026:03:46:42 +0200] "GET /public/vendor/phpunit/phpunit/src/Util/PHP/eval-stdin.php HTTP/1.1" 404 275 "-" "libredtail-http"
116.99.49.208 - - [13/Jul/2026:03:46:43 +0200] "GET /apps/vendor/phpunit/phpunit/src/Util/PHP/eval-stdin.php HTTP/1.1" 404 275 "-" "libredtail-http"
116.99.49.208 - - [13/Jul/2026:03:46:44 +0200] "GET /app/vendor/phpunit/phpunit/src/Util/PHP/eval-stdin.php HTTP/1.1" 404 275 "-" "libredtail-http"
116.99.49.208 - - [13/Jul/2026:03:46:45 +0200] "GET /index.php?s=/index/\x5Cthink\x5Capp/invokefunction&function=call_user_func_array&vars[0]=md5&vars[1][]=Hello HTTP/1.1" 200 4963 "-" "libredtail-http"
116.99.49.208 - - [13/Jul/2026:03:46:46 +0200] "GET /public/index.php?s=/index/\x5Cthink\x5Capp/invokefunction&function=call_user_func_array&vars[0]=md5&vars[1][]=Hello HTTP/1.1" 404 275 "-" "libredtail-http"
116.99.49.208 - - [13/Jul/2026:03:46:46 +0200] "GET /index.php?lang=../../../../../../../../usr/local/lib/php/pearcmd&+config-create+/&/<?echo(md5(\x22hi\x22));?>+/tmp/index1.php HTTP/1.1" 200 4963 "-" "libredtail-http"
116.99.49.208 - - [13/Jul/2026:03:46:47 +0200] "GET /index.php?lang=../../../../../../../../tmp/index1 HTTP/1.1" 200 4963 "-" "libredtail-http"
116.99.49.208 - - [13/Jul/2026:03:46:48 +0200] "GET /containers/json HTTP/1.1" 404 275 "-" "libredtail-http"
104.22.57.40 - - [13/Jul/2026:03:46:48 +0200] "GET /outlet/001008036 HTTP/1.1" 404 243 "https://alg24info.com/?sitemap224.xml" "Mozilla/5.0 AppleWebKit/537.36 (KHTML, like Gecko; compatible; GPTBot/1.4; +https://openai.com/gptbot)"
104.22.57.40 - - [13/Jul/2026:03:47:52 +0200] "GET /outlet/016006431 HTTP/1.1" 404 243 "https://alg24info.com/?sitemap448.xml" "Mozilla/5.0 AppleWebKit/537.36 (KHTML, like Gecko; compatible; GPTBot/1.4; +https://openai.com/gptbot)"
162.158.108.54 - - [13/Jul/2026:03:48:02 +0200] "GET /index.php/2020/06/08/%D9%85%D8%B9%D8%B2%D9%88%D8%B2-%D8%B6%D8%B1%D9%88%D8%B1%D8%A9-%D8%AA%D8%A3%D8%AE%D9%8A%D8%B1-%D8%A7%D9%84%D8%AC%D8%A8%D8%A7%D9%8A%D8%A9-%D9%88%D8%AA%D8%A3%D8%AC%D9%8A%D9%84%D9%87%D8%A7-%D8%B3%D9%86 HTTP/1.1" 500 0 "http://alg24info.com/index.php/2020/06/08/%d9%85%d8%b9%d8%b2%d9%88%d8%b2-%d8%b6%d8%b1%d9%88%d8%b1%d8%a9-%d8%aa%d8%a3%d8%ae%d9%8a%d8%b1-%d8%a7%d9%84%d8%ac%d8%a8%d8%a7%d9%8a%d8%a9-%d9%88%d8%aa%d8%a3%d8%ac%d9%8a%d9%84%d9%87%d8%a7-%d8%b3%d9%86" "Mozilla/5.0 (Linux; Android 7.0;) AppleWebKit/537.36 (HTML, like Gecko) Mobile Safari/537.36 (compatible; PetalBot;+https://webmaster.petalsearch.com/site/petalbot)"
64.89.162.168 - - [13/Jul/2026:03:48:42 +0200] "POST /ALFA_DATA/alfacgiapi/perl.alfa HTTP/1.1" 404 275 "www.google.com" "Mozlila/5.0 (Linux; Android 7.0; SM-G892A Bulid/NRD90M; wv) AppleWebKit/537.36 (KHTML, like Gecko) Version/4.0 Chrome/60.0.3112.107 Moblie Safari/537.36"
64.89.162.168 - - [13/Jul/2026:03:48:42 +0200] "POST /wp-plain.php HTTP/1.1" 404 275 "www.google.com" "Mozilla/5.0 (Linux; Android 7.0; SM-G892A Bulid/NRD90M; wv) AppleWebKit/537.36 (KHTML, like Gecko) Version/4.0 Chrome/60.0.3112.107 Moblie Safari/537.36"
64.89.162.168 - - [13/Jul/2026:03:48:42 +0200] "GET /wp-content/themes/seotheme/db.php?u HTTP/1.1" 404 275 "www.google.com" "Mozlila/5.0 (Linux; Android 7.0; SM-G892A Bulid/NRD90M; wv) AppleWebKit/537.36 (KHTML, like Gecko) Version/4.0 Chrome/60.0.3112.107 Moblie Safari/537.36"
64.89.162.168 - - [13/Jul/2026:03:48:42 +0200] "GET /rktflkyt.php?Fox=d3wL7 HTTP/1.1" 404 275 "www.google.com" "Mozilla/5.0 (Linux; Android 7.0; SM-G892A Bulid/NRD90M; wv) AppleWebKit/537.36 (KHTML, like Gecko) Version/4.0 Chrome/60.0.3112.107 Moblie Safari/537.36"
64.89.162.168 - - [13/Jul/2026:03:48:42 +0200] "POST /alfacgiapi/perl.alfa HTTP/1.1" 404 275 "www.google.com" "Mozlila/5.0 (Linux; Android 7.0; SM-G892A Bulid/NRD90M; wv) AppleWebKit/537.36 (KHTML, like Gecko) Version/4.0 Chrome/60.0.3112.107 Moblie Safari/537.36"
64.89.162.168 - - [13/Jul/2026:03:48:42 +0200] "GET /wp-content/plugins/fix/up.php HTTP/1.1" 404 275 "-" "Mozilla/5.0 (Windows NT 10.0; Win64; x64) AppleWebKit/537.36 (KHTML, like Gecko) Chrome/85.0.4183.102 Safari/537.36"
64.89.162.168 - - [13/Jul/2026:03:48:42 +0200] "GET / HTTP/1.1" 200 4963 "-" "Mozlila/5.0 (Linux; Android 7.0; SM-G892A Bulid/NRD90M; wv) AppleWebKit/537.36 (KHTML, like Gecko) Version/4.0 Chrome/60.0.3112.107 Moblie Safari/537.36"
64.89.162.168 - - [13/Jul/2026:03:48:42 +0200] "GET /wp-content/themes/seotheme/db.php?u HTTP/1.1" 404 275 "www.google.com" "Mozlila/5.0 (Linux; Android 7.0; SM-G892A Bulid/NRD90M; wv) AppleWebKit/537.36 (KHTML, like Gecko) Version/4.0 Chrome/60.0.3112.107 Moblie Safari/537.36"
64.89.162.168 - - [13/Jul/2026:03:48:42 +0200] "POST /wp-plain.php HTTP/1.1" 404 275 "www.google.com" "Mozilla/5.0 (Linux; Android 7.0; SM-G892A Bulid/NRD90M; wv) AppleWebKit/537.36 (KHTML, like Gecko) Version/4.0 Chrome/60.0.3112.107 Moblie Safari/537.36"
64.89.162.168 - - [13/Jul/2026:03:48:42 +0200] "GET /vqxjxuyi.php?Fox=d3wL7 HTTP/1.1" 404 275 "www.google.com" "Mozilla/5.0 (Linux; Android 7.0; SM-G892A Bulid/NRD90M; wv) AppleWebKit/537.36 (KHTML, like Gecko) Version/4.0 Chrome/60.0.3112.107 Moblie Safari/537.36"
104.22.57.40 - - [13/Jul/2026:03:48:53 +0200] "GET /outlet/248012175 HTTP/1.1" 404 243 "https://alg24info.com/?sitemap224.xml" "Mozilla/5.0 AppleWebKit/537.36 (KHTML, like Gecko; compatible; GPTBot/1.4; +https://openai.com/gptbot)"
104.22.57.40 - - [13/Jul/2026:03:49:56 +0200] "GET /outlet/017034702 HTTP/1.1" 404 243 "https://alg24info.com/?sitemap741.xml" "Mozilla/5.0 AppleWebKit/537.36 (KHTML, like Gecko; compatible; GPTBot/1.4; +https://openai.com/gptbot)"
104.22.57.39 - - [13/Jul/2026:03:51:02 +0200] "GET /outlet/286015907 HTTP/1.1" 404 243 "https://alg24info.com/?sitemap741.xml" "Mozilla/5.0 AppleWebKit/537.36 (KHTML, like Gecko; compatible; GPTBot/1.4; +https://openai.com/gptbot)"
104.22.57.39 - - [13/Jul/2026:03:52:03 +0200] "GET /outlet/224012869 HTTP/1.1" 404 243 "https://alg24info.com/?sitemap741.xml" "Mozilla/5.0 AppleWebKit/537.36 (KHTML, like Gecko; compatible; GPTBot/1.4; +https://openai.com/gptbot)"
104.22.57.39 - - [13/Jul/2026:03:53:09 +0200] "GET /outlet/242011297 HTTP/1.1" 404 243 "https://alg24info.com/?sitemap600.xml" "Mozilla/5.0 AppleWebKit/537.36 (KHTML, like Gecko; compatible; GPTBot/1.4; +https://openai.com/gptbot)"
162.159.110.138 - - [13/Jul/2026:03:54:01 +0200] "GET / HTTP/1.1" 500 0 "-" "Mozilla/5.0 (iPhone; CPU iPhone OS 13_2_3 like Mac OS X) AppleWebKit/605.1.15 (KHTML, like Gecko) Version/13.0.3 Mobile/15E148 Safari/604.1"
104.22.57.39 - - [13/Jul/2026:03:54:10 +0200] "GET /outlet/127015168 HTTP/1.1" 404 243 "https://alg24info.com/?sitemap600.xml" "Mozilla/5.0 AppleWebKit/537.36 (KHTML, like Gecko; compatible; GPTBot/1.4; +https://openai.com/gptbot)"
172.236.228.245 - - [13/Jul/2026:03:54:15 +0200] "GET / HTTP/1.1" 200 1848 "-" "Mozilla/5.0 (Macintosh; Intel Mac OS X 13_1) AppleWebKit/537.36 (KHTML, like Gecko) Chrome/108.0.0.0 Safari/537.36"
104.22.57.39 - - [13/Jul/2026:03:55:11 +0200] "GET /outlet/062015643 HTTP/1.1" 404 243 "https://alg24info.com/?sitemap448.xml" "Mozilla/5.0 AppleWebKit/537.36 (KHTML, like Gecko; compatible; GPTBot/1.4; +https://openai.com/gptbot)"
104.22.57.39 - - [13/Jul/2026:03:56:14 +0200] "GET /outlet/022010947 HTTP/1.1" 404 243 "https://alg24info.com/?sitemap224.xml" "Mozilla/5.0 AppleWebKit/537.36 (KHTML, like Gecko; compatible; GPTBot/1.4; +https://openai.com/gptbot)"
43.165.127.225 - - [13/Jul/2026:03:56:47 +0200] "GET / HTTP/1.1" 200 1848 "-" "Mozilla/5.0 (iPhone; CPU iPhone OS 13_2_3 like Mac OS X) AppleWebKit/605.1.15 (KHTML, like Gecko) Version/13.0.3 Mobile/15E148 Safari/604.1"
172.68.254.134 - - [13/Jul/2026:03:57:03 +0200] "POST /wp-admin/admin-ajax.php HTTP/1.1" 500 0 "-" "Python/3.13 aiohttp/3.14.1"
172.68.254.134 - - [13/Jul/2026:03:57:03 +0200] "POST / HTTP/1.1" 500 0 "-" "Python/3.13 aiohttp/3.14.1"
172.68.254.182 - - [13/Jul/2026:03:57:04 +0200] "POST /wp-admin/admin-ajax.php HTTP/1.1" 500 0 "-" "Python/3.13 aiohttp/3.14.1"
172.68.254.134 - - [13/Jul/2026:03:57:04 +0200] "POST / HTTP/1.1" 500 0 "-" "Python/3.13 aiohttp/3.14.1"
172.68.254.134 - - [13/Jul/2026:03:57:05 +0200] "POST /wp-admin/admin-ajax.php HTTP/1.1" 500 0 "-" "Python/3.13 aiohttp/3.14.1"
172.68.254.134 - - [13/Jul/2026:03:57:05 +0200] "POST / HTTP/1.1" 500 0 "-" "Python/3.13 aiohttp/3.14.1"
172.68.254.134 - - [13/Jul/2026:03:57:06 +0200] "POST /wp-admin/admin-ajax.php HTTP/1.1" 500 0 "-" "Python/3.13 aiohttp/3.14.1"
172.68.254.134 - - [13/Jul/2026:03:57:06 +0200] "POST / HTTP/1.1" 500 0 "-" "Python/3.13 aiohttp/3.14.1"
172.68.231.131 - - [13/Jul/2026:03:57:09 +0200] "GET /wp-content/uploads/aaa.php HTTP/1.1" 200 4361 "-" "Mozilla/5.0 (Windows NT 10.0; Win64; x64) AppleWebKit/537.36 (KHTML, like Gecko) Chrome/150.0.0.0 Safari/537.36"
172.68.231.192 - - [13/Jul/2026:03:57:10 +0200] "GET /favicon.ico HTTP/1.1" 404 243 "https://alg24info.com/wp-content/uploads/aaa.php" "Mozilla/5.0 (Windows NT 10.0; Win64; x64) AppleWebKit/537.36 (KHTML, like Gecko) Chrome/150.0.0.0 Safari/537.36"
104.22.57.39 - - [13/Jul/2026:03:57:16 +0200] "GET /outlet/261023374 HTTP/1.1" 404 243 "https://alg24info.com/?sitemap344.xml" "Mozilla/5.0 AppleWebKit/537.36 (KHTML, like Gecko; compatible; GPTBot/1.4; +https://openai.com/gptbot)"
172.68.231.131 - - [13/Jul/2026:03:57:48 +0200] "POST /wp-content/uploads/aaa.php HTTP/1.1" 200 4773 "https://alg24info.com/wp-content/uploads/aaa.php" "Mozilla/5.0 (Windows NT 10.0; Win64; x64) AppleWebKit/537.36 (KHTML, like Gecko) Chrome/150.0.0.0 Safari/537.36"
172.68.231.131 - - [13/Jul/2026:03:57:56 +0200] "POST /wp-content/uploads/aaa.php HTTP/1.1" 200 4721 "https://alg24info.com/wp-content/uploads/aaa.php" "Mozilla/5.0 (Windows NT 10.0; Win64; x64) AppleWebKit/537.36 (KHTML, like Gecko) Chrome/150.0.0.0 Safari/537.36"
104.22.57.39 - - [13/Jul/2026:03:58:21 +0200] "GET /outlet/279019068 HTTP/1.1" 404 243 "https://alg24info.com/?sitemap600.xml" "Mozilla/5.0 AppleWebKit/537.36 (KHTML, like Gecko; compatible; GPTBot/1.4; +https://openai.com/gptbot)"
104.22.57.39 - - [13/Jul/2026:03:59:25 +0200] "GET /outlet/185024420 HTTP/1.1" 404 243 "https://alg24info.com/?sitemap224.xml" "Mozilla/5.0 AppleWebKit/537.36 (KHTML, like Gecko; compatible; GPTBot/1.4; +https://openai.com/gptbot)"
104.22.57.39 - - [13/Jul/2026:04:00:26 +0200] "GET /outlet/070021483 HTTP/1.1" 404 243 "https://alg24info.com/?sitemap224.xml" "Mozilla/5.0 AppleWebKit/537.36 (KHTML, like Gecko; compatible; GPTBot/1.4; +https://openai.com/gptbot)"
104.22.57.39 - - [13/Jul/2026:04:01:29 +0200] "GET /outlet/082021551 HTTP/1.1" 404 243 "https://alg24info.com/?sitemap741.xml" "Mozilla/5.0 AppleWebKit/537.36 (KHTML, like Gecko; compatible; GPTBot/1.4; +https://openai.com/gptbot)"
104.22.57.39 - - [13/Jul/2026:04:02:34 +0200] "GET /outlet/219036704 HTTP/1.1" 404 243 "https://alg24info.com/?sitemap741.xml" "Mozilla/5.0 AppleWebKit/537.36 (KHTML, like Gecko; compatible; GPTBot/1.4; +https://openai.com/gptbot)"
104.22.57.39 - - [13/Jul/2026:04:03:37 +0200] "GET /outlet/121047502 HTTP/1.1" 404 243 "https://alg24info.com/?sitemap600.xml" "Mozilla/5.0 AppleWebKit/537.36 (KHTML, like Gecko; compatible; GPTBot/1.4; +https://openai.com/gptbot)"
104.22.57.39 - - [13/Jul/2026:04:04:40 +0200] "GET /outlet/183032632 HTTP/1.1" 404 243 "https://alg24info.com/?sitemap224.xml" "Mozilla/5.0 AppleWebKit/537.36 (KHTML, like Gecko; compatible; GPTBot/1.4; +https://openai.com/gptbot)"
104.22.57.39 - - [13/Jul/2026:04:05:42 +0200] "GET /outlet/002007989 HTTP/1.1" 404 243 "https://alg24info.com/?sitemap741.xml" "Mozilla/5.0 AppleWebKit/537.36 (KHTML, like Gecko; compatible; GPTBot/1.4; +https://openai.com/gptbot)"
45.198.224.5 - - [13/Jul/2026:04:06:11 +0200] "GET /login HTTP/1.1" 404 244 "-" "Go-http-client/1.1"
104.22.57.39 - - [13/Jul/2026:04:06:43 +0200] "GET /outlet/251002780 HTTP/1.1" 404 243 "https://alg24info.com/?sitemap600.xml" "Mozilla/5.0 AppleWebKit/537.36 (KHTML, like Gecko; compatible; GPTBot/1.4; +https://openai.com/gptbot)"
108.162.237.68 - - [13/Jul/2026:04:06:43 +0200] "GET /robots.txt HTTP/1.1" 200 130 "-" "Mozilla/5.0 (Macintosh; Intel Mac OS X 10_15_7) AppleWebKit/537.36 (KHTML, like Gecko) Chrome/131.0.0.0 Safari/537.36; compatible; OAI-SearchBot/1.4; robots.txt; +https://openai.com/searchbot"
104.22.57.39 - - [13/Jul/2026:04:07:44 +0200] "GET /outlet/102044891 HTTP/1.1" 404 243 "https://alg24info.com/?sitemap448.xml" "Mozilla/5.0 AppleWebKit/537.36 (KHTML, like Gecko; compatible; GPTBot/1.4; +https://openai.com/gptbot)"
104.22.57.39 - - [13/Jul/2026:04:08:49 +0200] "GET /outlet/151026090 HTTP/1.1" 404 243 "https://alg24info.com/?sitemap600.xml" "Mozilla/5.0 AppleWebKit/537.36 (KHTML, like Gecko; compatible; GPTBot/1.4; +https://openai.com/gptbot)"
151.243.11.245 - - [13/Jul/2026:04:09:01 +0200] "GET / HTTP/1.1" 200 4963 "-" "Mozilla/5.0 (compatible; FlowIQLabsBot/1.0; +https://flowiq-labs.com/scanning-info)"
151.243.11.245 - - [13/Jul/2026:04:09:01 +0200] "GET /favicon.ico HTTP/1.1" 404 275 "-" "Mozilla/5.0 (compatible; FlowIQLabsBot/1.0; +https://flowiq-labs.com/scanning-info)"
104.22.57.39 - - [13/Jul/2026:04:09:49 +0200] "GET /outlet/173045560 HTTP/1.1" 404 243 "https://alg24info.com/?sitemap448.xml" "Mozilla/5.0 AppleWebKit/537.36 (KHTML, like Gecko; compatible; GPTBot/1.4; +https://openai.com/gptbot)"
104.22.57.39 - - [13/Jul/2026:04:10:52 +0200] "GET /outlet/163035632 HTTP/1.1" 404 243 "https://alg24info.com/?sitemap448.xml" "Mozilla/5.0 AppleWebKit/537.36 (KHTML, like Gecko; compatible; GPTBot/1.4; +https://openai.com/gptbot)"
104.22.57.39 - - [13/Jul/2026:04:11:56 +0200] "GET /outlet/142045405 HTTP/1.1" 404 243 "https://alg24info.com/?sitemap448.xml" "Mozilla/5.0 AppleWebKit/537.36 (KHTML, like Gecko; compatible; GPTBot/1.4; +https://openai.com/gptbot)"
104.22.57.39 - - [13/Jul/2026:04:12:59 +0200] "GET /outlet/126019245 HTTP/1.1" 404 243 "https://alg24info.com/?sitemap448.xml" "Mozilla/5.0 AppleWebKit/537.36 (KHTML, like Gecko; compatible; GPTBot/1.4; +https://openai.com/gptbot)"
54.245.156.17 - - [13/Jul/2026:04:13:05 +0200] "GET / HTTP/1.1" 200 1848 "-" "Mozilla/5.0 (Macintosh; Intel Mac OS X 10_11_5) AppleWebKit/537.36 (KHTML, like Gecko) Chrome/50.0.2661.102 Safari/537.36"
104.22.57.39 - - [13/Jul/2026:04:13:59 +0200] "GET /outlet/255001248 HTTP/1.1" 404 243 "https://alg24info.com/?sitemap741.xml" "Mozilla/5.0 AppleWebKit/537.36 (KHTML, like Gecko; compatible; GPTBot/1.4; +https://openai.com/gptbot)"
162.158.42.75 - - [13/Jul/2026:04:14:07 +0200] "GET /index.php/2020/05/17/%D8%BA%D9%88%D8%BA%D9%84-%D8%AA%D8%AD%D8%A7%D8%B1%D8%A8-%D8%A7%D9%84%D8%A5%D8%B9%D9%84%D8%A7%D9%86%D8%A7%D8%AA-%D8%A7%D9%84%D8%AA%D9%8A-%D8%AA%D8%B3%D8%AA%D9%87%D9%84%D9%83-%D9%85%D9%88%D8%A7%D8%B1/ HTTP/1.1" 500 0 "-" "Mozilla/5.0 (compatible; DotBot/1.2; +https://opensiteexplorer.org/dotbot; [email protected])"
172.71.150.253 - - [13/Jul/2026:04:14:20 +0200] "GET /index.php/2020/05/06/%D8%A8%D8%B1%D9%8A%D8%AF-%D8%A7%D9%84%D8%AC%D8%B2%D8%A7%D8%A6%D8%B1-%D9%8A%D8%AF%D8%B9%D9%88-%D8%B2%D8%A8%D8%A7%D8%A6%D9%86%D9%87-%D8%A5%D9%84%D9%89-%D8%A7%D8%B3%D8%AA%D9%84%D8%A7%D9%85-%D8%A8/ HTTP/1.1" 500 0 "-" "Mozilla/5.0 (compatible; DotBot/1.2; +https://opensiteexplorer.org/dotbot; [email protected])"
104.22.57.39 - - [13/Jul/2026:04:15:00 +0200] "GET /outlet/226014835 HTTP/1.1" 404 243 "https://alg24info.com/?sitemap448.xml" "Mozilla/5.0 AppleWebKit/537.36 (KHTML, like Gecko; compatible; GPTBot/1.4; +https://openai.com/gptbot)"
172.70.247.188 - - [13/Jul/2026:04:15:48 +0200] "GET / HTTP/1.1" 500 0 "-" "Mozilla/5.0 (Windows NT 10.0; Win64; x64)"
108.162.246.6 - - [13/Jul/2026:04:15:49 +0200] "GET /index.php/2019/11/12/%D8%A8%D9%86-%D9%82%D8%B1%D9%8A%D9%86%D8%A9-%D8%BA%D9%8A%D8%B1-%D9%85%D8%B1%D8%AD%D8%A8-%D8%A8%D9%87-%D9%81%D9%8A-%D8%AA%D9%86%D8%AF%D9%88%D9%81/ HTTP/1.1" 500 0 "-" "Mozilla/5.0 (compatible; DotBot/1.2; +https://opensiteexplorer.org/dotbot; [email protected])"
104.22.57.39 - - [13/Jul/2026:04:16:04 +0200] "GET /outlet/226008113 HTTP/1.1" 404 243 "https://alg24info.com/?sitemap344.xml" "Mozilla/5.0 AppleWebKit/537.36 (KHTML, like Gecko; compatible; GPTBot/1.4; +https://openai.com/gptbot)"
104.22.57.39 - - [13/Jul/2026:04:17:10 +0200] "GET /outlet/067014076 HTTP/1.1" 404 243 "https://alg24info.com/?sitemap344.xml" "Mozilla/5.0 AppleWebKit/537.36 (KHTML, like Gecko; compatible; GPTBot/1.4; +https://openai.com/gptbot)"
104.22.57.39 - - [13/Jul/2026:04:18:13 +0200] "GET /outlet/198028089 HTTP/1.1" 404 243 "https://alg24info.com/?sitemap224.xml" "Mozilla/5.0 AppleWebKit/537.36 (KHTML, like Gecko; compatible; GPTBot/1.4; +https://openai.com/gptbot)"
104.22.57.39 - - [13/Jul/2026:04:19:15 +0200] "GET /outlet/234042273 HTTP/1.1" 404 243 "https://alg24info.com/?sitemap600.xml" "Mozilla/5.0 AppleWebKit/537.36 (KHTML, like Gecko; compatible; GPTBot/1.4; +https://openai.com/gptbot)"
172.68.150.218 - - [13/Jul/2026:04:20:09 +0200] "GET /wp-content/x41e411/index.php HTTP/1.1" 200 0 "https://alg24info.com/wp-content/x41e411/index.php" "Mozilla/5.0 (compatible; MSIE 9.0; Windows NT 6.1; WOW64; Trident/5.0; SLCC2; .NET CLR 2.0.50727; .NET CLR 3.5.30729; .NET CLR 3.0.30729; Media Center PC 6.0; MAGW; .NET4.0C; Lunascape 6.5.8.24780)"
104.22.57.39 - - [13/Jul/2026:04:20:15 +0200] "GET /outlet/051034232 HTTP/1.1" 404 243 "https://alg24info.com/?sitemap600.xml" "Mozilla/5.0 AppleWebKit/537.36 (KHTML, like Gecko; compatible; GPTBot/1.4; +https://openai.com/gptbot)"
104.22.57.39 - - [13/Jul/2026:04:21:19 +0200] "GET /outlet/134044643 HTTP/1.1" 404 243 "https://alg24info.com/?sitemap224.xml" "Mozilla/5.0 AppleWebKit/537.36 (KHTML, like Gecko; compatible; GPTBot/1.4; +https://openai.com/gptbot)"
104.22.57.39 - - [13/Jul/2026:04:22:23 +0200] "GET /outlet/023026632 HTTP/1.1" 404 243 "https://alg24info.com/?sitemap741.xml" "Mozilla/5.0 AppleWebKit/537.36 (KHTML, like Gecko; compatible; GPTBot/1.4; +https://openai.com/gptbot)"
104.22.57.39 - - [13/Jul/2026:04:23:27 +0200] "GET /outlet/141013716 HTTP/1.1" 404 243 "https://alg24info.com/?sitemap600.xml" "Mozilla/5.0 AppleWebKit/537.36 (KHTML, like Gecko; compatible; GPTBot/1.4; +https://openai.com/gptbot)"
104.22.57.40 - - [13/Jul/2026:04:24:33 +0200] "GET /outlet/176011495 HTTP/1.1" 404 243 "https://alg24info.com/?sitemap448.xml" "Mozilla/5.0 AppleWebKit/537.36 (KHTML, like Gecko; compatible; GPTBot/1.4; +https://openai.com/gptbot)"
104.22.57.40 - - [13/Jul/2026:04:25:35 +0200] "GET /outlet/245046392 HTTP/1.1" 404 243 "https://alg24info.com/?sitemap224.xml" "Mozilla/5.0 AppleWebKit/537.36 (KHTML, like Gecko; compatible; GPTBot/1.4; +https://openai.com/gptbot)"
104.22.57.40 - - [13/Jul/2026:04:26:38 +0200] "GET /outlet/002018753 HTTP/1.1" 404 243 "https://alg24info.com/?sitemap224.xml" "Mozilla/5.0 AppleWebKit/537.36 (KHTML, like Gecko; compatible; GPTBot/1.4; +https://openai.com/gptbot)"
104.22.57.40 - - [13/Jul/2026:04:27:44 +0200] "GET /outlet/020039353 HTTP/1.1" 404 243 "https://alg24info.com/?sitemap448.xml" "Mozilla/5.0 AppleWebKit/537.36 (KHTML, like Gecko; compatible; GPTBot/1.4; +https://openai.com/gptbot)"
104.22.57.40 - - [13/Jul/2026:04:28:47 +0200] "GET /outlet/060027789 HTTP/1.1" 404 243 "https://alg24info.com/?sitemap741.xml" "Mozilla/5.0 AppleWebKit/537.36 (KHTML, like Gecko; compatible; GPTBot/1.4; +https://openai.com/gptbot)"
80.82.65.207 - - [13/Jul/2026:04:29:09 +0200] "GET / HTTP/1.1" 200 4963 "-" "-"
104.22.57.40 - - [13/Jul/2026:04:29:48 +0200] "GET /outlet/255030794 HTTP/1.1" 404 243 "https://alg24info.com/?sitemap600.xml" "Mozilla/5.0 AppleWebKit/537.36 (KHTML, like Gecko; compatible; GPTBot/1.4; +https://openai.com/gptbot)"
104.22.57.40 - - [13/Jul/2026:04:30:53 +0200] "GET /outlet/255012518 HTTP/1.1" 404 243 "https://alg24info.com/?sitemap344.xml" "Mozilla/5.0 AppleWebKit/537.36 (KHTML, like Gecko; compatible; GPTBot/1.4; +https://openai.com/gptbot)"
108.162.227.74 - - [13/Jul/2026:04:31:03 +0200] "GET /index.php/2020/06/03/%D8%AA%D9%88%D9%86%D8%B3-%D8%AF%D8%B9%D9%88%D8%A7%D8%AA-%D9%84%D8%B3%D8%AD%D8%A8-%D8%A7%D9%84%D8%AB%D9%82%D8%A9-%D9%85%D9%86-%D8%A7%D9%84%D8%BA%D9%86%D9%88%D8%B4%D9%8A-%D9%81%D9%8A-%D8%AC%D9%84%D8%B3/ HTTP/1.1" 500 0 "http://alg24info.com/index.php/2020/06/03/%D8%AA%D9%88%D9%86%D8%B3-%D8%AF%D8%B9%D9%88%D8%A7%D8%AA-%D9%84%D8%B3%D8%AD%D8%A8-%D8%A7%D9%84%D8%AB%D9%82%D8%A9-%D9%85%D9%86-%D8%A7%D9%84%D8%BA%D9%86%D9%88%D8%B4%D9%8A-%D9%81%D9%8A-%D8%AC%D9%84%D8%B3/" "Mozilla/5.0 (Linux; Android 7.0;) AppleWebKit/537.36 (HTML, like Gecko) Mobile Safari/537.36 (compatible; PetalBot;+https://webmaster.petalsearch.com/site/petalbot)"
