172.69.150.148 - - [12/Jul/2026:17:20:21 +0200] "GET /wp-includes/widgets/class-wp-widget-archives.php HTTP/1.1" 500 0 "-" "Mozilla/5.0 (Windows NT 10.0; Win64; x64) AppleWebKit/537.36 (KHTML, like Gecko) Chrome/120.0.0.0 Safari/537.36"
172.69.150.148 - - [12/Jul/2026:17:20:23 +0200] "GET /wp-includes/widgets/class-wp-widget-calendar.php HTTP/1.1" 500 0 "-" "Mozilla/5.0 (Windows NT 10.0; Win64; x64) AppleWebKit/537.36 (KHTML, like Gecko) Chrome/120.0.0.0 Safari/537.36"
172.69.150.148 - - [12/Jul/2026:17:20:25 +0200] "GET /wp-includes/widgets/class-wp-widget-categories.php HTTP/1.1" 500 0 "-" "Mozilla/5.0 (Windows NT 10.0; Win64; x64) AppleWebKit/537.36 (KHTML, like Gecko) Chrome/120.0.0.0 Safari/537.36"
172.69.150.148 - - [12/Jul/2026:17:20:27 +0200] "GET /wp-includes/widgets/class-wp-widget-custom-html.php HTTP/1.1" 500 0 "-" "Mozilla/5.0 (Windows NT 10.0; Win64; x64) AppleWebKit/537.36 (KHTML, like Gecko) Chrome/120.0.0.0 Safari/537.36"
172.69.150.148 - - [12/Jul/2026:17:20:28 +0200] "GET /wp-includes/widgets/class-wp-widget-links.php HTTP/1.1" 500 0 "-" "Mozilla/5.0 (Windows NT 10.0; Win64; x64) AppleWebKit/537.36 (KHTML, like Gecko) Chrome/120.0.0.0 Safari/537.36"
172.69.150.148 - - [12/Jul/2026:17:20:31 +0200] "GET /wp-includes/widgets/class-wp-widget-media-audio.php HTTP/1.1" 500 0 "-" "Mozilla/5.0 (Windows NT 10.0; Win64; x64) AppleWebKit/537.36 (KHTML, like Gecko) Chrome/120.0.0.0 Safari/537.36"
172.69.150.148 - - [12/Jul/2026:17:20:34 +0200] "GET /wp-includes/widgets/class-wp-widget-media-gallery.php HTTP/1.1" 500 0 "-" "Mozilla/5.0 (Windows NT 10.0; Win64; x64) AppleWebKit/537.36 (KHTML, like Gecko) Chrome/120.0.0.0 Safari/537.36"
172.69.150.148 - - [12/Jul/2026:17:20:35 +0200] "GET /wp-includes/widgets/class-wp-widget-media-image.php HTTP/1.1" 500 0 "-" "Mozilla/5.0 (Windows NT 10.0; Win64; x64) AppleWebKit/537.36 (KHTML, like Gecko) Chrome/120.0.0.0 Safari/537.36"
172.69.150.148 - - [12/Jul/2026:17:20:37 +0200] "GET /wp-includes/widgets/class-wp-widget-media-video.php HTTP/1.1" 500 0 "-" "Mozilla/5.0 (Windows NT 10.0; Win64; x64) AppleWebKit/537.36 (KHTML, like Gecko) Chrome/120.0.0.0 Safari/537.36"
172.69.150.148 - - [12/Jul/2026:17:20:40 +0200] "GET /wp-includes/widgets/class-wp-widget-media.php HTTP/1.1" 500 0 "-" "Mozilla/5.0 (Windows NT 10.0; Win64; x64) AppleWebKit/537.36 (KHTML, like Gecko) Chrome/120.0.0.0 Safari/537.36"
172.69.150.148 - - [12/Jul/2026:17:20:44 +0200] "GET /wp-includes/widgets/class-wp-widget-meta.php HTTP/1.1" 500 0 "-" "Mozilla/5.0 (Windows NT 10.0; Win64; x64) AppleWebKit/537.36 (KHTML, like Gecko) Chrome/120.0.0.0 Safari/537.36"
172.69.150.148 - - [12/Jul/2026:17:20:48 +0200] "GET /wp-includes/widgets/class-wp-widget-pages.php HTTP/1.1" 500 0 "-" "Mozilla/5.0 (Windows NT 10.0; Win64; x64) AppleWebKit/537.36 (KHTML, like Gecko) Chrome/120.0.0.0 Safari/537.36"
104.22.57.40 - - [12/Jul/2026:17:20:48 +0200] "GET /outlet/208001193 HTTP/1.1" 404 243 "https://alg24info.com/?sitemap448.xml" "Mozilla/5.0 AppleWebKit/537.36 (KHTML, like Gecko; compatible; GPTBot/1.4; +https://openai.com/gptbot)"
172.69.150.148 - - [12/Jul/2026:17:20:50 +0200] "GET /wp-includes/widgets/class-wp-widget-recent-comments.php HTTP/1.1" 500 0 "-" "Mozilla/5.0 (Windows NT 10.0; Win64; x64) AppleWebKit/537.36 (KHTML, like Gecko) Chrome/120.0.0.0 Safari/537.36"
172.69.150.148 - - [12/Jul/2026:17:20:52 +0200] "GET /wp-includes/widgets/class-wp-widget-recent-posts.php HTTP/1.1" 500 0 "-" "Mozilla/5.0 (Windows NT 10.0; Win64; x64) AppleWebKit/537.36 (KHTML, like Gecko) Chrome/120.0.0.0 Safari/537.36"
172.69.150.148 - - [12/Jul/2026:17:20:53 +0200] "GET /wp-includes/widgets/class-wp-widget-rss.php HTTP/1.1" 500 0 "-" "Mozilla/5.0 (Windows NT 10.0; Win64; x64) AppleWebKit/537.36 (KHTML, like Gecko) Chrome/120.0.0.0 Safari/537.36"
172.69.150.148 - - [12/Jul/2026:17:20:55 +0200] "GET /wp-includes/widgets/class-wp-widget-search.php HTTP/1.1" 500 0 "-" "Mozilla/5.0 (Windows NT 10.0; Win64; x64) AppleWebKit/537.36 (KHTML, like Gecko) Chrome/120.0.0.0 Safari/537.36"
172.69.150.148 - - [12/Jul/2026:17:20:58 +0200] "GET /wp-includes/widgets/class-wp-widget-tag-cloud.php HTTP/1.1" 500 0 "-" "Mozilla/5.0 (Windows NT 10.0; Win64; x64) AppleWebKit/537.36 (KHTML, like Gecko) Chrome/120.0.0.0 Safari/537.36"
172.69.150.148 - - [12/Jul/2026:17:21:04 +0200] "GET /wp-includes/widgets/class-wp-widget-text.php HTTP/1.1" 500 0 "-" "Mozilla/5.0 (Windows NT 10.0; Win64; x64) AppleWebKit/537.36 (KHTML, like Gecko) Chrome/120.0.0.0 Safari/537.36"
172.69.150.148 - - [12/Jul/2026:17:21:07 +0200] "GET /wp-content/ HTTP/1.1" 200 0 "-" "Mozilla/5.0 (Windows NT 10.0; Win64; x64) AppleWebKit/537.36 (KHTML, like Gecko) Chrome/120.0.0.0 Safari/537.36"
172.69.150.148 - - [12/Jul/2026:17:21:09 +0200] "GET /wp-content/languages/ HTTP/1.1" 200 2733 "-" "Mozilla/5.0 (Windows NT 10.0; Win64; x64) AppleWebKit/537.36 (KHTML, like Gecko) Chrome/120.0.0.0 Safari/537.36"
172.69.150.148 - - [12/Jul/2026:17:21:10 +0200] "GET /wp-content/IXR/ HTTP/1.1" 404 243 "-" "Mozilla/5.0 (Windows NT 10.0; Win64; x64) AppleWebKit/537.36 (KHTML, like Gecko) Chrome/120.0.0.0 Safari/537.36"
172.69.150.148 - - [12/Jul/2026:17:21:14 +0200] "GET /wp-content/uploads/ HTTP/1.1" 200 721 "-" "Mozilla/5.0 (Windows NT 10.0; Win64; x64) AppleWebKit/537.36 (KHTML, like Gecko) Chrome/120.0.0.0 Safari/537.36"
172.69.150.148 - - [12/Jul/2026:17:21:18 +0200] "GET /wp-content/uploads/4zxhxctf.php HTTP/1.1" 200 232 "-" "Mozilla/5.0 (Windows NT 10.0; Win64; x64) AppleWebKit/537.36 (KHTML, like Gecko) Chrome/120.0.0.0 Safari/537.36"
172.69.150.148 - - [12/Jul/2026:17:21:20 +0200] "GET /wp-content/uploads/BDKR28_1pyu1j57.php HTTP/1.1" 200 4274 "-" "Mozilla/5.0 (Windows NT 10.0; Win64; x64) AppleWebKit/537.36 (KHTML, like Gecko) Chrome/120.0.0.0 Safari/537.36"
104.22.57.40 - - [12/Jul/2026:17:21:21 +0200] "GET /outlet/133046544 HTTP/1.1" 404 243 "https://alg24info.com/?sitemap224.xml" "Mozilla/5.0 AppleWebKit/537.36 (KHTML, like Gecko; compatible; GPTBot/1.4; +https://openai.com/gptbot)"
172.69.150.148 - - [12/Jul/2026:17:21:23 +0200] "POST /wp-content/uploads/BDKR28_1pyu1j57.php HTTP/1.1" 200 4343 "-" "Mozilla/5.0 (Windows NT 10.0; Win64; x64) AppleWebKit/537.36 (KHTML, like Gecko) Chrome/120.0.0.0 Safari/537.36"
172.69.150.148 - - [12/Jul/2026:17:21:26 +0200] "GET /wp-content/uploads/fox_83df10.php HTTP/1.1" 200 173 "-" "Mozilla/5.0 (Windows NT 10.0; Win64; x64) AppleWebKit/537.36 (KHTML, like Gecko) Chrome/120.0.0.0 Safari/537.36"
78.153.140.93 - - [12/Jul/2026:17:21:52 +0200] "GET /.env HTTP/1.1" 404 244 "-" "Mozilla/5.0 (Windows NT 10.0; Win64; x64) AppleWebKit/537.36 (KHTML, like Gecko) Chrome/116.0.5845.140 Safari/537.36"
78.153.140.93 - - [12/Jul/2026:17:21:52 +0200] "POST / HTTP/1.1" 200 1848 "-" "Mozilla/5.0 (Windows NT 10.0; Win64; x64) AppleWebKit/537.36 (KHTML, like Gecko) Chrome/116.0.5845.140 Safari/537.36"
104.22.57.40 - - [12/Jul/2026:17:21:56 +0200] "GET /outlet/095048166 HTTP/1.1" 404 243 "https://alg24info.com/?sitemap448.xml" "Mozilla/5.0 AppleWebKit/537.36 (KHTML, like Gecko; compatible; GPTBot/1.4; +https://openai.com/gptbot)"
104.22.57.40 - - [12/Jul/2026:17:22:30 +0200] "GET /outlet/072034821 HTTP/1.1" 404 243 "https://alg24info.com/?sitemap741.xml" "Mozilla/5.0 AppleWebKit/537.36 (KHTML, like Gecko; compatible; GPTBot/1.4; +https://openai.com/gptbot)"
104.22.57.40 - - [12/Jul/2026:17:23:02 +0200] "GET /outlet/023033052 HTTP/1.1" 404 243 "https://alg24info.com/?sitemap600.xml" "Mozilla/5.0 AppleWebKit/537.36 (KHTML, like Gecko; compatible; GPTBot/1.4; +https://openai.com/gptbot)"
78.153.140.250 - - [12/Jul/2026:17:23:24 +0200] "GET /.env HTTP/1.1" 404 244 "-" "Mozilla/5.0 (Windows NT 10.0; Win64; x64) AppleWebKit/537.36 (KHTML, like Gecko) Chrome/116.0.5845.140 Safari/537.36"
78.153.140.250 - - [12/Jul/2026:17:23:25 +0200] "POST / HTTP/1.1" 200 1848 "-" "Mozilla/5.0 (Windows NT 10.0; Win64; x64) AppleWebKit/537.36 (KHTML, like Gecko) Chrome/116.0.5845.140 Safari/537.36"
104.22.57.39 - - [12/Jul/2026:17:23:36 +0200] "GET /outlet/109037788 HTTP/1.1" 404 243 "https://alg24info.com/?sitemap741.xml" "Mozilla/5.0 AppleWebKit/537.36 (KHTML, like Gecko; compatible; GPTBot/1.4; +https://openai.com/gptbot)"
104.22.57.39 - - [12/Jul/2026:17:24:10 +0200] "GET /outlet/153005368 HTTP/1.1" 404 243 "https://alg24info.com/?sitemap448.xml" "Mozilla/5.0 AppleWebKit/537.36 (KHTML, like Gecko; compatible; GPTBot/1.4; +https://openai.com/gptbot)"
108.162.246.6 - - [12/Jul/2026:17:24:38 +0200] "GET /index.php/2020/01/05/%D8%A7%D9%84%D8%B1%D8%A6%D9%8A%D8%B3-%D8%AA%D8%A8%D9%88%D9%86-%D9%8A%D8%AA%D8%B1%D8%A3%D8%B3-%D8%A3%D9%88%D9%84-%D8%A7%D8%AC%D8%AA%D9%85%D8%A7%D8%B9-%D9%84%D9%85%D8%AC%D9%84%D8%B3-%D8%A7%D9%84%D9%88/ HTTP/1.1" 500 0 "-" "Mozilla/5.0 (compatible; DotBot/1.2; +https://opensiteexplorer.org/dotbot; [email protected])"
104.22.57.39 - - [12/Jul/2026:17:24:44 +0200] "GET /outlet/274015467 HTTP/1.1" 404 243 "https://alg24info.com/?sitemap600.xml" "Mozilla/5.0 AppleWebKit/537.36 (KHTML, like Gecko; compatible; GPTBot/1.4; +https://openai.com/gptbot)"
104.22.57.39 - - [12/Jul/2026:17:25:19 +0200] "GET /outlet/136042431 HTTP/1.1" 404 243 "https://alg24info.com/?sitemap741.xml" "Mozilla/5.0 AppleWebKit/537.36 (KHTML, like Gecko; compatible; GPTBot/1.4; +https://openai.com/gptbot)"
108.162.246.5 - - [12/Jul/2026:17:25:44 +0200] "GET /index.php/2020/07/25/%D9%85%D9%86%D8%B8%D9%85%D8%A9-%D8%A3%D9%88%D8%A8%D9%83-%D8%AA%D9%83%D8%B1%D9%85-%D8%A7%D9%84%D9%85%D8%AC%D8%A7%D9%87%D8%AF-%D9%88-%D8%B1%D8%A6%D9%8A%D8%B3-%D8%A7%D9%84%D8%AD%D9%83%D9%88%D9%85%D8%A9/ HTTP/1.1" 500 0 "-" "Mozilla/5.0 (compatible; DotBot/1.2; +https://opensiteexplorer.org/dotbot; [email protected])"
104.22.57.39 - - [12/Jul/2026:17:25:53 +0200] "GET /outlet/134026719 HTTP/1.1" 404 243 "https://alg24info.com/?sitemap741.xml" "Mozilla/5.0 AppleWebKit/537.36 (KHTML, like Gecko; compatible; GPTBot/1.4; +https://openai.com/gptbot)"
104.22.57.39 - - [12/Jul/2026:17:26:28 +0200] "GET /outlet/026022327 HTTP/1.1" 404 243 "https://alg24info.com/?sitemap344.xml" "Mozilla/5.0 AppleWebKit/537.36 (KHTML, like Gecko; compatible; GPTBot/1.4; +https://openai.com/gptbot)"
104.22.57.39 - - [12/Jul/2026:17:27:01 +0200] "GET /outlet/001047782 HTTP/1.1" 404 243 "https://alg24info.com/?sitemap600.xml" "Mozilla/5.0 AppleWebKit/537.36 (KHTML, like Gecko; compatible; GPTBot/1.4; +https://openai.com/gptbot)"
104.22.57.39 - - [12/Jul/2026:17:27:33 +0200] "GET /outlet/117048752 HTTP/1.1" 404 243 "https://alg24info.com/?sitemap224.xml" "Mozilla/5.0 AppleWebKit/537.36 (KHTML, like Gecko; compatible; GPTBot/1.4; +https://openai.com/gptbot)"
172.68.19.2 - - [12/Jul/2026:17:27:36 +0200] "GET /.env HTTP/1.1" 404 243 "-" "Mozilla/5.0 (X11; Linux x86_64) AppleWebKit/537.36 (KHTML, like Gecko) Chrome/81.0.4044.129 Safari/537.36"
172.71.11.178 - - [12/Jul/2026:17:27:50 +0200] "POST / HTTP/1.1" 500 0 "-" "Mozilla/5.0 (X11; Linux x86_64) AppleWebKit/537.36 (KHTML, like Gecko) Chrome/81.0.4044.129 Safari/537.36"
172.71.6.107 - - [12/Jul/2026:17:28:01 +0200] "GET /sendgrid/.env HTTP/1.1" 404 243 "-" "Mozilla/5.0 (X11; Linux x86_64) AppleWebKit/537.36 (KHTML, like Gecko) Chrome/81.0.4044.129 Safari/537.36"
104.22.57.39 - - [12/Jul/2026:17:28:08 +0200] "GET /outlet/017031434 HTTP/1.1" 404 243 "https://alg24info.com/?sitemap344.xml" "Mozilla/5.0 AppleWebKit/537.36 (KHTML, like Gecko; compatible; GPTBot/1.4; +https://openai.com/gptbot)"
172.71.6.107 - - [12/Jul/2026:17:28:17 +0200] "POST / HTTP/1.1" 500 0 "-" "Mozilla/5.0 (X11; Linux x86_64) AppleWebKit/537.36 (KHTML, like Gecko) Chrome/81.0.4044.129 Safari/537.36"
104.22.57.39 - - [12/Jul/2026:17:28:43 +0200] "GET /outlet/252024543 HTTP/1.1" 404 243 "https://alg24info.com/?sitemap344.xml" "Mozilla/5.0 AppleWebKit/537.36 (KHTML, like Gecko; compatible; GPTBot/1.4; +https://openai.com/gptbot)"
198.41.227.134 - - [12/Jul/2026:17:29:11 +0200] "GET /wp-content/uploads/cache/comares-6seb2ttjw82qtmaryerqqr7wm5evegom8dd214v6vgz.png HTTP/1.1" 200 509543 "-" "Mozilla/5.0 (compatible; crawler)"
104.22.57.39 - - [12/Jul/2026:17:29:17 +0200] "GET /outlet/097045898 HTTP/1.1" 404 243 "https://alg24info.com/?sitemap344.xml" "Mozilla/5.0 AppleWebKit/537.36 (KHTML, like Gecko; compatible; GPTBot/1.4; +https://openai.com/gptbot)"
104.22.57.39 - - [12/Jul/2026:17:29:49 +0200] "GET /outlet/062049025 HTTP/1.1" 404 243 "https://alg24info.com/?sitemap448.xml" "Mozilla/5.0 AppleWebKit/537.36 (KHTML, like Gecko; compatible; GPTBot/1.4; +https://openai.com/gptbot)"
172.70.174.191 - - [12/Jul/2026:17:30:16 +0200] "GET /index.php/2020/05/19/%D8%AD%D8%AC%D8%B1-%D8%AC%D8%B2%D8%A6%D9%8A-%D9%85%D9%86-%D8%A7%D9%84%D9%88%D8%A7%D8%AD%D8%AF%D8%A9-%D8%B2%D9%88%D8%A7%D9%84%D8%A7-%D8%A5%D9%84%D9%89-%D8%A7%D9%84%D8%B3%D8%A7%D8%A8%D8%B9%D8%A9-%D8%B5/ HTTP/1.1" 500 0 "-" "Mozilla/5.0 AppleWebKit/537.36 (KHTML, like Gecko; compatible; bingbot/2.0; +http://www.bing.com/bingbot.htm) Chrome/116.0.1938.76 Safari/537.36"
104.22.57.39 - - [12/Jul/2026:17:30:22 +0200] "GET /outlet/240042725 HTTP/1.1" 404 243 "https://alg24info.com/?sitemap448.xml" "Mozilla/5.0 AppleWebKit/537.36 (KHTML, like Gecko; compatible; GPTBot/1.4; +https://openai.com/gptbot)"
104.22.57.39 - - [12/Jul/2026:17:30:55 +0200] "GET /outlet/067025986 HTTP/1.1" 404 243 "https://alg24info.com/?sitemap448.xml" "Mozilla/5.0 AppleWebKit/537.36 (KHTML, like Gecko; compatible; GPTBot/1.4; +https://openai.com/gptbot)"
172.68.164.4 - - [12/Jul/2026:17:31:21 +0200] "GET /index.php/2019/12/02/%D8%A7%D9%84%D8%A3%D9%85%D9%86-%D9%8A%D9%86%D9%82%D8%B0-%D8%B4%D8%A7%D8%A8%D8%A7-%D8%A8%D8%A8%D8%A7%D8%AA%D9%86%D8%A9 HTTP/1.1" 500 0 "http://alg24info.com/index.php/2019/12/02/%d8%a7%d9%84%d8%a3%d9%85%d9%86-%d9%8a%d9%86%d9%82%d8%b0-%d8%b4%d8%a7%d8%a8%d8%a7-%d8%a8%d8%a8%d8%a7%d8%aa%d9%86%d8%a9" "Mozilla/5.0 (Linux; Android 7.0;) AppleWebKit/537.36 (HTML, like Gecko) Mobile Safari/537.36 (compatible; PetalBot;+https://webmaster.petalsearch.com/site/petalbot)"
104.22.57.39 - - [12/Jul/2026:17:31:28 +0200] "GET /outlet/025036312 HTTP/1.1" 404 243 "https://alg24info.com/?sitemap224.xml" "Mozilla/5.0 AppleWebKit/537.36 (KHTML, like Gecko; compatible; GPTBot/1.4; +https://openai.com/gptbot)"
104.22.57.39 - - [12/Jul/2026:17:32:02 +0200] "GET /outlet/175025300 HTTP/1.1" 404 243 "https://alg24info.com/?sitemap448.xml" "Mozilla/5.0 AppleWebKit/537.36 (KHTML, like Gecko; compatible; GPTBot/1.4; +https://openai.com/gptbot)"
104.22.72.67 - - [12/Jul/2026:17:32:07 +0200] "GET / HTTP/1.1" 500 0 "https://www.bing.com/" "Mozilla/5.0 (Macintosh; Intel Mac OS X 10_15_7) AppleWebKit/537.36 (KHTML, like Gecko) Chrome/120.0.0.0 Safari/537.36"
104.22.72.67 - - [12/Jul/2026:17:32:08 +0200] "GET / HTTP/1.1" 500 0 "https://www.bing.com/" "Mozilla/5.0 (Macintosh; Intel Mac OS X 10_15_7) AppleWebKit/537.36 (KHTML, like Gecko) Chrome/120.0.0.0 Safari/537.36"
104.22.72.36 - - [12/Jul/2026:17:32:10 +0200] "GET / HTTP/1.1" 500 0 "https://www.bing.com/" "Mozilla/5.0 (Macintosh; Intel Mac OS X 10_15_7) AppleWebKit/537.36 (KHTML, like Gecko) Chrome/120.0.0.0 Safari/537.36"
104.22.72.36 - - [12/Jul/2026:17:32:12 +0200] "GET / HTTP/1.1" 500 0 "https://www.bing.com/" "Mozilla/5.0 (Macintosh; Intel Mac OS X 10_15_7) AppleWebKit/537.36 (KHTML, like Gecko) Chrome/120.0.0.0 Safari/537.36"
104.22.57.39 - - [12/Jul/2026:17:32:36 +0200] "GET /outlet/107049550 HTTP/1.1" 404 243 "https://alg24info.com/?sitemap224.xml" "Mozilla/5.0 AppleWebKit/537.36 (KHTML, like Gecko; compatible; GPTBot/1.4; +https://openai.com/gptbot)"
172.104.210.105 - - [12/Jul/2026:17:32:58 +0200] "GET / HTTP/1.1" 200 1848 "-" "Mozilla/5.0 zgrab/0.x"
104.22.57.39 - - [12/Jul/2026:17:33:09 +0200] "GET /outlet/098020329 HTTP/1.1" 404 243 "https://alg24info.com/?sitemap224.xml" "Mozilla/5.0 AppleWebKit/537.36 (KHTML, like Gecko; compatible; GPTBot/1.4; +https://openai.com/gptbot)"
45.79.207.181 - - [12/Jul/2026:17:33:25 +0200] "GET / HTTP/1.1" 400 280 "-" "Mozilla/5.0 zgrab/0.x"
104.22.57.39 - - [12/Jul/2026:17:33:42 +0200] "GET /outlet/159045564 HTTP/1.1" 404 243 "https://alg24info.com/?sitemap224.xml" "Mozilla/5.0 AppleWebKit/537.36 (KHTML, like Gecko; compatible; GPTBot/1.4; +https://openai.com/gptbot)"
104.22.57.39 - - [12/Jul/2026:17:34:15 +0200] "GET /outlet/037001360 HTTP/1.1" 404 243 "https://alg24info.com/?sitemap448.xml" "Mozilla/5.0 AppleWebKit/537.36 (KHTML, like Gecko; compatible; GPTBot/1.4; +https://openai.com/gptbot)"
134.209.183.14 - - [12/Jul/2026:17:34:47 +0200] "GET /squid-internal-mgr/cachemgr.cgi HTTP/1.1" 404 244 "-" "Mozilla/5.0 zgrab/0.x"
104.22.57.39 - - [12/Jul/2026:17:34:49 +0200] "GET /outlet/124005391 HTTP/1.1" 404 243 "https://alg24info.com/?sitemap344.xml" "Mozilla/5.0 AppleWebKit/537.36 (KHTML, like Gecko; compatible; GPTBot/1.4; +https://openai.com/gptbot)"
45.33.80.243 - - [12/Jul/2026:17:34:55 +0200] "GET / HTTP/1.1" 200 1848 "-" "Mozilla/5.0 (Macintosh; Intel Mac OS X 13_1) AppleWebKit/537.36 (KHTML, like Gecko) Chrome/108.0.0.0 Safari/537.36"
172.239.71.245 - - [12/Jul/2026:17:35:05 +0200] "GET / HTTP/1.1" 200 1848 "-" "Mozilla/5.0 (Macintosh; Intel Mac OS X 13_1) AppleWebKit/537.36 (KHTML, like Gecko) Chrome/108.0.0.0 Safari/537.36"
104.22.57.39 - - [12/Jul/2026:17:35:23 +0200] "GET /outlet/291005632 HTTP/1.1" 404 243 "https://alg24info.com/?sitemap448.xml" "Mozilla/5.0 AppleWebKit/537.36 (KHTML, like Gecko; compatible; GPTBot/1.4; +https://openai.com/gptbot)"
104.22.57.39 - - [12/Jul/2026:17:35:56 +0200] "GET /outlet/119003062 HTTP/1.1" 404 243 "https://alg24info.com/?sitemap224.xml" "Mozilla/5.0 AppleWebKit/537.36 (KHTML, like Gecko; compatible; GPTBot/1.4; +https://openai.com/gptbot)"
104.22.57.39 - - [12/Jul/2026:17:36:29 +0200] "GET /outlet/011015900 HTTP/1.1" 404 243 "https://alg24info.com/?sitemap224.xml" "Mozilla/5.0 AppleWebKit/537.36 (KHTML, like Gecko; compatible; GPTBot/1.4; +https://openai.com/gptbot)"
104.22.57.39 - - [12/Jul/2026:17:37:03 +0200] "GET /outlet/191038834 HTTP/1.1" 404 243 "https://alg24info.com/?sitemap448.xml" "Mozilla/5.0 AppleWebKit/537.36 (KHTML, like Gecko; compatible; GPTBot/1.4; +https://openai.com/gptbot)"
198.41.227.149 - - [12/Jul/2026:17:37:07 +0200] "GET /wp-content/uploads/2020/06/hadj-mohamed-fechekeur.jpg HTTP/1.1" 200 48906 "-" "facebookexternalhit/1.1 (+http://www.facebook.com/externalhit_uatext.php)"
104.22.104.128 - - [12/Jul/2026:17:37:07 +0200] "GET /wp-content/uploads/2020/06/hadj-mohamed-fechekeur.jpg HTTP/1.1" 200 48906 "-" "facebookexternalhit/1.1 (+http://www.facebook.com/externalhit_uatext.php)"
107.155.48.46 - - [12/Jul/2026:17:37:34 +0200] "POST /cgi-bin/.%2e/.%2e/.%2e/.%2e/.%2e/.%2e/.%2e/.%2e/.%2e/.%2e/bin/sh HTTP/1.1" 400 182 "-" "-"
107.155.48.46 - - [12/Jul/2026:17:37:35 +0200] "POST /cgi-bin/%%32%65%%32%65/%%32%65%%32%65/%%32%65%%32%65/%%32%65%%32%65/%%32%65%%32%65/%%32%65%%32%65/%%32%65%%32%65/bin/sh HTTP/1.1" 400 182 "-" "-"
107.155.48.46 - - [12/Jul/2026:17:37:37 +0200] "POST /hello.world?%ADd+allow_url_include%3d1+%ADd+auto_prepend_file%3dphp://input HTTP/1.1" 404 275 "-" "libredtail-http"
104.22.57.39 - - [12/Jul/2026:17:37:37 +0200] "GET /outlet/291032414 HTTP/1.1" 404 243 "https://alg24info.com/?sitemap224.xml" "Mozilla/5.0 AppleWebKit/537.36 (KHTML, like Gecko; compatible; GPTBot/1.4; +https://openai.com/gptbot)"
107.155.48.46 - - [12/Jul/2026:17:37:44 +0200] "POST /?%ADd+allow_url_include%3d1+%ADd+auto_prepend_file%3dphp://input HTTP/1.1" 200 4963 "-" "libredtail-http"
104.22.57.39 - - [12/Jul/2026:17:38:09 +0200] "GET /outlet/223042710 HTTP/1.1" 404 243 "https://alg24info.com/?sitemap344.xml" "Mozilla/5.0 AppleWebKit/537.36 (KHTML, like Gecko; compatible; GPTBot/1.4; +https://openai.com/gptbot)"
104.22.57.39 - - [12/Jul/2026:17:38:44 +0200] "GET /outlet/094011043 HTTP/1.1" 404 243 "https://alg24info.com/?sitemap224.xml" "Mozilla/5.0 AppleWebKit/537.36 (KHTML, like Gecko; compatible; GPTBot/1.4; +https://openai.com/gptbot)"
104.22.57.39 - - [12/Jul/2026:17:39:19 +0200] "GET /outlet/178030165 HTTP/1.1" 404 243 "https://alg24info.com/?sitemap224.xml" "Mozilla/5.0 AppleWebKit/537.36 (KHTML, like Gecko; compatible; GPTBot/1.4; +https://openai.com/gptbot)"
104.22.57.39 - - [12/Jul/2026:17:39:52 +0200] "GET /outlet/138017237 HTTP/1.1" 404 243 "https://alg24info.com/?sitemap448.xml" "Mozilla/5.0 AppleWebKit/537.36 (KHTML, like Gecko; compatible; GPTBot/1.4; +https://openai.com/gptbot)"
172.71.10.65 - - [12/Jul/2026:17:39:55 +0200] "GET / HTTP/1.1" 500 0 "-" "Mozilla/5.0 (iPhone; CPU iPhone OS 13_2_3 like Mac OS X) AppleWebKit/605.1.15 (KHTML, like Gecko) Version/13.0.3 Mobile/15E148 Safari/604.1"
104.22.57.39 - - [12/Jul/2026:17:40:26 +0200] "GET /outlet/092018521 HTTP/1.1" 404 243 "https://alg24info.com/?sitemap741.xml" "Mozilla/5.0 AppleWebKit/537.36 (KHTML, like Gecko; compatible; GPTBot/1.4; +https://openai.com/gptbot)"
104.22.57.39 - - [12/Jul/2026:17:41:01 +0200] "GET /outlet/211004112 HTTP/1.1" 404 243 "https://alg24info.com/?sitemap600.xml" "Mozilla/5.0 AppleWebKit/537.36 (KHTML, like Gecko; compatible; GPTBot/1.4; +https://openai.com/gptbot)"
104.23.245.17 - - [12/Jul/2026:17:41:21 +0200] "GET /index.php/2020/06/06/%D9%88%D9%81%D8%A7%D8%A9-%D8%A7%D9%84%D8%AD%D8%A7%D8%AC-%D9%85%D8%AD%D9%85%D8%AF-%D9%81%D8%B4%D9%83%D9%88%D8%B1/ HTTP/1.1" 500 0 "-" "facebookexternalhit/1.1 (+http://www.facebook.com/externalhit_uatext.php)"
108.162.238.129 - - [12/Jul/2026:17:41:21 +0200] "GET /index.php/2020/06/06/%D9%88%D9%81%D8%A7%D8%A9-%D8%A7%D9%84%D8%AD%D8%A7%D8%AC-%D9%85%D8%AD%D9%85%D8%AF-%D9%81%D8%B4%D9%83%D9%88%D8%B1/ HTTP/1.1" 500 0 "-" "facebookexternalhit/1.1 (+http://www.facebook.com/externalhit_uatext.php)"
104.22.57.39 - - [12/Jul/2026:17:41:36 +0200] "GET /outlet/166002205 HTTP/1.1" 404 243 "https://alg24info.com/?sitemap600.xml" "Mozilla/5.0 AppleWebKit/537.36 (KHTML, like Gecko; compatible; GPTBot/1.4; +https://openai.com/gptbot)"
104.22.57.39 - - [12/Jul/2026:17:42:10 +0200] "GET /outlet/189013104 HTTP/1.1" 404 243 "https://alg24info.com/?sitemap741.xml" "Mozilla/5.0 AppleWebKit/537.36 (KHTML, like Gecko; compatible; GPTBot/1.4; +https://openai.com/gptbot)"
104.22.57.39 - - [12/Jul/2026:17:42:42 +0200] "GET /outlet/252043399 HTTP/1.1" 404 243 "https://alg24info.com/?sitemap741.xml" "Mozilla/5.0 AppleWebKit/537.36 (KHTML, like Gecko; compatible; GPTBot/1.4; +https://openai.com/gptbot)"
104.22.57.39 - - [12/Jul/2026:17:43:16 +0200] "GET /outlet/170021051 HTTP/1.1" 404 243 "https://alg24info.com/?sitemap224.xml" "Mozilla/5.0 AppleWebKit/537.36 (KHTML, like Gecko; compatible; GPTBot/1.4; +https://openai.com/gptbot)"
104.22.57.39 - - [12/Jul/2026:17:43:50 +0200] "GET /outlet/118022177 HTTP/1.1" 404 243 "https://alg24info.com/?sitemap741.xml" "Mozilla/5.0 AppleWebKit/537.36 (KHTML, like Gecko; compatible; GPTBot/1.4; +https://openai.com/gptbot)"
104.22.57.39 - - [12/Jul/2026:17:44:23 +0200] "GET /outlet/223014844 HTTP/1.1" 404 243 "https://alg24info.com/?sitemap741.xml" "Mozilla/5.0 AppleWebKit/537.36 (KHTML, like Gecko; compatible; GPTBot/1.4; +https://openai.com/gptbot)"
104.22.57.39 - - [12/Jul/2026:17:44:55 +0200] "GET /outlet/162040139 HTTP/1.1" 404 243 "https://alg24info.com/?sitemap224.xml" "Mozilla/5.0 AppleWebKit/537.36 (KHTML, like Gecko; compatible; GPTBot/1.4; +https://openai.com/gptbot)"
172.71.82.124 - - [12/Jul/2026:17:45:13 +0200] "GET /index.php/category/%d8%aa%d9%83%d9%86%d9%88%d9%84%d9%88%d8%ac%d9%8a%d8%a7/ HTTP/1.1" 500 0 "http://alg24info.com/index.php/category/%D9%81%D8%B6%D8%A7%D8%A1-%D8%A7%D9%84%D9%85%D8%B1%D8%A3%D8%A9/" "Mozilla/5.0 (Linux; Android 7.0;) AppleWebKit/537.36 (HTML, like Gecko) Mobile Safari/537.36 (compatible; PetalBot;+https://webmaster.petalsearch.com/site/petalbot)"
104.22.57.39 - - [12/Jul/2026:17:45:29 +0200] "GET /outlet/128006143 HTTP/1.1" 404 243 "https://alg24info.com/?sitemap600.xml" "Mozilla/5.0 AppleWebKit/537.36 (KHTML, like Gecko; compatible; GPTBot/1.4; +https://openai.com/gptbot)"
104.22.57.39 - - [12/Jul/2026:17:46:02 +0200] "GET /outlet/248019903 HTTP/1.1" 404 243 "https://alg24info.com/?sitemap600.xml" "Mozilla/5.0 AppleWebKit/537.36 (KHTML, like Gecko; compatible; GPTBot/1.4; +https://openai.com/gptbot)"
104.22.57.39 - - [12/Jul/2026:17:46:34 +0200] "GET /outlet/184002235 HTTP/1.1" 404 243 "https://alg24info.com/?sitemap344.xml" "Mozilla/5.0 AppleWebKit/537.36 (KHTML, like Gecko; compatible; GPTBot/1.4; +https://openai.com/gptbot)"
47.236.201.178 - - [12/Jul/2026:17:46:49 +0200] "GET / HTTP/1.1" 200 4963 "-" "curl/7.64.1"
47.236.201.178 - - [12/Jul/2026:17:46:50 +0200] "GET / HTTP/1.1" 200 1848 "-" "curl/7.74.0"
104.22.57.39 - - [12/Jul/2026:17:47:09 +0200] "GET /outlet/099019004 HTTP/1.1" 404 243 "https://alg24info.com/?sitemap741.xml" "Mozilla/5.0 AppleWebKit/537.36 (KHTML, like Gecko; compatible; GPTBot/1.4; +https://openai.com/gptbot)"
104.22.57.39 - - [12/Jul/2026:17:47:43 +0200] "GET /outlet/161015064 HTTP/1.1" 404 243 "https://alg24info.com/?sitemap224.xml" "Mozilla/5.0 AppleWebKit/537.36 (KHTML, like Gecko; compatible; GPTBot/1.4; +https://openai.com/gptbot)"
104.22.57.39 - - [12/Jul/2026:17:48:17 +0200] "GET /outlet/226001877 HTTP/1.1" 404 243 "https://alg24info.com/?sitemap224.xml" "Mozilla/5.0 AppleWebKit/537.36 (KHTML, like Gecko; compatible; GPTBot/1.4; +https://openai.com/gptbot)"
104.22.57.39 - - [12/Jul/2026:17:48:50 +0200] "GET /outlet/269007394 HTTP/1.1" 404 243 "https://alg24info.com/?sitemap344.xml" "Mozilla/5.0 AppleWebKit/537.36 (KHTML, like Gecko; compatible; GPTBot/1.4; +https://openai.com/gptbot)"
104.22.57.39 - - [12/Jul/2026:17:49:23 +0200] "GET /outlet/137016212 HTTP/1.1" 404 243 "https://alg24info.com/?sitemap224.xml" "Mozilla/5.0 AppleWebKit/537.36 (KHTML, like Gecko; compatible; GPTBot/1.4; +https://openai.com/gptbot)"
104.22.57.39 - - [12/Jul/2026:17:49:58 +0200] "GET /outlet/140046327 HTTP/1.1" 404 243 "https://alg24info.com/?sitemap741.xml" "Mozilla/5.0 AppleWebKit/537.36 (KHTML, like Gecko; compatible; GPTBot/1.4; +https://openai.com/gptbot)"
104.22.57.39 - - [12/Jul/2026:17:50:30 +0200] "GET /outlet/182047273 HTTP/1.1" 404 243 "https://alg24info.com/?sitemap344.xml" "Mozilla/5.0 AppleWebKit/537.36 (KHTML, like Gecko; compatible; GPTBot/1.4; +https://openai.com/gptbot)"
104.22.57.39 - - [12/Jul/2026:17:51:02 +0200] "GET /outlet/076019955 HTTP/1.1" 404 243 "https://alg24info.com/?sitemap344.xml" "Mozilla/5.0 AppleWebKit/537.36 (KHTML, like Gecko; compatible; GPTBot/1.4; +https://openai.com/gptbot)"
104.22.57.39 - - [12/Jul/2026:17:51:36 +0200] "GET /outlet/061027042 HTTP/1.1" 404 243 "https://alg24info.com/?sitemap448.xml" "Mozilla/5.0 AppleWebKit/537.36 (KHTML, like Gecko; compatible; GPTBot/1.4; +https://openai.com/gptbot)"
210.253.228.54 - - [12/Jul/2026:17:51:57 +0200] "GET / HTTP/1.0" 200 4963 "-" "-"
104.22.57.39 - - [12/Jul/2026:17:52:10 +0200] "GET /outlet/080039663 HTTP/1.1" 404 243 "https://alg24info.com/?sitemap741.xml" "Mozilla/5.0 AppleWebKit/537.36 (KHTML, like Gecko; compatible; GPTBot/1.4; +https://openai.com/gptbot)"
104.22.57.39 - - [12/Jul/2026:17:52:45 +0200] "GET /outlet/144005193 HTTP/1.1" 404 243 "https://alg24info.com/?sitemap741.xml" "Mozilla/5.0 AppleWebKit/537.36 (KHTML, like Gecko; compatible; GPTBot/1.4; +https://openai.com/gptbot)"
104.22.57.39 - - [12/Jul/2026:17:53:17 +0200] "GET /outlet/235039102 HTTP/1.1" 404 243 "https://alg24info.com/?sitemap600.xml" "Mozilla/5.0 AppleWebKit/537.36 (KHTML, like Gecko; compatible; GPTBot/1.4; +https://openai.com/gptbot)"
104.22.57.39 - - [12/Jul/2026:17:53:51 +0200] "GET /outlet/134030707 HTTP/1.1" 404 243 "https://alg24info.com/?sitemap448.xml" "Mozilla/5.0 AppleWebKit/537.36 (KHTML, like Gecko; compatible; GPTBot/1.4; +https://openai.com/gptbot)"
104.22.57.39 - - [12/Jul/2026:17:54:23 +0200] "GET /outlet/202016223 HTTP/1.1" 404 243 "https://alg24info.com/?sitemap224.xml" "Mozilla/5.0 AppleWebKit/537.36 (KHTML, like Gecko; compatible; GPTBot/1.4; +https://openai.com/gptbot)"
172.70.231.99 - - [12/Jul/2026:17:54:24 +0200] "GET /wp-content/uploads/cache/moutons-6vvkhi7x16o85ikx13337w6mccjj3fxoxcil79rau1f.jpg HTTP/1.1" 200 25163 "-" "Mozilla/5.0 (compatible; crawler)"
172.70.176.88 - - [12/Jul/2026:17:54:42 +0200] "GET /wp-content/x41e411/index.php HTTP/1.1" 200 0 "https://alg24info.com/wp-content/x41e411/index.php" "Mozilla/5.0 (compatible; MSIE 9.0; Windows NT 6.1; WOW64; Trident/5.0)"
104.22.57.39 - - [12/Jul/2026:17:54:58 +0200] "GET /outlet/243031904 HTTP/1.1" 404 243 "https://alg24info.com/?sitemap344.xml" "Mozilla/5.0 AppleWebKit/537.36 (KHTML, like Gecko; compatible; GPTBot/1.4; +https://openai.com/gptbot)"
104.22.57.39 - - [12/Jul/2026:17:55:29 +0200] "GET /outlet/278014371 HTTP/1.1" 404 243 "https://alg24info.com/?sitemap741.xml" "Mozilla/5.0 AppleWebKit/537.36 (KHTML, like Gecko; compatible; GPTBot/1.4; +https://openai.com/gptbot)"
104.22.57.39 - - [12/Jul/2026:17:56:02 +0200] "GET /outlet/173030994 HTTP/1.1" 404 243 "https://alg24info.com/?sitemap224.xml" "Mozilla/5.0 AppleWebKit/537.36 (KHTML, like Gecko; compatible; GPTBot/1.4; +https://openai.com/gptbot)"
104.22.57.39 - - [12/Jul/2026:17:56:34 +0200] "GET /outlet/013041614 HTTP/1.1" 404 243 "https://alg24info.com/?sitemap224.xml" "Mozilla/5.0 AppleWebKit/537.36 (KHTML, like Gecko; compatible; GPTBot/1.4; +https://openai.com/gptbot)"
104.22.57.39 - - [12/Jul/2026:17:57:06 +0200] "GET /outlet/242026923 HTTP/1.1" 404 243 "https://alg24info.com/?sitemap741.xml" "Mozilla/5.0 AppleWebKit/537.36 (KHTML, like Gecko; compatible; GPTBot/1.4; +https://openai.com/gptbot)"
104.22.57.39 - - [12/Jul/2026:17:57:40 +0200] "GET /outlet/096033431 HTTP/1.1" 404 243 "https://alg24info.com/?sitemap741.xml" "Mozilla/5.0 AppleWebKit/537.36 (KHTML, like Gecko; compatible; GPTBot/1.4; +https://openai.com/gptbot)"
104.22.57.39 - - [12/Jul/2026:17:58:13 +0200] "GET /outlet/218002669 HTTP/1.1" 404 243 "https://alg24info.com/?sitemap600.xml" "Mozilla/5.0 AppleWebKit/537.36 (KHTML, like Gecko; compatible; GPTBot/1.4; +https://openai.com/gptbot)"
104.22.57.39 - - [12/Jul/2026:17:58:47 +0200] "GET /outlet/079026608 HTTP/1.1" 404 243 "https://alg24info.com/?sitemap600.xml" "Mozilla/5.0 AppleWebKit/537.36 (KHTML, like Gecko; compatible; GPTBot/1.4; +https://openai.com/gptbot)"
162.158.108.55 - - [12/Jul/2026:17:59:05 +0200] "GET /index.php/2020/07/14/%d8%b4%d8%b1%d8%b7%d8%a9-%d8%a5%d8%b3%d8%a8%d8%a7%d9%86%d9%8a%d8%a7-%d8%aa%d8%b9%d8%aa%d9%82%d9%84-%d8%ac%d8%b2%d8%a7%d8%a6%d8%b1%d9%8a%d9%8a%d9%86-%d8%a7%d8%ab%d9%86%d9%8a%d9%86-%d9%81%d9%8a-%d8%b9/ HTTP/1.1" 500 0 "http://alg24info.com/index.php/2020/07/07/%d9%84%d9%8a%d8%a8%d8%b1%d9%85%d8%a7%d9%86-%d9%8a%d8%aa%d9%87%d9%85-%d9%85%d8%af%d9%8a%d8%b1-%d8%a7%d9%84%d9%85%d9%88%d8%b3%d8%a7%d8%af-%d8%a8%d8%aa%d8%b3%d8%b1%d9%8a%d8%a8-%d8%af%d9%88%d8%b1-%d8%a5" "Mozilla/5.0 (Linux; Android 7.0;) AppleWebKit/537.36 (HTML, like Gecko) Mobile Safari/537.36 (compatible; PetalBot;+https://webmaster.petalsearch.com/site/petalbot)"
104.22.57.39 - - [12/Jul/2026:17:59:21 +0200] "GET /outlet/212042625 HTTP/1.1" 404 243 "https://alg24info.com/?sitemap224.xml" "Mozilla/5.0 AppleWebKit/537.36 (KHTML, like Gecko; compatible; GPTBot/1.4; +https://openai.com/gptbot)"
104.22.57.39 - - [12/Jul/2026:17:59:54 +0200] "GET /outlet/028046659 HTTP/1.1" 404 243 "https://alg24info.com/?sitemap448.xml" "Mozilla/5.0 AppleWebKit/537.36 (KHTML, like Gecko; compatible; GPTBot/1.4; +https://openai.com/gptbot)"
104.22.57.39 - - [12/Jul/2026:18:00:28 +0200] "GET /outlet/233025370 HTTP/1.1" 404 243 "https://alg24info.com/?sitemap600.xml" "Mozilla/5.0 AppleWebKit/537.36 (KHTML, like Gecko; compatible; GPTBot/1.4; +https://openai.com/gptbot)"
104.22.57.39 - - [12/Jul/2026:18:01:03 +0200] "GET /outlet/131046926 HTTP/1.1" 404 243 "https://alg24info.com/?sitemap741.xml" "Mozilla/5.0 AppleWebKit/537.36 (KHTML, like Gecko; compatible; GPTBot/1.4; +https://openai.com/gptbot)"
104.22.57.39 - - [12/Jul/2026:18:01:36 +0200] "GET /outlet/172018153 HTTP/1.1" 404 243 "https://alg24info.com/?sitemap448.xml" "Mozilla/5.0 AppleWebKit/537.36 (KHTML, like Gecko; compatible; GPTBot/1.4; +https://openai.com/gptbot)"
104.22.57.39 - - [12/Jul/2026:18:02:09 +0200] "GET /outlet/166046063 HTTP/1.1" 404 243 "https://alg24info.com/?sitemap224.xml" "Mozilla/5.0 AppleWebKit/537.36 (KHTML, like Gecko; compatible; GPTBot/1.4; +https://openai.com/gptbot)"
104.22.57.39 - - [12/Jul/2026:18:02:44 +0200] "GET /outlet/249007626 HTTP/1.1" 404 243 "https://alg24info.com/?sitemap448.xml" "Mozilla/5.0 AppleWebKit/537.36 (KHTML, like Gecko; compatible; GPTBot/1.4; +https://openai.com/gptbot)"
104.22.57.39 - - [12/Jul/2026:18:03:19 +0200] "GET /outlet/086006075 HTTP/1.1" 404 243 "https://alg24info.com/?sitemap448.xml" "Mozilla/5.0 AppleWebKit/537.36 (KHTML, like Gecko; compatible; GPTBot/1.4; +https://openai.com/gptbot)"
104.22.57.39 - - [12/Jul/2026:18:03:53 +0200] "GET /outlet/073017254 HTTP/1.1" 404 243 "https://alg24info.com/?sitemap224.xml" "Mozilla/5.0 AppleWebKit/537.36 (KHTML, like Gecko; compatible; GPTBot/1.4; +https://openai.com/gptbot)"
104.22.57.39 - - [12/Jul/2026:18:04:27 +0200] "GET /outlet/043019572 HTTP/1.1" 404 243 "https://alg24info.com/?sitemap741.xml" "Mozilla/5.0 AppleWebKit/537.36 (KHTML, like Gecko; compatible; GPTBot/1.4; +https://openai.com/gptbot)"
104.22.57.39 - - [12/Jul/2026:18:05:00 +0200] "GET /outlet/234031951 HTTP/1.1" 404 243 "https://alg24info.com/?sitemap224.xml" "Mozilla/5.0 AppleWebKit/537.36 (KHTML, like Gecko; compatible; GPTBot/1.4; +https://openai.com/gptbot)"
104.22.57.39 - - [12/Jul/2026:18:05:33 +0200] "GET /outlet/096018393 HTTP/1.1" 404 243 "https://alg24info.com/?sitemap741.xml" "Mozilla/5.0 AppleWebKit/537.36 (KHTML, like Gecko; compatible; GPTBot/1.4; +https://openai.com/gptbot)"
104.22.57.39 - - [12/Jul/2026:18:06:07 +0200] "GET /outlet/020034517 HTTP/1.1" 404 243 "https://alg24info.com/?sitemap448.xml" "Mozilla/5.0 AppleWebKit/537.36 (KHTML, like Gecko; compatible; GPTBot/1.4; +https://openai.com/gptbot)"
104.22.57.39 - - [12/Jul/2026:18:06:41 +0200] "GET /outlet/276003861 HTTP/1.1" 404 243 "https://alg24info.com/?sitemap741.xml" "Mozilla/5.0 AppleWebKit/537.36 (KHTML, like Gecko; compatible; GPTBot/1.4; +https://openai.com/gptbot)"
104.22.57.39 - - [12/Jul/2026:18:07:14 +0200] "GET /outlet/208011081 HTTP/1.1" 404 243 "https://alg24info.com/?sitemap224.xml" "Mozilla/5.0 AppleWebKit/537.36 (KHTML, like Gecko; compatible; GPTBot/1.4; +https://openai.com/gptbot)"
104.22.57.39 - - [12/Jul/2026:18:07:48 +0200] "GET /outlet/242043951 HTTP/1.1" 404 243 "https://alg24info.com/?sitemap600.xml" "Mozilla/5.0 AppleWebKit/537.36 (KHTML, like Gecko; compatible; GPTBot/1.4; +https://openai.com/gptbot)"
104.22.57.39 - - [12/Jul/2026:18:08:20 +0200] "GET /outlet/022044163 HTTP/1.1" 404 243 "https://alg24info.com/?sitemap741.xml" "Mozilla/5.0 AppleWebKit/537.36 (KHTML, like Gecko; compatible; GPTBot/1.4; +https://openai.com/gptbot)"
104.22.57.39 - - [12/Jul/2026:18:08:54 +0200] "GET /outlet/158032981 HTTP/1.1" 404 243 "https://alg24info.com/?sitemap600.xml" "Mozilla/5.0 AppleWebKit/537.36 (KHTML, like Gecko; compatible; GPTBot/1.4; +https://openai.com/gptbot)"
104.22.57.39 - - [12/Jul/2026:18:09:26 +0200] "GET /outlet/149039208 HTTP/1.1" 404 243 "https://alg24info.com/?sitemap600.xml" "Mozilla/5.0 AppleWebKit/537.36 (KHTML, like Gecko; compatible; GPTBot/1.4; +https://openai.com/gptbot)"
104.22.57.39 - - [12/Jul/2026:18:10:01 +0200] "GET /outlet/134048513 HTTP/1.1" 404 243 "https://alg24info.com/?sitemap741.xml" "Mozilla/5.0 AppleWebKit/537.36 (KHTML, like Gecko; compatible; GPTBot/1.4; +https://openai.com/gptbot)"
104.22.57.39 - - [12/Jul/2026:18:10:34 +0200] "GET /outlet/281022842 HTTP/1.1" 404 243 "https://alg24info.com/?sitemap448.xml" "Mozilla/5.0 AppleWebKit/537.36 (KHTML, like Gecko; compatible; GPTBot/1.4; +https://openai.com/gptbot)"
43.153.122.30 - - [12/Jul/2026:18:10:41 +0200] "GET / HTTP/1.1" 200 1848 "-" "Mozilla/5.0 (iPhone; CPU iPhone OS 13_2_3 like Mac OS X) AppleWebKit/605.1.15 (KHTML, like Gecko) Version/13.0.3 Mobile/15E148 Safari/604.1"
104.22.57.39 - - [12/Jul/2026:18:11:08 +0200] "GET /outlet/235047406 HTTP/1.1" 404 243 "https://alg24info.com/?sitemap448.xml" "Mozilla/5.0 AppleWebKit/537.36 (KHTML, like Gecko; compatible; GPTBot/1.4; +https://openai.com/gptbot)"
104.22.57.39 - - [12/Jul/2026:18:11:41 +0200] "GET /outlet/122044181 HTTP/1.1" 404 243 "https://alg24info.com/?sitemap448.xml" "Mozilla/5.0 AppleWebKit/537.36 (KHTML, like Gecko; compatible; GPTBot/1.4; +https://openai.com/gptbot)"
172.71.148.143 - - [12/Jul/2026:18:12:12 +0200] "GET / HTTP/1.1" 500 0 "-" "Mozilla/5.0 (Fedora; Linux x86_64) AppleWebKit/537.36 (KHTML, like Gecko) Chrome/140.0.0.0 Safari/537.36"
104.22.57.39 - - [12/Jul/2026:18:12:15 +0200] "GET /outlet/220039505 HTTP/1.1" 404 243 "https://alg24info.com/?sitemap448.xml" "Mozilla/5.0 AppleWebKit/537.36 (KHTML, like Gecko; compatible; GPTBot/1.4; +https://openai.com/gptbot)"
104.22.57.39 - - [12/Jul/2026:18:12:48 +0200] "GET /outlet/095042578 HTTP/1.1" 404 243 "https://alg24info.com/?sitemap741.xml" "Mozilla/5.0 AppleWebKit/537.36 (KHTML, like Gecko; compatible; GPTBot/1.4; +https://openai.com/gptbot)"
162.158.170.5 - - [12/Jul/2026:18:12:57 +0200] "GET /index.php/2020/07/14/%D9%88%D8%A7%D9%84%D9%8A-%D8%A7%D9%84%D8%B9%D8%A7%D8%B5%D9%85%D8%A9-%D8%A3%D9%85%D8%B1%D9%86%D8%A7-%D8%A8%D8%AA%D9%86%D8%B8%D9%8A%D9%85-%D8%A3%D8%B3%D9%88%D8%A7%D9%82-%D8%A7%D9%84%D9%85%D8%A7%D8%B4/ HTTP/1.1" 500 0 "http://alg24info.com/index.php/2020/07/14/%D9%88%D8%A7%D9%84%D9%8A-%D8%A7%D9%84%D8%B9%D8%A7%D8%B5%D9%85%D8%A9-%D8%A3%D9%85%D8%B1%D9%86%D8%A7-%D8%A8%D8%AA%D9%86%D8%B8%D9%8A%D9%85-%D8%A3%D8%B3%D9%88%D8%A7%D9%82-%D8%A7%D9%84%D9%85%D8%A7%D8%B4/" "Mozilla/5.0 (Linux; Android 7.0;) AppleWebKit/537.36 (HTML, like Gecko) Mobile Safari/537.36 (compatible; PetalBot;+https://webmaster.petalsearch.com/site/petalbot)"
104.22.57.39 - - [12/Jul/2026:18:13:23 +0200] "GET /outlet/167007540 HTTP/1.1" 404 243 "https://alg24info.com/?sitemap344.xml" "Mozilla/5.0 AppleWebKit/537.36 (KHTML, like Gecko; compatible; GPTBot/1.4; +https://openai.com/gptbot)"
104.22.57.39 - - [12/Jul/2026:18:13:56 +0200] "GET /outlet/029011078 HTTP/1.1" 404 243 "https://alg24info.com/?sitemap344.xml" "Mozilla/5.0 AppleWebKit/537.36 (KHTML, like Gecko; compatible; GPTBot/1.4; +https://openai.com/gptbot)"
104.22.57.39 - - [12/Jul/2026:18:14:28 +0200] "GET /outlet/063009898 HTTP/1.1" 404 243 "https://alg24info.com/?sitemap448.xml" "Mozilla/5.0 AppleWebKit/537.36 (KHTML, like Gecko; compatible; GPTBot/1.4; +https://openai.com/gptbot)"
104.22.57.39 - - [12/Jul/2026:18:15:03 +0200] "GET /outlet/197014858 HTTP/1.1" 404 243 "https://alg24info.com/?sitemap600.xml" "Mozilla/5.0 AppleWebKit/537.36 (KHTML, like Gecko; compatible; GPTBot/1.4; +https://openai.com/gptbot)"
104.22.57.39 - - [12/Jul/2026:18:15:36 +0200] "GET /outlet/257030136 HTTP/1.1" 404 243 "https://alg24info.com/?sitemap741.xml" "Mozilla/5.0 AppleWebKit/537.36 (KHTML, like Gecko; compatible; GPTBot/1.4; +https://openai.com/gptbot)"
172.69.192.165 - - [12/Jul/2026:18:15:48 +0200] "GET //images/images/cache.php HTTP/1.1" 404 243 "www.google.com" "Mozlila/5.0 (Linux; Android 7.0; SM-G892A Bulid/NRD90M; wv) AppleWebKit/537.36 (KHTML, like Gecko) Version/4.0 Chrome/60.0.3112.107 Moblie Safari/537.36"
172.69.192.165 - - [12/Jul/2026:18:15:50 +0200] "GET //cgi-bin/cgi-bin/cgi-bin/cgi-bin/cache.php HTTP/1.1" 404 243 "www.google.com" "Mozlila/5.0 (Linux; Android 7.0; SM-G892A Bulid/NRD90M; wv) AppleWebKit/537.36 (KHTML, like Gecko) Version/4.0 Chrome/60.0.3112.107 Moblie Safari/537.36"
172.69.192.137 - - [12/Jul/2026:18:15:51 +0200] "GET //images/images/images/images/images/images/images/images/cache.php HTTP/1.1" 404 243 "www.google.com" "Mozlila/5.0 (Linux; Android 7.0; SM-G892A Bulid/NRD90M; wv) AppleWebKit/537.36 (KHTML, like Gecko) Version/4.0 Chrome/60.0.3112.107 Moblie Safari/537.36"
172.69.192.165 - - [12/Jul/2026:18:15:53 +0200] "GET //images/images/images/images/images/images/images/cache.php HTTP/1.1" 404 243 "www.google.com" "Mozlila/5.0 (Linux; Android 7.0; SM-G892A Bulid/NRD90M; wv) AppleWebKit/537.36 (KHTML, like Gecko) Version/4.0 Chrome/60.0.3112.107 Moblie Safari/537.36"
172.69.192.165 - - [12/Jul/2026:18:15:54 +0200] "GET //images/images/images/images/images/images/cache.php HTTP/1.1" 404 243 "www.google.com" "Mozlila/5.0 (Linux; Android 7.0; SM-G892A Bulid/NRD90M; wv) AppleWebKit/537.36 (KHTML, like Gecko) Version/4.0 Chrome/60.0.3112.107 Moblie Safari/537.36"
172.69.192.165 - - [12/Jul/2026:18:15:55 +0200] "GET //images/images/images/images/images/cache.php HTTP/1.1" 404 243 "www.google.com" "Mozlila/5.0 (Linux; Android 7.0; SM-G892A Bulid/NRD90M; wv) AppleWebKit/537.36 (KHTML, like Gecko) Version/4.0 Chrome/60.0.3112.107 Moblie Safari/537.36"
172.69.192.165 - - [12/Jul/2026:18:15:56 +0200] "GET //images/images/images/images/cache.php HTTP/1.1" 404 243 "www.google.com" "Mozlila/5.0 (Linux; Android 7.0; SM-G892A Bulid/NRD90M; wv) AppleWebKit/537.36 (KHTML, like Gecko) Version/4.0 Chrome/60.0.3112.107 Moblie Safari/537.36"
172.69.192.165 - - [12/Jul/2026:18:15:58 +0200] "GET //images/images/images/cache.php HTTP/1.1" 404 243 "www.google.com" "Mozlila/5.0 (Linux; Android 7.0; SM-G892A Bulid/NRD90M; wv) AppleWebKit/537.36 (KHTML, like Gecko) Version/4.0 Chrome/60.0.3112.107 Moblie Safari/537.36"
172.69.192.165 - - [12/Jul/2026:18:15:59 +0200] "GET //wp-content/plugins/plugins/cache.php HTTP/1.1" 404 243 "www.google.com" "Mozlila/5.0 (Linux; Android 7.0; SM-G892A Bulid/NRD90M; wv) AppleWebKit/537.36 (KHTML, like Gecko) Version/4.0 Chrome/60.0.3112.107 Moblie Safari/537.36"
172.69.192.165 - - [12/Jul/2026:18:16:01 +0200] "GET //assets/images/images/cache.php HTTP/1.1" 404 243 "www.google.com" "Mozlila/5.0 (Linux; Android 7.0; SM-G892A Bulid/NRD90M; wv) AppleWebKit/537.36 (KHTML, like Gecko) Version/4.0 Chrome/60.0.3112.107 Moblie Safari/537.36"
172.69.192.165 - - [12/Jul/2026:18:16:04 +0200] "GET //blogs/media/media/cache.php HTTP/1.1" 404 243 "www.google.com" "Mozlila/5.0 (Linux; Android 7.0; SM-G892A Bulid/NRD90M; wv) AppleWebKit/537.36 (KHTML, like Gecko) Version/4.0 Chrome/60.0.3112.107 Moblie Safari/537.36"
172.69.192.165 - - [12/Jul/2026:18:16:05 +0200] "GET //cache/cache/cache.php HTTP/1.1" 404 243 "www.google.com" "Mozlila/5.0 (Linux; Android 7.0; SM-G892A Bulid/NRD90M; wv) AppleWebKit/537.36 (KHTML, like Gecko) Version/4.0 Chrome/60.0.3112.107 Moblie Safari/537.36"
104.22.57.39 - - [12/Jul/2026:18:16:10 +0200] "GET /outlet/123012780 HTTP/1.1" 404 243 "https://alg24info.com/?sitemap448.xml" "Mozilla/5.0 AppleWebKit/537.36 (KHTML, like Gecko; compatible; GPTBot/1.4; +https://openai.com/gptbot)"
162.158.95.230 - - [12/Jul/2026:18:16:36 +0200] "GET / HTTP/1.1" 500 0 "-" "Mozilla/5.0 (Macintosh; Intel Mac OS X 10_15) AppleWebKit/605.1.15 (KHTML, like Gecko) Version/13.0.1 Safari/605.1.15"
104.22.57.39 - - [12/Jul/2026:18:16:42 +0200] "GET /outlet/288026559 HTTP/1.1" 404 243 "https://alg24info.com/?sitemap344.xml" "Mozilla/5.0 AppleWebKit/537.36 (KHTML, like Gecko; compatible; GPTBot/1.4; +https://openai.com/gptbot)"
104.22.57.39 - - [12/Jul/2026:18:17:16 +0200] "GET /outlet/145003602 HTTP/1.1" 404 243 "https://alg24info.com/?sitemap600.xml" "Mozilla/5.0 AppleWebKit/537.36 (KHTML, like Gecko; compatible; GPTBot/1.4; +https://openai.com/gptbot)"
104.22.57.39 - - [12/Jul/2026:18:17:48 +0200] "GET /outlet/176005037 HTTP/1.1" 404 243 "https://alg24info.com/?sitemap224.xml" "Mozilla/5.0 AppleWebKit/537.36 (KHTML, like Gecko; compatible; GPTBot/1.4; +https://openai.com/gptbot)"
104.22.57.39 - - [12/Jul/2026:18:18:23 +0200] "GET /outlet/194012677 HTTP/1.1" 404 243 "https://alg24info.com/?sitemap448.xml" "Mozilla/5.0 AppleWebKit/537.36 (KHTML, like Gecko; compatible; GPTBot/1.4; +https://openai.com/gptbot)"
104.22.57.39 - - [12/Jul/2026:18:18:56 +0200] "GET /outlet/052015165 HTTP/1.1" 404 243 "https://alg24info.com/?sitemap741.xml" "Mozilla/5.0 AppleWebKit/537.36 (KHTML, like Gecko; compatible; GPTBot/1.4; +https://openai.com/gptbot)"
162.158.42.76 - - [12/Jul/2026:18:19:11 +0200] "GET /index.php/2020/05/28/%D8%AD%D8%B1%D8%A8-%D8%A8%D8%A7%D8%B1%D8%AF%D8%A9-%D8%A7%D9%84%D9%88%D9%84%D8%A7%D9%8A%D8%A7%D8%AA-%D8%A7%D9%84%D9%85%D8%AA%D8%AD%D8%AF%D8%A9-%D8%A7%D9%84%D8%A3%D9%85%D8%B1%D9%8A%D9%83%D9%8A%D8%A9/ HTTP/1.1" 500 0 "-" "Mozilla/5.0 (compatible; DotBot/1.2; +https://opensiteexplorer.org/dotbot; [email protected])"
104.22.57.40 - - [12/Jul/2026:18:19:31 +0200] "GET /outlet/271018486 HTTP/1.1" 404 243 "https://alg24info.com/?sitemap344.xml" "Mozilla/5.0 AppleWebKit/537.36 (KHTML, like Gecko; compatible; GPTBot/1.4; +https://openai.com/gptbot)"
78.153.140.250 - - [12/Jul/2026:18:19:49 +0200] "GET /.env HTTP/1.1" 404 244 "-" "Mozilla/5.0 (Windows NT 10.0; Win64; x64) AppleWebKit/537.36 (KHTML, like Gecko) Chrome/116.0.5845.140 Safari/537.36"
78.153.140.250 - - [12/Jul/2026:18:19:50 +0200] "POST / HTTP/1.1" 200 1848 "-" "Mozilla/5.0 (Windows NT 10.0; Win64; x64) AppleWebKit/537.36 (KHTML, like Gecko) Chrome/116.0.5845.140 Safari/537.36"
104.22.57.40 - - [12/Jul/2026:18:20:03 +0200] "GET /outlet/087014626 HTTP/1.1" 404 243 "https://alg24info.com/?sitemap600.xml" "Mozilla/5.0 AppleWebKit/537.36 (KHTML, like Gecko; compatible; GPTBot/1.4; +https://openai.com/gptbot)"
104.22.57.40 - - [12/Jul/2026:18:20:38 +0200] "GET /outlet/299001058 HTTP/1.1" 404 243 "https://alg24info.com/?sitemap344.xml" "Mozilla/5.0 AppleWebKit/537.36 (KHTML, like Gecko; compatible; GPTBot/1.4; +https://openai.com/gptbot)"
104.22.57.40 - - [12/Jul/2026:18:21:12 +0200] "GET /outlet/268034995 HTTP/1.1" 404 243 "https://alg24info.com/?sitemap448.xml" "Mozilla/5.0 AppleWebKit/537.36 (KHTML, like Gecko; compatible; GPTBot/1.4; +https://openai.com/gptbot)"
104.22.57.40 - - [12/Jul/2026:18:21:45 +0200] "GET /outlet/042046377 HTTP/1.1" 404 243 "https://alg24info.com/?sitemap344.xml" "Mozilla/5.0 AppleWebKit/537.36 (KHTML, like Gecko; compatible; GPTBot/1.4; +https://openai.com/gptbot)"
104.22.57.40 - - [12/Jul/2026:18:22:20 +0200] "GET /outlet/028037939 HTTP/1.1" 404 243 "https://alg24info.com/?sitemap600.xml" "Mozilla/5.0 AppleWebKit/537.36 (KHTML, like Gecko; compatible; GPTBot/1.4; +https://openai.com/gptbot)"
104.22.57.40 - - [12/Jul/2026:18:22:54 +0200] "GET /outlet/147041976 HTTP/1.1" 404 243 "https://alg24info.com/?sitemap448.xml" "Mozilla/5.0 AppleWebKit/537.36 (KHTML, like Gecko; compatible; GPTBot/1.4; +https://openai.com/gptbot)"
104.22.57.40 - - [12/Jul/2026:18:23:28 +0200] "GET /outlet/267018146 HTTP/1.1" 404 243 "https://alg24info.com/?sitemap448.xml" "Mozilla/5.0 AppleWebKit/537.36 (KHTML, like Gecko; compatible; GPTBot/1.4; +https://openai.com/gptbot)"
104.22.57.40 - - [12/Jul/2026:18:24:02 +0200] "GET /outlet/099010072 HTTP/1.1" 404 243 "https://alg24info.com/?sitemap741.xml" "Mozilla/5.0 AppleWebKit/537.36 (KHTML, like Gecko; compatible; GPTBot/1.4; +https://openai.com/gptbot)"
2.57.122.105 - - [12/Jul/2026:18:24:31 +0200] "GET /.env HTTP/1.1" 404 244 "-" "Mozilla/5.0 (X11; Linux x86_64) AppleWebKit/537.36 (KHTML, like Gecko) Chrome/81.0.4044.129 Safari/537.36"
2.57.122.105 - - [12/Jul/2026:18:24:31 +0200] "POST / HTTP/1.1" 200 1848 "-" "Mozilla/5.0 (X11; Linux x86_64) AppleWebKit/537.36 (KHTML, like Gecko) Chrome/81.0.4044.129 Safari/537.36"
104.22.57.40 - - [12/Jul/2026:18:24:36 +0200] "GET /outlet/107002034 HTTP/1.1" 404 243 "https://alg24info.com/?sitemap224.xml" "Mozilla/5.0 AppleWebKit/537.36 (KHTML, like Gecko; compatible; GPTBot/1.4; +https://openai.com/gptbot)"
104.22.101.47 - - [12/Jul/2026:18:24:49 +0200] "GET /robots.txt HTTP/1.1" 200 130 "-" "Mozilla/5.0 (compatible; Googlebot/2.1; +http://www.google.com/bot.html)"
104.22.57.40 - - [12/Jul/2026:18:25:11 +0200] "GET /outlet/233024482 HTTP/1.1" 404 243 "https://alg24info.com/?sitemap224.xml" "Mozilla/5.0 AppleWebKit/537.36 (KHTML, like Gecko; compatible; GPTBot/1.4; +https://openai.com/gptbot)"
104.22.57.40 - - [12/Jul/2026:18:25:44 +0200] "GET /outlet/071020334 HTTP/1.1" 404 243 "https://alg24info.com/?sitemap741.xml" "Mozilla/5.0 AppleWebKit/537.36 (KHTML, like Gecko; compatible; GPTBot/1.4; +https://openai.com/gptbot)"
104.22.57.40 - - [12/Jul/2026:18:26:19 +0200] "GET /outlet/139045084 HTTP/1.1" 404 243 "https://alg24info.com/?sitemap448.xml" "Mozilla/5.0 AppleWebKit/537.36 (KHTML, like Gecko; compatible; GPTBot/1.4; +https://openai.com/gptbot)"
172.70.93.103 - - [12/Jul/2026:18:26:49 +0200] "GET /index.php/2020/07/10/%d9%88%d8%b2%d8%a7%d8%b1%d8%a9-%d8%a7%d9%84%d8%b7%d8%a7%d9%82%d8%a9-%d8%aa%d8%ad%d8%b6%d9%91%d8%b1-%d9%84%d9%88%d8%b1%d9%82%d8%a9-%d8%b7%d8%b1%d9%8a%d9%82-%d9%82%d8%b7%d8%a7%d8%b9%d9%8a%d8%a9-%d8%ad/ HTTP/1.1" 500 0 "http://alg24info.com/index.php/2020/07/10/%d9%88%d8%b2%d8%a7%d8%b1%d8%a9-%d8%a7%d9%84%d8%b7%d8%a7%d9%82%d8%a9-%d8%aa%d8%ad%d8%b6%d9%91%d8%b1-%d9%84%d9%88%d8%b1%d9%82%d8%a9-%d8%b7%d8%b1%d9%8a%d9%82-%d9%82%d8%b7%d8%a7%d8%b9%d9%8a%d8%a9-%d8%ad" "Mozilla/5.0 (Linux; Android 7.0;) AppleWebKit/537.36 (HTML, like Gecko) Mobile Safari/537.36 (compatible; PetalBot;+https://webmaster.petalsearch.com/site/petalbot)"
104.22.57.40 - - [12/Jul/2026:18:26:53 +0200] "GET /outlet/282010625 HTTP/1.1" 404 243 "https://alg24info.com/?sitemap600.xml" "Mozilla/5.0 AppleWebKit/537.36 (KHTML, like Gecko; compatible; GPTBot/1.4; +https://openai.com/gptbot)"
104.22.57.40 - - [12/Jul/2026:18:27:28 +0200] "GET /outlet/236026911 HTTP/1.1" 404 243 "https://alg24info.com/?sitemap600.xml" "Mozilla/5.0 AppleWebKit/537.36 (KHTML, like Gecko; compatible; GPTBot/1.4; +https://openai.com/gptbot)"
104.22.57.40 - - [12/Jul/2026:18:28:00 +0200] "GET /outlet/147010604 HTTP/1.1" 404 243 "https://alg24info.com/?sitemap741.xml" "Mozilla/5.0 AppleWebKit/537.36 (KHTML, like Gecko; compatible; GPTBot/1.4; +https://openai.com/gptbot)"
104.22.57.40 - - [12/Jul/2026:18:28:35 +0200] "GET /outlet/140043883 HTTP/1.1" 404 243 "https://alg24info.com/?sitemap224.xml" "Mozilla/5.0 AppleWebKit/537.36 (KHTML, like Gecko; compatible; GPTBot/1.4; +https://openai.com/gptbot)"
