104.23.175.243 - - [12/Jul/2026:19:22:18 +0200] "GET /index.php/2020/01/05/%D8%A7%D9%84%D8%B1%D8%A6%D9%8A%D8%B3-%D8%AA%D8%A8%D9%88%D9%86-%D9%8A%D8%AA%D8%B1%D8%A3%D8%B3-%D8%A3%D9%88%D9%84-%D8%A7%D8%AC%D8%AA%D9%85%D8%A7%D8%B9-%D9%84%D9%85%D8%AC%D9%84%D8%B3-%D8%A7%D9%84%D9%88 HTTP/1.1" 500 0 "http://alg24info.com/index.php/2020/01/05/%D8%A7%D9%84%D8%B1%D8%A6%D9%8A%D8%B3-%D8%AA%D8%A8%D9%88%D9%86-%D9%8A%D8%AA%D8%B1%D8%A3%D8%B3-%D8%A3%D9%88%D9%84-%D8%A7%D8%AC%D8%AA%D9%85%D8%A7%D8%B9-%D9%84%D9%85%D8%AC%D9%84%D8%B3-%D8%A7%D9%84%D9%88" "Mozilla/5.0 (Linux; Android 7.0;) AppleWebKit/537.36 (HTML, like Gecko) Mobile Safari/537.36 (compatible; PetalBot;+https://webmaster.petalsearch.com/site/petalbot)"
45.79.211.195 - - [12/Jul/2026:19:22:21 +0200] "GET /dana-na/auth/url_default/welcome.cgi HTTP/1.1" 404 244 "-" "Mozilla/5.0 (Windows NT 10.0; Win64; x64) AppleWebKit/537.36 (KHTML, like Gecko) Chrome/83.0.4103.61 Safari/537.36"
45.79.211.195 - - [12/Jul/2026:19:22:31 +0200] "GET /dana-na/nc/nc_gina_ver.txt HTTP/1.1" 404 244 "-" "Mozilla/5.0 (Windows NT 10.0; Win64; x64) AppleWebKit/537.36 (KHTML, like Gecko) Chrome/83.0.4103.61 Safari/537.36"
104.22.57.39 - - [12/Jul/2026:19:22:36 +0200] "GET /outlet/247025836 HTTP/1.1" 404 243 "https://alg24info.com/?sitemap344.xml" "Mozilla/5.0 AppleWebKit/537.36 (KHTML, like Gecko; compatible; GPTBot/1.4; +https://openai.com/gptbot)"
45.79.211.195 - - [12/Jul/2026:19:22:44 +0200] "GET /deployment-config.json HTTP/1.1" 404 244 "-" "Mozilla/5.0 (Windows NT 10.0; Win64; x64) AppleWebKit/537.36 (KHTML, like Gecko) Chrome/83.0.4103.61 Safari/537.36"
45.79.211.195 - - [12/Jul/2026:19:22:55 +0200] "GET /fpui/jsp/login.jsp HTTP/1.1" 404 244 "-" "Mozilla/5.0 (Windows NT 10.0; Win64; x64) AppleWebKit/537.36 (KHTML, like Gecko) Chrome/83.0.4103.61 Safari/537.36"
45.79.211.195 - - [12/Jul/2026:19:23:07 +0200] "GET /global-protect/login.esp HTTP/1.1" 404 244 "-" "Mozilla/5.0 (Windows NT 10.0; Win64; x64) AppleWebKit/537.36 (KHTML, like Gecko) Chrome/83.0.4103.61 Safari/537.36"
104.22.57.39 - - [12/Jul/2026:19:23:10 +0200] "GET /outlet/255016864 HTTP/1.1" 404 243 "https://alg24info.com/?sitemap448.xml" "Mozilla/5.0 AppleWebKit/537.36 (KHTML, like Gecko; compatible; GPTBot/1.4; +https://openai.com/gptbot)"
45.79.211.195 - - [12/Jul/2026:19:23:18 +0200] "GET /human.aspx HTTP/1.1" 404 244 "-" "Mozilla/5.0 (Windows NT 10.0; Win64; x64) AppleWebKit/537.36 (KHTML, like Gecko) Chrome/83.0.4103.61 Safari/537.36"
45.79.211.195 - - [12/Jul/2026:19:23:29 +0200] "GET /iam/login HTTP/1.1" 404 244 "-" "Mozilla/5.0 (Windows NT 10.0; Win64; x64) AppleWebKit/537.36 (KHTML, like Gecko) Chrome/83.0.4103.61 Safari/537.36"
45.79.211.195 - - [12/Jul/2026:19:23:41 +0200] "GET /index.do HTTP/1.1" 404 244 "-" "Mozilla/5.0 (Windows NT 10.0; Win64; x64) AppleWebKit/537.36 (KHTML, like Gecko) Chrome/83.0.4103.61 Safari/537.36"
104.22.57.39 - - [12/Jul/2026:19:23:43 +0200] "GET /outlet/290029469 HTTP/1.1" 404 243 "https://alg24info.com/?sitemap344.xml" "Mozilla/5.0 AppleWebKit/537.36 (KHTML, like Gecko; compatible; GPTBot/1.4; +https://openai.com/gptbot)"
45.79.211.195 - - [12/Jul/2026:19:23:53 +0200] "GET /jira/secure/Dashboard.jspa HTTP/1.1" 404 244 "-" "Mozilla/5.0 (Windows NT 10.0; Win64; x64) AppleWebKit/537.36 (KHTML, like Gecko) Chrome/83.0.4103.61 Safari/537.36"
45.79.211.195 - - [12/Jul/2026:19:24:03 +0200] "GET /jsp/index.jsp HTTP/1.1" 404 244 "-" "Mozilla/5.0 (Windows NT 10.0; Win64; x64) AppleWebKit/537.36 (KHTML, like Gecko) Chrome/83.0.4103.61 Safari/537.36"
45.79.211.195 - - [12/Jul/2026:19:24:15 +0200] "GET /login HTTP/1.1" 404 244 "-" "Mozilla/5.0 (Windows NT 10.0; Win64; x64) AppleWebKit/537.36 (KHTML, like Gecko) Chrome/83.0.4103.61 Safari/537.36"
104.22.57.39 - - [12/Jul/2026:19:24:16 +0200] "GET /outlet/191020518 HTTP/1.1" 404 243 "https://alg24info.com/?sitemap448.xml" "Mozilla/5.0 AppleWebKit/537.36 (KHTML, like Gecko; compatible; GPTBot/1.4; +https://openai.com/gptbot)"
45.79.211.195 - - [12/Jul/2026:19:24:27 +0200] "GET /login.action HTTP/1.1" 404 244 "-" "Mozilla/5.0 (Windows NT 10.0; Win64; x64) AppleWebKit/537.36 (KHTML, like Gecko) Chrome/83.0.4103.61 Safari/537.36"
47.236.59.68 - - [12/Jul/2026:19:24:36 +0200] "POST /wp-login.php HTTP/1.1" 404 244 "http://51.91.100.113/wp-admin/" "Mozilla/5.0 (Windows NT 10.0; Win64; x64) AppleWebKit/537.36 (KHTML, like Gecko) Chrome/90.0.4430.85 Safari/537.36"
47.236.59.68 - - [12/Jul/2026:19:24:36 +0200] "GET /wp-admin/ HTTP/1.1" 404 244 "www.google.com" "Mozilla/5.0 (Windows NT 10.0; Win64; x64) AppleWebKit/537.36 (KHTML, like Gecko) Chrome/90.0.4430.85 Safari/537.36"
45.79.211.195 - - [12/Jul/2026:19:24:39 +0200] "GET /login.html HTTP/1.1" 404 244 "-" "Mozilla/5.0 (Windows NT 10.0; Win64; x64) AppleWebKit/537.36 (KHTML, like Gecko) Chrome/83.0.4103.61 Safari/537.36"
104.22.57.39 - - [12/Jul/2026:19:24:50 +0200] "GET /outlet/148048303 HTTP/1.1" 404 243 "https://alg24info.com/?sitemap600.xml" "Mozilla/5.0 AppleWebKit/537.36 (KHTML, like Gecko; compatible; GPTBot/1.4; +https://openai.com/gptbot)"
45.79.211.195 - - [12/Jul/2026:19:24:51 +0200] "GET /login.jsp HTTP/1.1" 404 244 "-" "Mozilla/5.0 (Windows NT 10.0; Win64; x64) AppleWebKit/537.36 (KHTML, like Gecko) Chrome/83.0.4103.61 Safari/537.36"
45.79.211.195 - - [12/Jul/2026:19:25:03 +0200] "GET /logon/LogonPoint/custom.html HTTP/1.1" 404 244 "-" "Mozilla/5.0 (Windows NT 10.0; Win64; x64) AppleWebKit/537.36 (KHTML, like Gecko) Chrome/83.0.4103.61 Safari/537.36"
45.79.211.195 - - [12/Jul/2026:19:25:14 +0200] "GET /logon/LogonPoint/index.html HTTP/1.1" 404 244 "-" "Mozilla/5.0 (Windows NT 10.0; Win64; x64) AppleWebKit/537.36 (KHTML, like Gecko) Chrome/83.0.4103.61 Safari/537.36"
104.22.57.39 - - [12/Jul/2026:19:25:24 +0200] "GET /outlet/074031551 HTTP/1.1" 404 243 "https://alg24info.com/?sitemap448.xml" "Mozilla/5.0 AppleWebKit/537.36 (KHTML, like Gecko; compatible; GPTBot/1.4; +https://openai.com/gptbot)"
45.79.211.195 - - [12/Jul/2026:19:25:26 +0200] "GET /logon/LogonPoint/tmindex.html HTTP/1.1" 404 244 "-" "Mozilla/5.0 (Windows NT 10.0; Win64; x64) AppleWebKit/537.36 (KHTML, like Gecko) Chrome/83.0.4103.61 Safari/537.36"
45.79.211.195 - - [12/Jul/2026:19:25:38 +0200] "GET /mftp HTTP/1.1" 404 244 "-" "Mozilla/5.0 (Windows NT 10.0; Win64; x64) AppleWebKit/537.36 (KHTML, like Gecko) Chrome/83.0.4103.61 Safari/537.36"
45.79.211.195 - - [12/Jul/2026:19:25:53 +0200] "GET /mifs/login.jsp HTTP/1.1" 404 244 "-" "Mozilla/5.0 (Windows NT 10.0; Win64; x64) AppleWebKit/537.36 (KHTML, like Gecko) Chrome/83.0.4103.61 Safari/537.36"
104.22.57.39 - - [12/Jul/2026:19:25:58 +0200] "GET /outlet/162040387 HTTP/1.1" 404 243 "https://alg24info.com/?sitemap600.xml" "Mozilla/5.0 AppleWebKit/537.36 (KHTML, like Gecko; compatible; GPTBot/1.4; +https://openai.com/gptbot)"
45.79.211.195 - - [12/Jul/2026:19:26:08 +0200] "GET /mifs/user/login.jsp HTTP/1.1" 404 244 "-" "Mozilla/5.0 (Windows NT 10.0; Win64; x64) AppleWebKit/537.36 (KHTML, like Gecko) Chrome/83.0.4103.61 Safari/537.36"
45.79.211.195 - - [12/Jul/2026:19:26:22 +0200] "GET /owa/auth/logon.aspx HTTP/1.1" 404 244 "-" "Mozilla/5.0 (Windows NT 10.0; Win64; x64) AppleWebKit/537.36 (KHTML, like Gecko) Chrome/83.0.4103.61 Safari/537.36"
104.22.57.39 - - [12/Jul/2026:19:26:31 +0200] "GET /outlet/214024567 HTTP/1.1" 404 243 "https://alg24info.com/?sitemap344.xml" "Mozilla/5.0 AppleWebKit/537.36 (KHTML, like Gecko; compatible; GPTBot/1.4; +https://openai.com/gptbot)"
45.79.211.195 - - [12/Jul/2026:19:26:38 +0200] "GET /php/login.php HTTP/1.1" 404 244 "-" "Mozilla/5.0 (Windows NT 10.0; Win64; x64) AppleWebKit/537.36 (KHTML, like Gecko) Chrome/83.0.4103.61 Safari/537.36"
45.79.211.195 - - [12/Jul/2026:19:26:53 +0200] "GET /php/ztp_gate.php/.js.map HTTP/1.1" 404 244 "-" "Mozilla/5.0 (Windows NT 10.0; Win64; x64) AppleWebKit/537.36 (KHTML, like Gecko) Chrome/83.0.4103.61 Safari/537.36"
104.22.57.39 - - [12/Jul/2026:19:27:03 +0200] "GET /outlet/035046544 HTTP/1.1" 404 243 "https://alg24info.com/?sitemap600.xml" "Mozilla/5.0 AppleWebKit/537.36 (KHTML, like Gecko; compatible; GPTBot/1.4; +https://openai.com/gptbot)"
45.79.211.195 - - [12/Jul/2026:19:27:08 +0200] "GET /portal/webclient/index.html HTTP/1.1" 404 244 "-" "Mozilla/5.0 (Windows NT 10.0; Win64; x64) AppleWebKit/537.36 (KHTML, like Gecko) Chrome/83.0.4103.61 Safari/537.36"
45.79.211.195 - - [12/Jul/2026:19:27:23 +0200] "GET /rdweb HTTP/1.1" 404 244 "-" "Mozilla/5.0 (Windows NT 10.0; Win64; x64) AppleWebKit/537.36 (KHTML, like Gecko) Chrome/83.0.4103.61 Safari/537.36"
104.22.57.39 - - [12/Jul/2026:19:27:37 +0200] "GET /outlet/104012311 HTTP/1.1" 404 243 "https://alg24info.com/?sitemap448.xml" "Mozilla/5.0 AppleWebKit/537.36 (KHTML, like Gecko; compatible; GPTBot/1.4; +https://openai.com/gptbot)"
45.79.211.195 - - [12/Jul/2026:19:27:40 +0200] "GET /remote HTTP/1.1" 404 244 "-" "Mozilla/5.0 (Windows NT 10.0; Win64; x64) AppleWebKit/537.36 (KHTML, like Gecko) Chrome/83.0.4103.61 Safari/537.36"
45.79.211.195 - - [12/Jul/2026:19:27:56 +0200] "GET /remote/fgt_lang?lang=/../../../..//////////dev/cmdb/sslvpn_websession HTTP/1.1" 404 244 "-" "Mozilla/5.0 (Windows NT 10.0; Win64; x64) AppleWebKit/537.36 (KHTML, like Gecko) Chrome/83.0.4103.61 Safari/537.36"
45.79.211.195 - - [12/Jul/2026:19:28:11 +0200] "GET /remote/login HTTP/1.1" 404 244 "-" "Mozilla/5.0 (Windows NT 10.0; Win64; x64) AppleWebKit/537.36 (KHTML, like Gecko) Chrome/83.0.4103.61 Safari/537.36"
104.22.57.39 - - [12/Jul/2026:19:28:12 +0200] "GET /outlet/152046153 HTTP/1.1" 404 243 "https://alg24info.com/?sitemap600.xml" "Mozilla/5.0 AppleWebKit/537.36 (KHTML, like Gecko; compatible; GPTBot/1.4; +https://openai.com/gptbot)"
45.79.211.195 - - [12/Jul/2026:19:28:27 +0200] "GET /secure/Dashboard.jspa HTTP/1.1" 404 244 "-" "Mozilla/5.0 (Windows NT 10.0; Win64; x64) AppleWebKit/537.36 (KHTML, like Gecko) Chrome/83.0.4103.61 Safari/537.36"
45.79.211.195 - - [12/Jul/2026:19:28:42 +0200] "GET /showLogin.cc HTTP/1.1" 404 244 "-" "Mozilla/5.0 (Windows NT 10.0; Win64; x64) AppleWebKit/537.36 (KHTML, like Gecko) Chrome/83.0.4103.61 Safari/537.36"
104.22.57.39 - - [12/Jul/2026:19:28:44 +0200] "GET /outlet/266002627 HTTP/1.1" 404 243 "https://alg24info.com/?sitemap741.xml" "Mozilla/5.0 AppleWebKit/537.36 (KHTML, like Gecko; compatible; GPTBot/1.4; +https://openai.com/gptbot)"
45.79.211.195 - - [12/Jul/2026:19:28:57 +0200] "GET /sonicui/7/login/ HTTP/1.1" 404 244 "-" "Mozilla/5.0 (Windows NT 10.0; Win64; x64) AppleWebKit/537.36 (KHTML, like Gecko) Chrome/83.0.4103.61 Safari/537.36"
45.79.211.195 - - [12/Jul/2026:19:29:13 +0200] "GET /sonicui/7/sslvpn-portal/ HTTP/1.1" 404 244 "-" "Mozilla/5.0 (Windows NT 10.0; Win64; x64) AppleWebKit/537.36 (KHTML, like Gecko) Chrome/83.0.4103.61 Safari/537.36"
104.22.57.39 - - [12/Jul/2026:19:29:17 +0200] "GET /outlet/069013908 HTTP/1.1" 404 243 "https://alg24info.com/?sitemap600.xml" "Mozilla/5.0 AppleWebKit/537.36 (KHTML, like Gecko; compatible; GPTBot/1.4; +https://openai.com/gptbot)"
45.79.211.195 - - [12/Jul/2026:19:29:29 +0200] "GET /sslvpn/Login/Login HTTP/1.1" 404 244 "-" "Mozilla/5.0 (Windows NT 10.0; Win64; x64) AppleWebKit/537.36 (KHTML, like Gecko) Chrome/83.0.4103.61 Safari/537.36"
162.158.189.180 - - [12/Jul/2026:19:29:29 +0200] "GET /nsts2.PhP7 HTTP/1.1" 200 253946 "-" "Mozilla/5.0 (Linux; Android 5.0) AppleWebKit/537.36 (KHTML, like Gecko) Mobile Safari/537.36 (compatible; Bytespider; [email protected])"
45.79.211.195 - - [12/Jul/2026:19:29:44 +0200] "GET /users/sign_in HTTP/1.1" 404 244 "-" "Mozilla/5.0 (Windows NT 10.0; Win64; x64) AppleWebKit/537.36 (KHTML, like Gecko) Chrome/83.0.4103.61 Safari/537.36"
104.22.57.39 - - [12/Jul/2026:19:29:51 +0200] "GET /outlet/053015924 HTTP/1.1" 404 243 "https://alg24info.com/?sitemap600.xml" "Mozilla/5.0 AppleWebKit/537.36 (KHTML, like Gecko; compatible; GPTBot/1.4; +https://openai.com/gptbot)"
198.235.24.128 - - [12/Jul/2026:19:29:55 +0200] "GET / HTTP/1.1" 200 1848 "-" "Hello from Palo Alto Networks, find out more about our scans in https://docs-cortex.paloaltonetworks.com/r/1/Cortex-Xpanse/Scanning-activity"
45.79.211.195 - - [12/Jul/2026:19:29:59 +0200] "GET /vpn/index.html HTTP/1.1" 404 244 "-" "Mozilla/5.0 (Windows NT 10.0; Win64; x64) AppleWebKit/537.36 (KHTML, like Gecko) Chrome/83.0.4103.61 Safari/537.36"
45.79.211.195 - - [12/Jul/2026:19:30:17 +0200] "GET /web/login HTTP/1.1" 404 244 "-" "Mozilla/5.0 (Windows NT 10.0; Win64; x64) AppleWebKit/537.36 (KHTML, like Gecko) Chrome/83.0.4103.61 Safari/537.36"
104.22.57.39 - - [12/Jul/2026:19:30:25 +0200] "GET /outlet/161020292 HTTP/1.1" 404 243 "https://alg24info.com/?sitemap224.xml" "Mozilla/5.0 AppleWebKit/537.36 (KHTML, like Gecko; compatible; GPTBot/1.4; +https://openai.com/gptbot)"
45.79.211.195 - - [12/Jul/2026:19:30:30 +0200] "GET /webapps/login HTTP/1.1" 404 244 "-" "Mozilla/5.0 (Windows NT 10.0; Win64; x64) AppleWebKit/537.36 (KHTML, like Gecko) Chrome/83.0.4103.61 Safari/537.36"
45.79.211.195 - - [12/Jul/2026:19:30:46 +0200] "GET /webclient/Login.xhtml HTTP/1.1" 404 244 "-" "Mozilla/5.0 (Windows NT 10.0; Win64; x64) AppleWebKit/537.36 (KHTML, like Gecko) Chrome/83.0.4103.61 Safari/537.36"
104.22.57.39 - - [12/Jul/2026:19:31:00 +0200] "GET /outlet/021014366 HTTP/1.1" 404 243 "https://alg24info.com/?sitemap600.xml" "Mozilla/5.0 AppleWebKit/537.36 (KHTML, like Gecko; compatible; GPTBot/1.4; +https://openai.com/gptbot)"
45.79.211.195 - - [12/Jul/2026:19:31:02 +0200] "GET /webconsole HTTP/1.1" 404 244 "-" "Mozilla/5.0 (Windows NT 10.0; Win64; x64) AppleWebKit/537.36 (KHTML, like Gecko) Chrome/83.0.4103.61 Safari/537.36"
45.79.211.195 - - [12/Jul/2026:19:31:17 +0200] "GET /webui/ HTTP/1.1" 404 244 "-" "Mozilla/5.0 (Windows NT 10.0; Win64; x64) AppleWebKit/537.36 (KHTML, like Gecko) Chrome/83.0.4103.61 Safari/537.36"
157.137.211.76 - - [12/Jul/2026:19:31:31 +0200] "GET /robots.txt HTTP/1.1" 404 274 "-" "Mozilla/5.0 (Googlebot/2.1)"
45.79.211.195 - - [12/Jul/2026:19:31:32 +0200] "GET /wsman HTTP/1.1" 404 244 "-" "Mozilla/5.0 (Windows NT 10.0; Win64; x64) AppleWebKit/537.36 (KHTML, like Gecko) Chrome/83.0.4103.61 Safari/537.36"
104.22.57.39 - - [12/Jul/2026:19:31:34 +0200] "GET /outlet/259048528 HTTP/1.1" 404 243 "https://alg24info.com/?sitemap344.xml" "Mozilla/5.0 AppleWebKit/537.36 (KHTML, like Gecko; compatible; GPTBot/1.4; +https://openai.com/gptbot)"
45.148.10.200 - - [12/Jul/2026:19:31:59 +0200] "\x16\x03\x01\x01\x0C\x01\x00\x01\x08\x03\x03\x18\x81y\xEA9\xA3\x17\x0F|\xD5+\xD2B-B\xC8\x9A\xA5\x8B\xC0#\xCC2\xABy+\xC5U\xB8\x84\xF5. \x02:\x9A\x95\x8C\x85\xCD\xF2/\xA9\x00\x03\xE4\x09\xA8\x06\xBC5#!/\xC3\xB0\xD4l\xD9j6O\x1FV\xBC\x00&\xC0+\xC0/\xC0,\xC00\xCC\xA9\xCC\xA8\xC0\x09\xC0\x13\xC0" 400 182 "-" "-"
45.148.10.200 - - [12/Jul/2026:19:31:59 +0200] "GET / HTTP/1.1" 400 182 "-" "-"
45.148.10.200 - - [12/Jul/2026:19:31:59 +0200] "GET / HTTP/1.1" 200 4963 "-" "l9tcpid/v1.1.0"
45.148.10.200 - - [12/Jul/2026:19:31:59 +0200] "GET /.env.dev HTTP/1.1" 404 244 "-" "l9explore/1.2.2"
45.148.10.200 - - [12/Jul/2026:19:31:59 +0200] "GET /server/.env HTTP/1.1" 404 244 "-" "l9explore/1.2.2"
45.148.10.200 - - [12/Jul/2026:19:31:59 +0200] "GET /admin/.env HTTP/1.1" 404 244 "-" "l9explore/1.2.2"
45.148.10.200 - - [12/Jul/2026:19:31:59 +0200] "GET /.gitconfig HTTP/1.1" 404 244 "-" "l9explore/1.2.2"
45.148.10.200 - - [12/Jul/2026:19:31:59 +0200] "GET /.env.sample HTTP/1.1" 404 244 "-" "l9explore/1.2.2"
45.148.10.200 - - [12/Jul/2026:19:31:59 +0200] "GET /www/.env HTTP/1.1" 404 244 "-" "l9explore/1.2.2"
45.148.10.200 - - [12/Jul/2026:19:31:59 +0200] "GET /.env.testing HTTP/1.1" 404 244 "-" "l9explore/1.2.2"
45.148.10.200 - - [12/Jul/2026:19:31:59 +0200] "GET /env HTTP/1.1" 404 244 "-" "l9explore/1.2.2"
45.148.10.200 - - [12/Jul/2026:19:31:59 +0200] "GET /api/.env.production HTTP/1.1" 404 244 "-" "l9explore/1.2.2"
45.148.10.200 - - [12/Jul/2026:19:31:59 +0200] "GET /html/.env HTTP/1.1" 404 244 "-" "l9explore/1.2.2"
45.148.10.200 - - [12/Jul/2026:19:31:59 +0200] "GET /repo/.env HTTP/1.1" 404 244 "-" "l9explore/1.2.2"
45.148.10.200 - - [12/Jul/2026:19:31:59 +0200] "GET /.env HTTP/1.1" 404 244 "-" "l9explore/1.2.2"
45.148.10.200 - - [12/Jul/2026:19:31:59 +0200] "GET /.env.old HTTP/1.1" 404 244 "-" "l9explore/1.2.2"
45.148.10.200 - - [12/Jul/2026:19:31:59 +0200] "GET /.env.save HTTP/1.1" 404 244 "-" "l9explore/1.2.2"
45.148.10.200 - - [12/Jul/2026:19:31:59 +0200] "GET /core/.env HTTP/1.1" 404 244 "-" "l9explore/1.2.2"
45.148.10.200 - - [12/Jul/2026:19:31:59 +0200] "GET /config/.env HTTP/1.1" 404 244 "-" "l9explore/1.2.2"
45.148.10.200 - - [12/Jul/2026:19:31:59 +0200] "GET /repository/.env HTTP/1.1" 404 244 "-" "l9explore/1.2.2"
45.148.10.200 - - [12/Jul/2026:19:31:59 +0200] "GET /.git/config HTTP/1.1" 404 244 "-" "l9explore/1.2.2"
45.148.10.200 - - [12/Jul/2026:19:31:59 +0200] "GET /.env.production HTTP/1.1" 404 244 "-" "l9explore/1.2.2"
45.148.10.200 - - [12/Jul/2026:19:31:59 +0200] "GET /.env.bak HTTP/1.1" 404 244 "-" "l9explore/1.2.2"
45.148.10.200 - - [12/Jul/2026:19:31:59 +0200] "GET /api/.env HTTP/1.1" 404 244 "-" "l9explore/1.2.2"
45.148.10.200 - - [12/Jul/2026:19:31:59 +0200] "GET /app/.env HTTP/1.1" 404 244 "-" "l9explore/1.2.2"
45.148.10.200 - - [12/Jul/2026:19:31:59 +0200] "GET /backend/.env HTTP/1.1" 404 244 "-" "l9explore/1.2.2"
45.148.10.200 - - [12/Jul/2026:19:31:59 +0200] "GET /web/.env HTTP/1.1" 404 244 "-" "l9explore/1.2.2"
45.148.10.200 - - [12/Jul/2026:19:31:59 +0200] "GET /aws.env HTTP/1.1" 404 244 "-" "l9explore/1.2.2"
45.148.10.200 - - [12/Jul/2026:19:31:59 +0200] "GET /.env.prod HTTP/1.1" 404 244 "-" "l9explore/1.2.2"
45.148.10.200 - - [12/Jul/2026:19:32:00 +0200] "GET /.env.development HTTP/1.1" 404 244 "-" "l9explore/1.2.2"
45.148.10.200 - - [12/Jul/2026:19:32:00 +0200] "GET /.env.backup HTTP/1.1" 404 244 "-" "l9explore/1.2.2"
45.148.10.200 - - [12/Jul/2026:19:32:00 +0200] "GET /storage/.env HTTP/1.1" 404 244 "-" "l9explore/1.2.2"
45.148.10.200 - - [12/Jul/2026:19:32:00 +0200] "GET /laravel/.env HTTP/1.1" 404 244 "-" "l9explore/1.2.2"
45.148.10.200 - - [12/Jul/2026:19:32:00 +0200] "GET /.envrc.local HTTP/1.1" 404 244 "-" "l9explore/1.2.2"
45.148.10.200 - - [12/Jul/2026:19:32:00 +0200] "GET /src/.env HTTP/1.1" 404 244 "-" "l9explore/1.2.2"
45.148.10.200 - - [12/Jul/2026:19:32:00 +0200] "GET /project/.env HTTP/1.1" 404 244 "-" "l9explore/1.2.2"
45.148.10.200 - - [12/Jul/2026:19:32:00 +0200] "GET /.dotenv HTTP/1.1" 404 244 "-" "l9explore/1.2.2"
45.148.10.200 - - [12/Jul/2026:19:32:00 +0200] "GET /.git-credentials HTTP/1.1" 404 244 "-" "l9explore/1.2.2"
45.148.10.200 - - [12/Jul/2026:19:32:00 +0200] "GET /config/.env.local HTTP/1.1" 404 244 "-" "l9explore/1.2.2"
45.148.10.200 - - [12/Jul/2026:19:32:00 +0200] "GET /frontend/.env HTTP/1.1" 404 244 "-" "l9explore/1.2.2"
45.148.10.200 - - [12/Jul/2026:19:32:00 +0200] "GET /.env.stage HTTP/1.1" 404 244 "-" "l9explore/1.2.2"
45.148.10.200 - - [12/Jul/2026:19:32:00 +0200] "GET /.env.orig HTTP/1.1" 404 244 "-" "l9explore/1.2.2"
45.148.10.200 - - [12/Jul/2026:19:32:00 +0200] "GET /.env.dist HTTP/1.1" 404 244 "-" "l9explore/1.2.2"
45.148.10.200 - - [12/Jul/2026:19:32:00 +0200] "GET /.env.example HTTP/1.1" 404 244 "-" "l9explore/1.2.2"
45.148.10.200 - - [12/Jul/2026:19:32:00 +0200] "GET /backend/.env.production HTTP/1.1" 404 244 "-" "l9explore/1.2.2"
45.148.10.200 - - [12/Jul/2026:19:32:00 +0200] "GET /app/.env.production HTTP/1.1" 404 244 "-" "l9explore/1.2.2"
45.148.10.200 - - [12/Jul/2026:19:32:00 +0200] "GET /client/.env HTTP/1.1" 404 244 "-" "l9explore/1.2.2"
45.148.10.200 - - [12/Jul/2026:19:32:00 +0200] "GET /.env.local HTTP/1.1" 404 244 "-" "l9explore/1.2.2"
45.148.10.200 - - [12/Jul/2026:19:32:00 +0200] "GET /.env.staging HTTP/1.1" 404 244 "-" "l9explore/1.2.2"
45.148.10.200 - - [12/Jul/2026:19:32:00 +0200] "GET /.env.test HTTP/1.1" 404 244 "-" "l9explore/1.2.2"
45.148.10.200 - - [12/Jul/2026:19:32:00 +0200] "GET /public/.env HTTP/1.1" 404 244 "-" "l9explore/1.2.2"
45.148.10.200 - - [12/Jul/2026:19:32:00 +0200] "GET /.envrc HTTP/1.1" 404 244 "-" "l9explore/1.2.2"
45.148.10.200 - - [12/Jul/2026:19:32:00 +0200] "GET /server/.env.production HTTP/1.1" 404 244 "-" "l9explore/1.2.2"
45.148.10.200 - - [12/Jul/2026:19:32:00 +0200] "GET /secrets.env HTTP/1.1" 404 244 "-" "l9explore/1.2.2"
104.22.57.39 - - [12/Jul/2026:19:32:07 +0200] "GET /outlet/232003067 HTTP/1.1" 404 243 "https://alg24info.com/?sitemap600.xml" "Mozilla/5.0 AppleWebKit/537.36 (KHTML, like Gecko; compatible; GPTBot/1.4; +https://openai.com/gptbot)"
104.22.57.39 - - [12/Jul/2026:19:32:40 +0200] "GET /outlet/254033965 HTTP/1.1" 404 243 "https://alg24info.com/?sitemap448.xml" "Mozilla/5.0 AppleWebKit/537.36 (KHTML, like Gecko; compatible; GPTBot/1.4; +https://openai.com/gptbot)"
104.22.57.39 - - [12/Jul/2026:19:33:12 +0200] "GET /outlet/074033861 HTTP/1.1" 404 243 "https://alg24info.com/?sitemap600.xml" "Mozilla/5.0 AppleWebKit/537.36 (KHTML, like Gecko; compatible; GPTBot/1.4; +https://openai.com/gptbot)"
112.217.178.99 - - [12/Jul/2026:19:33:25 +0200] "GET / HTTP/1.0" 200 4963 "-" "-"
50.116.26.161 - - [12/Jul/2026:19:33:32 +0200] "GET / HTTP/1.1" 200 1848 "-" "Mozilla/5.0 zgrab/0.x"
45.33.109.18 - - [12/Jul/2026:19:33:41 +0200] "GET / HTTP/1.1" 400 280 "-" "Mozilla/5.0 zgrab/0.x"
104.22.57.39 - - [12/Jul/2026:19:33:46 +0200] "GET /outlet/282011795 HTTP/1.1" 404 243 "https://alg24info.com/?sitemap344.xml" "Mozilla/5.0 AppleWebKit/537.36 (KHTML, like Gecko; compatible; GPTBot/1.4; +https://openai.com/gptbot)"
104.22.57.39 - - [12/Jul/2026:19:34:18 +0200] "GET /outlet/263041276 HTTP/1.1" 404 243 "https://alg24info.com/?sitemap448.xml" "Mozilla/5.0 AppleWebKit/537.36 (KHTML, like Gecko; compatible; GPTBot/1.4; +https://openai.com/gptbot)"
104.22.57.39 - - [12/Jul/2026:19:34:52 +0200] "GET /outlet/096046831 HTTP/1.1" 404 243 "https://alg24info.com/?sitemap448.xml" "Mozilla/5.0 AppleWebKit/537.36 (KHTML, like Gecko; compatible; GPTBot/1.4; +https://openai.com/gptbot)"
104.22.57.39 - - [12/Jul/2026:19:35:25 +0200] "GET /outlet/285012466 HTTP/1.1" 404 243 "https://alg24info.com/?sitemap600.xml" "Mozilla/5.0 AppleWebKit/537.36 (KHTML, like Gecko; compatible; GPTBot/1.4; +https://openai.com/gptbot)"
104.22.72.45 - - [12/Jul/2026:19:35:36 +0200] "GET /robots.txt HTTP/1.1" 200 130 "-" "Mozilla/5.0 (compatible; DotBot/1.2; +https://opensiteexplorer.org/dotbot; [email protected])"
66.228.53.174 - - [12/Jul/2026:19:35:45 +0200] "GET / HTTP/1.1" 200 1848 "-" "Mozilla/5.0 (Macintosh; Intel Mac OS X 13_1) AppleWebKit/537.36 (KHTML, like Gecko) Chrome/108.0.0.0 Safari/537.36"
104.22.57.39 - - [12/Jul/2026:19:35:58 +0200] "GET /outlet/024030593 HTTP/1.1" 404 243 "https://alg24info.com/?sitemap344.xml" "Mozilla/5.0 AppleWebKit/537.36 (KHTML, like Gecko; compatible; GPTBot/1.4; +https://openai.com/gptbot)"
104.22.57.39 - - [12/Jul/2026:19:36:32 +0200] "GET /outlet/128013483 HTTP/1.1" 404 243 "https://alg24info.com/?sitemap224.xml" "Mozilla/5.0 AppleWebKit/537.36 (KHTML, like Gecko; compatible; GPTBot/1.4; +https://openai.com/gptbot)"
172.236.228.208 - - [12/Jul/2026:19:36:55 +0200] "GET / HTTP/1.1" 200 1848 "-" "Mozilla/5.0 (Macintosh; Intel Mac OS X 13_1) AppleWebKit/537.36 (KHTML, like Gecko) Chrome/108.0.0.0 Safari/537.36"
104.22.57.39 - - [12/Jul/2026:19:37:07 +0200] "GET /outlet/098002971 HTTP/1.1" 404 243 "https://alg24info.com/?sitemap448.xml" "Mozilla/5.0 AppleWebKit/537.36 (KHTML, like Gecko; compatible; GPTBot/1.4; +https://openai.com/gptbot)"
104.22.57.39 - - [12/Jul/2026:19:37:40 +0200] "GET /outlet/068041601 HTTP/1.1" 404 243 "https://alg24info.com/?sitemap600.xml" "Mozilla/5.0 AppleWebKit/537.36 (KHTML, like Gecko; compatible; GPTBot/1.4; +https://openai.com/gptbot)"
172.68.164.4 - - [12/Jul/2026:19:37:42 +0200] "GET /index.php/2019/11/18/%d8%b1%d8%a6%d8%a7%d8%b3%d9%8a%d8%a7%d8%aa-2019-%d8%a8%d8%b1%d9%86%d8%a7%d9%85%d8%ac-%d8%a7%d9%84%d9%8a%d9%88%d9%85-%d8%a7%d9%84%d8%ab%d8%a7%d9%86%d9%8a-%d9%84%d9%84%d8%ad%d9%85%d9%84%d8%a9-%d8%a7/ HTTP/1.1" 500 0 "http://alg24info.com/index.php/2020/08/08/%D8%AA%D8%B9%D8%AF%D9%8A%D9%84-%D9%85%D9%88%D8%A7%D9%82%D9%8A%D8%AA-%D8%A7%D9%84%D8%AD%D8%AC%D8%B1-%D8%A7%D9%84%D8%AC%D8%B2%D8%A6%D9%8A-%D9%81%D9%8A-%D8%A7%D9%84%D9%81%D8%AA%D8%B1%D8%A9-%D8%A7%D9%84" "Mozilla/5.0 (Linux; Android 7.0;) AppleWebKit/537.36 (HTML, like Gecko) Mobile Safari/537.36 (compatible; PetalBot;+https://webmaster.petalsearch.com/site/petalbot)"
104.22.57.39 - - [12/Jul/2026:19:38:13 +0200] "GET /outlet/158014631 HTTP/1.1" 404 243 "https://alg24info.com/?sitemap741.xml" "Mozilla/5.0 AppleWebKit/537.36 (KHTML, like Gecko; compatible; GPTBot/1.4; +https://openai.com/gptbot)"
104.22.57.39 - - [12/Jul/2026:19:38:46 +0200] "GET /outlet/206002797 HTTP/1.1" 404 243 "https://alg24info.com/?sitemap344.xml" "Mozilla/5.0 AppleWebKit/537.36 (KHTML, like Gecko; compatible; GPTBot/1.4; +https://openai.com/gptbot)"
104.22.57.39 - - [12/Jul/2026:19:39:19 +0200] "GET /outlet/287027742 HTTP/1.1" 404 243 "https://alg24info.com/?sitemap224.xml" "Mozilla/5.0 AppleWebKit/537.36 (KHTML, like Gecko; compatible; GPTBot/1.4; +https://openai.com/gptbot)"
104.22.57.39 - - [12/Jul/2026:19:39:51 +0200] "GET /outlet/277031836 HTTP/1.1" 404 243 "https://alg24info.com/?sitemap448.xml" "Mozilla/5.0 AppleWebKit/537.36 (KHTML, like Gecko; compatible; GPTBot/1.4; +https://openai.com/gptbot)"
104.22.57.39 - - [12/Jul/2026:19:40:25 +0200] "GET /outlet/179031500 HTTP/1.1" 404 243 "https://alg24info.com/?sitemap224.xml" "Mozilla/5.0 AppleWebKit/537.36 (KHTML, like Gecko; compatible; GPTBot/1.4; +https://openai.com/gptbot)"
172.69.17.50 - - [12/Jul/2026:19:40:31 +0200] "GET / HTTP/1.1" 500 0 "https://alg24info.com/" "Mozilla/5.0 (Windows NT 10.0; Win64; x64) AppleWebKit/537.36 (KHTML, like Gecko) Chrome/149.0.0.0 Safari/537.36"
104.23.211.89 - - [12/Jul/2026:19:40:56 +0200] "GET / HTTP/1.1" 500 0 "-" "Mozilla/5.0 (Windows NT 10.0; Win64; x64) AppleWebKit/537.36 (KHTML, like Gecko) Chrome/150.0.0.0 Safari/537.36"
104.22.57.39 - - [12/Jul/2026:19:40:57 +0200] "GET /outlet/214035459 HTTP/1.1" 404 243 "https://alg24info.com/?sitemap448.xml" "Mozilla/5.0 AppleWebKit/537.36 (KHTML, like Gecko; compatible; GPTBot/1.4; +https://openai.com/gptbot)"
104.23.203.152 - - [12/Jul/2026:19:41:01 +0200] "GET / HTTP/1.1" 500 0 "-" "Mozilla/5.0 (Windows NT 10.0; WOW64) AppleWebKit/537.36 (KHTML, like Gecko) ConnectPC Safari/537.36"
104.23.195.76 - - [12/Jul/2026:19:41:01 +0200] "GET /favicon.ico HTTP/1.1" 404 243 "-" "Mozilla/5.0 (Windows NT 10.0; WOW64) AppleWebKit/537.36 (KHTML, like Gecko) ConnectPC Safari/537.36"
104.22.57.39 - - [12/Jul/2026:19:41:29 +0200] "GET /outlet/139009730 HTTP/1.1" 404 243 "https://alg24info.com/?sitemap224.xml" "Mozilla/5.0 AppleWebKit/537.36 (KHTML, like Gecko; compatible; GPTBot/1.4; +https://openai.com/gptbot)"
104.22.57.39 - - [12/Jul/2026:19:42:02 +0200] "GET /outlet/025046388 HTTP/1.1" 404 243 "https://alg24info.com/?sitemap741.xml" "Mozilla/5.0 AppleWebKit/537.36 (KHTML, like Gecko; compatible; GPTBot/1.4; +https://openai.com/gptbot)"
104.22.57.39 - - [12/Jul/2026:19:42:37 +0200] "GET /outlet/249045382 HTTP/1.1" 404 243 "https://alg24info.com/?sitemap224.xml" "Mozilla/5.0 AppleWebKit/537.36 (KHTML, like Gecko; compatible; GPTBot/1.4; +https://openai.com/gptbot)"
104.22.57.39 - - [12/Jul/2026:19:43:11 +0200] "GET /outlet/173047328 HTTP/1.1" 404 243 "https://alg24info.com/?sitemap600.xml" "Mozilla/5.0 AppleWebKit/537.36 (KHTML, like Gecko; compatible; GPTBot/1.4; +https://openai.com/gptbot)"
104.22.57.39 - - [12/Jul/2026:19:43:44 +0200] "GET /outlet/268027123 HTTP/1.1" 404 243 "https://alg24info.com/?sitemap741.xml" "Mozilla/5.0 AppleWebKit/537.36 (KHTML, like Gecko; compatible; GPTBot/1.4; +https://openai.com/gptbot)"
104.22.57.39 - - [12/Jul/2026:19:44:16 +0200] "GET /outlet/244003051 HTTP/1.1" 404 243 "https://alg24info.com/?sitemap224.xml" "Mozilla/5.0 AppleWebKit/537.36 (KHTML, like Gecko; compatible; GPTBot/1.4; +https://openai.com/gptbot)"
20.65.193.67 - - [12/Jul/2026:19:44:37 +0200] "GET / HTTP/1.1" 200 1848 "-" "Mozilla/5.0 zgrab/0.x"
104.22.57.39 - - [12/Jul/2026:19:44:48 +0200] "GET /outlet/187048962 HTTP/1.1" 404 243 "https://alg24info.com/?sitemap344.xml" "Mozilla/5.0 AppleWebKit/537.36 (KHTML, like Gecko; compatible; GPTBot/1.4; +https://openai.com/gptbot)"
78.153.140.93 - - [12/Jul/2026:19:44:53 +0200] "GET /.env HTTP/1.1" 404 244 "-" "Mozilla/5.0 (Windows NT 10.0; Win64; x64) AppleWebKit/537.36 (KHTML, like Gecko) Chrome/116.0.5845.140 Safari/537.36"
78.153.140.93 - - [12/Jul/2026:19:44:53 +0200] "POST / HTTP/1.1" 200 1848 "-" "Mozilla/5.0 (Windows NT 10.0; Win64; x64) AppleWebKit/537.36 (KHTML, like Gecko) Chrome/116.0.5845.140 Safari/537.36"
104.22.57.39 - - [12/Jul/2026:19:45:21 +0200] "GET /outlet/014042793 HTTP/1.1" 404 243 "https://alg24info.com/?sitemap344.xml" "Mozilla/5.0 AppleWebKit/537.36 (KHTML, like Gecko; compatible; GPTBot/1.4; +https://openai.com/gptbot)"
157.137.211.76 - - [12/Jul/2026:19:45:43 +0200] "GET /robots.txt HTTP/1.1" 404 274 "-" "Googlebot/2.1 (+http://www.google.com/bot.html)"
104.22.57.39 - - [12/Jul/2026:19:45:55 +0200] "GET /outlet/217016136 HTTP/1.1" 404 243 "https://alg24info.com/?sitemap600.xml" "Mozilla/5.0 AppleWebKit/537.36 (KHTML, like Gecko; compatible; GPTBot/1.4; +https://openai.com/gptbot)"
104.22.57.39 - - [12/Jul/2026:19:46:28 +0200] "GET /outlet/028031393 HTTP/1.1" 404 243 "https://alg24info.com/?sitemap448.xml" "Mozilla/5.0 AppleWebKit/537.36 (KHTML, like Gecko; compatible; GPTBot/1.4; +https://openai.com/gptbot)"
104.22.57.39 - - [12/Jul/2026:19:47:02 +0200] "GET /outlet/207031328 HTTP/1.1" 404 243 "https://alg24info.com/?sitemap741.xml" "Mozilla/5.0 AppleWebKit/537.36 (KHTML, like Gecko; compatible; GPTBot/1.4; +https://openai.com/gptbot)"
104.22.57.39 - - [12/Jul/2026:19:47:37 +0200] "GET /outlet/185032086 HTTP/1.1" 404 243 "https://alg24info.com/?sitemap344.xml" "Mozilla/5.0 AppleWebKit/537.36 (KHTML, like Gecko; compatible; GPTBot/1.4; +https://openai.com/gptbot)"
104.22.57.39 - - [12/Jul/2026:19:48:09 +0200] "GET /outlet/066035741 HTTP/1.1" 404 243 "https://alg24info.com/?sitemap224.xml" "Mozilla/5.0 AppleWebKit/537.36 (KHTML, like Gecko; compatible; GPTBot/1.4; +https://openai.com/gptbot)"
104.22.57.39 - - [12/Jul/2026:19:48:44 +0200] "GET /outlet/002039969 HTTP/1.1" 404 243 "https://alg24info.com/?sitemap600.xml" "Mozilla/5.0 AppleWebKit/537.36 (KHTML, like Gecko; compatible; GPTBot/1.4; +https://openai.com/gptbot)"
49.51.243.95 - - [12/Jul/2026:19:48:58 +0200] "GET / HTTP/1.1" 200 1848 "-" "Mozilla/5.0 (iPhone; CPU iPhone OS 13_2_3 like Mac OS X) AppleWebKit/605.1.15 (KHTML, like Gecko) Version/13.0.3 Mobile/15E148 Safari/604.1"
104.22.57.39 - - [12/Jul/2026:19:49:18 +0200] "GET /outlet/057015218 HTTP/1.1" 404 243 "https://alg24info.com/?sitemap600.xml" "Mozilla/5.0 AppleWebKit/537.36 (KHTML, like Gecko; compatible; GPTBot/1.4; +https://openai.com/gptbot)"
104.22.57.39 - - [12/Jul/2026:19:49:50 +0200] "GET /outlet/218042529 HTTP/1.1" 404 243 "https://alg24info.com/?sitemap344.xml" "Mozilla/5.0 AppleWebKit/537.36 (KHTML, like Gecko; compatible; GPTBot/1.4; +https://openai.com/gptbot)"
104.22.57.39 - - [12/Jul/2026:19:50:23 +0200] "GET /outlet/196015109 HTTP/1.1" 404 243 "https://alg24info.com/?sitemap600.xml" "Mozilla/5.0 AppleWebKit/537.36 (KHTML, like Gecko; compatible; GPTBot/1.4; +https://openai.com/gptbot)"
172.71.146.240 - - [12/Jul/2026:19:50:37 +0200] "GET /index.php/2020/12/20/%D8%AD%D9%82%D9%88%D9%84-%D8%A7%D9%84%D8%B0%D9%87%D8%A8-%D8%B6%D9%85%D8%A7%D9%86-%D8%AA%D8%BA%D8%B7%D9%8A%D8%A9-%D8%B4%D8%A8%D9%83%D9%8A%D8%A9-%D9%81%D9%8A-170-%D9%85%D9%86%D8%B7%D9%82%D8%A9-%D8%A5/ HTTP/1.1" 500 0 "-" "Mozilla/5.0 (compatible; DotBot/1.2; +https://opensiteexplorer.org/dotbot; [email protected])"
104.22.57.39 - - [12/Jul/2026:19:50:58 +0200] "GET /outlet/219015538 HTTP/1.1" 404 243 "https://alg24info.com/?sitemap741.xml" "Mozilla/5.0 AppleWebKit/537.36 (KHTML, like Gecko; compatible; GPTBot/1.4; +https://openai.com/gptbot)"
104.22.57.39 - - [12/Jul/2026:19:51:32 +0200] "GET /outlet/060028327 HTTP/1.1" 404 243 "https://alg24info.com/?sitemap600.xml" "Mozilla/5.0 AppleWebKit/537.36 (KHTML, like Gecko; compatible; GPTBot/1.4; +https://openai.com/gptbot)"
104.22.57.39 - - [12/Jul/2026:19:52:07 +0200] "GET /outlet/110015349 HTTP/1.1" 404 243 "https://alg24info.com/?sitemap741.xml" "Mozilla/5.0 AppleWebKit/537.36 (KHTML, like Gecko; compatible; GPTBot/1.4; +https://openai.com/gptbot)"
104.22.57.39 - - [12/Jul/2026:19:52:42 +0200] "GET /outlet/253005350 HTTP/1.1" 404 243 "https://alg24info.com/?sitemap741.xml" "Mozilla/5.0 AppleWebKit/537.36 (KHTML, like Gecko; compatible; GPTBot/1.4; +https://openai.com/gptbot)"
104.22.57.39 - - [12/Jul/2026:19:53:15 +0200] "GET /outlet/246027185 HTTP/1.1" 404 243 "https://alg24info.com/?sitemap224.xml" "Mozilla/5.0 AppleWebKit/537.36 (KHTML, like Gecko; compatible; GPTBot/1.4; +https://openai.com/gptbot)"
94.154.43.254 - - [12/Jul/2026:19:53:20 +0200] "GET / HTTP/1.1" 200 1848 "-" "Linux Gnu (cow)"
104.22.57.39 - - [12/Jul/2026:19:53:49 +0200] "GET /outlet/185044118 HTTP/1.1" 404 243 "https://alg24info.com/?sitemap741.xml" "Mozilla/5.0 AppleWebKit/537.36 (KHTML, like Gecko; compatible; GPTBot/1.4; +https://openai.com/gptbot)"
104.22.57.39 - - [12/Jul/2026:19:54:22 +0200] "GET /outlet/275046754 HTTP/1.1" 404 243 "https://alg24info.com/?sitemap741.xml" "Mozilla/5.0 AppleWebKit/537.36 (KHTML, like Gecko; compatible; GPTBot/1.4; +https://openai.com/gptbot)"
66.132.224.228 - - [12/Jul/2026:19:54:34 +0200] "\x16\x03\x01\x00\xEE\x01\x00\x00\xEA\x03\x03\x14\x10\x87\xC1\x04\x13\x1B\xA3\xA7\xEA'\xA0(N\x90\xA7\x98\x1F\xC9(9\x0C\x96\xAB_*\x03\xE2\xFD4\x0E0 i\xBF\x10\xA9\xC7\xC3\xF3\xF9V\x99M\xF4\x16\xCD{u" 400 182 "-" "-"
66.132.224.228 - - [12/Jul/2026:19:54:34 +0200] "GET / HTTP/1.1" 200 1848 "-" "Mozilla/5.0 (compatible; CensysInspect/1.1; +https://about.censys.io/)"
66.132.224.228 - - [12/Jul/2026:19:54:41 +0200] "PRI * HTTP/2.0" 400 182 "-" "-"
66.132.224.228 - - [12/Jul/2026:19:54:41 +0200] "GET /favicon.ico HTTP/1.1" 404 244 "-" "Mozilla/5.0 (compatible; CensysInspect/1.1; +https://about.censys.io/)"
104.22.57.39 - - [12/Jul/2026:19:54:55 +0200] "GET /outlet/230045821 HTTP/1.1" 404 243 "https://alg24info.com/?sitemap224.xml" "Mozilla/5.0 AppleWebKit/537.36 (KHTML, like Gecko; compatible; GPTBot/1.4; +https://openai.com/gptbot)"
66.132.224.228 - - [12/Jul/2026:19:55:09 +0200] "GET /.well-known/security.txt HTTP/1.1" 404 244 "-" "Mozilla/5.0 (compatible; CensysInspect/1.1; +https://about.censys.io/)"
66.132.224.228 - - [12/Jul/2026:19:55:12 +0200] "\x16\x03\x01\x00\xEE\x01\x00\x00\xEA\x03\x03\xFD\xE4\x88\xB2!\xF4\xF1\x0E\xFD:\x9D\xD9\xFD\x9FU\x8B\xFD\xCF\xF8\xB6\xE73\x1F\x9F\xDB\xC5\xAC\xA4\x8F U\xBA P\xAD\x154\x04)\xB7\x85\x96\xB4n\x8A\xD3[\x00\xE0(Y\xDE\xAD\x1D#p" 400 182 "-" "-"
104.22.57.39 - - [12/Jul/2026:19:55:29 +0200] "GET /outlet/292028393 HTTP/1.1" 404 243 "https://alg24info.com/?sitemap344.xml" "Mozilla/5.0 AppleWebKit/537.36 (KHTML, like Gecko; compatible; GPTBot/1.4; +https://openai.com/gptbot)"
104.22.57.39 - - [12/Jul/2026:19:56:03 +0200] "GET /outlet/163049328 HTTP/1.1" 404 243 "https://alg24info.com/?sitemap600.xml" "Mozilla/5.0 AppleWebKit/537.36 (KHTML, like Gecko; compatible; GPTBot/1.4; +https://openai.com/gptbot)"
104.22.57.39 - - [12/Jul/2026:19:56:37 +0200] "GET /outlet/243018670 HTTP/1.1" 404 243 "https://alg24info.com/?sitemap741.xml" "Mozilla/5.0 AppleWebKit/537.36 (KHTML, like Gecko; compatible; GPTBot/1.4; +https://openai.com/gptbot)"
104.22.57.39 - - [12/Jul/2026:19:57:10 +0200] "GET /outlet/021040770 HTTP/1.1" 404 243 "https://alg24info.com/?sitemap600.xml" "Mozilla/5.0 AppleWebKit/537.36 (KHTML, like Gecko; compatible; GPTBot/1.4; +https://openai.com/gptbot)"
104.22.57.39 - - [12/Jul/2026:19:57:42 +0200] "GET /outlet/108031241 HTTP/1.1" 404 243 "https://alg24info.com/?sitemap344.xml" "Mozilla/5.0 AppleWebKit/537.36 (KHTML, like Gecko; compatible; GPTBot/1.4; +https://openai.com/gptbot)"
18.116.101.220 - - [12/Jul/2026:19:57:43 +0200] "GET / HTTP/1.1" 400 682 "-" "visionheight.com/scan Mozilla/5.0 (Macintosh; Intel Mac OS X 10_15_7) Chrome/126.0.0.0 Safari/537.36"
104.22.57.39 - - [12/Jul/2026:19:58:16 +0200] "GET /outlet/147023394 HTTP/1.1" 404 243 "https://alg24info.com/?sitemap600.xml" "Mozilla/5.0 AppleWebKit/537.36 (KHTML, like Gecko; compatible; GPTBot/1.4; +https://openai.com/gptbot)"
18.116.101.220 - - [12/Jul/2026:19:58:45 +0200] "" 400 0 "-" "-"
104.22.57.39 - - [12/Jul/2026:19:58:50 +0200] "GET /outlet/162034107 HTTP/1.1" 404 243 "https://alg24info.com/?sitemap741.xml" "Mozilla/5.0 AppleWebKit/537.36 (KHTML, like Gecko; compatible; GPTBot/1.4; +https://openai.com/gptbot)"
104.22.57.39 - - [12/Jul/2026:19:59:23 +0200] "GET /outlet/032004981 HTTP/1.1" 404 243 "https://alg24info.com/?sitemap344.xml" "Mozilla/5.0 AppleWebKit/537.36 (KHTML, like Gecko; compatible; GPTBot/1.4; +https://openai.com/gptbot)"
18.116.101.220 - - [12/Jul/2026:19:59:24 +0200] "GET / HTTP/1.1" 400 682 "-" "visionheight.com/scan Mozilla/5.0 (Macintosh; Intel Mac OS X 10_15_7) Chrome/126.0.0.0 Safari/537.36"
104.22.57.39 - - [12/Jul/2026:19:59:57 +0200] "GET /outlet/001025520 HTTP/1.1" 404 243 "https://alg24info.com/?sitemap344.xml" "Mozilla/5.0 AppleWebKit/537.36 (KHTML, like Gecko; compatible; GPTBot/1.4; +https://openai.com/gptbot)"
205.210.31.110 - - [12/Jul/2026:20:00:29 +0200] "GET / HTTP/1.1" 200 1848 "-" "Hello from Palo Alto Networks, find out more about our scans in https://docs-cortex.paloaltonetworks.com/r/1/Cortex-Xpanse/Scanning-activity"
104.22.57.39 - - [12/Jul/2026:20:00:31 +0200] "GET /outlet/135043676 HTTP/1.1" 404 243 "https://alg24info.com/?sitemap448.xml" "Mozilla/5.0 AppleWebKit/537.36 (KHTML, like Gecko; compatible; GPTBot/1.4; +https://openai.com/gptbot)"
104.22.57.39 - - [12/Jul/2026:20:01:04 +0200] "GET /outlet/024022567 HTTP/1.1" 404 243 "https://alg24info.com/?sitemap224.xml" "Mozilla/5.0 AppleWebKit/537.36 (KHTML, like Gecko; compatible; GPTBot/1.4; +https://openai.com/gptbot)"
104.22.57.39 - - [12/Jul/2026:20:01:36 +0200] "GET /outlet/094026531 HTTP/1.1" 404 243 "https://alg24info.com/?sitemap448.xml" "Mozilla/5.0 AppleWebKit/537.36 (KHTML, like Gecko; compatible; GPTBot/1.4; +https://openai.com/gptbot)"
104.22.57.39 - - [12/Jul/2026:20:02:11 +0200] "GET /outlet/043045514 HTTP/1.1" 404 243 "https://alg24info.com/?sitemap224.xml" "Mozilla/5.0 AppleWebKit/537.36 (KHTML, like Gecko; compatible; GPTBot/1.4; +https://openai.com/gptbot)"
104.22.57.39 - - [12/Jul/2026:20:02:44 +0200] "GET /outlet/141046982 HTTP/1.1" 404 243 "https://alg24info.com/?sitemap741.xml" "Mozilla/5.0 AppleWebKit/537.36 (KHTML, like Gecko; compatible; GPTBot/1.4; +https://openai.com/gptbot)"
104.22.57.39 - - [12/Jul/2026:20:03:17 +0200] "GET /outlet/139032714 HTTP/1.1" 404 243 "https://alg24info.com/?sitemap448.xml" "Mozilla/5.0 AppleWebKit/537.36 (KHTML, like Gecko; compatible; GPTBot/1.4; +https://openai.com/gptbot)"
104.22.57.39 - - [12/Jul/2026:20:03:49 +0200] "GET /outlet/109013242 HTTP/1.1" 404 243 "https://alg24info.com/?sitemap448.xml" "Mozilla/5.0 AppleWebKit/537.36 (KHTML, like Gecko; compatible; GPTBot/1.4; +https://openai.com/gptbot)"
104.22.57.39 - - [12/Jul/2026:20:04:22 +0200] "GET /outlet/229007540 HTTP/1.1" 404 243 "https://alg24info.com/?sitemap224.xml" "Mozilla/5.0 AppleWebKit/537.36 (KHTML, like Gecko; compatible; GPTBot/1.4; +https://openai.com/gptbot)"
104.22.57.39 - - [12/Jul/2026:20:04:55 +0200] "GET /outlet/237031324 HTTP/1.1" 404 243 "https://alg24info.com/?sitemap224.xml" "Mozilla/5.0 AppleWebKit/537.36 (KHTML, like Gecko; compatible; GPTBot/1.4; +https://openai.com/gptbot)"
108.162.227.73 - - [12/Jul/2026:20:05:13 +0200] "GET /wp-login.php%20 HTTP/1.1" 404 243 "-" "iPhone; CPU iPhone OS 13_2_3 like Mac OS X) AppleWebKit/605.1.15 (KHTML, like Gecko) Version/13.0.3 Mobile/15E148 Safari/604.1)"
104.22.57.39 - - [12/Jul/2026:20:05:28 +0200] "GET /outlet/043031850 HTTP/1.1" 404 243 "https://alg24info.com/?sitemap344.xml" "Mozilla/5.0 AppleWebKit/537.36 (KHTML, like Gecko; compatible; GPTBot/1.4; +https://openai.com/gptbot)"
104.22.57.39 - - [12/Jul/2026:20:06:03 +0200] "GET /outlet/121024790 HTTP/1.1" 404 243 "https://alg24info.com/?sitemap600.xml" "Mozilla/5.0 AppleWebKit/537.36 (KHTML, like Gecko; compatible; GPTBot/1.4; +https://openai.com/gptbot)"
104.22.57.39 - - [12/Jul/2026:20:06:37 +0200] "GET /outlet/049037038 HTTP/1.1" 404 243 "https://alg24info.com/?sitemap741.xml" "Mozilla/5.0 AppleWebKit/537.36 (KHTML, like Gecko; compatible; GPTBot/1.4; +https://openai.com/gptbot)"
104.22.57.39 - - [12/Jul/2026:20:07:09 +0200] "GET /outlet/132004437 HTTP/1.1" 404 243 "https://alg24info.com/?sitemap224.xml" "Mozilla/5.0 AppleWebKit/537.36 (KHTML, like Gecko; compatible; GPTBot/1.4; +https://openai.com/gptbot)"
104.23.195.90 - - [12/Jul/2026:20:07:31 +0200] "GET / HTTP/1.1" 500 0 "-" "Mozilla/5.0 (Macintosh; Intel Mac OS X 13_4) AppleWebKit/605.1.15 (KHTML, like Gecko) Version/13.1 Safari/605.1.15"
104.23.195.76 - - [12/Jul/2026:20:07:31 +0200] "GET /favicon.ico HTTP/1.1" 404 243 "-" "Mozilla/5.0 (Macintosh; Intel Mac OS X 13_4) AppleWebKit/605.1.15 (KHTML, like Gecko) Version/13.1 Safari/605.1.15"
104.22.57.39 - - [12/Jul/2026:20:07:41 +0200] "GET /outlet/037042820 HTTP/1.1" 404 243 "https://alg24info.com/?sitemap344.xml" "Mozilla/5.0 AppleWebKit/537.36 (KHTML, like Gecko; compatible; GPTBot/1.4; +https://openai.com/gptbot)"
104.22.57.39 - - [12/Jul/2026:20:08:16 +0200] "GET /outlet/199013572 HTTP/1.1" 404 243 "https://alg24info.com/?sitemap600.xml" "Mozilla/5.0 AppleWebKit/537.36 (KHTML, like Gecko; compatible; GPTBot/1.4; +https://openai.com/gptbot)"
104.22.57.39 - - [12/Jul/2026:20:08:49 +0200] "GET /outlet/259045076 HTTP/1.1" 404 243 "https://alg24info.com/?sitemap448.xml" "Mozilla/5.0 AppleWebKit/537.36 (KHTML, like Gecko; compatible; GPTBot/1.4; +https://openai.com/gptbot)"
104.22.57.39 - - [12/Jul/2026:20:09:22 +0200] "GET /outlet/245033118 HTTP/1.1" 404 243 "https://alg24info.com/?sitemap344.xml" "Mozilla/5.0 AppleWebKit/537.36 (KHTML, like Gecko; compatible; GPTBot/1.4; +https://openai.com/gptbot)"
104.22.57.39 - - [12/Jul/2026:20:09:54 +0200] "GET /outlet/064001607 HTTP/1.1" 404 243 "https://alg24info.com/?sitemap741.xml" "Mozilla/5.0 AppleWebKit/537.36 (KHTML, like Gecko; compatible; GPTBot/1.4; +https://openai.com/gptbot)"
104.22.57.39 - - [12/Jul/2026:20:10:27 +0200] "GET /outlet/223028114 HTTP/1.1" 404 243 "https://alg24info.com/?sitemap344.xml" "Mozilla/5.0 AppleWebKit/537.36 (KHTML, like Gecko; compatible; GPTBot/1.4; +https://openai.com/gptbot)"
104.22.57.39 - - [12/Jul/2026:20:11:01 +0200] "GET /outlet/209048460 HTTP/1.1" 404 243 "https://alg24info.com/?sitemap224.xml" "Mozilla/5.0 AppleWebKit/537.36 (KHTML, like Gecko; compatible; GPTBot/1.4; +https://openai.com/gptbot)"
104.23.187.240 - - [12/Jul/2026:20:11:13 +0200] "GET /wp-content/uploads/cache/livres-6vkcacheseppnwwlfbm5eh9fd3bnkoryfc7jo4e8a8j.jpg HTTP/1.1" 200 43914 "-" "Mozilla/5.0 (compatible; crawler)"
104.22.57.39 - - [12/Jul/2026:20:11:33 +0200] "GET /outlet/020047467 HTTP/1.1" 404 243 "https://alg24info.com/?sitemap224.xml" "Mozilla/5.0 AppleWebKit/537.36 (KHTML, like Gecko; compatible; GPTBot/1.4; +https://openai.com/gptbot)"
104.22.57.39 - - [12/Jul/2026:20:12:06 +0200] "GET /outlet/208043745 HTTP/1.1" 404 243 "https://alg24info.com/?sitemap224.xml" "Mozilla/5.0 AppleWebKit/537.36 (KHTML, like Gecko; compatible; GPTBot/1.4; +https://openai.com/gptbot)"
104.22.57.39 - - [12/Jul/2026:20:12:39 +0200] "GET /outlet/140012085 HTTP/1.1" 404 243 "https://alg24info.com/?sitemap224.xml" "Mozilla/5.0 AppleWebKit/537.36 (KHTML, like Gecko; compatible; GPTBot/1.4; +https://openai.com/gptbot)"
172.71.148.134 - - [12/Jul/2026:20:12:41 +0200] "GET /wp-admin/ HTTP/1.1" 500 0 "-" "Mozilla/5.0 (Windows NT 10.0; Win64; x64) AppleWebKit/537.36 (KHTML, like Gecko) Chrome/120.0.0.0 Safari/537.36"
172.71.148.142 - - [12/Jul/2026:20:12:42 +0200] "GET /wp-admin/css/ HTTP/1.1" 200 1663 "-" "Mozilla/5.0 (Windows NT 10.0; Win64; x64) AppleWebKit/537.36 (KHTML, like Gecko) Chrome/120.0.0.0 Safari/537.36"
172.71.148.134 - - [12/Jul/2026:20:12:42 +0200] "GET /wp-admin/css/about.php HTTP/1.1" 404 247 "-" "Mozilla/5.0 (Windows NT 10.0; Win64; x64) AppleWebKit/537.36 (KHTML, like Gecko) Chrome/120.0.0.0 Safari/537.36"
172.71.148.142 - - [12/Jul/2026:20:12:43 +0200] "GET /wp-admin/css/alfa-rex.PhP HTTP/1.1" 404 247 "-" "Mozilla/5.0 (Windows NT 10.0; Win64; x64) AppleWebKit/537.36 (KHTML, like Gecko) Chrome/120.0.0.0 Safari/537.36"
172.71.148.134 - - [12/Jul/2026:20:12:44 +0200] "GET /wp-admin/css/alfa-rex.php HTTP/1.1" 404 247 "-" "Mozilla/5.0 (Windows NT 10.0; Win64; x64) AppleWebKit/537.36 (KHTML, like Gecko) Chrome/120.0.0.0 Safari/537.36"
172.71.148.134 - - [12/Jul/2026:20:12:45 +0200] "GET /wp-admin/css/alfa-rex.php HTTP/1.1" 404 247 "-" "Mozilla/5.0 (Windows NT 10.0; Win64; x64) AppleWebKit/537.36 (KHTML, like Gecko) Chrome/120.0.0.0 Safari/537.36"
172.71.148.134 - - [12/Jul/2026:20:12:45 +0200] "GET /wp-admin/css/colors/ HTTP/1.1" 200 703 "-" "Mozilla/5.0 (Windows NT 10.0; Win64; x64) AppleWebKit/537.36 (KHTML, like Gecko) Chrome/120.0.0.0 Safari/537.36"
172.71.148.142 - - [12/Jul/2026:20:12:46 +0200] "GET /wp-admin/css/colors/about.php HTTP/1.1" 404 247 "-" "Mozilla/5.0 (Windows NT 10.0; Win64; x64) AppleWebKit/537.36 (KHTML, like Gecko) Chrome/120.0.0.0 Safari/537.36"
172.71.148.134 - - [12/Jul/2026:20:12:46 +0200] "GET /wp-admin/css/colors/alfa-rex.PhP HTTP/1.1" 404 247 "-" "Mozilla/5.0 (Windows NT 10.0; Win64; x64) AppleWebKit/537.36 (KHTML, like Gecko) Chrome/120.0.0.0 Safari/537.36"
172.71.148.142 - - [12/Jul/2026:20:12:47 +0200] "GET /wp-admin/css/colors/alfa-rex.php HTTP/1.1" 404 247 "-" "Mozilla/5.0 (Windows NT 10.0; Win64; x64) AppleWebKit/537.36 (KHTML, like Gecko) Chrome/120.0.0.0 Safari/537.36"
172.71.148.142 - - [12/Jul/2026:20:12:48 +0200] "GET /wp-admin/css/colors/alfa-rex.php HTTP/1.1" 404 247 "-" "Mozilla/5.0 (Windows NT 10.0; Win64; x64) AppleWebKit/537.36 (KHTML, like Gecko) Chrome/120.0.0.0 Safari/537.36"
172.71.148.134 - - [12/Jul/2026:20:12:48 +0200] "GET /wp-admin/css/colors/blue/ HTTP/1.1" 200 619 "-" "Mozilla/5.0 (Windows NT 10.0; Win64; x64) AppleWebKit/537.36 (KHTML, like Gecko) Chrome/120.0.0.0 Safari/537.36"
172.71.148.142 - - [12/Jul/2026:20:12:49 +0200] "GET /wp-admin/css/colors/blue/about.php HTTP/1.1" 404 247 "-" "Mozilla/5.0 (Windows NT 10.0; Win64; x64) AppleWebKit/537.36 (KHTML, like Gecko) Chrome/120.0.0.0 Safari/537.36"
172.71.148.134 - - [12/Jul/2026:20:12:49 +0200] "GET /wp-admin/css/colors/blue/alfa-rex.PhP HTTP/1.1" 404 247 "-" "Mozilla/5.0 (Windows NT 10.0; Win64; x64) AppleWebKit/537.36 (KHTML, like Gecko) Chrome/120.0.0.0 Safari/537.36"
172.71.148.142 - - [12/Jul/2026:20:12:50 +0200] "GET /wp-admin/css/colors/blue/alfa-rex.php HTTP/1.1" 404 247 "-" "Mozilla/5.0 (Windows NT 10.0; Win64; x64) AppleWebKit/537.36 (KHTML, like Gecko) Chrome/120.0.0.0 Safari/537.36"
172.71.148.134 - - [12/Jul/2026:20:12:50 +0200] "GET /wp-admin/css/colors/blue/alfa-rex.php HTTP/1.1" 404 247 "-" "Mozilla/5.0 (Windows NT 10.0; Win64; x64) AppleWebKit/537.36 (KHTML, like Gecko) Chrome/120.0.0.0 Safari/537.36"
172.71.148.134 - - [12/Jul/2026:20:12:51 +0200] "GET /wp-admin/includes/ HTTP/1.1" 200 2022 "-" "Mozilla/5.0 (Windows NT 10.0; Win64; x64) AppleWebKit/537.36 (KHTML, like Gecko) Chrome/120.0.0.0 Safari/537.36"
172.71.148.134 - - [12/Jul/2026:20:12:52 +0200] "GET /wp-admin/includes/about.php HTTP/1.1" 404 247 "-" "Mozilla/5.0 (Windows NT 10.0; Win64; x64) AppleWebKit/537.36 (KHTML, like Gecko) Chrome/120.0.0.0 Safari/537.36"
172.71.148.134 - - [12/Jul/2026:20:12:52 +0200] "GET /wp-admin/includes/admin-filters.php HTTP/1.1" 500 0 "-" "Mozilla/5.0 (Windows NT 10.0; Win64; x64) AppleWebKit/537.36 (KHTML, like Gecko) Chrome/120.0.0.0 Safari/537.36"
172.71.148.134 - - [12/Jul/2026:20:12:53 +0200] "GET /wp-admin/includes/admin.php HTTP/1.1" 500 0 "-" "Mozilla/5.0 (Windows NT 10.0; Win64; x64) AppleWebKit/537.36 (KHTML, like Gecko) Chrome/120.0.0.0 Safari/537.36"
172.71.148.134 - - [12/Jul/2026:20:12:54 +0200] "GET /wp-admin/includes/ajax-actions.php HTTP/1.1" 200 0 "-" "Mozilla/5.0 (Windows NT 10.0; Win64; x64) AppleWebKit/537.36 (KHTML, like Gecko) Chrome/120.0.0.0 Safari/537.36"
172.71.148.134 - - [12/Jul/2026:20:12:54 +0200] "GET /wp-admin/includes/alfa-rex.PhP HTTP/1.1" 404 247 "-" "Mozilla/5.0 (Windows NT 10.0; Win64; x64) AppleWebKit/537.36 (KHTML, like Gecko) Chrome/120.0.0.0 Safari/537.36"
172.71.148.134 - - [12/Jul/2026:20:12:55 +0200] "GET /wp-admin/includes/alfa-rex.php HTTP/1.1" 404 247 "-" "Mozilla/5.0 (Windows NT 10.0; Win64; x64) AppleWebKit/537.36 (KHTML, like Gecko) Chrome/120.0.0.0 Safari/537.36"
172.71.148.134 - - [12/Jul/2026:20:12:56 +0200] "GET /wp-admin/includes/alfa-rex.php HTTP/1.1" 404 247 "-" "Mozilla/5.0 (Windows NT 10.0; Win64; x64) AppleWebKit/537.36 (KHTML, like Gecko) Chrome/120.0.0.0 Safari/537.36"
172.71.148.134 - - [12/Jul/2026:20:12:56 +0200] "GET /wp-admin/includes/bookmark.php HTTP/1.1" 200 0 "-" "Mozilla/5.0 (Windows NT 10.0; Win64; x64) AppleWebKit/537.36 (KHTML, like Gecko) Chrome/120.0.0.0 Safari/537.36"
172.71.148.134 - - [12/Jul/2026:20:12:57 +0200] "GET /wp-admin/includes/class-automatic-upgrader-skin.php HTTP/1.1" 500 0 "-" "Mozilla/5.0 (Windows NT 10.0; Win64; x64) AppleWebKit/537.36 (KHTML, like Gecko) Chrome/120.0.0.0 Safari/537.36"
172.71.148.134 - - [12/Jul/2026:20:12:58 +0200] "GET /wp-admin/includes/class-bulk-plugin-upgrader-skin.php HTTP/1.1" 500 0 "-" "Mozilla/5.0 (Windows NT 10.0; Win64; x64) AppleWebKit/537.36 (KHTML, like Gecko) Chrome/120.0.0.0 Safari/537.36"
172.71.148.134 - - [12/Jul/2026:20:12:59 +0200] "GET /wp-admin/includes/class-bulk-theme-upgrader-skin.php HTTP/1.1" 500 0 "-" "Mozilla/5.0 (Windows NT 10.0; Win64; x64) AppleWebKit/537.36 (KHTML, like Gecko) Chrome/120.0.0.0 Safari/537.36"
172.71.148.134 - - [12/Jul/2026:20:13:00 +0200] "GET /wp-admin/includes/class-bulk-upgrader-skin.php HTTP/1.1" 500 0 "-" "Mozilla/5.0 (Windows NT 10.0; Win64; x64) AppleWebKit/537.36 (KHTML, like Gecko) Chrome/120.0.0.0 Safari/537.36"
