172.71.99.230 - - [12/Jul/2026:08:39:50 +0200] "GET /?g=023016813 HTTP/1.1" 500 0 "-" "Mozilla/5.0 (compatible; AwarioBot/1.0; +https://awario.com/bots.html)"
141.101.76.181 - - [12/Jul/2026:08:39:54 +0200] "GET /?g=025036301 HTTP/1.1" 500 0 "-" "Mozilla/5.0 (compatible; AwarioBot/1.0; +https://awario.com/bots.html)"
172.71.183.181 - - [12/Jul/2026:08:40:01 +0200] "GET /?g=027012941 HTTP/1.1" 500 0 "-" "Mozilla/5.0 (compatible; AwarioBot/1.0; +https://awario.com/bots.html)"
104.22.56.146 - - [12/Jul/2026:08:40:03 +0200] "GET /outlet/117031964 HTTP/1.1" 404 243 "https://alg24info.com/?sitemap600.xml" "Mozilla/5.0 AppleWebKit/537.36 (KHTML, like Gecko; compatible; GPTBot/1.4; +https://openai.com/gptbot)"
104.23.172.65 - - [12/Jul/2026:08:40:08 +0200] "GET /?g=029014677 HTTP/1.1" 500 0 "-" "Mozilla/5.0 (compatible; AwarioBot/1.0; +https://awario.com/bots.html)"
141.101.76.181 - - [12/Jul/2026:08:40:10 +0200] "GET /?g=032030524 HTTP/1.1" 500 0 "-" "Mozilla/5.0 (compatible; AwarioBot/1.0; +https://awario.com/bots.html)"
172.71.95.73 - - [12/Jul/2026:08:40:17 +0200] "GET /?g=032040970 HTTP/1.1" 500 0 "-" "Mozilla/5.0 (compatible; AwarioBot/1.0; +https://awario.com/bots.html)"
104.23.172.65 - - [12/Jul/2026:08:40:19 +0200] "GET /?g=033010705 HTTP/1.1" 500 0 "-" "Mozilla/5.0 (compatible; AwarioBot/1.0; +https://awario.com/bots.html)"
172.71.183.51 - - [12/Jul/2026:08:40:21 +0200] "GET / HTTP/1.1" 500 0 "-" "Mozilla/5.0 (Windows NT 10.0; Win64; x64) AppleWebKit/537.36 (KHTML, like Gecko) Chrome/147.0.0.0 Safari/537.36"
172.71.99.230 - - [12/Jul/2026:08:40:25 +0200] "GET /?g=033017283 HTTP/1.1" 500 0 "-" "Mozilla/5.0 (compatible; AwarioBot/1.0; +https://awario.com/bots.html)"
104.23.170.16 - - [12/Jul/2026:08:40:28 +0200] "GET /?g=033034879 HTTP/1.1" 500 0 "-" "Mozilla/5.0 (compatible; AwarioBot/1.0; +https://awario.com/bots.html)"
104.23.170.16 - - [12/Jul/2026:08:40:34 +0200] "GET /?g=033035301 HTTP/1.1" 500 0 "-" "Mozilla/5.0 (compatible; AwarioBot/1.0; +https://awario.com/bots.html)"
172.70.47.2 - - [12/Jul/2026:08:40:36 +0200] "GET /?g=034002466 HTTP/1.1" 500 0 "-" "Mozilla/5.0 (compatible; AwarioBot/1.0; +https://awario.com/bots.html)"
104.22.56.146 - - [12/Jul/2026:08:40:36 +0200] "GET /outlet/067043822 HTTP/1.1" 404 243 "https://alg24info.com/?sitemap741.xml" "Mozilla/5.0 AppleWebKit/537.36 (KHTML, like Gecko; compatible; GPTBot/1.4; +https://openai.com/gptbot)"
104.23.172.65 - - [12/Jul/2026:08:40:46 +0200] "GET /?g=035042867 HTTP/1.1" 500 0 "-" "Mozilla/5.0 (compatible; AwarioBot/1.0; +https://awario.com/bots.html)"
104.23.168.28 - - [12/Jul/2026:08:40:53 +0200] "GET /?g=039022271 HTTP/1.1" 500 0 "-" "Mozilla/5.0 (compatible; AwarioBot/1.0; +https://awario.com/bots.html)"
172.71.103.20 - - [12/Jul/2026:08:40:54 +0200] "GET /?g=040006064 HTTP/1.1" 500 0 "-" "Mozilla/5.0 (compatible; AwarioBot/1.0; +https://awario.com/bots.html)"
172.71.95.73 - - [12/Jul/2026:08:41:04 +0200] "GET /?g=040030834 HTTP/1.1" 500 0 "-" "Mozilla/5.0 (compatible; AwarioBot/1.0; +https://awario.com/bots.html)"
172.236.127.133 - - [12/Jul/2026:08:41:04 +0200] "GET / HTTP/1.1" 200 1848 "-" "Mozilla/5.0 (Macintosh; Intel Mac OS X 13_1) AppleWebKit/537.36 (KHTML, like Gecko) Chrome/108.0.0.0 Safari/537.36"
104.22.56.146 - - [12/Jul/2026:08:41:11 +0200] "GET /outlet/092020335 HTTP/1.1" 404 243 "https://alg24info.com/?sitemap600.xml" "Mozilla/5.0 AppleWebKit/537.36 (KHTML, like Gecko; compatible; GPTBot/1.4; +https://openai.com/gptbot)"
172.71.95.73 - - [12/Jul/2026:08:41:13 +0200] "GET /?g=041021151 HTTP/1.1" 500 0 "-" "Mozilla/5.0 (compatible; AwarioBot/1.0; +https://awario.com/bots.html)"
104.23.166.145 - - [12/Jul/2026:08:41:19 +0200] "GET /?g=041022003 HTTP/1.1" 500 0 "-" "Mozilla/5.0 (compatible; AwarioBot/1.0; +https://awario.com/bots.html)"
172.71.99.230 - - [12/Jul/2026:08:41:21 +0200] "GET /?g=042024952 HTTP/1.1" 500 0 "-" "Mozilla/5.0 (compatible; AwarioBot/1.0; +https://awario.com/bots.html)"
104.23.168.28 - - [12/Jul/2026:08:41:29 +0200] "GET /?g=043034597 HTTP/1.1" 500 0 "-" "Mozilla/5.0 (compatible; AwarioBot/1.0; +https://awario.com/bots.html)"
172.71.183.182 - - [12/Jul/2026:08:41:32 +0200] "GET /?g=044031580 HTTP/1.1" 500 0 "-" "Mozilla/5.0 (compatible; AwarioBot/1.0; +https://awario.com/bots.html)"
104.22.56.146 - - [12/Jul/2026:08:41:43 +0200] "GET /outlet/241030402 HTTP/1.1" 404 243 "https://alg24info.com/?sitemap224.xml" "Mozilla/5.0 AppleWebKit/537.36 (KHTML, like Gecko; compatible; GPTBot/1.4; +https://openai.com/gptbot)"
104.23.172.65 - - [12/Jul/2026:08:41:45 +0200] "GET /?g=044036974 HTTP/1.1" 500 0 "-" "Mozilla/5.0 (compatible; AwarioBot/1.0; +https://awario.com/bots.html)"
172.71.103.20 - - [12/Jul/2026:08:41:53 +0200] "GET /?g=045004661 HTTP/1.1" 500 0 "-" "Mozilla/5.0 (compatible; AwarioBot/1.0; +https://awario.com/bots.html)"
172.70.47.2 - - [12/Jul/2026:08:41:55 +0200] "GET /?g=045033779 HTTP/1.1" 500 0 "-" "Mozilla/5.0 (compatible; AwarioBot/1.0; +https://awario.com/bots.html)"
172.70.47.2 - - [12/Jul/2026:08:42:06 +0200] "GET /?g=046017886 HTTP/1.1" 500 0 "-" "Mozilla/5.0 (compatible; AwarioBot/1.0; +https://awario.com/bots.html)"
104.22.56.146 - - [12/Jul/2026:08:42:15 +0200] "GET /outlet/019028424 HTTP/1.1" 404 243 "https://alg24info.com/?sitemap741.xml" "Mozilla/5.0 AppleWebKit/537.36 (KHTML, like Gecko; compatible; GPTBot/1.4; +https://openai.com/gptbot)"
104.23.170.17 - - [12/Jul/2026:08:42:16 +0200] "GET /?g=047018617 HTTP/1.1" 500 0 "-" "Mozilla/5.0 (compatible; AwarioBot/1.0; +https://awario.com/bots.html)"
172.71.183.182 - - [12/Jul/2026:08:42:18 +0200] "GET /?g=047021065 HTTP/1.1" 500 0 "-" "Mozilla/5.0 (compatible; AwarioBot/1.0; +https://awario.com/bots.html)"
172.71.99.230 - - [12/Jul/2026:08:42:25 +0200] "GET /?g=048005000 HTTP/1.1" 500 0 "-" "Mozilla/5.0 (compatible; AwarioBot/1.0; +https://awario.com/bots.html)"
104.23.168.28 - - [12/Jul/2026:08:42:27 +0200] "GET /?g=048033498 HTTP/1.1" 500 0 "-" "Mozilla/5.0 (compatible; AwarioBot/1.0; +https://awario.com/bots.html)"
104.23.166.145 - - [12/Jul/2026:08:42:35 +0200] "GET /?g=050025972 HTTP/1.1" 500 0 "-" "Mozilla/5.0 (compatible; AwarioBot/1.0; +https://awario.com/bots.html)"
172.71.95.73 - - [12/Jul/2026:08:42:44 +0200] "GET /?g=050034160 HTTP/1.1" 500 0 "-" "Mozilla/5.0 (compatible; AwarioBot/1.0; +https://awario.com/bots.html)"
104.22.56.147 - - [12/Jul/2026:08:42:47 +0200] "GET /outlet/150025459 HTTP/1.1" 404 243 "https://alg24info.com/?sitemap741.xml" "Mozilla/5.0 AppleWebKit/537.36 (KHTML, like Gecko; compatible; GPTBot/1.4; +https://openai.com/gptbot)"
104.23.166.145 - - [12/Jul/2026:08:42:50 +0200] "GET /?g=052024406 HTTP/1.1" 500 0 "-" "Mozilla/5.0 (compatible; AwarioBot/1.0; +https://awario.com/bots.html)"
172.71.183.182 - - [12/Jul/2026:08:42:52 +0200] "GET /?g=052045726 HTTP/1.1" 500 0 "-" "Mozilla/5.0 (compatible; AwarioBot/1.0; +https://awario.com/bots.html)"
104.22.72.45 - - [12/Jul/2026:08:43:00 +0200] "GET /robots.txt HTTP/1.1" 200 130 "-" "Mozilla/5.0 (compatible; DotBot/1.2; +https://opensiteexplorer.org/dotbot; [email protected])"
172.71.183.182 - - [12/Jul/2026:08:43:01 +0200] "GET /?g=053027723 HTTP/1.1" 500 0 "-" "Mozilla/5.0 (compatible; AwarioBot/1.0; +https://awario.com/bots.html)"
104.22.20.6 - - [12/Jul/2026:08:43:07 +0200] "GET /wp-login.php HTTP/1.1" 404 243 "-" "Mozilla/5.0 (Macintosh; Intel Mac OS X 10_15_7) AppleWebKit/605.1.15 Version/17.0 Safari/605.1.15"
172.71.99.230 - - [12/Jul/2026:08:43:16 +0200] "GET /?g=055039393 HTTP/1.1" 500 0 "-" "Mozilla/5.0 (compatible; AwarioBot/1.0; +https://awario.com/bots.html)"
104.22.56.147 - - [12/Jul/2026:08:43:21 +0200] "GET /outlet/079008524 HTTP/1.1" 404 243 "https://alg24info.com/?sitemap344.xml" "Mozilla/5.0 AppleWebKit/537.36 (KHTML, like Gecko; compatible; GPTBot/1.4; +https://openai.com/gptbot)"
104.23.166.145 - - [12/Jul/2026:08:43:25 +0200] "GET /?g=056027070 HTTP/1.1" 500 0 "-" "Mozilla/5.0 (compatible; AwarioBot/1.0; +https://awario.com/bots.html)"
104.23.170.17 - - [12/Jul/2026:08:43:28 +0200] "GET /?g=057020683 HTTP/1.1" 500 0 "-" "Mozilla/5.0 (compatible; AwarioBot/1.0; +https://awario.com/bots.html)"
141.101.76.180 - - [12/Jul/2026:08:43:34 +0200] "GET /?g=059028597 HTTP/1.1" 500 0 "-" "Mozilla/5.0 (compatible; AwarioBot/1.0; +https://awario.com/bots.html)"
104.23.170.17 - - [12/Jul/2026:08:43:36 +0200] "GET /?g=059030133 HTTP/1.1" 500 0 "-" "Mozilla/5.0 (compatible; AwarioBot/1.0; +https://awario.com/bots.html)"
172.71.160.178 - - [12/Jul/2026:08:43:41 +0200] "GET /robots.txt HTTP/1.1" 200 130 "-" "Mozilla/5.0 (Windows NT 10.0; Win64; x64) AppleWebKit/537.36 (KHTML, like Gecko) Chrome/103.0.5060.134 Safari/537.36"
172.70.47.2 - - [12/Jul/2026:08:43:43 +0200] "GET /?g=059034599 HTTP/1.1" 500 0 "-" "Mozilla/5.0 (compatible; AwarioBot/1.0; +https://awario.com/bots.html)"
172.71.183.182 - - [12/Jul/2026:08:43:46 +0200] "GET /?g=060002208 HTTP/1.1" 500 0 "-" "Mozilla/5.0 (compatible; AwarioBot/1.0; +https://awario.com/bots.html)"
141.101.76.180 - - [12/Jul/2026:08:43:53 +0200] "GET /?g=060034450 HTTP/1.1" 500 0 "-" "Mozilla/5.0 (compatible; AwarioBot/1.0; +https://awario.com/bots.html)"
104.22.56.147 - - [12/Jul/2026:08:43:55 +0200] "GET /outlet/157001978 HTTP/1.1" 404 243 "https://alg24info.com/?sitemap224.xml" "Mozilla/5.0 AppleWebKit/537.36 (KHTML, like Gecko; compatible; GPTBot/1.4; +https://openai.com/gptbot)"
104.23.172.65 - - [12/Jul/2026:08:44:07 +0200] "GET /?g=061039391 HTTP/1.1" 500 0 "-" "Mozilla/5.0 (compatible; AwarioBot/1.0; +https://awario.com/bots.html)"
172.71.183.182 - - [12/Jul/2026:08:44:18 +0200] "GET /?g=063013927 HTTP/1.1" 500 0 "-" "Mozilla/5.0 (compatible; AwarioBot/1.0; +https://awario.com/bots.html)"
104.22.56.147 - - [12/Jul/2026:08:44:30 +0200] "GET /outlet/282007621 HTTP/1.1" 404 243 "https://alg24info.com/?sitemap344.xml" "Mozilla/5.0 AppleWebKit/537.36 (KHTML, like Gecko; compatible; GPTBot/1.4; +https://openai.com/gptbot)"
172.71.183.182 - - [12/Jul/2026:08:44:30 +0200] "GET /?g=063026621 HTTP/1.1" 500 0 "-" "Mozilla/5.0 (compatible; AwarioBot/1.0; +https://awario.com/bots.html)"
172.71.103.19 - - [12/Jul/2026:08:44:39 +0200] "GET /?g=064042960 HTTP/1.1" 500 0 "-" "Mozilla/5.0 (compatible; AwarioBot/1.0; +https://awario.com/bots.html)"
20.221.57.26 - - [12/Jul/2026:08:44:40 +0200] "GET /druid/index.html HTTP/1.1" 404 244 "-" "Mozilla/5.0 zgrab/0.x"
104.23.166.144 - - [12/Jul/2026:08:44:43 +0200] "GET /?g=065022539 HTTP/1.1" 500 0 "-" "Mozilla/5.0 (compatible; AwarioBot/1.0; +https://awario.com/bots.html)"
162.159.113.148 - - [12/Jul/2026:08:44:48 +0200] "GET /?g=066009876 HTTP/1.1" 500 0 "-" "Mozilla/5.0 (compatible; AwarioBot/1.0; +https://awario.com/bots.html)"
172.70.46.254 - - [12/Jul/2026:08:44:50 +0200] "GET /?g=066034144 HTTP/1.1" 500 0 "-" "Mozilla/5.0 (compatible; AwarioBot/1.0; +https://awario.com/bots.html)"
23.234.99.253 - - [12/Jul/2026:08:44:51 +0200] "GET /.env.backup HTTP/1.0" 404 275 "-" "Mozilla/5.0 (Windows NT 10.0; Win64; x64) AppleWebKit/537.36 (KHTML, like Gecko) Chrome/124.0.0.0 Safari/537.36"
172.70.46.254 - - [12/Jul/2026:08:45:00 +0200] "GET /?g=068036730 HTTP/1.1" 500 0 "-" "Mozilla/5.0 (compatible; AwarioBot/1.0; +https://awario.com/bots.html)"
104.23.172.65 - - [12/Jul/2026:08:45:04 +0200] "GET /?g=069021041 HTTP/1.1" 500 0 "-" "Mozilla/5.0 (compatible; AwarioBot/1.0; +https://awario.com/bots.html)"
104.22.56.147 - - [12/Jul/2026:08:45:04 +0200] "GET /outlet/126014417 HTTP/1.1" 404 243 "https://alg24info.com/?sitemap741.xml" "Mozilla/5.0 AppleWebKit/537.36 (KHTML, like Gecko; compatible; GPTBot/1.4; +https://openai.com/gptbot)"
172.71.183.182 - - [12/Jul/2026:08:45:10 +0200] "GET /?g=069041737 HTTP/1.1" 500 0 "-" "Mozilla/5.0 (compatible; AwarioBot/1.0; +https://awario.com/bots.html)"
172.71.183.182 - - [12/Jul/2026:08:45:15 +0200] "GET /?g=070039902 HTTP/1.1" 500 0 "-" "Mozilla/5.0 (compatible; AwarioBot/1.0; +https://awario.com/bots.html)"
104.23.172.65 - - [12/Jul/2026:08:45:22 +0200] "GET /?g=070047526 HTTP/1.1" 500 0 "-" "Mozilla/5.0 (compatible; AwarioBot/1.0; +https://awario.com/bots.html)"
104.23.166.144 - - [12/Jul/2026:08:45:24 +0200] "GET /?g=071040539 HTTP/1.1" 500 0 "-" "Mozilla/5.0 (compatible; AwarioBot/1.0; +https://awario.com/bots.html)"
172.71.99.229 - - [12/Jul/2026:08:45:31 +0200] "GET /?g=077015759 HTTP/1.1" 500 0 "-" "Mozilla/5.0 (compatible; AwarioBot/1.0; +https://awario.com/bots.html)"
104.23.172.65 - - [12/Jul/2026:08:45:34 +0200] "GET /?g=078000370 HTTP/1.1" 500 0 "-" "Mozilla/5.0 (compatible; AwarioBot/1.0; +https://awario.com/bots.html)"
104.22.56.147 - - [12/Jul/2026:08:45:36 +0200] "GET /outlet/047030502 HTTP/1.1" 404 243 "https://alg24info.com/?sitemap224.xml" "Mozilla/5.0 AppleWebKit/537.36 (KHTML, like Gecko; compatible; GPTBot/1.4; +https://openai.com/gptbot)"
172.71.99.229 - - [12/Jul/2026:08:45:40 +0200] "GET /?g=078031778 HTTP/1.1" 500 0 "-" "Mozilla/5.0 (compatible; AwarioBot/1.0; +https://awario.com/bots.html)"
104.23.170.16 - - [12/Jul/2026:08:45:42 +0200] "GET /?g=079022867 HTTP/1.1" 500 0 "-" "Mozilla/5.0 (compatible; AwarioBot/1.0; +https://awario.com/bots.html)"
104.23.166.144 - - [12/Jul/2026:08:45:50 +0200] "GET /?g=079026207 HTTP/1.1" 500 0 "-" "Mozilla/5.0 (compatible; AwarioBot/1.0; +https://awario.com/bots.html)"
172.70.46.254 - - [12/Jul/2026:08:45:58 +0200] "GET /?g=079028707 HTTP/1.1" 500 0 "-" "Mozilla/5.0 (compatible; AwarioBot/1.0; +https://awario.com/bots.html)"
172.71.103.19 - - [12/Jul/2026:08:46:00 +0200] "GET /?g=079031595 HTTP/1.1" 500 0 "-" "Mozilla/5.0 (compatible; AwarioBot/1.0; +https://awario.com/bots.html)"
104.23.172.65 - - [12/Jul/2026:08:46:08 +0200] "GET /?g=081016439 HTTP/1.1" 500 0 "-" "Mozilla/5.0 (compatible; AwarioBot/1.0; +https://awario.com/bots.html)"
104.23.166.144 - - [12/Jul/2026:08:46:10 +0200] "GET /?g=082027546 HTTP/1.1" 500 0 "-" "Mozilla/5.0 (compatible; AwarioBot/1.0; +https://awario.com/bots.html)"
104.22.56.147 - - [12/Jul/2026:08:46:11 +0200] "GET /outlet/226036561 HTTP/1.1" 404 243 "https://alg24info.com/?sitemap600.xml" "Mozilla/5.0 AppleWebKit/537.36 (KHTML, like Gecko; compatible; GPTBot/1.4; +https://openai.com/gptbot)"
104.23.170.16 - - [12/Jul/2026:08:46:17 +0200] "GET /?g=085019843 HTTP/1.1" 500 0 "-" "Mozilla/5.0 (compatible; AwarioBot/1.0; +https://awario.com/bots.html)"
104.23.166.144 - - [12/Jul/2026:08:46:20 +0200] "GET /?g=085028701 HTTP/1.1" 500 0 "-" "Mozilla/5.0 (compatible; AwarioBot/1.0; +https://awario.com/bots.html)"
104.23.168.29 - - [12/Jul/2026:08:46:26 +0200] "GET /?g=086044222 HTTP/1.1" 500 0 "-" "Mozilla/5.0 (compatible; AwarioBot/1.0; +https://awario.com/bots.html)"
104.23.166.144 - - [12/Jul/2026:08:46:30 +0200] "GET /?g=087011931 HTTP/1.1" 500 0 "-" "Mozilla/5.0 (compatible; AwarioBot/1.0; +https://awario.com/bots.html)"
172.202.117.213 - - [12/Jul/2026:08:46:33 +0200] "GET /owa/auth/logon.aspx HTTP/1.1" 404 244 "-" "Mozilla/5.0 zgrab/0.x"
104.23.166.144 - - [12/Jul/2026:08:46:39 +0200] "GET /?g=088039360 HTTP/1.1" 500 0 "-" "Mozilla/5.0 (compatible; AwarioBot/1.0; +https://awario.com/bots.html)"
172.71.95.73 - - [12/Jul/2026:08:46:41 +0200] "GET /?g=090033580 HTTP/1.1" 500 0 "-" "Mozilla/5.0 (compatible; AwarioBot/1.0; +https://awario.com/bots.html)"
104.22.56.147 - - [12/Jul/2026:08:46:46 +0200] "GET /outlet/172045685 HTTP/1.1" 404 243 "https://alg24info.com/?sitemap448.xml" "Mozilla/5.0 AppleWebKit/537.36 (KHTML, like Gecko; compatible; GPTBot/1.4; +https://openai.com/gptbot)"
172.70.46.254 - - [12/Jul/2026:08:46:48 +0200] "GET /?g=096015724 HTTP/1.1" 500 0 "-" "Mozilla/5.0 (compatible; AwarioBot/1.0; +https://awario.com/bots.html)"
104.23.166.144 - - [12/Jul/2026:08:46:50 +0200] "GET /?g=098012944 HTTP/1.1" 500 0 "-" "Mozilla/5.0 (compatible; AwarioBot/1.0; +https://awario.com/bots.html)"
172.71.183.181 - - [12/Jul/2026:08:46:58 +0200] "GET /?g=098025592 HTTP/1.1" 500 0 "-" "Mozilla/5.0 (compatible; AwarioBot/1.0; +https://awario.com/bots.html)"
104.23.166.144 - - [12/Jul/2026:08:47:12 +0200] "GET /?g=099002119 HTTP/1.1" 500 0 "-" "Mozilla/5.0 (compatible; AwarioBot/1.0; +https://awario.com/bots.html)"
172.71.183.181 - - [12/Jul/2026:08:47:16 +0200] "GET /?g=099030717 HTTP/1.1" 500 0 "-" "Mozilla/5.0 (compatible; AwarioBot/1.0; +https://awario.com/bots.html)"
104.22.56.147 - - [12/Jul/2026:08:47:20 +0200] "GET /outlet/072043749 HTTP/1.1" 404 243 "https://alg24info.com/?sitemap344.xml" "Mozilla/5.0 AppleWebKit/537.36 (KHTML, like Gecko; compatible; GPTBot/1.4; +https://openai.com/gptbot)"
104.23.166.144 - - [12/Jul/2026:08:47:23 +0200] "GET /?g=102046112 HTTP/1.1" 500 0 "-" "Mozilla/5.0 (compatible; AwarioBot/1.0; +https://awario.com/bots.html)"
172.71.99.230 - - [12/Jul/2026:08:47:26 +0200] "GET /?g=103030713 HTTP/1.1" 500 0 "-" "Mozilla/5.0 (compatible; AwarioBot/1.0; +https://awario.com/bots.html)"
104.23.170.17 - - [12/Jul/2026:08:47:35 +0200] "GET /?g=104004176 HTTP/1.1" 500 0 "-" "Mozilla/5.0 (compatible; AwarioBot/1.0; +https://awario.com/bots.html)"
172.71.183.181 - - [12/Jul/2026:08:47:38 +0200] "GET /?g=106028422 HTTP/1.1" 500 0 "-" "Mozilla/5.0 (compatible; AwarioBot/1.0; +https://awario.com/bots.html)"
104.23.166.144 - - [12/Jul/2026:08:47:48 +0200] "GET /?g=108031172 HTTP/1.1" 500 0 "-" "Mozilla/5.0 (compatible; AwarioBot/1.0; +https://awario.com/bots.html)"
104.22.56.147 - - [12/Jul/2026:08:47:53 +0200] "GET /outlet/053043776 HTTP/1.1" 404 243 "https://alg24info.com/?sitemap448.xml" "Mozilla/5.0 AppleWebKit/537.36 (KHTML, like Gecko; compatible; GPTBot/1.4; +https://openai.com/gptbot)"
104.23.168.28 - - [12/Jul/2026:08:47:54 +0200] "GET /?g=108048932 HTTP/1.1" 500 0 "-" "Mozilla/5.0 (compatible; AwarioBot/1.0; +https://awario.com/bots.html)"
104.23.170.17 - - [12/Jul/2026:08:47:56 +0200] "GET /?g=109024349 HTTP/1.1" 500 0 "-" "Mozilla/5.0 (compatible; AwarioBot/1.0; +https://awario.com/bots.html)"
162.159.113.149 - - [12/Jul/2026:08:48:08 +0200] "GET /?g=112035262 HTTP/1.1" 500 0 "-" "Mozilla/5.0 (compatible; AwarioBot/1.0; +https://awario.com/bots.html)"
172.71.99.230 - - [12/Jul/2026:08:48:11 +0200] "GET /?g=112041442 HTTP/1.1" 500 0 "-" "Mozilla/5.0 (compatible; AwarioBot/1.0; +https://awario.com/bots.html)"
104.23.172.65 - - [12/Jul/2026:08:48:19 +0200] "GET /?g=113002921 HTTP/1.1" 500 0 "-" "Mozilla/5.0 (compatible; AwarioBot/1.0; +https://awario.com/bots.html)"
146.190.134.221 - - [12/Jul/2026:08:48:23 +0200] "GET / HTTP/1.1" 400 280 "-" "Mozilla/5.0 (Windows NT 6.1; WOW64; rv:54.0) Gecko/20100101 Firefox/70.0"
146.190.134.221 - - [12/Jul/2026:08:48:24 +0200] "GET / HTTP/1.1" 200 1848 "-" "Mozilla/5.0 (Macintosh; Intel Mac OS X 10.13; rv:61.0) Gecko/20100101 Firefox/72.0"
104.22.56.147 - - [12/Jul/2026:08:48:25 +0200] "GET /outlet/068014393 HTTP/1.1" 404 243 "https://alg24info.com/?sitemap448.xml" "Mozilla/5.0 AppleWebKit/537.36 (KHTML, like Gecko; compatible; GPTBot/1.4; +https://openai.com/gptbot)"
104.22.56.147 - - [12/Jul/2026:08:48:59 +0200] "GET /outlet/163009452 HTTP/1.1" 404 243 "https://alg24info.com/?sitemap448.xml" "Mozilla/5.0 AppleWebKit/537.36 (KHTML, like Gecko; compatible; GPTBot/1.4; +https://openai.com/gptbot)"
104.23.197.84 - - [12/Jul/2026:08:49:13 +0200] "GET /robots.txt HTTP/1.1" 200 130 "-" "Mozilla/5.0 AppleWebKit/537.36 (KHTML, like Gecko; compatible; ClaudeBot/1.0; [email protected])"
104.23.243.17 - - [12/Jul/2026:08:49:14 +0200] "GET /goods.php HTTP/1.1" 404 243 "-" "Mozilla/5.0 AppleWebKit/537.36 (KHTML, like Gecko; compatible; ClaudeBot/1.0; [email protected])"
104.22.56.147 - - [12/Jul/2026:08:49:33 +0200] "GET /outlet/025031070 HTTP/1.1" 404 243 "https://alg24info.com/?sitemap344.xml" "Mozilla/5.0 AppleWebKit/537.36 (KHTML, like Gecko; compatible; GPTBot/1.4; +https://openai.com/gptbot)"
104.23.243.17 - - [12/Jul/2026:08:50:02 +0200] "GET / HTTP/1.1" 500 0 "-" "Mozilla/5.0 AppleWebKit/537.36 (KHTML, like Gecko; compatible; ClaudeBot/1.0; [email protected])"
104.22.56.147 - - [12/Jul/2026:08:50:06 +0200] "GET /outlet/123003746 HTTP/1.1" 404 243 "https://alg24info.com/?sitemap741.xml" "Mozilla/5.0 AppleWebKit/537.36 (KHTML, like Gecko; compatible; GPTBot/1.4; +https://openai.com/gptbot)"
104.22.56.147 - - [12/Jul/2026:08:50:41 +0200] "GET /outlet/054047191 HTTP/1.1" 404 243 "https://alg24info.com/?sitemap741.xml" "Mozilla/5.0 AppleWebKit/537.36 (KHTML, like Gecko; compatible; GPTBot/1.4; +https://openai.com/gptbot)"
104.22.56.147 - - [12/Jul/2026:08:51:13 +0200] "GET /outlet/138016343 HTTP/1.1" 404 243 "https://alg24info.com/?sitemap600.xml" "Mozilla/5.0 AppleWebKit/537.36 (KHTML, like Gecko; compatible; GPTBot/1.4; +https://openai.com/gptbot)"
104.22.56.147 - - [12/Jul/2026:08:51:46 +0200] "GET /outlet/172003973 HTTP/1.1" 404 243 "https://alg24info.com/?sitemap741.xml" "Mozilla/5.0 AppleWebKit/537.36 (KHTML, like Gecko; compatible; GPTBot/1.4; +https://openai.com/gptbot)"
104.22.56.147 - - [12/Jul/2026:08:52:20 +0200] "GET /outlet/101021374 HTTP/1.1" 404 243 "https://alg24info.com/?sitemap600.xml" "Mozilla/5.0 AppleWebKit/537.36 (KHTML, like Gecko; compatible; GPTBot/1.4; +https://openai.com/gptbot)"
172.70.176.88 - - [12/Jul/2026:08:52:38 +0200] "GET /wp-content/x41e411/index.php HTTP/1.1" 200 0 "https://alg24info.com/wp-content/x41e411/index.php" "Mozilla/5.0 (Macintosh; Intel Mac OS X 10_6_8) AppleWebKit/534.57.2 (KHTML, like Gecko) Version/5.1.7 Safari/534.57.2"
104.22.56.147 - - [12/Jul/2026:08:52:54 +0200] "GET /outlet/290020921 HTTP/1.1" 404 243 "https://alg24info.com/?sitemap600.xml" "Mozilla/5.0 AppleWebKit/537.36 (KHTML, like Gecko; compatible; GPTBot/1.4; +https://openai.com/gptbot)"
104.22.56.147 - - [12/Jul/2026:08:53:27 +0200] "GET /outlet/074038129 HTTP/1.1" 404 243 "https://alg24info.com/?sitemap448.xml" "Mozilla/5.0 AppleWebKit/537.36 (KHTML, like Gecko; compatible; GPTBot/1.4; +https://openai.com/gptbot)"
104.22.56.147 - - [12/Jul/2026:08:54:01 +0200] "GET /outlet/070044655 HTTP/1.1" 404 243 "https://alg24info.com/?sitemap448.xml" "Mozilla/5.0 AppleWebKit/537.36 (KHTML, like Gecko; compatible; GPTBot/1.4; +https://openai.com/gptbot)"
104.22.56.147 - - [12/Jul/2026:08:54:35 +0200] "GET /outlet/210045199 HTTP/1.1" 404 243 "https://alg24info.com/?sitemap448.xml" "Mozilla/5.0 AppleWebKit/537.36 (KHTML, like Gecko; compatible; GPTBot/1.4; +https://openai.com/gptbot)"
104.23.175.243 - - [12/Jul/2026:08:54:36 +0200] "GET /ORVX-fie9oi.php HTTP/1.1" 404 243 "-" "Mozilla/5.0 (Linux; Android 5.0) AppleWebKit/537.36 (KHTML, like Gecko) Mobile Safari/537.36 (compatible; Bytespider; [email protected])"
104.22.56.147 - - [12/Jul/2026:08:55:09 +0200] "GET /outlet/027010984 HTTP/1.1" 404 243 "https://alg24info.com/?sitemap600.xml" "Mozilla/5.0 AppleWebKit/537.36 (KHTML, like Gecko; compatible; GPTBot/1.4; +https://openai.com/gptbot)"
172.70.123.86 - - [12/Jul/2026:08:55:28 +0200] "GET / HTTP/1.1" 500 0 "-" "Mozilla/5.0 (iPhone; CPU iPhone OS 13_2_3 like Mac OS X) AppleWebKit/605.1.15 (KHTML, like Gecko) Version/13.0.3 Mobile/15E148 Safari/604.1"
104.22.56.147 - - [12/Jul/2026:08:55:43 +0200] "GET /outlet/272036985 HTTP/1.1" 404 243 "https://alg24info.com/?sitemap344.xml" "Mozilla/5.0 AppleWebKit/537.36 (KHTML, like Gecko; compatible; GPTBot/1.4; +https://openai.com/gptbot)"
45.198.224.5 - - [12/Jul/2026:08:55:56 +0200] "GET /login HTTP/1.1" 404 244 "-" "Go-http-client/1.1"
104.22.56.147 - - [12/Jul/2026:08:56:18 +0200] "GET /outlet/203033168 HTTP/1.1" 404 243 "https://alg24info.com/?sitemap741.xml" "Mozilla/5.0 AppleWebKit/537.36 (KHTML, like Gecko; compatible; GPTBot/1.4; +https://openai.com/gptbot)"
104.22.56.147 - - [12/Jul/2026:08:56:52 +0200] "GET /outlet/032013313 HTTP/1.1" 404 243 "https://alg24info.com/?sitemap448.xml" "Mozilla/5.0 AppleWebKit/537.36 (KHTML, like Gecko; compatible; GPTBot/1.4; +https://openai.com/gptbot)"
172.71.151.47 - - [12/Jul/2026:08:56:59 +0200] "GET /index.php/2020/07/16/%D9%88%D8%B2%D9%8A%D8%B1-%D8%A7%D9%84%D8%A7%D8%AA%D8%B5%D8%A7%D9%84-%D8%B9%D9%85%D8%A7%D8%B1-%D8%A8%D9%84%D8%AD%D9%8A%D9%85%D8%B1-%D9%8A%D8%B3%D8%AA%D9%82%D8%A8%D9%84-%D8%B1%D8%AC%D9%84-%D8%A7%D9%84/ HTTP/1.1" 500 0 "-" "Mozilla/5.0 (compatible; DotBot/1.2; +https://opensiteexplorer.org/dotbot; [email protected])"
162.158.41.66 - - [12/Jul/2026:08:57:22 +0200] "GET /index.php/2020/05/23/%D8%AA%D9%88%D8%B2%D9%8A%D8%B9-50-%D8%A3%D9%84%D9%81-%D9%83%D9%85%D8%A7%D9%85%D8%A9-%D9%88%D9%82%D8%A7%D8%A6%D9%8A%D8%A9-%D9%85%D9%86-%D9%81%D9%8A%D8%B1%D9%88%D8%B3-%D9%83%D9%88%D9%81%D9%8A%D8%AF-19/ HTTP/1.1" 500 0 "-" "Mozilla/5.0 (compatible; DotBot/1.2; +https://opensiteexplorer.org/dotbot; [email protected])"
104.22.56.147 - - [12/Jul/2026:08:57:26 +0200] "GET /outlet/139011698 HTTP/1.1" 404 243 "https://alg24info.com/?sitemap741.xml" "Mozilla/5.0 AppleWebKit/537.36 (KHTML, like Gecko; compatible; GPTBot/1.4; +https://openai.com/gptbot)"
104.22.56.147 - - [12/Jul/2026:08:57:59 +0200] "GET /outlet/155042094 HTTP/1.1" 404 243 "https://alg24info.com/?sitemap448.xml" "Mozilla/5.0 AppleWebKit/537.36 (KHTML, like Gecko; compatible; GPTBot/1.4; +https://openai.com/gptbot)"
104.22.56.147 - - [12/Jul/2026:08:58:33 +0200] "GET /outlet/068019235 HTTP/1.1" 404 243 "https://alg24info.com/?sitemap224.xml" "Mozilla/5.0 AppleWebKit/537.36 (KHTML, like Gecko; compatible; GPTBot/1.4; +https://openai.com/gptbot)"
162.158.41.67 - - [12/Jul/2026:08:58:39 +0200] "GET /index.php/2020/05/18/%D8%A8%D9%8A%D8%A7%D9%86-%D8%A7%D8%AC%D8%AA%D9%85%D8%A7%D8%B9-%D8%B1%D8%A6%D9%8A%D8%B3-%D8%A7%D9%84%D8%AC%D9%85%D9%87%D9%88%D8%B1%D9%8A%D8%A9-%D9%85%D8%B9-%D8%A3%D8%B9%D8%B6%D8%A7%D8%A1-%D8%A7%D9%84/ HTTP/1.1" 500 0 "-" "Mozilla/5.0 (compatible; DotBot/1.2; +https://opensiteexplorer.org/dotbot; [email protected])"
104.22.56.147 - - [12/Jul/2026:08:59:08 +0200] "GET /outlet/124034647 HTTP/1.1" 404 243 "https://alg24info.com/?sitemap448.xml" "Mozilla/5.0 AppleWebKit/537.36 (KHTML, like Gecko; compatible; GPTBot/1.4; +https://openai.com/gptbot)"
172.71.151.47 - - [12/Jul/2026:08:59:21 +0200] "GET /index.php/2019/12/15/%D9%86%D9%8A%D8%AC%D9%8A%D8%B1%D9%8A%D8%A7-%D8%AA%D9%88%D9%82%D9%81-%D8%B1%D8%AD%D9%84%D8%A7%D8%AA-%D8%A7%D9%84%D8%AE%D8%B7%D9%88%D8%B7-%D8%A7%D9%84%D8%AC%D9%88%D9%8A%D8%A9-%D8%A7%D9%84%D8%AA%D8%B1/ HTTP/1.1" 500 0 "-" "Mozilla/5.0 (compatible; DotBot/1.2; +https://opensiteexplorer.org/dotbot; [email protected])"
104.22.56.147 - - [12/Jul/2026:08:59:41 +0200] "GET /outlet/054041253 HTTP/1.1" 404 243 "https://alg24info.com/?sitemap448.xml" "Mozilla/5.0 AppleWebKit/537.36 (KHTML, like Gecko; compatible; GPTBot/1.4; +https://openai.com/gptbot)"
108.162.246.15 - - [12/Jul/2026:08:59:49 +0200] "GET /index.php/2019/11/24/%D8%AA%D8%A8%D9%88%D9%86-%D9%8A%D8%AD%D8%B8%D9%89-%D8%A8%D8%AF%D8%B9%D9%85-%D8%AC%D8%AF%D9%8A%D8%AF/ HTTP/1.1" 500 0 "-" "Mozilla/5.0 (compatible; DotBot/1.2; +https://opensiteexplorer.org/dotbot; [email protected])"
104.22.56.147 - - [12/Jul/2026:09:00:15 +0200] "GET /outlet/096014731 HTTP/1.1" 404 243 "https://alg24info.com/?sitemap344.xml" "Mozilla/5.0 AppleWebKit/537.36 (KHTML, like Gecko; compatible; GPTBot/1.4; +https://openai.com/gptbot)"
104.22.56.147 - - [12/Jul/2026:09:00:48 +0200] "GET /outlet/231012086 HTTP/1.1" 404 243 "https://alg24info.com/?sitemap224.xml" "Mozilla/5.0 AppleWebKit/537.36 (KHTML, like Gecko; compatible; GPTBot/1.4; +https://openai.com/gptbot)"
104.22.56.155 - - [12/Jul/2026:09:01:22 +0200] "GET /outlet/155013866 HTTP/1.1" 404 243 "https://alg24info.com/?sitemap600.xml" "Mozilla/5.0 AppleWebKit/537.36 (KHTML, like Gecko; compatible; GPTBot/1.4; +https://openai.com/gptbot)"
89.248.167.131 - - [12/Jul/2026:09:01:36 +0200] "GET / HTTP/1.1" 200 4963 "-" "Mozilla/5.0 (X11; Linux x86_64) AppleWebKit/537.36 (KHTML, like Gecko) Chrome/98.0.4758.102 Safari/537.36"
89.248.167.131 - - [12/Jul/2026:09:01:37 +0200] "" 400 0 "-" "-"
89.248.167.131 - - [12/Jul/2026:09:01:38 +0200] "" 400 0 "-" "-"
89.248.167.131 - - [12/Jul/2026:09:01:38 +0200] "" 400 0 "-" "-"
89.248.167.131 - - [12/Jul/2026:09:01:38 +0200] "" 400 0 "-" "-"
89.248.167.131 - - [12/Jul/2026:09:01:42 +0200] "GET /robots.txt HTTP/1.1" 404 275 "-" "-"
89.248.167.131 - - [12/Jul/2026:09:01:42 +0200] "GET /sitemap.xml HTTP/1.1" 404 275 "-" "-"
89.248.167.131 - - [12/Jul/2026:09:01:42 +0200] "GET /.well-known/security.txt HTTP/1.1" 404 275 "-" "-"
89.248.167.131 - - [12/Jul/2026:09:01:43 +0200] "GET /favicon.ico HTTP/1.1" 404 244 "-" "Mozilla/5.0 (Windows NT 10.0; Win64; x64) AppleWebKit/537.36 (KHTML, like Gecko) Chrome/102.0.5005.63 Safari/537.36"
104.22.56.155 - - [12/Jul/2026:09:01:55 +0200] "GET /outlet/239040070 HTTP/1.1" 404 243 "https://alg24info.com/?sitemap741.xml" "Mozilla/5.0 AppleWebKit/537.36 (KHTML, like Gecko; compatible; GPTBot/1.4; +https://openai.com/gptbot)"
104.22.56.155 - - [12/Jul/2026:09:02:28 +0200] "GET /outlet/272001021 HTTP/1.1" 404 243 "https://alg24info.com/?sitemap448.xml" "Mozilla/5.0 AppleWebKit/537.36 (KHTML, like Gecko; compatible; GPTBot/1.4; +https://openai.com/gptbot)"
104.22.56.155 - - [12/Jul/2026:09:03:00 +0200] "GET /outlet/274004047 HTTP/1.1" 404 243 "https://alg24info.com/?sitemap741.xml" "Mozilla/5.0 AppleWebKit/537.36 (KHTML, like Gecko; compatible; GPTBot/1.4; +https://openai.com/gptbot)"
104.22.56.155 - - [12/Jul/2026:09:03:36 +0200] "GET /outlet/204043571 HTTP/1.1" 404 243 "https://alg24info.com/?sitemap741.xml" "Mozilla/5.0 AppleWebKit/537.36 (KHTML, like Gecko; compatible; GPTBot/1.4; +https://openai.com/gptbot)"
78.153.140.93 - - [12/Jul/2026:09:03:37 +0200] "GET /.env HTTP/1.1" 404 244 "-" "Mozilla/5.0 (Windows NT 10.0; Win64; x64) AppleWebKit/537.36 (KHTML, like Gecko) Chrome/116.0.5845.140 Safari/537.36"
78.153.140.93 - - [12/Jul/2026:09:03:37 +0200] "POST / HTTP/1.1" 200 1848 "-" "Mozilla/5.0 (Windows NT 10.0; Win64; x64) AppleWebKit/537.36 (KHTML, like Gecko) Chrome/116.0.5845.140 Safari/537.36"
104.22.56.155 - - [12/Jul/2026:09:04:09 +0200] "GET /outlet/085034732 HTTP/1.1" 404 243 "https://alg24info.com/?sitemap741.xml" "Mozilla/5.0 AppleWebKit/537.36 (KHTML, like Gecko; compatible; GPTBot/1.4; +https://openai.com/gptbot)"
104.22.56.155 - - [12/Jul/2026:09:04:42 +0200] "GET /outlet/180047051 HTTP/1.1" 404 243 "https://alg24info.com/?sitemap600.xml" "Mozilla/5.0 AppleWebKit/537.36 (KHTML, like Gecko; compatible; GPTBot/1.4; +https://openai.com/gptbot)"
104.22.56.148 - - [12/Jul/2026:09:05:15 +0200] "GET /outlet/031044268 HTTP/1.1" 404 243 "https://alg24info.com/?sitemap448.xml" "Mozilla/5.0 AppleWebKit/537.36 (KHTML, like Gecko; compatible; GPTBot/1.4; +https://openai.com/gptbot)"
104.22.56.148 - - [12/Jul/2026:09:05:47 +0200] "GET /outlet/046011335 HTTP/1.1" 404 243 "https://alg24info.com/?sitemap741.xml" "Mozilla/5.0 AppleWebKit/537.36 (KHTML, like Gecko; compatible; GPTBot/1.4; +https://openai.com/gptbot)"
104.22.56.148 - - [12/Jul/2026:09:06:20 +0200] "GET /outlet/226032231 HTTP/1.1" 404 243 "https://alg24info.com/?sitemap600.xml" "Mozilla/5.0 AppleWebKit/537.36 (KHTML, like Gecko; compatible; GPTBot/1.4; +https://openai.com/gptbot)"
104.22.56.148 - - [12/Jul/2026:09:06:53 +0200] "GET /outlet/022028229 HTTP/1.1" 404 243 "https://alg24info.com/?sitemap741.xml" "Mozilla/5.0 AppleWebKit/537.36 (KHTML, like Gecko; compatible; GPTBot/1.4; +https://openai.com/gptbot)"
104.22.56.148 - - [12/Jul/2026:09:07:25 +0200] "GET /outlet/244043875 HTTP/1.1" 404 243 "https://alg24info.com/?sitemap344.xml" "Mozilla/5.0 AppleWebKit/537.36 (KHTML, like Gecko; compatible; GPTBot/1.4; +https://openai.com/gptbot)"
104.22.56.148 - - [12/Jul/2026:09:07:57 +0200] "GET /outlet/297005344 HTTP/1.1" 404 243 "https://alg24info.com/?sitemap344.xml" "Mozilla/5.0 AppleWebKit/537.36 (KHTML, like Gecko; compatible; GPTBot/1.4; +https://openai.com/gptbot)"
104.22.56.148 - - [12/Jul/2026:09:08:32 +0200] "GET /outlet/165035420 HTTP/1.1" 404 243 "https://alg24info.com/?sitemap448.xml" "Mozilla/5.0 AppleWebKit/537.36 (KHTML, like Gecko; compatible; GPTBot/1.4; +https://openai.com/gptbot)"
104.22.56.148 - - [12/Jul/2026:09:09:07 +0200] "GET /outlet/108001419 HTTP/1.1" 404 243 "https://alg24info.com/?sitemap344.xml" "Mozilla/5.0 AppleWebKit/537.36 (KHTML, like Gecko; compatible; GPTBot/1.4; +https://openai.com/gptbot)"
104.22.56.17 - - [12/Jul/2026:09:09:40 +0200] "GET /outlet/204026963 HTTP/1.1" 404 243 "https://alg24info.com/?sitemap448.xml" "Mozilla/5.0 AppleWebKit/537.36 (KHTML, like Gecko; compatible; GPTBot/1.4; +https://openai.com/gptbot)"
104.22.56.129 - - [12/Jul/2026:09:10:15 +0200] "GET /outlet/093002936 HTTP/1.1" 404 243 "https://alg24info.com/?sitemap600.xml" "Mozilla/5.0 AppleWebKit/537.36 (KHTML, like Gecko; compatible; GPTBot/1.4; +https://openai.com/gptbot)"
104.22.56.129 - - [12/Jul/2026:09:10:49 +0200] "GET /outlet/211029314 HTTP/1.1" 404 243 "https://alg24info.com/?sitemap448.xml" "Mozilla/5.0 AppleWebKit/537.36 (KHTML, like Gecko; compatible; GPTBot/1.4; +https://openai.com/gptbot)"
104.23.195.90 - - [12/Jul/2026:09:10:51 +0200] "GET / HTTP/1.1" 500 0 "-" "Mozilla/5.0 (Macintosh; Intel Mac OS X 10_15_7) AppleWebKit/605.1.15 (KHTML, like Gecko) Version/17.4.1 Safari/605.1.15"
162.158.244.151 - - [12/Jul/2026:09:10:52 +0200] "GET /favicon.ico HTTP/1.1" 404 243 "-" "Mozilla/5.0 (Macintosh; Intel Mac OS X 10_15_7) AppleWebKit/605.1.15 (KHTML, like Gecko) Version/17.4.1 Safari/605.1.15"
104.22.56.129 - - [12/Jul/2026:09:11:21 +0200] "GET /outlet/082047967 HTTP/1.1" 404 243 "https://alg24info.com/?sitemap344.xml" "Mozilla/5.0 AppleWebKit/537.36 (KHTML, like Gecko; compatible; GPTBot/1.4; +https://openai.com/gptbot)"
104.22.56.129 - - [12/Jul/2026:09:11:55 +0200] "GET /outlet/228029159 HTTP/1.1" 404 243 "https://alg24info.com/?sitemap741.xml" "Mozilla/5.0 AppleWebKit/537.36 (KHTML, like Gecko; compatible; GPTBot/1.4; +https://openai.com/gptbot)"
104.22.56.129 - - [12/Jul/2026:09:12:27 +0200] "GET /outlet/154008003 HTTP/1.1" 404 243 "https://alg24info.com/?sitemap224.xml" "Mozilla/5.0 AppleWebKit/537.36 (KHTML, like Gecko; compatible; GPTBot/1.4; +https://openai.com/gptbot)"
104.22.56.129 - - [12/Jul/2026:09:12:59 +0200] "GET /outlet/061028850 HTTP/1.1" 404 243 "https://alg24info.com/?sitemap224.xml" "Mozilla/5.0 AppleWebKit/537.36 (KHTML, like Gecko; compatible; GPTBot/1.4; +https://openai.com/gptbot)"
104.22.56.129 - - [12/Jul/2026:09:13:33 +0200] "GET /outlet/053036374 HTTP/1.1" 404 243 "https://alg24info.com/?sitemap741.xml" "Mozilla/5.0 AppleWebKit/537.36 (KHTML, like Gecko; compatible; GPTBot/1.4; +https://openai.com/gptbot)"
104.22.56.129 - - [12/Jul/2026:09:14:08 +0200] "GET /outlet/025030146 HTTP/1.1" 404 243 "https://alg24info.com/?sitemap448.xml" "Mozilla/5.0 AppleWebKit/537.36 (KHTML, like Gecko; compatible; GPTBot/1.4; +https://openai.com/gptbot)"
104.22.56.129 - - [12/Jul/2026:09:14:40 +0200] "GET /outlet/028017289 HTTP/1.1" 404 243 "https://alg24info.com/?sitemap344.xml" "Mozilla/5.0 AppleWebKit/537.36 (KHTML, like Gecko; compatible; GPTBot/1.4; +https://openai.com/gptbot)"
104.22.56.129 - - [12/Jul/2026:09:15:13 +0200] "GET /outlet/275030198 HTTP/1.1" 404 243 "https://alg24info.com/?sitemap224.xml" "Mozilla/5.0 AppleWebKit/537.36 (KHTML, like Gecko; compatible; GPTBot/1.4; +https://openai.com/gptbot)"
104.22.56.129 - - [12/Jul/2026:09:15:45 +0200] "GET /outlet/214027265 HTTP/1.1" 404 243 "https://alg24info.com/?sitemap448.xml" "Mozilla/5.0 AppleWebKit/537.36 (KHTML, like Gecko; compatible; GPTBot/1.4; +https://openai.com/gptbot)"
152.32.172.108 - - [12/Jul/2026:09:16:10 +0200] "{\x22method\x22:\x22login\x22,\x22params\x22:{\x22login\x22:\x2245JymPWP1DeQxxMZNJv9w2bTQ2WJDAmw18wUSryDQa3RPrympJPoUSVcFEDv3bhiMJGWaCD4a3KrFCorJHCMqXJUKApSKDV\x22,\x22pass\x22:\x22xxoo\x22,\x22agent\x22:\x22xmr-stak-cpu/1.3.0-1.5.0\x22},\x22id\x22:1}" 400 182 "-" "-"
152.32.172.108 - - [12/Jul/2026:09:16:12 +0200] "{\x22id\x22:1,\x22method\x22:\x22mining.subscribe\x22,\x22params\x22:[]}" 400 182 "-" "-"
152.32.172.108 - - [12/Jul/2026:09:16:14 +0200] "{\x22params\x22: [\x22miner1\x22, \x22password\x22], \x22id\x22: 2, \x22method\x22: \x22mining.authorize\x22}" 400 182 "-" "-"
104.22.56.129 - - [12/Jul/2026:09:16:20 +0200] "GET /outlet/027039074 HTTP/1.1" 404 243 "https://alg24info.com/?sitemap224.xml" "Mozilla/5.0 AppleWebKit/537.36 (KHTML, like Gecko; compatible; GPTBot/1.4; +https://openai.com/gptbot)"
104.22.56.129 - - [12/Jul/2026:09:16:52 +0200] "GET /outlet/133023704 HTTP/1.1" 404 243 "https://alg24info.com/?sitemap344.xml" "Mozilla/5.0 AppleWebKit/537.36 (KHTML, like Gecko; compatible; GPTBot/1.4; +https://openai.com/gptbot)"
43.165.126.130 - - [12/Jul/2026:09:17:19 +0200] "GET / HTTP/1.1" 200 1848 "-" "Mozilla/5.0 (iPhone; CPU iPhone OS 13_2_3 like Mac OS X) AppleWebKit/605.1.15 (KHTML, like Gecko) Version/13.0.3 Mobile/15E148 Safari/604.1"
104.22.56.129 - - [12/Jul/2026:09:17:26 +0200] "GET /outlet/136047581 HTTP/1.1" 404 243 "https://alg24info.com/?sitemap224.xml" "Mozilla/5.0 AppleWebKit/537.36 (KHTML, like Gecko; compatible; GPTBot/1.4; +https://openai.com/gptbot)"
144.172.103.227 - - [12/Jul/2026:09:17:29 +0200] "GET / HTTP/1.1" 200 4963 "-" "Mozilla/5.0 (Macintosh; Intel Mac OS X 10_15_7) AppleWebKit/605.1.15 (KHTML, like Gecko) Version/17.5 Safari/605.1.15"
144.172.103.227 - - [12/Jul/2026:09:17:29 +0200] "GET / HTTP/1.1" 200 4963 "-" "Mozilla/5.0 (Macintosh; Intel Mac OS X 10_15_7) AppleWebKit/605.1.15 (KHTML, like Gecko) Version/17.5 Safari/605.1.15"
104.22.56.202 - - [12/Jul/2026:09:17:58 +0200] "GET /outlet/057018124 HTTP/1.1" 404 243 "https://alg24info.com/?sitemap448.xml" "Mozilla/5.0 AppleWebKit/537.36 (KHTML, like Gecko; compatible; GPTBot/1.4; +https://openai.com/gptbot)"
104.22.57.36 - - [12/Jul/2026:09:18:30 +0200] "GET /outlet/224040021 HTTP/1.1" 404 243 "https://alg24info.com/?sitemap741.xml" "Mozilla/5.0 AppleWebKit/537.36 (KHTML, like Gecko; compatible; GPTBot/1.4; +https://openai.com/gptbot)"
104.22.57.36 - - [12/Jul/2026:09:19:03 +0200] "GET /outlet/034013957 HTTP/1.1" 404 243 "https://alg24info.com/?sitemap344.xml" "Mozilla/5.0 AppleWebKit/537.36 (KHTML, like Gecko; compatible; GPTBot/1.4; +https://openai.com/gptbot)"
104.22.57.36 - - [12/Jul/2026:09:19:37 +0200] "GET /outlet/265049508 HTTP/1.1" 404 243 "https://alg24info.com/?sitemap344.xml" "Mozilla/5.0 AppleWebKit/537.36 (KHTML, like Gecko; compatible; GPTBot/1.4; +https://openai.com/gptbot)"
104.22.57.36 - - [12/Jul/2026:09:20:11 +0200] "GET /outlet/245001554 HTTP/1.1" 404 243 "https://alg24info.com/?sitemap600.xml" "Mozilla/5.0 AppleWebKit/537.36 (KHTML, like Gecko; compatible; GPTBot/1.4; +https://openai.com/gptbot)"
138.226.239.4 - - [12/Jul/2026:09:20:41 +0200] "GET /RDWeb HTTP/1.0" 404 275 "https://www.google.com" "Mozilla/5.0 (X11; Linux x86_64) AppleWebKit/537.36 (KHTML, like Gecko) Chrome/119.0.0.0 Safari/537.36"
138.226.239.4 - - [12/Jul/2026:09:20:41 +0200] "GET / HTTP/1.0" 200 1848 "https://www.google.com" "Mozilla/5.0 (X11; Linux x86_64) AppleWebKit/537.36 (KHTML, like Gecko) Chrome/119.0.0.0 Safari/537.36"
138.226.239.4 - - [12/Jul/2026:09:20:41 +0200] "GET / HTTP/1.0" 200 1848 "https://www.google.com" "Mozilla/5.0 (X11; Linux x86_64) AppleWebKit/537.36 (KHTML, like Gecko) Chrome/119.0.0.0 Safari/537.36"
104.22.57.36 - - [12/Jul/2026:09:20:44 +0200] "GET /outlet/230042175 HTTP/1.1" 404 243 "https://alg24info.com/?sitemap741.xml" "Mozilla/5.0 AppleWebKit/537.36 (KHTML, like Gecko; compatible; GPTBot/1.4; +https://openai.com/gptbot)"
104.22.57.36 - - [12/Jul/2026:09:21:16 +0200] "GET /outlet/163026856 HTTP/1.1" 404 243 "https://alg24info.com/?sitemap600.xml" "Mozilla/5.0 AppleWebKit/537.36 (KHTML, like Gecko; compatible; GPTBot/1.4; +https://openai.com/gptbot)"
45.205.1.242 - - [12/Jul/2026:09:21:37 +0200] "GET / HTTP/1.1" 200 4963 "-" "Mozilla/5.0 (compatible; FlowIQLabsBot/1.0; +https://flowiq-labs.com/scanning-info)"
104.22.57.36 - - [12/Jul/2026:09:21:49 +0200] "GET /outlet/158006117 HTTP/1.1" 404 243 "https://alg24info.com/?sitemap448.xml" "Mozilla/5.0 AppleWebKit/537.36 (KHTML, like Gecko; compatible; GPTBot/1.4; +https://openai.com/gptbot)"
104.22.57.36 - - [12/Jul/2026:09:22:22 +0200] "GET /outlet/065017150 HTTP/1.1" 404 243 "https://alg24info.com/?sitemap344.xml" "Mozilla/5.0 AppleWebKit/537.36 (KHTML, like Gecko; compatible; GPTBot/1.4; +https://openai.com/gptbot)"
104.22.57.36 - - [12/Jul/2026:09:22:54 +0200] "GET /outlet/238005135 HTTP/1.1" 404 243 "https://alg24info.com/?sitemap448.xml" "Mozilla/5.0 AppleWebKit/537.36 (KHTML, like Gecko; compatible; GPTBot/1.4; +https://openai.com/gptbot)"
104.22.57.36 - - [12/Jul/2026:09:23:29 +0200] "GET /outlet/229039442 HTTP/1.1" 404 243 "https://alg24info.com/?sitemap224.xml" "Mozilla/5.0 AppleWebKit/537.36 (KHTML, like Gecko; compatible; GPTBot/1.4; +https://openai.com/gptbot)"
34.38.195.167 - - [12/Jul/2026:09:23:35 +0200] "GET / HTTP/1.1" 200 1848 "-" "python-requests/2.32.5"
104.22.57.36 - - [12/Jul/2026:09:24:03 +0200] "GET /outlet/292005913 HTTP/1.1" 404 243 "https://alg24info.com/?sitemap344.xml" "Mozilla/5.0 AppleWebKit/537.36 (KHTML, like Gecko; compatible; GPTBot/1.4; +https://openai.com/gptbot)"
104.22.57.36 - - [12/Jul/2026:09:24:35 +0200] "GET /outlet/196019505 HTTP/1.1" 404 243 "https://alg24info.com/?sitemap600.xml" "Mozilla/5.0 AppleWebKit/537.36 (KHTML, like Gecko; compatible; GPTBot/1.4; +https://openai.com/gptbot)"
104.22.57.36 - - [12/Jul/2026:09:25:08 +0200] "GET /outlet/218018209 HTTP/1.1" 404 243 "https://alg24info.com/?sitemap224.xml" "Mozilla/5.0 AppleWebKit/537.36 (KHTML, like Gecko; compatible; GPTBot/1.4; +https://openai.com/gptbot)"
78.153.140.250 - - [12/Jul/2026:09:25:41 +0200] "GET /.env HTTP/1.1" 404 244 "-" "Mozilla/5.0 (Windows NT 10.0; Win64; x64) AppleWebKit/537.36 (KHTML, like Gecko) Chrome/116.0.5845.140 Safari/537.36"
104.22.57.36 - - [12/Jul/2026:09:25:41 +0200] "GET /outlet/033031938 HTTP/1.1" 404 243 "https://alg24info.com/?sitemap344.xml" "Mozilla/5.0 AppleWebKit/537.36 (KHTML, like Gecko; compatible; GPTBot/1.4; +https://openai.com/gptbot)"
78.153.140.250 - - [12/Jul/2026:09:25:41 +0200] "POST / HTTP/1.1" 200 1848 "-" "Mozilla/5.0 (Windows NT 10.0; Win64; x64) AppleWebKit/537.36 (KHTML, like Gecko) Chrome/116.0.5845.140 Safari/537.36"
104.22.57.36 - - [12/Jul/2026:09:26:15 +0200] "GET /outlet/287027588 HTTP/1.1" 404 243 "https://alg24info.com/?sitemap600.xml" "Mozilla/5.0 AppleWebKit/537.36 (KHTML, like Gecko; compatible; GPTBot/1.4; +https://openai.com/gptbot)"
104.22.57.36 - - [12/Jul/2026:09:26:49 +0200] "GET /outlet/159030866 HTTP/1.1" 404 243 "https://alg24info.com/?sitemap600.xml" "Mozilla/5.0 AppleWebKit/537.36 (KHTML, like Gecko; compatible; GPTBot/1.4; +https://openai.com/gptbot)"
104.22.57.36 - - [12/Jul/2026:09:27:22 +0200] "GET /outlet/072027147 HTTP/1.1" 404 243 "https://alg24info.com/?sitemap600.xml" "Mozilla/5.0 AppleWebKit/537.36 (KHTML, like Gecko; compatible; GPTBot/1.4; +https://openai.com/gptbot)"
104.22.56.107 - - [12/Jul/2026:09:27:57 +0200] "GET /outlet/112047283 HTTP/1.1" 404 243 "https://alg24info.com/?sitemap344.xml" "Mozilla/5.0 AppleWebKit/537.36 (KHTML, like Gecko; compatible; GPTBot/1.4; +https://openai.com/gptbot)"
104.22.56.107 - - [12/Jul/2026:09:28:29 +0200] "GET /outlet/018003487 HTTP/1.1" 404 243 "https://alg24info.com/?sitemap448.xml" "Mozilla/5.0 AppleWebKit/537.36 (KHTML, like Gecko; compatible; GPTBot/1.4; +https://openai.com/gptbot)"
104.22.56.107 - - [12/Jul/2026:09:29:02 +0200] "GET /outlet/075012980 HTTP/1.1" 404 243 "https://alg24info.com/?sitemap741.xml" "Mozilla/5.0 AppleWebKit/537.36 (KHTML, like Gecko; compatible; GPTBot/1.4; +https://openai.com/gptbot)"
104.22.56.107 - - [12/Jul/2026:09:29:35 +0200] "GET /outlet/105042460 HTTP/1.1" 404 243 "https://alg24info.com/?sitemap224.xml" "Mozilla/5.0 AppleWebKit/537.36 (KHTML, like Gecko; compatible; GPTBot/1.4; +https://openai.com/gptbot)"
104.22.56.107 - - [12/Jul/2026:09:30:10 +0200] "GET /outlet/182014821 HTTP/1.1" 404 243 "https://alg24info.com/?sitemap600.xml" "Mozilla/5.0 AppleWebKit/537.36 (KHTML, like Gecko; compatible; GPTBot/1.4; +https://openai.com/gptbot)"
104.22.56.107 - - [12/Jul/2026:09:30:41 +0200] "GET /outlet/276026103 HTTP/1.1" 404 243 "https://alg24info.com/?sitemap224.xml" "Mozilla/5.0 AppleWebKit/537.36 (KHTML, like Gecko; compatible; GPTBot/1.4; +https://openai.com/gptbot)"
185.136.15.4 - - [12/Jul/2026:09:30:53 +0200] "GET /+CSCOE+/logon.html HTTP/1.0" 404 275 "https://www.google.com" "Mozilla/5.0 (X11; Linux x86_64) AppleWebKit/537.36 (KHTML, like Gecko) Chrome/119.0.0.0 Safari/537.36"
104.22.56.107 - - [12/Jul/2026:09:31:15 +0200] "GET /outlet/153021012 HTTP/1.1" 404 243 "https://alg24info.com/?sitemap344.xml" "Mozilla/5.0 AppleWebKit/537.36 (KHTML, like Gecko; compatible; GPTBot/1.4; +https://openai.com/gptbot)"
104.22.56.107 - - [12/Jul/2026:09:31:49 +0200] "GET /outlet/101047568 HTTP/1.1" 404 243 "https://alg24info.com/?sitemap741.xml" "Mozilla/5.0 AppleWebKit/537.36 (KHTML, like Gecko; compatible; GPTBot/1.4; +https://openai.com/gptbot)"
104.22.56.107 - - [12/Jul/2026:09:32:24 +0200] "GET /outlet/154002409 HTTP/1.1" 404 243 "https://alg24info.com/?sitemap224.xml" "Mozilla/5.0 AppleWebKit/537.36 (KHTML, like Gecko; compatible; GPTBot/1.4; +https://openai.com/gptbot)"
172.70.143.196 - - [12/Jul/2026:09:32:47 +0200] "GET /index.php/2020/07/05/%d8%b1%d8%a6%d9%8a%d8%b3-%d8%a7%d9%84%d8%ac%d9%85%d9%87%d9%88%d8%b1%d9%8a%d8%a9-%d9%8a%d8%aa%d8%b1%d8%ad%d9%85-%d8%b9%d9%84%d9%89-%d8%a3%d8%b1%d9%88%d8%a7%d8%ad-%d8%b4%d9%87%d8%af%d8%a7%d8%a1-%d8%a7 HTTP/1.1" 500 0 "http://alg24info.com/index.php/2020/07/05/%d8%b1%d8%a6%d9%8a%d8%b3-%d8%a7%d9%84%d8%ac%d9%85%d9%87%d9%88%d8%b1%d9%8a%d8%a9-%d9%8a%d8%aa%d8%b1%d8%ad%d9%85-%d8%b9%d9%84%d9%89-%d8%a3%d8%b1%d9%88%d8%a7%d8%ad-%d8%b4%d9%87%d8%af%d8%a7%d8%a1-%d8%a7" "Mozilla/5.0 (Linux; Android 7.0;) AppleWebKit/537.36 (HTML, like Gecko) Mobile Safari/537.36 (compatible; PetalBot;+https://webmaster.petalsearch.com/site/petalbot)"
104.22.56.107 - - [12/Jul/2026:09:32:58 +0200] "GET /outlet/074029747 HTTP/1.1" 404 243 "https://alg24info.com/?sitemap741.xml" "Mozilla/5.0 AppleWebKit/537.36 (KHTML, like Gecko; compatible; GPTBot/1.4; +https://openai.com/gptbot)"
104.22.56.107 - - [12/Jul/2026:09:33:30 +0200] "GET /outlet/137011026 HTTP/1.1" 404 243 "https://alg24info.com/?sitemap344.xml" "Mozilla/5.0 AppleWebKit/537.36 (KHTML, like Gecko; compatible; GPTBot/1.4; +https://openai.com/gptbot)"
45.56.79.53 - - [12/Jul/2026:09:33:57 +0200] "GET / HTTP/1.1" 200 1848 "-" "Mozilla/5.0 zgrab/0.x"
45.79.8.221 - - [12/Jul/2026:09:33:59 +0200] "GET / HTTP/1.1" 400 280 "-" "Mozilla/5.0 zgrab/0.x"
104.22.56.107 - - [12/Jul/2026:09:34:03 +0200] "GET /outlet/282028469 HTTP/1.1" 404 243 "https://alg24info.com/?sitemap448.xml" "Mozilla/5.0 AppleWebKit/537.36 (KHTML, like Gecko; compatible; GPTBot/1.4; +https://openai.com/gptbot)"
104.22.56.107 - - [12/Jul/2026:09:34:36 +0200] "GET /outlet/081003026 HTTP/1.1" 404 243 "https://alg24info.com/?sitemap600.xml" "Mozilla/5.0 AppleWebKit/537.36 (KHTML, like Gecko; compatible; GPTBot/1.4; +https://openai.com/gptbot)"
172.236.228.39 - - [12/Jul/2026:09:34:39 +0200] "GET / HTTP/1.1" 200 1848 "-" "Mozilla/5.0 (Macintosh; Intel Mac OS X 13_1) AppleWebKit/537.36 (KHTML, like Gecko) Chrome/108.0.0.0 Safari/537.36"
104.22.56.107 - - [12/Jul/2026:09:35:11 +0200] "GET /outlet/295028372 HTTP/1.1" 404 243 "https://alg24info.com/?sitemap741.xml" "Mozilla/5.0 AppleWebKit/537.36 (KHTML, like Gecko; compatible; GPTBot/1.4; +https://openai.com/gptbot)"
172.236.254.181 - - [12/Jul/2026:09:35:18 +0200] "GET / HTTP/1.1" 200 1848 "-" "Mozilla/5.0 (Macintosh; Intel Mac OS X 13_1) AppleWebKit/537.36 (KHTML, like Gecko) Chrome/108.0.0.0 Safari/537.36"
172.71.82.124 - - [12/Jul/2026:09:35:40 +0200] "GET / HTTP/1.1" 500 0 "-" "Mozilla/5.0 (Linux; Android 11; Nokia G50) AppleWebKit/537.36 (KHTML, like Gecko) Chrome/123.0.6312.61 Mobile Safari/537.36"
172.71.81.30 - - [12/Jul/2026:09:35:41 +0200] "GET / HTTP/1.1" 500 0 "-" "Mozilla/5.0 (Macintosh; Intel Mac OS X 10_15_7) AppleWebKit/537.36 (KHTML, like Gecko) Chrome/120.0.0.0 Safari/537.36"
104.22.56.107 - - [12/Jul/2026:09:35:44 +0200] "GET /outlet/176010415 HTTP/1.1" 404 243 "https://alg24info.com/?sitemap741.xml" "Mozilla/5.0 AppleWebKit/537.36 (KHTML, like Gecko; compatible; GPTBot/1.4; +https://openai.com/gptbot)"
104.22.56.107 - - [12/Jul/2026:09:36:17 +0200] "GET /outlet/247002500 HTTP/1.1" 404 243 "https://alg24info.com/?sitemap741.xml" "Mozilla/5.0 AppleWebKit/537.36 (KHTML, like Gecko; compatible; GPTBot/1.4; +https://openai.com/gptbot)"
207.90.244.14 - - [12/Jul/2026:09:36:19 +0200] "GET / HTTP/1.1" 200 4963 "-" "Mozilla/5.0 (Windows NT 6.1) AppleWebKit/537.36 (KHTML, like Gecko) Chrome/41.0.2228.0 Safari/537.36"
207.90.244.14 - - [12/Jul/2026:09:36:20 +0200] "GET /robots.txt HTTP/1.1" 404 275 "-" "-"
207.90.244.14 - - [12/Jul/2026:09:36:21 +0200] "GET /sitemap.xml HTTP/1.1" 404 275 "-" "-"
207.90.244.14 - - [12/Jul/2026:09:36:22 +0200] "GET /.well-known/security.txt HTTP/1.1" 404 275 "-" "-"
104.22.56.107 - - [12/Jul/2026:09:36:51 +0200] "GET /outlet/015023104 HTTP/1.1" 404 243 "https://alg24info.com/?sitemap448.xml" "Mozilla/5.0 AppleWebKit/537.36 (KHTML, like Gecko; compatible; GPTBot/1.4; +https://openai.com/gptbot)"
104.22.56.107 - - [12/Jul/2026:09:37:25 +0200] "GET /outlet/225044036 HTTP/1.1" 404 243 "https://alg24info.com/?sitemap344.xml" "Mozilla/5.0 AppleWebKit/537.36 (KHTML, like Gecko; compatible; GPTBot/1.4; +https://openai.com/gptbot)"
104.22.56.107 - - [12/Jul/2026:09:38:00 +0200] "GET /outlet/171005374 HTTP/1.1" 404 243 "https://alg24info.com/?sitemap344.xml" "Mozilla/5.0 AppleWebKit/537.36 (KHTML, like Gecko; compatible; GPTBot/1.4; +https://openai.com/gptbot)"
104.22.56.107 - - [12/Jul/2026:09:38:34 +0200] "GET /outlet/287042930 HTTP/1.1" 404 243 "https://alg24info.com/?sitemap448.xml" "Mozilla/5.0 AppleWebKit/537.36 (KHTML, like Gecko; compatible; GPTBot/1.4; +https://openai.com/gptbot)"
104.22.56.107 - - [12/Jul/2026:09:39:08 +0200] "GET /outlet/010025683 HTTP/1.1" 404 243 "https://alg24info.com/?sitemap344.xml" "Mozilla/5.0 AppleWebKit/537.36 (KHTML, like Gecko; compatible; GPTBot/1.4; +https://openai.com/gptbot)"
