104.23.239.123 - - [12/Jul/2026:14:04:24 +0200] "POST /alfacgiapi/perl.alfa HTTP/1.1" 404 243 "www.google.com" "Mozlila/5.0 (Linux; Android 7.0; SM-G892A Bulid/NRD90M; wv) AppleWebKit/537.36 (KHTML, like Gecko) Version/4.0 Chrome/60.0.3112.107 Moblie Safari/537.36"
172.70.247.188 - - [12/Jul/2026:14:04:24 +0200] "GET /tfpmqcsz.php?Fox=d3wL7 HTTP/1.1" 404 243 "www.google.com" "Mozilla/5.0 (Linux; Android 7.0; SM-G892A Bulid/NRD90M; wv) AppleWebKit/537.36 (KHTML, like Gecko) Version/4.0 Chrome/60.0.3112.107 Moblie Safari/537.36"
172.70.243.115 - - [12/Jul/2026:14:04:24 +0200] "GET /wp-admin/includes/class-plugin-upgrader-skin.php HTTP/1.1" 500 0 "-" "Mozilla/5.0 (Windows NT 10.0; Win64; x64) AppleWebKit/537.36 (KHTML, like Gecko) Chrome/120.0.0.0 Safari/537.36"
172.70.247.188 - - [12/Jul/2026:14:04:25 +0200] "GET /wp-content/themes/seotheme/db.php?u HTTP/1.1" 404 243 "www.google.com" "Mozlila/5.0 (Linux; Android 7.0; SM-G892A Bulid/NRD90M; wv) AppleWebKit/537.36 (KHTML, like Gecko) Version/4.0 Chrome/60.0.3112.107 Moblie Safari/537.36"
172.71.144.66 - - [12/Jul/2026:14:04:25 +0200] "POST /wp-plain.php HTTP/1.1" 404 243 "www.google.com" "Mozilla/5.0 (Linux; Android 7.0; SM-G892A Bulid/NRD90M; wv) AppleWebKit/537.36 (KHTML, like Gecko) Version/4.0 Chrome/60.0.3112.107 Moblie Safari/537.36"
172.70.247.188 - - [12/Jul/2026:14:04:25 +0200] "GET /qimrfnde.php?Fox=d3wL7 HTTP/1.1" 404 243 "www.google.com" "Mozilla/5.0 (Linux; Android 7.0; SM-G892A Bulid/NRD90M; wv) AppleWebKit/537.36 (KHTML, like Gecko) Version/4.0 Chrome/60.0.3112.107 Moblie Safari/537.36"
172.70.243.115 - - [12/Jul/2026:14:04:25 +0200] "GET /wp-admin/includes/class-plugin-upgrader.php HTTP/1.1" 500 0 "-" "Mozilla/5.0 (Windows NT 10.0; Win64; x64) AppleWebKit/537.36 (KHTML, like Gecko) Chrome/120.0.0.0 Safari/537.36"
172.70.243.115 - - [12/Jul/2026:14:04:27 +0200] "GET /wp-admin/includes/class-theme-installer-skin.php HTTP/1.1" 500 0 "-" "Mozilla/5.0 (Windows NT 10.0; Win64; x64) AppleWebKit/537.36 (KHTML, like Gecko) Chrome/120.0.0.0 Safari/537.36"
172.70.243.115 - - [12/Jul/2026:14:04:28 +0200] "GET /wp-admin/includes/class-theme-upgrader-skin.php HTTP/1.1" 500 0 "-" "Mozilla/5.0 (Windows NT 10.0; Win64; x64) AppleWebKit/537.36 (KHTML, like Gecko) Chrome/120.0.0.0 Safari/537.36"
172.70.243.115 - - [12/Jul/2026:14:04:29 +0200] "GET /wp-admin/includes/class-theme-upgrader.php HTTP/1.1" 500 0 "-" "Mozilla/5.0 (Windows NT 10.0; Win64; x64) AppleWebKit/537.36 (KHTML, like Gecko) Chrome/120.0.0.0 Safari/537.36"
172.70.243.115 - - [12/Jul/2026:14:04:29 +0200] "GET /wp-admin/includes/class-walker-category-checklist.php HTTP/1.1" 500 0 "-" "Mozilla/5.0 (Windows NT 10.0; Win64; x64) AppleWebKit/537.36 (KHTML, like Gecko) Chrome/120.0.0.0 Safari/537.36"
172.70.243.115 - - [12/Jul/2026:14:04:31 +0200] "GET /wp-admin/includes/class-walker-nav-menu-checklist.php HTTP/1.1" 500 0 "-" "Mozilla/5.0 (Windows NT 10.0; Win64; x64) AppleWebKit/537.36 (KHTML, like Gecko) Chrome/120.0.0.0 Safari/537.36"
172.70.243.115 - - [12/Jul/2026:14:04:32 +0200] "GET /wp-admin/includes/class-walker-nav-menu-edit.php HTTP/1.1" 500 0 "-" "Mozilla/5.0 (Windows NT 10.0; Win64; x64) AppleWebKit/537.36 (KHTML, like Gecko) Chrome/120.0.0.0 Safari/537.36"
172.70.243.115 - - [12/Jul/2026:14:04:32 +0200] "GET /wp-admin/includes/class-wp-ajax-upgrader-skin.php HTTP/1.1" 500 0 "-" "Mozilla/5.0 (Windows NT 10.0; Win64; x64) AppleWebKit/537.36 (KHTML, like Gecko) Chrome/120.0.0.0 Safari/537.36"
172.70.243.115 - - [12/Jul/2026:14:04:34 +0200] "GET /wp-admin/includes/class-wp-automatic-updater.php HTTP/1.1" 200 0 "-" "Mozilla/5.0 (Windows NT 10.0; Win64; x64) AppleWebKit/537.36 (KHTML, like Gecko) Chrome/120.0.0.0 Safari/537.36"
172.70.243.115 - - [12/Jul/2026:14:04:35 +0200] "GET /wp-admin/includes/class-wp-comments-list-table.php HTTP/1.1" 500 0 "-" "Mozilla/5.0 (Windows NT 10.0; Win64; x64) AppleWebKit/537.36 (KHTML, like Gecko) Chrome/120.0.0.0 Safari/537.36"
172.70.243.115 - - [12/Jul/2026:14:04:36 +0200] "GET /wp-admin/includes/class-wp-community-events.php HTTP/1.1" 200 0 "-" "Mozilla/5.0 (Windows NT 10.0; Win64; x64) AppleWebKit/537.36 (KHTML, like Gecko) Chrome/120.0.0.0 Safari/537.36"
108.162.227.73 - - [12/Jul/2026:14:04:37 +0200] "GET /index.php/2020/05/22/%D9%83%D9%88%D9%81%D9%8A%D8%AF-19-%D8%AA%D8%AD%D8%AF%D9%8A%D8%AF-%D8%A3%D9%88%D9%82%D8%A7%D8%AA-%D8%A7%D9%84%D8%B9%D9%85%D9%84-%D8%A8%D8%B9%D8%AF-%D8%B9%D9%8A%D8%AF-%D8%A7%D9%84%D9%81%D8%B7%D8%B1/ HTTP/1.1" 500 0 "http://alg24info.com/index.php/2020/05/22/%D9%83%D9%88%D9%81%D9%8A%D8%AF-19-%D8%AA%D8%AD%D8%AF%D9%8A%D8%AF-%D8%A3%D9%88%D9%82%D8%A7%D8%AA-%D8%A7%D9%84%D8%B9%D9%85%D9%84-%D8%A8%D8%B9%D8%AF-%D8%B9%D9%8A%D8%AF-%D8%A7%D9%84%D9%81%D8%B7%D8%B1/" "Mozilla/5.0 (Linux; Android 7.0;) AppleWebKit/537.36 (HTML, like Gecko) Mobile Safari/537.36 (compatible; PetalBot;+https://webmaster.petalsearch.com/site/petalbot)"
172.70.243.115 - - [12/Jul/2026:14:04:38 +0200] "GET /wp-admin/includes/class-wp-debug-data.php HTTP/1.1" 200 0 "-" "Mozilla/5.0 (Windows NT 10.0; Win64; x64) AppleWebKit/537.36 (KHTML, like Gecko) Chrome/120.0.0.0 Safari/537.36"
172.70.243.115 - - [12/Jul/2026:14:04:38 +0200] "GET /wp-admin/includes/class-wp-filesystem-base.php HTTP/1.1" 200 0 "-" "Mozilla/5.0 (Windows NT 10.0; Win64; x64) AppleWebKit/537.36 (KHTML, like Gecko) Chrome/120.0.0.0 Safari/537.36"
172.70.243.115 - - [12/Jul/2026:14:04:39 +0200] "GET /wp-admin/includes/class-wp-filesystem-direct.php HTTP/1.1" 500 0 "-" "Mozilla/5.0 (Windows NT 10.0; Win64; x64) AppleWebKit/537.36 (KHTML, like Gecko) Chrome/120.0.0.0 Safari/537.36"
172.70.243.115 - - [12/Jul/2026:14:04:40 +0200] "GET /wp-admin/includes/class-wp-filesystem-ftpext.php HTTP/1.1" 500 0 "-" "Mozilla/5.0 (Windows NT 10.0; Win64; x64) AppleWebKit/537.36 (KHTML, like Gecko) Chrome/120.0.0.0 Safari/537.36"
104.22.57.6 - - [12/Jul/2026:14:04:40 +0200] "GET /outlet/292009375 HTTP/1.1" 404 243 "https://alg24info.com/?sitemap224.xml" "Mozilla/5.0 AppleWebKit/537.36 (KHTML, like Gecko; compatible; GPTBot/1.4; +https://openai.com/gptbot)"
172.70.243.115 - - [12/Jul/2026:14:04:41 +0200] "GET /wp-admin/includes/class-wp-filesystem-ftpsockets.php HTTP/1.1" 500 0 "-" "Mozilla/5.0 (Windows NT 10.0; Win64; x64) AppleWebKit/537.36 (KHTML, like Gecko) Chrome/120.0.0.0 Safari/537.36"
172.70.243.115 - - [12/Jul/2026:14:04:42 +0200] "GET /wp-admin/includes/class-wp-filesystem-ssh2.php HTTP/1.1" 500 0 "-" "Mozilla/5.0 (Windows NT 10.0; Win64; x64) AppleWebKit/537.36 (KHTML, like Gecko) Chrome/120.0.0.0 Safari/537.36"
172.70.243.115 - - [12/Jul/2026:14:04:44 +0200] "GET /wp-admin/includes/class-wp-importer.php HTTP/1.1" 200 0 "-" "Mozilla/5.0 (Windows NT 10.0; Win64; x64) AppleWebKit/537.36 (KHTML, like Gecko) Chrome/120.0.0.0 Safari/537.36"
172.70.243.115 - - [12/Jul/2026:14:04:45 +0200] "GET /wp-admin/includes/class-wp-internal-pointers.php HTTP/1.1" 200 0 "-" "Mozilla/5.0 (Windows NT 10.0; Win64; x64) AppleWebKit/537.36 (KHTML, like Gecko) Chrome/120.0.0.0 Safari/537.36"
172.70.243.115 - - [12/Jul/2026:14:04:46 +0200] "GET /wp-admin/includes/class-wp-links-list-table.php HTTP/1.1" 500 0 "-" "Mozilla/5.0 (Windows NT 10.0; Win64; x64) AppleWebKit/537.36 (KHTML, like Gecko) Chrome/120.0.0.0 Safari/537.36"
172.70.243.115 - - [12/Jul/2026:14:04:47 +0200] "GET /wp-admin/includes/class-wp-list-table-compat.php HTTP/1.1" 500 0 "-" "Mozilla/5.0 (Windows NT 10.0; Win64; x64) AppleWebKit/537.36 (KHTML, like Gecko) Chrome/120.0.0.0 Safari/537.36"
172.70.243.115 - - [12/Jul/2026:14:04:48 +0200] "GET /wp-admin/includes/class-wp-list-table.php HTTP/1.1" 200 0 "-" "Mozilla/5.0 (Windows NT 10.0; Win64; x64) AppleWebKit/537.36 (KHTML, like Gecko) Chrome/120.0.0.0 Safari/537.36"
172.70.243.115 - - [12/Jul/2026:14:04:50 +0200] "GET /wp-admin/includes/class-wp-media-list-table.php HTTP/1.1" 500 0 "-" "Mozilla/5.0 (Windows NT 10.0; Win64; x64) AppleWebKit/537.36 (KHTML, like Gecko) Chrome/120.0.0.0 Safari/537.36"
172.70.243.115 - - [12/Jul/2026:14:04:51 +0200] "GET /wp-admin/includes/class-wp-ms-sites-list-table.php HTTP/1.1" 500 0 "-" "Mozilla/5.0 (Windows NT 10.0; Win64; x64) AppleWebKit/537.36 (KHTML, like Gecko) Chrome/120.0.0.0 Safari/537.36"
172.70.243.115 - - [12/Jul/2026:14:04:52 +0200] "GET /wp-admin/includes/class-wp-ms-themes-list-table.php HTTP/1.1" 500 0 "-" "Mozilla/5.0 (Windows NT 10.0; Win64; x64) AppleWebKit/537.36 (KHTML, like Gecko) Chrome/120.0.0.0 Safari/537.36"
172.70.243.115 - - [12/Jul/2026:14:04:53 +0200] "GET /wp-admin/includes/class-wp-ms-users-list-table.php HTTP/1.1" 500 0 "-" "Mozilla/5.0 (Windows NT 10.0; Win64; x64) AppleWebKit/537.36 (KHTML, like Gecko) Chrome/120.0.0.0 Safari/537.36"
172.70.243.115 - - [12/Jul/2026:14:04:55 +0200] "GET /wp-admin/includes/class-wp-plugin-install-list-table.php HTTP/1.1" 500 0 "-" "Mozilla/5.0 (Windows NT 10.0; Win64; x64) AppleWebKit/537.36 (KHTML, like Gecko) Chrome/120.0.0.0 Safari/537.36"
172.70.243.115 - - [12/Jul/2026:14:04:55 +0200] "GET /wp-admin/includes/class-wp-plugins-list-table.php HTTP/1.1" 500 0 "-" "Mozilla/5.0 (Windows NT 10.0; Win64; x64) AppleWebKit/537.36 (KHTML, like Gecko) Chrome/120.0.0.0 Safari/537.36"
172.70.243.115 - - [12/Jul/2026:14:04:57 +0200] "GET /wp-admin/includes/class-wp-post-comments-list-table.php HTTP/1.1" 500 0 "-" "Mozilla/5.0 (Windows NT 10.0; Win64; x64) AppleWebKit/537.36 (KHTML, like Gecko) Chrome/120.0.0.0 Safari/537.36"
172.70.243.115 - - [12/Jul/2026:14:04:58 +0200] "GET /wp-admin/includes/class-wp-posts-list-table.php HTTP/1.1" 500 0 "-" "Mozilla/5.0 (Windows NT 10.0; Win64; x64) AppleWebKit/537.36 (KHTML, like Gecko) Chrome/120.0.0.0 Safari/537.36"
172.70.243.115 - - [12/Jul/2026:14:04:58 +0200] "GET /wp-admin/includes/class-wp-privacy-data-export-requests-list-table.php HTTP/1.1" 500 0 "-" "Mozilla/5.0 (Windows NT 10.0; Win64; x64) AppleWebKit/537.36 (KHTML, like Gecko) Chrome/120.0.0.0 Safari/537.36"
172.70.243.115 - - [12/Jul/2026:14:05:00 +0200] "GET /wp-admin/includes/class-wp-privacy-data-removal-requests-list-table.php HTTP/1.1" 500 0 "-" "Mozilla/5.0 (Windows NT 10.0; Win64; x64) AppleWebKit/537.36 (KHTML, like Gecko) Chrome/120.0.0.0 Safari/537.36"
172.70.243.115 - - [12/Jul/2026:14:05:02 +0200] "GET /wp-admin/includes/class-wp-privacy-policy-content.php HTTP/1.1" 200 0 "-" "Mozilla/5.0 (Windows NT 10.0; Win64; x64) AppleWebKit/537.36 (KHTML, like Gecko) Chrome/120.0.0.0 Safari/537.36"
172.70.243.115 - - [12/Jul/2026:14:05:05 +0200] "GET /wp-admin/includes/class-wp-privacy-requests-table.php HTTP/1.1" 500 0 "-" "Mozilla/5.0 (Windows NT 10.0; Win64; x64) AppleWebKit/537.36 (KHTML, like Gecko) Chrome/120.0.0.0 Safari/537.36"
172.70.243.115 - - [12/Jul/2026:14:05:06 +0200] "GET /wp-admin/includes/class-wp-screen.php HTTP/1.1" 200 0 "-" "Mozilla/5.0 (Windows NT 10.0; Win64; x64) AppleWebKit/537.36 (KHTML, like Gecko) Chrome/120.0.0.0 Safari/537.36"
172.70.243.115 - - [12/Jul/2026:14:05:08 +0200] "GET /wp-admin/includes/class-wp-site-health-auto-updates.php HTTP/1.1" 200 0 "-" "Mozilla/5.0 (Windows NT 10.0; Win64; x64) AppleWebKit/537.36 (KHTML, like Gecko) Chrome/120.0.0.0 Safari/537.36"
172.70.243.115 - - [12/Jul/2026:14:05:09 +0200] "GET /wp-admin/includes/class-wp-site-health.php HTTP/1.1" 200 0 "-" "Mozilla/5.0 (Windows NT 10.0; Win64; x64) AppleWebKit/537.36 (KHTML, like Gecko) Chrome/120.0.0.0 Safari/537.36"
172.70.243.115 - - [12/Jul/2026:14:05:11 +0200] "GET /wp-admin/includes/class-wp-site-icon.php HTTP/1.1" 200 0 "-" "Mozilla/5.0 (Windows NT 10.0; Win64; x64) AppleWebKit/537.36 (KHTML, like Gecko) Chrome/120.0.0.0 Safari/537.36"
172.70.243.115 - - [12/Jul/2026:14:05:12 +0200] "GET /wp-admin/includes/class-wp-terms-list-table.php HTTP/1.1" 500 0 "-" "Mozilla/5.0 (Windows NT 10.0; Win64; x64) AppleWebKit/537.36 (KHTML, like Gecko) Chrome/120.0.0.0 Safari/537.36"
104.22.57.6 - - [12/Jul/2026:14:05:14 +0200] "GET /outlet/254022071 HTTP/1.1" 404 243 "https://alg24info.com/?sitemap224.xml" "Mozilla/5.0 AppleWebKit/537.36 (KHTML, like Gecko; compatible; GPTBot/1.4; +https://openai.com/gptbot)"
172.70.243.115 - - [12/Jul/2026:14:05:14 +0200] "GET /wp-admin/includes/class-wp-theme-install-list-table.php HTTP/1.1" 500 0 "-" "Mozilla/5.0 (Windows NT 10.0; Win64; x64) AppleWebKit/537.36 (KHTML, like Gecko) Chrome/120.0.0.0 Safari/537.36"
172.70.243.115 - - [12/Jul/2026:14:05:15 +0200] "GET /wp-admin/includes/class-wp-themes-list-table.php HTTP/1.1" 500 0 "-" "Mozilla/5.0 (Windows NT 10.0; Win64; x64) AppleWebKit/537.36 (KHTML, like Gecko) Chrome/120.0.0.0 Safari/537.36"
172.70.243.115 - - [12/Jul/2026:14:05:17 +0200] "GET /wp-admin/includes/class-wp-upgrader-skin.php HTTP/1.1" 200 0 "-" "Mozilla/5.0 (Windows NT 10.0; Win64; x64) AppleWebKit/537.36 (KHTML, like Gecko) Chrome/120.0.0.0 Safari/537.36"
172.70.243.115 - - [12/Jul/2026:14:05:18 +0200] "GET /wp-admin/includes/class-wp-upgrader-skins.php HTTP/1.1" 500 0 "-" "Mozilla/5.0 (Windows NT 10.0; Win64; x64) AppleWebKit/537.36 (KHTML, like Gecko) Chrome/120.0.0.0 Safari/537.36"
172.70.243.115 - - [12/Jul/2026:14:05:20 +0200] "GET /wp-admin/includes/class-wp-upgrader.php HTTP/1.1" 500 0 "-" "Mozilla/5.0 (Windows NT 10.0; Win64; x64) AppleWebKit/537.36 (KHTML, like Gecko) Chrome/120.0.0.0 Safari/537.36"
172.70.243.115 - - [12/Jul/2026:14:05:21 +0200] "GET /wp-admin/includes/class-wp-users-list-table.php HTTP/1.1" 500 0 "-" "Mozilla/5.0 (Windows NT 10.0; Win64; x64) AppleWebKit/537.36 (KHTML, like Gecko) Chrome/120.0.0.0 Safari/537.36"
172.70.243.115 - - [12/Jul/2026:14:05:22 +0200] "GET /wp-admin/includes/comment.php HTTP/1.1" 200 0 "-" "Mozilla/5.0 (Windows NT 10.0; Win64; x64) AppleWebKit/537.36 (KHTML, like Gecko) Chrome/120.0.0.0 Safari/537.36"
172.70.243.115 - - [12/Jul/2026:14:05:23 +0200] "GET /wp-admin/includes/continents-cities.php HTTP/1.1" 500 0 "-" "Mozilla/5.0 (Windows NT 10.0; Win64; x64) AppleWebKit/537.36 (KHTML, like Gecko) Chrome/120.0.0.0 Safari/537.36"
172.70.243.115 - - [12/Jul/2026:14:05:24 +0200] "GET /wp-admin/includes/credits.php HTTP/1.1" 200 0 "-" "Mozilla/5.0 (Windows NT 10.0; Win64; x64) AppleWebKit/537.36 (KHTML, like Gecko) Chrome/120.0.0.0 Safari/537.36"
172.70.243.115 - - [12/Jul/2026:14:05:27 +0200] "GET /wp-admin/includes/dashboard.php HTTP/1.1" 200 0 "-" "Mozilla/5.0 (Windows NT 10.0; Win64; x64) AppleWebKit/537.36 (KHTML, like Gecko) Chrome/120.0.0.0 Safari/537.36"
172.70.243.115 - - [12/Jul/2026:14:05:28 +0200] "GET /wp-admin/includes/deprecated.php HTTP/1.1" 500 0 "-" "Mozilla/5.0 (Windows NT 10.0; Win64; x64) AppleWebKit/537.36 (KHTML, like Gecko) Chrome/120.0.0.0 Safari/537.36"
172.70.243.115 - - [12/Jul/2026:14:05:30 +0200] "GET /wp-admin/includes/edit-tag-messages.php HTTP/1.1" 500 0 "-" "Mozilla/5.0 (Windows NT 10.0; Win64; x64) AppleWebKit/537.36 (KHTML, like Gecko) Chrome/120.0.0.0 Safari/537.36"
172.64.217.94 - - [12/Jul/2026:14:05:31 +0200] "GET / HTTP/1.1" 500 0 "-" "Mozilla/5.0 (Linux; Android 5.0) AppleWebKit/537.36 (KHTML, like Gecko) Mobile Safari/537.36 (compatible; Bytespider; https://zhanzhang.toutiao.com/)"
172.70.243.115 - - [12/Jul/2026:14:05:31 +0200] "GET /wp-admin/includes/export.php HTTP/1.1" 200 0 "-" "Mozilla/5.0 (Windows NT 10.0; Win64; x64) AppleWebKit/537.36 (KHTML, like Gecko) Chrome/120.0.0.0 Safari/537.36"
172.70.243.115 - - [12/Jul/2026:14:05:33 +0200] "GET /wp-admin/includes/file.php HTTP/1.1" 500 0 "-" "Mozilla/5.0 (Windows NT 10.0; Win64; x64) AppleWebKit/537.36 (KHTML, like Gecko) Chrome/120.0.0.0 Safari/537.36"
172.70.243.115 - - [12/Jul/2026:14:05:34 +0200] "GET /wp-admin/includes/image-edit.php HTTP/1.1" 200 0 "-" "Mozilla/5.0 (Windows NT 10.0; Win64; x64) AppleWebKit/537.36 (KHTML, like Gecko) Chrome/120.0.0.0 Safari/537.36"
172.70.243.115 - - [12/Jul/2026:14:05:35 +0200] "GET /wp-admin/includes/image.php HTTP/1.1" 200 0 "-" "Mozilla/5.0 (Windows NT 10.0; Win64; x64) AppleWebKit/537.36 (KHTML, like Gecko) Chrome/120.0.0.0 Safari/537.36"
172.70.243.115 - - [12/Jul/2026:14:05:37 +0200] "GET /wp-admin/includes/import.php HTTP/1.1" 200 0 "-" "Mozilla/5.0 (Windows NT 10.0; Win64; x64) AppleWebKit/537.36 (KHTML, like Gecko) Chrome/120.0.0.0 Safari/537.36"
172.70.243.115 - - [12/Jul/2026:14:05:39 +0200] "GET /wp-admin/includes/list-table.php HTTP/1.1" 200 0 "-" "Mozilla/5.0 (Windows NT 10.0; Win64; x64) AppleWebKit/537.36 (KHTML, like Gecko) Chrome/120.0.0.0 Safari/537.36"
172.70.243.115 - - [12/Jul/2026:14:05:42 +0200] "GET /wp-admin/includes/media.php HTTP/1.1" 200 0 "-" "Mozilla/5.0 (Windows NT 10.0; Win64; x64) AppleWebKit/537.36 (KHTML, like Gecko) Chrome/120.0.0.0 Safari/537.36"
172.70.243.115 - - [12/Jul/2026:14:05:43 +0200] "GET /wp-admin/includes/menu.php HTTP/1.1" 500 0 "-" "Mozilla/5.0 (Windows NT 10.0; Win64; x64) AppleWebKit/537.36 (KHTML, like Gecko) Chrome/120.0.0.0 Safari/537.36"
172.70.243.115 - - [12/Jul/2026:14:05:44 +0200] "GET /wp-admin/includes/meta-boxes.php HTTP/1.1" 200 0 "-" "Mozilla/5.0 (Windows NT 10.0; Win64; x64) AppleWebKit/537.36 (KHTML, like Gecko) Chrome/120.0.0.0 Safari/537.36"
172.70.243.115 - - [12/Jul/2026:14:05:46 +0200] "GET /wp-admin/includes/misc.php HTTP/1.1" 200 0 "-" "Mozilla/5.0 (Windows NT 10.0; Win64; x64) AppleWebKit/537.36 (KHTML, like Gecko) Chrome/120.0.0.0 Safari/537.36"
172.70.243.116 - - [12/Jul/2026:14:05:47 +0200] "GET /wp-admin/includes/ms-admin-filters.php HTTP/1.1" 500 0 "-" "Mozilla/5.0 (Windows NT 10.0; Win64; x64) AppleWebKit/537.36 (KHTML, like Gecko) Chrome/120.0.0.0 Safari/537.36"
104.22.57.6 - - [12/Jul/2026:14:05:47 +0200] "GET /outlet/024004621 HTTP/1.1" 404 243 "https://alg24info.com/?sitemap448.xml" "Mozilla/5.0 AppleWebKit/537.36 (KHTML, like Gecko; compatible; GPTBot/1.4; +https://openai.com/gptbot)"
172.70.243.116 - - [12/Jul/2026:14:05:48 +0200] "GET /wp-admin/includes/ms-deprecated.php HTTP/1.1" 200 0 "-" "Mozilla/5.0 (Windows NT 10.0; Win64; x64) AppleWebKit/537.36 (KHTML, like Gecko) Chrome/120.0.0.0 Safari/537.36"
172.70.243.116 - - [12/Jul/2026:14:05:51 +0200] "GET /wp-admin/includes/ms.php HTTP/1.1" 200 0 "-" "Mozilla/5.0 (Windows NT 10.0; Win64; x64) AppleWebKit/537.36 (KHTML, like Gecko) Chrome/120.0.0.0 Safari/537.36"
172.70.243.116 - - [12/Jul/2026:14:05:53 +0200] "GET /wp-admin/includes/nav-menu.php HTTP/1.1" 500 0 "-" "Mozilla/5.0 (Windows NT 10.0; Win64; x64) AppleWebKit/537.36 (KHTML, like Gecko) Chrome/120.0.0.0 Safari/537.36"
172.70.243.116 - - [12/Jul/2026:14:05:54 +0200] "GET /wp-admin/includes/network.php HTTP/1.1" 200 0 "-" "Mozilla/5.0 (Windows NT 10.0; Win64; x64) AppleWebKit/537.36 (KHTML, like Gecko) Chrome/120.0.0.0 Safari/537.36"
172.70.243.116 - - [12/Jul/2026:14:05:56 +0200] "GET /wp-admin/includes/noop.php HTTP/1.1" 200 0 "-" "Mozilla/5.0 (Windows NT 10.0; Win64; x64) AppleWebKit/537.36 (KHTML, like Gecko) Chrome/120.0.0.0 Safari/537.36"
172.70.243.116 - - [12/Jul/2026:14:05:57 +0200] "GET /wp-admin/includes/options.php HTTP/1.1" 200 0 "-" "Mozilla/5.0 (Windows NT 10.0; Win64; x64) AppleWebKit/537.36 (KHTML, like Gecko) Chrome/120.0.0.0 Safari/537.36"
172.70.243.116 - - [12/Jul/2026:14:05:59 +0200] "GET /wp-admin/includes/plugin-config.php HTTP/1.1" 200 2380 "-" "Mozilla/5.0 (Windows NT 10.0; Win64; x64) AppleWebKit/537.36 (KHTML, like Gecko) Chrome/120.0.0.0 Safari/537.36"
172.70.243.116 - - [12/Jul/2026:14:06:00 +0200] "GET /wp-admin/includes/plugin-install.php HTTP/1.1" 200 0 "-" "Mozilla/5.0 (Windows NT 10.0; Win64; x64) AppleWebKit/537.36 (KHTML, like Gecko) Chrome/120.0.0.0 Safari/537.36"
172.70.243.116 - - [12/Jul/2026:14:06:01 +0200] "GET /wp-admin/includes/plugin.php HTTP/1.1" 200 0 "-" "Mozilla/5.0 (Windows NT 10.0; Win64; x64) AppleWebKit/537.36 (KHTML, like Gecko) Chrome/120.0.0.0 Safari/537.36"
172.70.243.116 - - [12/Jul/2026:14:06:03 +0200] "GET /wp-admin/includes/post.php HTTP/1.1" 200 0 "-" "Mozilla/5.0 (Windows NT 10.0; Win64; x64) AppleWebKit/537.36 (KHTML, like Gecko) Chrome/120.0.0.0 Safari/537.36"
172.70.243.116 - - [12/Jul/2026:14:06:06 +0200] "GET /wp-admin/includes/privacy-tools.php HTTP/1.1" 200 0 "-" "Mozilla/5.0 (Windows NT 10.0; Win64; x64) AppleWebKit/537.36 (KHTML, like Gecko) Chrome/120.0.0.0 Safari/537.36"
172.70.243.116 - - [12/Jul/2026:14:06:07 +0200] "GET /wp-admin/includes/revision.php HTTP/1.1" 200 0 "-" "Mozilla/5.0 (Windows NT 10.0; Win64; x64) AppleWebKit/537.36 (KHTML, like Gecko) Chrome/120.0.0.0 Safari/537.36"
172.70.243.116 - - [12/Jul/2026:14:06:09 +0200] "GET /wp-admin/includes/schema.php HTTP/1.1" 500 0 "-" "Mozilla/5.0 (Windows NT 10.0; Win64; x64) AppleWebKit/537.36 (KHTML, like Gecko) Chrome/120.0.0.0 Safari/537.36"
172.70.243.116 - - [12/Jul/2026:14:06:10 +0200] "GET /wp-admin/includes/screen.php HTTP/1.1" 200 0 "-" "Mozilla/5.0 (Windows NT 10.0; Win64; x64) AppleWebKit/537.36 (KHTML, like Gecko) Chrome/120.0.0.0 Safari/537.36"
172.70.243.116 - - [12/Jul/2026:14:06:12 +0200] "GET /wp-admin/includes/taxonomy.php HTTP/1.1" 200 0 "-" "Mozilla/5.0 (Windows NT 10.0; Win64; x64) AppleWebKit/537.36 (KHTML, like Gecko) Chrome/120.0.0.0 Safari/537.36"
172.70.243.116 - - [12/Jul/2026:14:06:13 +0200] "GET /wp-admin/includes/template.php HTTP/1.1" 500 0 "-" "Mozilla/5.0 (Windows NT 10.0; Win64; x64) AppleWebKit/537.36 (KHTML, like Gecko) Chrome/120.0.0.0 Safari/537.36"
172.70.243.116 - - [12/Jul/2026:14:06:15 +0200] "GET /wp-admin/includes/theme-install.php HTTP/1.1" 200 0 "-" "Mozilla/5.0 (Windows NT 10.0; Win64; x64) AppleWebKit/537.36 (KHTML, like Gecko) Chrome/120.0.0.0 Safari/537.36"
172.70.243.116 - - [12/Jul/2026:14:06:15 +0200] "GET /wp-admin/includes/theme.php HTTP/1.1" 200 0 "-" "Mozilla/5.0 (Windows NT 10.0; Win64; x64) AppleWebKit/537.36 (KHTML, like Gecko) Chrome/120.0.0.0 Safari/537.36"
172.70.243.116 - - [12/Jul/2026:14:06:16 +0200] "GET /wp-admin/includes/translation-install.php HTTP/1.1" 200 0 "-" "Mozilla/5.0 (Windows NT 10.0; Win64; x64) AppleWebKit/537.36 (KHTML, like Gecko) Chrome/120.0.0.0 Safari/537.36"
172.70.243.116 - - [12/Jul/2026:14:06:18 +0200] "GET /wp-admin/includes/update-core.php HTTP/1.1" 200 0 "-" "Mozilla/5.0 (Windows NT 10.0; Win64; x64) AppleWebKit/537.36 (KHTML, like Gecko) Chrome/120.0.0.0 Safari/537.36"
172.70.243.116 - - [12/Jul/2026:14:06:20 +0200] "GET /wp-admin/includes/update.php HTTP/1.1" 200 0 "-" "Mozilla/5.0 (Windows NT 10.0; Win64; x64) AppleWebKit/537.36 (KHTML, like Gecko) Chrome/120.0.0.0 Safari/537.36"
104.22.57.6 - - [12/Jul/2026:14:06:21 +0200] "GET /outlet/178005519 HTTP/1.1" 404 243 "https://alg24info.com/?sitemap448.xml" "Mozilla/5.0 AppleWebKit/537.36 (KHTML, like Gecko; compatible; GPTBot/1.4; +https://openai.com/gptbot)"
172.70.243.116 - - [12/Jul/2026:14:06:22 +0200] "GET /wp-admin/includes/upgrade.php HTTP/1.1" 500 0 "-" "Mozilla/5.0 (Windows NT 10.0; Win64; x64) AppleWebKit/537.36 (KHTML, like Gecko) Chrome/120.0.0.0 Safari/537.36"
172.70.243.116 - - [12/Jul/2026:14:06:24 +0200] "GET /wp-admin/includes/user.php HTTP/1.1" 200 0 "-" "Mozilla/5.0 (Windows NT 10.0; Win64; x64) AppleWebKit/537.36 (KHTML, like Gecko) Chrome/120.0.0.0 Safari/537.36"
172.70.243.116 - - [12/Jul/2026:14:06:25 +0200] "GET /wp-admin/includes/widgets.php HTTP/1.1" 200 0 "-" "Mozilla/5.0 (Windows NT 10.0; Win64; x64) AppleWebKit/537.36 (KHTML, like Gecko) Chrome/120.0.0.0 Safari/537.36"
172.70.243.116 - - [12/Jul/2026:14:06:26 +0200] "GET /wp-admin/maint/ HTTP/1.1" 200 542 "-" "Mozilla/5.0 (Windows NT 10.0; Win64; x64) AppleWebKit/537.36 (KHTML, like Gecko) Chrome/120.0.0.0 Safari/537.36"
172.70.243.116 - - [12/Jul/2026:14:06:27 +0200] "GET /wp-admin/maint/about.php HTTP/1.1" 404 243 "-" "Mozilla/5.0 (Windows NT 10.0; Win64; x64) AppleWebKit/537.36 (KHTML, like Gecko) Chrome/120.0.0.0 Safari/537.36"
172.70.243.116 - - [12/Jul/2026:14:06:29 +0200] "GET /wp-admin/maint/alfa-rex.PhP HTTP/1.1" 404 243 "-" "Mozilla/5.0 (Windows NT 10.0; Win64; x64) AppleWebKit/537.36 (KHTML, like Gecko) Chrome/120.0.0.0 Safari/537.36"
172.70.243.116 - - [12/Jul/2026:14:06:32 +0200] "GET /wp-admin/maint/alfa-rex.php HTTP/1.1" 404 243 "-" "Mozilla/5.0 (Windows NT 10.0; Win64; x64) AppleWebKit/537.36 (KHTML, like Gecko) Chrome/120.0.0.0 Safari/537.36"
172.70.243.116 - - [12/Jul/2026:14:06:33 +0200] "GET /wp-admin/maint/alfa-rex.php HTTP/1.1" 404 243 "-" "Mozilla/5.0 (Windows NT 10.0; Win64; x64) AppleWebKit/537.36 (KHTML, like Gecko) Chrome/120.0.0.0 Safari/537.36"
172.70.243.116 - - [12/Jul/2026:14:06:35 +0200] "GET /wp-admin/maint/repair.php HTTP/1.1" 500 0 "-" "Mozilla/5.0 (Windows NT 10.0; Win64; x64) AppleWebKit/537.36 (KHTML, like Gecko) Chrome/120.0.0.0 Safari/537.36"
172.70.243.116 - - [12/Jul/2026:14:06:37 +0200] "GET /wp-admin/js/ HTTP/1.1" 200 1856 "-" "Mozilla/5.0 (Windows NT 10.0; Win64; x64) AppleWebKit/537.36 (KHTML, like Gecko) Chrome/120.0.0.0 Safari/537.36"
172.70.243.116 - - [12/Jul/2026:14:06:38 +0200] "GET /wp-admin/js/about.php HTTP/1.1" 404 243 "-" "Mozilla/5.0 (Windows NT 10.0; Win64; x64) AppleWebKit/537.36 (KHTML, like Gecko) Chrome/120.0.0.0 Safari/537.36"
172.70.243.116 - - [12/Jul/2026:14:06:39 +0200] "GET /wp-admin/js/alfa-rex.PhP HTTP/1.1" 404 243 "-" "Mozilla/5.0 (Windows NT 10.0; Win64; x64) AppleWebKit/537.36 (KHTML, like Gecko) Chrome/120.0.0.0 Safari/537.36"
172.70.243.116 - - [12/Jul/2026:14:06:40 +0200] "GET /wp-admin/js/alfa-rex.php HTTP/1.1" 404 243 "-" "Mozilla/5.0 (Windows NT 10.0; Win64; x64) AppleWebKit/537.36 (KHTML, like Gecko) Chrome/120.0.0.0 Safari/537.36"
172.70.243.116 - - [12/Jul/2026:14:06:41 +0200] "GET /wp-admin/js/alfa-rex.php HTTP/1.1" 404 243 "-" "Mozilla/5.0 (Windows NT 10.0; Win64; x64) AppleWebKit/537.36 (KHTML, like Gecko) Chrome/120.0.0.0 Safari/537.36"
172.70.243.116 - - [12/Jul/2026:14:06:43 +0200] "GET /wp-admin/js/widgets/ HTTP/1.1" 200 755 "-" "Mozilla/5.0 (Windows NT 10.0; Win64; x64) AppleWebKit/537.36 (KHTML, like Gecko) Chrome/120.0.0.0 Safari/537.36"
172.70.243.116 - - [12/Jul/2026:14:06:44 +0200] "GET /wp-admin/js/widgets/about.php HTTP/1.1" 404 243 "-" "Mozilla/5.0 (Windows NT 10.0; Win64; x64) AppleWebKit/537.36 (KHTML, like Gecko) Chrome/120.0.0.0 Safari/537.36"
172.70.243.116 - - [12/Jul/2026:14:06:46 +0200] "GET /wp-admin/js/widgets/alfa-rex.PhP HTTP/1.1" 404 243 "-" "Mozilla/5.0 (Windows NT 10.0; Win64; x64) AppleWebKit/537.36 (KHTML, like Gecko) Chrome/120.0.0.0 Safari/537.36"
172.70.243.116 - - [12/Jul/2026:14:06:47 +0200] "GET /wp-admin/js/widgets/alfa-rex.php HTTP/1.1" 404 243 "-" "Mozilla/5.0 (Windows NT 10.0; Win64; x64) AppleWebKit/537.36 (KHTML, like Gecko) Chrome/120.0.0.0 Safari/537.36"
172.70.243.116 - - [12/Jul/2026:14:06:48 +0200] "GET /wp-admin/js/widgets/alfa-rex.php HTTP/1.1" 404 243 "-" "Mozilla/5.0 (Windows NT 10.0; Win64; x64) AppleWebKit/537.36 (KHTML, like Gecko) Chrome/120.0.0.0 Safari/537.36"
172.70.243.116 - - [12/Jul/2026:14:06:49 +0200] "GET /wp-admin/images/ HTTP/1.1" 200 1505 "-" "Mozilla/5.0 (Windows NT 10.0; Win64; x64) AppleWebKit/537.36 (KHTML, like Gecko) Chrome/120.0.0.0 Safari/537.36"
172.70.243.116 - - [12/Jul/2026:14:06:50 +0200] "GET /wp-admin/images/about.php HTTP/1.1" 404 243 "-" "Mozilla/5.0 (Windows NT 10.0; Win64; x64) AppleWebKit/537.36 (KHTML, like Gecko) Chrome/120.0.0.0 Safari/537.36"
172.70.243.116 - - [12/Jul/2026:14:06:52 +0200] "GET /wp-admin/images/alfa-rex.PhP HTTP/1.1" 404 243 "-" "Mozilla/5.0 (Windows NT 10.0; Win64; x64) AppleWebKit/537.36 (KHTML, like Gecko) Chrome/120.0.0.0 Safari/537.36"
172.70.243.116 - - [12/Jul/2026:14:06:52 +0200] "GET /wp-admin/images/alfa-rex.php HTTP/1.1" 404 243 "-" "Mozilla/5.0 (Windows NT 10.0; Win64; x64) AppleWebKit/537.36 (KHTML, like Gecko) Chrome/120.0.0.0 Safari/537.36"
104.22.57.6 - - [12/Jul/2026:14:06:53 +0200] "GET /outlet/169017930 HTTP/1.1" 404 243 "https://alg24info.com/?sitemap448.xml" "Mozilla/5.0 AppleWebKit/537.36 (KHTML, like Gecko; compatible; GPTBot/1.4; +https://openai.com/gptbot)"
172.70.243.116 - - [12/Jul/2026:14:06:54 +0200] "GET /wp-admin/images/alfa-rex.php HTTP/1.1" 404 243 "-" "Mozilla/5.0 (Windows NT 10.0; Win64; x64) AppleWebKit/537.36 (KHTML, like Gecko) Chrome/120.0.0.0 Safari/537.36"
172.70.243.116 - - [12/Jul/2026:14:06:56 +0200] "GET /wp-admin/network/ HTTP/1.1" 500 0 "-" "Mozilla/5.0 (Windows NT 10.0; Win64; x64) AppleWebKit/537.36 (KHTML, like Gecko) Chrome/120.0.0.0 Safari/537.36"
172.70.243.116 - - [12/Jul/2026:14:06:57 +0200] "GET /wp-admin/user/ HTTP/1.1" 500 0 "-" "Mozilla/5.0 (Windows NT 10.0; Win64; x64) AppleWebKit/537.36 (KHTML, like Gecko) Chrome/120.0.0.0 Safari/537.36"
172.70.243.116 - - [12/Jul/2026:14:06:59 +0200] "GET /wp-includes/ HTTP/1.1" 200 0 "-" "Mozilla/5.0 (Windows NT 10.0; Win64; x64) AppleWebKit/537.36 (KHTML, like Gecko) Chrome/120.0.0.0 Safari/537.36"
172.70.243.116 - - [12/Jul/2026:14:07:00 +0200] "GET /wp-includes/Text/ HTTP/1.1" 200 572 "-" "Mozilla/5.0 (Windows NT 10.0; Win64; x64) AppleWebKit/537.36 (KHTML, like Gecko) Chrome/120.0.0.0 Safari/537.36"
172.70.243.116 - - [12/Jul/2026:14:07:01 +0200] "GET /wp-includes/Text/Diff.php HTTP/1.1" 200 0 "-" "Mozilla/5.0 (Windows NT 10.0; Win64; x64) AppleWebKit/537.36 (KHTML, like Gecko) Chrome/120.0.0.0 Safari/537.36"
172.70.243.115 - - [12/Jul/2026:14:07:02 +0200] "GET /wp-includes/Text/about.php HTTP/1.1" 404 243 "-" "Mozilla/5.0 (Windows NT 10.0; Win64; x64) AppleWebKit/537.36 (KHTML, like Gecko) Chrome/120.0.0.0 Safari/537.36"
172.70.243.115 - - [12/Jul/2026:14:07:04 +0200] "GET /wp-includes/Text/alfa-rex.PhP HTTP/1.1" 404 243 "-" "Mozilla/5.0 (Windows NT 10.0; Win64; x64) AppleWebKit/537.36 (KHTML, like Gecko) Chrome/120.0.0.0 Safari/537.36"
172.70.243.115 - - [12/Jul/2026:14:07:06 +0200] "GET /wp-includes/Text/alfa-rex.php HTTP/1.1" 404 243 "-" "Mozilla/5.0 (Windows NT 10.0; Win64; x64) AppleWebKit/537.36 (KHTML, like Gecko) Chrome/120.0.0.0 Safari/537.36"
172.70.243.115 - - [12/Jul/2026:14:07:08 +0200] "GET /wp-includes/Text/alfa-rex.php HTTP/1.1" 404 243 "-" "Mozilla/5.0 (Windows NT 10.0; Win64; x64) AppleWebKit/537.36 (KHTML, like Gecko) Chrome/120.0.0.0 Safari/537.36"
172.70.243.115 - - [12/Jul/2026:14:07:10 +0200] "GET /wp-includes/Text/Diff/ HTTP/1.1" 200 595 "-" "Mozilla/5.0 (Windows NT 10.0; Win64; x64) AppleWebKit/537.36 (KHTML, like Gecko) Chrome/120.0.0.0 Safari/537.36"
172.70.243.115 - - [12/Jul/2026:14:07:11 +0200] "GET /wp-includes/Text/Diff/Renderer.php HTTP/1.1" 200 0 "-" "Mozilla/5.0 (Windows NT 10.0; Win64; x64) AppleWebKit/537.36 (KHTML, like Gecko) Chrome/120.0.0.0 Safari/537.36"
172.70.243.115 - - [12/Jul/2026:14:07:12 +0200] "GET /wp-includes/Text/Diff/about.php HTTP/1.1" 404 243 "-" "Mozilla/5.0 (Windows NT 10.0; Win64; x64) AppleWebKit/537.36 (KHTML, like Gecko) Chrome/120.0.0.0 Safari/537.36"
172.70.243.115 - - [12/Jul/2026:14:07:14 +0200] "GET /wp-includes/Text/Diff/alfa-rex.PhP HTTP/1.1" 404 243 "-" "Mozilla/5.0 (Windows NT 10.0; Win64; x64) AppleWebKit/537.36 (KHTML, like Gecko) Chrome/120.0.0.0 Safari/537.36"
172.70.243.115 - - [12/Jul/2026:14:07:16 +0200] "GET /wp-includes/Text/Diff/alfa-rex.php HTTP/1.1" 404 243 "-" "Mozilla/5.0 (Windows NT 10.0; Win64; x64) AppleWebKit/537.36 (KHTML, like Gecko) Chrome/120.0.0.0 Safari/537.36"
172.70.243.115 - - [12/Jul/2026:14:07:17 +0200] "GET /wp-includes/Text/Diff/alfa-rex.php HTTP/1.1" 404 243 "-" "Mozilla/5.0 (Windows NT 10.0; Win64; x64) AppleWebKit/537.36 (KHTML, like Gecko) Chrome/120.0.0.0 Safari/537.36"
172.70.243.115 - - [12/Jul/2026:14:07:18 +0200] "GET /wp-includes/css/ HTTP/1.1" 200 1062 "-" "Mozilla/5.0 (Windows NT 10.0; Win64; x64) AppleWebKit/537.36 (KHTML, like Gecko) Chrome/120.0.0.0 Safari/537.36"
172.70.243.115 - - [12/Jul/2026:14:07:20 +0200] "GET /wp-includes/css/dist/ HTTP/1.1" 200 713 "-" "Mozilla/5.0 (Windows NT 10.0; Win64; x64) AppleWebKit/537.36 (KHTML, like Gecko) Chrome/120.0.0.0 Safari/537.36"
172.70.243.115 - - [12/Jul/2026:14:07:21 +0200] "GET /wp-includes/css/dist/about.php HTTP/1.1" 404 243 "-" "Mozilla/5.0 (Windows NT 10.0; Win64; x64) AppleWebKit/537.36 (KHTML, like Gecko) Chrome/120.0.0.0 Safari/537.36"
172.70.243.115 - - [12/Jul/2026:14:07:23 +0200] "GET /wp-includes/css/dist/alfa-rex.PhP HTTP/1.1" 404 243 "-" "Mozilla/5.0 (Windows NT 10.0; Win64; x64) AppleWebKit/537.36 (KHTML, like Gecko) Chrome/120.0.0.0 Safari/537.36"
172.70.243.115 - - [12/Jul/2026:14:07:25 +0200] "GET /wp-includes/css/dist/alfa-rex.php HTTP/1.1" 404 243 "-" "Mozilla/5.0 (Windows NT 10.0; Win64; x64) AppleWebKit/537.36 (KHTML, like Gecko) Chrome/120.0.0.0 Safari/537.36"
104.22.57.6 - - [12/Jul/2026:14:07:27 +0200] "GET /outlet/228005391 HTTP/1.1" 404 243 "https://alg24info.com/?sitemap224.xml" "Mozilla/5.0 AppleWebKit/537.36 (KHTML, like Gecko; compatible; GPTBot/1.4; +https://openai.com/gptbot)"
172.70.243.115 - - [12/Jul/2026:14:07:27 +0200] "GET /wp-includes/css/dist/alfa-rex.php HTTP/1.1" 404 243 "-" "Mozilla/5.0 (Windows NT 10.0; Win64; x64) AppleWebKit/537.36 (KHTML, like Gecko) Chrome/120.0.0.0 Safari/537.36"
172.70.243.115 - - [12/Jul/2026:14:07:29 +0200] "GET /wp-includes/fonts/ HTTP/1.1" 200 641 "-" "Mozilla/5.0 (Windows NT 10.0; Win64; x64) AppleWebKit/537.36 (KHTML, like Gecko) Chrome/120.0.0.0 Safari/537.36"
172.70.243.115 - - [12/Jul/2026:14:07:30 +0200] "GET /wp-includes/fonts/about.php HTTP/1.1" 404 243 "-" "Mozilla/5.0 (Windows NT 10.0; Win64; x64) AppleWebKit/537.36 (KHTML, like Gecko) Chrome/120.0.0.0 Safari/537.36"
172.70.243.115 - - [12/Jul/2026:14:07:31 +0200] "GET /wp-includes/fonts/alfa-rex.PhP HTTP/1.1" 404 243 "-" "Mozilla/5.0 (Windows NT 10.0; Win64; x64) AppleWebKit/537.36 (KHTML, like Gecko) Chrome/120.0.0.0 Safari/537.36"
172.70.243.115 - - [12/Jul/2026:14:07:32 +0200] "GET /wp-includes/fonts/alfa-rex.php HTTP/1.1" 404 243 "-" "Mozilla/5.0 (Windows NT 10.0; Win64; x64) AppleWebKit/537.36 (KHTML, like Gecko) Chrome/120.0.0.0 Safari/537.36"
172.70.243.115 - - [12/Jul/2026:14:07:33 +0200] "GET /wp-includes/fonts/alfa-rex.php HTTP/1.1" 404 243 "-" "Mozilla/5.0 (Windows NT 10.0; Win64; x64) AppleWebKit/537.36 (KHTML, like Gecko) Chrome/120.0.0.0 Safari/537.36"
172.70.243.115 - - [12/Jul/2026:14:07:34 +0200] "GET /wp-includes/ID3/ HTTP/1.1" 200 872 "-" "Mozilla/5.0 (Windows NT 10.0; Win64; x64) AppleWebKit/537.36 (KHTML, like Gecko) Chrome/120.0.0.0 Safari/537.36"
172.70.243.115 - - [12/Jul/2026:14:07:35 +0200] "GET /wp-includes/ID3/about.php HTTP/1.1" 404 243 "-" "Mozilla/5.0 (Windows NT 10.0; Win64; x64) AppleWebKit/537.36 (KHTML, like Gecko) Chrome/120.0.0.0 Safari/537.36"
172.70.243.115 - - [12/Jul/2026:14:07:37 +0200] "GET /wp-includes/ID3/alfa-rex.PhP HTTP/1.1" 404 243 "-" "Mozilla/5.0 (Windows NT 10.0; Win64; x64) AppleWebKit/537.36 (KHTML, like Gecko) Chrome/120.0.0.0 Safari/537.36"
172.70.243.115 - - [12/Jul/2026:14:07:38 +0200] "GET /wp-includes/ID3/alfa-rex.php HTTP/1.1" 404 243 "-" "Mozilla/5.0 (Windows NT 10.0; Win64; x64) AppleWebKit/537.36 (KHTML, like Gecko) Chrome/120.0.0.0 Safari/537.36"
172.70.243.115 - - [12/Jul/2026:14:07:39 +0200] "GET /wp-includes/ID3/alfa-rex.php HTTP/1.1" 404 243 "-" "Mozilla/5.0 (Windows NT 10.0; Win64; x64) AppleWebKit/537.36 (KHTML, like Gecko) Chrome/120.0.0.0 Safari/537.36"
172.70.243.115 - - [12/Jul/2026:14:07:40 +0200] "GET /wp-includes/ID3/getid3.lib.php HTTP/1.1" 200 0 "-" "Mozilla/5.0 (Windows NT 10.0; Win64; x64) AppleWebKit/537.36 (KHTML, like Gecko) Chrome/120.0.0.0 Safari/537.36"
172.70.243.115 - - [12/Jul/2026:14:07:41 +0200] "GET /wp-includes/ID3/getid3.php HTTP/1.1" 200 0 "-" "Mozilla/5.0 (Windows NT 10.0; Win64; x64) AppleWebKit/537.36 (KHTML, like Gecko) Chrome/120.0.0.0 Safari/537.36"
172.70.243.115 - - [12/Jul/2026:14:07:42 +0200] "GET /wp-includes/ID3/module.audio-video.asf.php HTTP/1.1" 200 0 "-" "Mozilla/5.0 (Windows NT 10.0; Win64; x64) AppleWebKit/537.36 (KHTML, like Gecko) Chrome/120.0.0.0 Safari/537.36"
172.70.243.115 - - [12/Jul/2026:14:07:43 +0200] "GET /wp-includes/ID3/module.audio-video.flv.php HTTP/1.1" 200 0 "-" "Mozilla/5.0 (Windows NT 10.0; Win64; x64) AppleWebKit/537.36 (KHTML, like Gecko) Chrome/120.0.0.0 Safari/537.36"
45.205.1.223 - - [12/Jul/2026:14:07:44 +0200] "GET / HTTP/1.1" 400 280 "-" "Mozilla/5.0 (compatible; FlowIQLabsBot/1.0; +https://flowiq-labs.com/scanning-info)"
172.70.243.115 - - [12/Jul/2026:14:07:44 +0200] "GET /wp-includes/ID3/module.audio-video.matroska.php HTTP/1.1" 200 0 "-" "Mozilla/5.0 (Windows NT 10.0; Win64; x64) AppleWebKit/537.36 (KHTML, like Gecko) Chrome/120.0.0.0 Safari/537.36"
172.70.243.115 - - [12/Jul/2026:14:07:45 +0200] "GET /wp-includes/ID3/module.audio-video.quicktime.php HTTP/1.1" 200 0 "-" "Mozilla/5.0 (Windows NT 10.0; Win64; x64) AppleWebKit/537.36 (KHTML, like Gecko) Chrome/120.0.0.0 Safari/537.36"
172.70.243.115 - - [12/Jul/2026:14:07:46 +0200] "GET /wp-includes/ID3/module.audio-video.riff.php HTTP/1.1" 200 0 "-" "Mozilla/5.0 (Windows NT 10.0; Win64; x64) AppleWebKit/537.36 (KHTML, like Gecko) Chrome/120.0.0.0 Safari/537.36"
172.70.243.115 - - [12/Jul/2026:14:07:47 +0200] "GET /wp-includes/ID3/module.audio.ac3.php HTTP/1.1" 200 0 "-" "Mozilla/5.0 (Windows NT 10.0; Win64; x64) AppleWebKit/537.36 (KHTML, like Gecko) Chrome/120.0.0.0 Safari/537.36"
45.205.1.223 - - [12/Jul/2026:14:07:48 +0200] "GET / HTTP/1.1" 200 4963 "-" "Mozilla/5.0 (compatible; FlowIQLabsBot/1.0; +https://flowiq-labs.com/scanning-info)"
172.70.243.115 - - [12/Jul/2026:14:07:48 +0200] "GET /wp-includes/ID3/module.audio.dts.php HTTP/1.1" 200 0 "-" "Mozilla/5.0 (Windows NT 10.0; Win64; x64) AppleWebKit/537.36 (KHTML, like Gecko) Chrome/120.0.0.0 Safari/537.36"
172.70.243.115 - - [12/Jul/2026:14:07:49 +0200] "GET /wp-includes/ID3/module.audio.flac.php HTTP/1.1" 200 0 "-" "Mozilla/5.0 (Windows NT 10.0; Win64; x64) AppleWebKit/537.36 (KHTML, like Gecko) Chrome/120.0.0.0 Safari/537.36"
172.70.243.115 - - [12/Jul/2026:14:07:51 +0200] "GET /wp-includes/ID3/module.audio.mp3.php HTTP/1.1" 200 0 "-" "Mozilla/5.0 (Windows NT 10.0; Win64; x64) AppleWebKit/537.36 (KHTML, like Gecko) Chrome/120.0.0.0 Safari/537.36"
172.70.243.115 - - [12/Jul/2026:14:07:51 +0200] "GET /wp-includes/ID3/module.audio.ogg.php HTTP/1.1" 200 0 "-" "Mozilla/5.0 (Windows NT 10.0; Win64; x64) AppleWebKit/537.36 (KHTML, like Gecko) Chrome/120.0.0.0 Safari/537.36"
45.205.1.223 - - [12/Jul/2026:14:07:52 +0200] "GET /favicon.ico HTTP/1.1" 404 275 "-" "Mozilla/5.0 (compatible; FlowIQLabsBot/1.0; +https://flowiq-labs.com/scanning-info)"
172.70.243.115 - - [12/Jul/2026:14:07:52 +0200] "GET /wp-includes/ID3/module.tag.apetag.php HTTP/1.1" 200 0 "-" "Mozilla/5.0 (Windows NT 10.0; Win64; x64) AppleWebKit/537.36 (KHTML, like Gecko) Chrome/120.0.0.0 Safari/537.36"
172.70.243.115 - - [12/Jul/2026:14:07:54 +0200] "GET /wp-includes/ID3/module.tag.id3v1.php HTTP/1.1" 200 0 "-" "Mozilla/5.0 (Windows NT 10.0; Win64; x64) AppleWebKit/537.36 (KHTML, like Gecko) Chrome/120.0.0.0 Safari/537.36"
172.70.243.115 - - [12/Jul/2026:14:07:55 +0200] "GET /wp-includes/ID3/module.tag.id3v2.php HTTP/1.1" 200 0 "-" "Mozilla/5.0 (Windows NT 10.0; Win64; x64) AppleWebKit/537.36 (KHTML, like Gecko) Chrome/120.0.0.0 Safari/537.36"
172.70.243.115 - - [12/Jul/2026:14:07:55 +0200] "GET /wp-includes/ID3/module.tag.lyrics3.php HTTP/1.1" 200 0 "-" "Mozilla/5.0 (Windows NT 10.0; Win64; x64) AppleWebKit/537.36 (KHTML, like Gecko) Chrome/120.0.0.0 Safari/537.36"
172.70.243.115 - - [12/Jul/2026:14:07:56 +0200] "GET /wp-includes/sitemaps/ HTTP/1.1" 200 594 "-" "Mozilla/5.0 (Windows NT 10.0; Win64; x64) AppleWebKit/537.36 (KHTML, like Gecko) Chrome/120.0.0.0 Safari/537.36"
172.70.243.115 - - [12/Jul/2026:14:07:58 +0200] "GET /wp-includes/sitemaps/class-wp-sitemaps-index.php HTTP/1.1" 200 0 "-" "Mozilla/5.0 (Windows NT 10.0; Win64; x64) AppleWebKit/537.36 (KHTML, like Gecko) Chrome/120.0.0.0 Safari/537.36"
172.70.243.115 - - [12/Jul/2026:14:07:59 +0200] "GET /wp-includes/sitemaps/class-wp-sitemaps-provider.php HTTP/1.1" 200 0 "-" "Mozilla/5.0 (Windows NT 10.0; Win64; x64) AppleWebKit/537.36 (KHTML, like Gecko) Chrome/120.0.0.0 Safari/537.36"
172.70.243.115 - - [12/Jul/2026:14:08:00 +0200] "GET /wp-includes/sitemaps/class-wp-sitemaps-registry.php HTTP/1.1" 200 0 "-" "Mozilla/5.0 (Windows NT 10.0; Win64; x64) AppleWebKit/537.36 (KHTML, like Gecko) Chrome/120.0.0.0 Safari/537.36"
104.22.57.6 - - [12/Jul/2026:14:08:02 +0200] "GET /outlet/196001213 HTTP/1.1" 404 243 "https://alg24info.com/?sitemap224.xml" "Mozilla/5.0 AppleWebKit/537.36 (KHTML, like Gecko; compatible; GPTBot/1.4; +https://openai.com/gptbot)"
172.70.243.115 - - [12/Jul/2026:14:08:02 +0200] "GET /wp-includes/sitemaps/class-wp-sitemaps-renderer.php HTTP/1.1" 200 0 "-" "Mozilla/5.0 (Windows NT 10.0; Win64; x64) AppleWebKit/537.36 (KHTML, like Gecko) Chrome/120.0.0.0 Safari/537.36"
172.70.243.115 - - [12/Jul/2026:14:08:04 +0200] "GET /wp-includes/sitemaps/class-wp-sitemaps-stylesheet.php HTTP/1.1" 200 0 "-" "Mozilla/5.0 (Windows NT 10.0; Win64; x64) AppleWebKit/537.36 (KHTML, like Gecko) Chrome/120.0.0.0 Safari/537.36"
172.70.243.115 - - [12/Jul/2026:14:08:07 +0200] "GET /wp-includes/sitemaps/class-wp-sitemaps.php HTTP/1.1" 200 0 "-" "Mozilla/5.0 (Windows NT 10.0; Win64; x64) AppleWebKit/537.36 (KHTML, like Gecko) Chrome/120.0.0.0 Safari/537.36"
172.70.243.115 - - [12/Jul/2026:14:08:08 +0200] "GET /wp-includes/sitemaps/providers/ HTTP/1.1" 200 592 "-" "Mozilla/5.0 (Windows NT 10.0; Win64; x64) AppleWebKit/537.36 (KHTML, like Gecko) Chrome/120.0.0.0 Safari/537.36"
172.70.243.115 - - [12/Jul/2026:14:08:09 +0200] "GET /wp-includes/sitemaps/providers/about.php HTTP/1.1" 404 243 "-" "Mozilla/5.0 (Windows NT 10.0; Win64; x64) AppleWebKit/537.36 (KHTML, like Gecko) Chrome/120.0.0.0 Safari/537.36"
172.70.243.115 - - [12/Jul/2026:14:08:11 +0200] "GET /wp-includes/sitemaps/providers/alfa-rex.PhP HTTP/1.1" 404 243 "-" "Mozilla/5.0 (Windows NT 10.0; Win64; x64) AppleWebKit/537.36 (KHTML, like Gecko) Chrome/120.0.0.0 Safari/537.36"
172.70.243.115 - - [12/Jul/2026:14:08:12 +0200] "GET /wp-includes/sitemaps/providers/alfa-rex.php HTTP/1.1" 404 243 "-" "Mozilla/5.0 (Windows NT 10.0; Win64; x64) AppleWebKit/537.36 (KHTML, like Gecko) Chrome/120.0.0.0 Safari/537.36"
172.70.243.115 - - [12/Jul/2026:14:08:13 +0200] "GET /wp-includes/sitemaps/providers/alfa-rex.php HTTP/1.1" 404 243 "-" "Mozilla/5.0 (Windows NT 10.0; Win64; x64) AppleWebKit/537.36 (KHTML, like Gecko) Chrome/120.0.0.0 Safari/537.36"
172.70.243.115 - - [12/Jul/2026:14:08:15 +0200] "GET /wp-includes/sitemaps/providers/class-wp-sitemaps-posts.php HTTP/1.1" 500 0 "-" "Mozilla/5.0 (Windows NT 10.0; Win64; x64) AppleWebKit/537.36 (KHTML, like Gecko) Chrome/120.0.0.0 Safari/537.36"
172.70.243.115 - - [12/Jul/2026:14:08:15 +0200] "GET /wp-includes/sitemaps/providers/class-wp-sitemaps-taxonomies.php HTTP/1.1" 500 0 "-" "Mozilla/5.0 (Windows NT 10.0; Win64; x64) AppleWebKit/537.36 (KHTML, like Gecko) Chrome/120.0.0.0 Safari/537.36"
172.70.243.115 - - [12/Jul/2026:14:08:16 +0200] "GET /wp-includes/sitemaps/providers/class-wp-sitemaps-users.php HTTP/1.1" 500 0 "-" "Mozilla/5.0 (Windows NT 10.0; Win64; x64) AppleWebKit/537.36 (KHTML, like Gecko) Chrome/120.0.0.0 Safari/537.36"
172.70.243.115 - - [12/Jul/2026:14:08:17 +0200] "GET /wp-includes/IXR/ HTTP/1.1" 200 620 "-" "Mozilla/5.0 (Windows NT 10.0; Win64; x64) AppleWebKit/537.36 (KHTML, like Gecko) Chrome/120.0.0.0 Safari/537.36"
172.70.243.115 - - [12/Jul/2026:14:08:18 +0200] "GET /wp-includes/IXR/class-IXR-base64.php HTTP/1.1" 200 0 "-" "Mozilla/5.0 (Windows NT 10.0; Win64; x64) AppleWebKit/537.36 (KHTML, like Gecko) Chrome/120.0.0.0 Safari/537.36"
172.70.243.115 - - [12/Jul/2026:14:08:19 +0200] "GET /wp-includes/IXR/class-IXR-client.php HTTP/1.1" 200 0 "-" "Mozilla/5.0 (Windows NT 10.0; Win64; x64) AppleWebKit/537.36 (KHTML, like Gecko) Chrome/120.0.0.0 Safari/537.36"
172.70.243.115 - - [12/Jul/2026:14:08:20 +0200] "GET /wp-includes/IXR/class-IXR-clientmulticall.php HTTP/1.1" 500 0 "-" "Mozilla/5.0 (Windows NT 10.0; Win64; x64) AppleWebKit/537.36 (KHTML, like Gecko) Chrome/120.0.0.0 Safari/537.36"
172.70.243.115 - - [12/Jul/2026:14:08:21 +0200] "GET /wp-includes/IXR/class-IXR-date.php HTTP/1.1" 200 0 "-" "Mozilla/5.0 (Windows NT 10.0; Win64; x64) AppleWebKit/537.36 (KHTML, like Gecko) Chrome/120.0.0.0 Safari/537.36"
172.70.243.115 - - [12/Jul/2026:14:08:22 +0200] "GET /wp-includes/IXR/class-IXR-error.php HTTP/1.1" 200 0 "-" "Mozilla/5.0 (Windows NT 10.0; Win64; x64) AppleWebKit/537.36 (KHTML, like Gecko) Chrome/120.0.0.0 Safari/537.36"
172.70.243.115 - - [12/Jul/2026:14:08:23 +0200] "GET /wp-includes/IXR/class-IXR-introspectionserver.php HTTP/1.1" 500 0 "-" "Mozilla/5.0 (Windows NT 10.0; Win64; x64) AppleWebKit/537.36 (KHTML, like Gecko) Chrome/120.0.0.0 Safari/537.36"
172.70.243.115 - - [12/Jul/2026:14:08:24 +0200] "GET /wp-includes/IXR/class-IXR-message.php HTTP/1.1" 200 0 "-" "Mozilla/5.0 (Windows NT 10.0; Win64; x64) AppleWebKit/537.36 (KHTML, like Gecko) Chrome/120.0.0.0 Safari/537.36"
172.70.243.115 - - [12/Jul/2026:14:08:24 +0200] "GET /wp-includes/IXR/class-IXR-request.php HTTP/1.1" 200 0 "-" "Mozilla/5.0 (Windows NT 10.0; Win64; x64) AppleWebKit/537.36 (KHTML, like Gecko) Chrome/120.0.0.0 Safari/537.36"
172.70.243.115 - - [12/Jul/2026:14:08:25 +0200] "GET /wp-includes/IXR/class-IXR-server.php HTTP/1.1" 200 0 "-" "Mozilla/5.0 (Windows NT 10.0; Win64; x64) AppleWebKit/537.36 (KHTML, like Gecko) Chrome/120.0.0.0 Safari/537.36"
172.70.243.115 - - [12/Jul/2026:14:08:26 +0200] "GET /wp-includes/IXR/class-IXR-value.php HTTP/1.1" 200 0 "-" "Mozilla/5.0 (Windows NT 10.0; Win64; x64) AppleWebKit/537.36 (KHTML, like Gecko) Chrome/120.0.0.0 Safari/537.36"
172.70.243.115 - - [12/Jul/2026:14:08:27 +0200] "GET /wp-includes/images/ HTTP/1.1" 200 1042 "-" "Mozilla/5.0 (Windows NT 10.0; Win64; x64) AppleWebKit/537.36 (KHTML, like Gecko) Chrome/120.0.0.0 Safari/537.36"
172.70.243.115 - - [12/Jul/2026:14:08:28 +0200] "GET /wp-includes/images/about.php HTTP/1.1" 404 243 "-" "Mozilla/5.0 (Windows NT 10.0; Win64; x64) AppleWebKit/537.36 (KHTML, like Gecko) Chrome/120.0.0.0 Safari/537.36"
172.70.243.115 - - [12/Jul/2026:14:08:29 +0200] "GET /wp-includes/images/alfa-rex.PhP HTTP/1.1" 404 243 "-" "Mozilla/5.0 (Windows NT 10.0; Win64; x64) AppleWebKit/537.36 (KHTML, like Gecko) Chrome/120.0.0.0 Safari/537.36"
172.70.243.115 - - [12/Jul/2026:14:08:30 +0200] "GET /wp-includes/images/alfa-rex.php HTTP/1.1" 404 243 "-" "Mozilla/5.0 (Windows NT 10.0; Win64; x64) AppleWebKit/537.36 (KHTML, like Gecko) Chrome/120.0.0.0 Safari/537.36"
172.70.243.115 - - [12/Jul/2026:14:08:32 +0200] "GET /wp-includes/images/alfa-rex.php HTTP/1.1" 404 243 "-" "Mozilla/5.0 (Windows NT 10.0; Win64; x64) AppleWebKit/537.36 (KHTML, like Gecko) Chrome/120.0.0.0 Safari/537.36"
172.70.243.115 - - [12/Jul/2026:14:08:33 +0200] "GET /wp-includes/PHPMailer/ HTTP/1.1" 200 504 "-" "Mozilla/5.0 (Windows NT 10.0; Win64; x64) AppleWebKit/537.36 (KHTML, like Gecko) Chrome/120.0.0.0 Safari/537.36"
172.70.243.115 - - [12/Jul/2026:14:08:35 +0200] "GET /wp-includes/PHPMailer/Exception.php HTTP/1.1" 200 0 "-" "Mozilla/5.0 (Windows NT 10.0; Win64; x64) AppleWebKit/537.36 (KHTML, like Gecko) Chrome/120.0.0.0 Safari/537.36"
104.22.57.6 - - [12/Jul/2026:14:08:36 +0200] "GET /outlet/255001986 HTTP/1.1" 404 243 "https://alg24info.com/?sitemap448.xml" "Mozilla/5.0 AppleWebKit/537.36 (KHTML, like Gecko; compatible; GPTBot/1.4; +https://openai.com/gptbot)"
172.70.243.115 - - [12/Jul/2026:14:08:36 +0200] "GET /wp-includes/PHPMailer/PHPMailer.php HTTP/1.1" 200 0 "-" "Mozilla/5.0 (Windows NT 10.0; Win64; x64) AppleWebKit/537.36 (KHTML, like Gecko) Chrome/120.0.0.0 Safari/537.36"
172.70.243.115 - - [12/Jul/2026:14:08:38 +0200] "GET /wp-includes/PHPMailer/SMTP.php HTTP/1.1" 200 0 "-" "Mozilla/5.0 (Windows NT 10.0; Win64; x64) AppleWebKit/537.36 (KHTML, like Gecko) Chrome/120.0.0.0 Safari/537.36"
172.70.243.115 - - [12/Jul/2026:14:08:39 +0200] "GET /wp-includes/pomo/ HTTP/1.1" 200 615 "-" "Mozilla/5.0 (Windows NT 10.0; Win64; x64) AppleWebKit/537.36 (KHTML, like Gecko) Chrome/120.0.0.0 Safari/537.36"
172.70.243.115 - - [12/Jul/2026:14:08:40 +0200] "GET /wp-includes/pomo/about.php HTTP/1.1" 404 243 "-" "Mozilla/5.0 (Windows NT 10.0; Win64; x64) AppleWebKit/537.36 (KHTML, like Gecko) Chrome/120.0.0.0 Safari/537.36"
172.70.243.115 - - [12/Jul/2026:14:08:41 +0200] "GET /wp-includes/pomo/alfa-rex.PhP HTTP/1.1" 404 243 "-" "Mozilla/5.0 (Windows NT 10.0; Win64; x64) AppleWebKit/537.36 (KHTML, like Gecko) Chrome/120.0.0.0 Safari/537.36"
172.70.243.115 - - [12/Jul/2026:14:08:42 +0200] "GET /wp-includes/pomo/alfa-rex.php HTTP/1.1" 404 243 "-" "Mozilla/5.0 (Windows NT 10.0; Win64; x64) AppleWebKit/537.36 (KHTML, like Gecko) Chrome/120.0.0.0 Safari/537.36"
172.70.243.115 - - [12/Jul/2026:14:08:43 +0200] "GET /wp-includes/pomo/alfa-rex.php HTTP/1.1" 404 243 "-" "Mozilla/5.0 (Windows NT 10.0; Win64; x64) AppleWebKit/537.36 (KHTML, like Gecko) Chrome/120.0.0.0 Safari/537.36"
172.70.243.115 - - [12/Jul/2026:14:08:43 +0200] "GET /wp-includes/pomo/entry.php HTTP/1.1" 200 0 "-" "Mozilla/5.0 (Windows NT 10.0; Win64; x64) AppleWebKit/537.36 (KHTML, like Gecko) Chrome/120.0.0.0 Safari/537.36"
172.70.243.115 - - [12/Jul/2026:14:08:45 +0200] "GET /wp-includes/pomo/mo.php HTTP/1.1" 200 0 "-" "Mozilla/5.0 (Windows NT 10.0; Win64; x64) AppleWebKit/537.36 (KHTML, like Gecko) Chrome/120.0.0.0 Safari/537.36"
172.70.243.115 - - [12/Jul/2026:14:08:46 +0200] "GET /wp-includes/pomo/plural-forms.php HTTP/1.1" 200 0 "-" "Mozilla/5.0 (Windows NT 10.0; Win64; x64) AppleWebKit/537.36 (KHTML, like Gecko) Chrome/120.0.0.0 Safari/537.36"
172.70.243.115 - - [12/Jul/2026:14:08:47 +0200] "GET /wp-includes/pomo/po.php HTTP/1.1" 200 0 "-" "Mozilla/5.0 (Windows NT 10.0; Win64; x64) AppleWebKit/537.36 (KHTML, like Gecko) Chrome/120.0.0.0 Safari/537.36"
172.70.243.115 - - [12/Jul/2026:14:08:47 +0200] "GET /wp-includes/pomo/streams.php HTTP/1.1" 200 0 "-" "Mozilla/5.0 (Windows NT 10.0; Win64; x64) AppleWebKit/537.36 (KHTML, like Gecko) Chrome/120.0.0.0 Safari/537.36"
172.70.243.115 - - [12/Jul/2026:14:08:48 +0200] "GET /wp-includes/pomo/translations.php HTTP/1.1" 200 0 "-" "Mozilla/5.0 (Windows NT 10.0; Win64; x64) AppleWebKit/537.36 (KHTML, like Gecko) Chrome/120.0.0.0 Safari/537.36"
