104.22.57.40 - - [13/Jul/2026:04:31:57 +0200] "GET /outlet/208011921 HTTP/1.1" 404 243 "https://alg24info.com/?sitemap344.xml" "Mozilla/5.0 AppleWebKit/537.36 (KHTML, like Gecko; compatible; GPTBot/1.4; +https://openai.com/gptbot)"
104.22.57.39 - - [13/Jul/2026:04:33:03 +0200] "GET /outlet/039047546 HTTP/1.1" 404 243 "https://alg24info.com/?sitemap741.xml" "Mozilla/5.0 AppleWebKit/537.36 (KHTML, like Gecko; compatible; GPTBot/1.4; +https://openai.com/gptbot)"
104.22.57.39 - - [13/Jul/2026:04:34:05 +0200] "GET /outlet/105011772 HTTP/1.1" 404 243 "https://alg24info.com/?sitemap224.xml" "Mozilla/5.0 AppleWebKit/537.36 (KHTML, like Gecko; compatible; GPTBot/1.4; +https://openai.com/gptbot)"
104.22.57.39 - - [13/Jul/2026:04:35:05 +0200] "GET /outlet/082041433 HTTP/1.1" 404 243 "https://alg24info.com/?sitemap741.xml" "Mozilla/5.0 AppleWebKit/537.36 (KHTML, like Gecko; compatible; GPTBot/1.4; +https://openai.com/gptbot)"
69.164.217.245 - - [13/Jul/2026:04:35:27 +0200] "GET / HTTP/1.1" 200 1848 "-" "Mozilla/5.0 zgrab/0.x"
104.22.57.39 - - [13/Jul/2026:04:36:06 +0200] "GET /outlet/041013794 HTTP/1.1" 404 243 "https://alg24info.com/?sitemap741.xml" "Mozilla/5.0 AppleWebKit/537.36 (KHTML, like Gecko; compatible; GPTBot/1.4; +https://openai.com/gptbot)"
104.22.57.39 - - [13/Jul/2026:04:37:09 +0200] "GET /outlet/173005378 HTTP/1.1" 404 243 "https://alg24info.com/?sitemap224.xml" "Mozilla/5.0 AppleWebKit/537.36 (KHTML, like Gecko; compatible; GPTBot/1.4; +https://openai.com/gptbot)"
172.71.184.66 - - [13/Jul/2026:04:37:36 +0200] "GET / HTTP/1.1" 500 0 "-" "es-crawler/0.1"
104.22.57.39 - - [13/Jul/2026:04:38:11 +0200] "GET /outlet/095006720 HTTP/1.1" 404 243 "https://alg24info.com/?sitemap448.xml" "Mozilla/5.0 AppleWebKit/537.36 (KHTML, like Gecko; compatible; GPTBot/1.4; +https://openai.com/gptbot)"
160.153.187.97 - - [13/Jul/2026:04:38:37 +0200] "GET /.git/config HTTP/1.1" 404 275 "-" "Mozilla/5.0 (compatible; Scanner/1.0)"
160.153.187.97 - - [13/Jul/2026:04:38:37 +0200] "GET /.git/config HTTP/1.1" 404 275 "-" "Mozilla/5.0 (compatible; Scanner/1.0)"
104.22.57.39 - - [13/Jul/2026:04:39:16 +0200] "GET /outlet/079027880 HTTP/1.1" 404 243 "https://alg24info.com/?sitemap741.xml" "Mozilla/5.0 AppleWebKit/537.36 (KHTML, like Gecko; compatible; GPTBot/1.4; +https://openai.com/gptbot)"
66.175.213.4 - - [13/Jul/2026:04:39:30 +0200] "GET / HTTP/1.1" 200 1848 "-" "Mozilla/5.0 (Macintosh; Intel Mac OS X 13_1) AppleWebKit/537.36 (KHTML, like Gecko) Chrome/108.0.0.0 Safari/537.36"
172.70.174.17 - - [13/Jul/2026:04:40:01 +0200] "GET / HTTP/1.1" 500 0 "-" "Mozilla/5.0 (iPhone; CPU iPhone OS 13_2_3 like Mac OS X) AppleWebKit/605.1.15 (KHTML, like Gecko) Version/13.0.3 Mobile/15E148 Safari/604.1"
104.22.57.39 - - [13/Jul/2026:04:40:20 +0200] "GET /outlet/293037040 HTTP/1.1" 404 243 "https://alg24info.com/?sitemap224.xml" "Mozilla/5.0 AppleWebKit/537.36 (KHTML, like Gecko; compatible; GPTBot/1.4; +https://openai.com/gptbot)"
46.151.178.13 - - [13/Jul/2026:04:40:48 +0200] "PROPFIND / HTTP/1.1" 200 4963 "http://51.91.100.113:443/" "-"
104.22.57.39 - - [13/Jul/2026:04:41:24 +0200] "GET /outlet/167004264 HTTP/1.1" 404 243 "https://alg24info.com/?sitemap344.xml" "Mozilla/5.0 AppleWebKit/537.36 (KHTML, like Gecko; compatible; GPTBot/1.4; +https://openai.com/gptbot)"
104.22.57.39 - - [13/Jul/2026:04:42:30 +0200] "GET /outlet/241025530 HTTP/1.1" 404 243 "https://alg24info.com/?sitemap224.xml" "Mozilla/5.0 AppleWebKit/537.36 (KHTML, like Gecko; compatible; GPTBot/1.4; +https://openai.com/gptbot)"
78.153.140.93 - - [13/Jul/2026:04:42:51 +0200] "GET /.env HTTP/1.1" 404 244 "-" "Mozilla/5.0 (Windows NT 10.0; Win64; x64) AppleWebKit/537.36 (KHTML, like Gecko) Chrome/116.0.5845.140 Safari/537.36"
78.153.140.93 - - [13/Jul/2026:04:42:51 +0200] "POST / HTTP/1.1" 200 1848 "-" "Mozilla/5.0 (Windows NT 10.0; Win64; x64) AppleWebKit/537.36 (KHTML, like Gecko) Chrome/116.0.5845.140 Safari/537.36"
104.22.57.39 - - [13/Jul/2026:04:43:32 +0200] "GET /outlet/234005869 HTTP/1.1" 404 243 "https://alg24info.com/?sitemap224.xml" "Mozilla/5.0 AppleWebKit/537.36 (KHTML, like Gecko; compatible; GPTBot/1.4; +https://openai.com/gptbot)"
170.64.154.131 - - [13/Jul/2026:04:44:15 +0200] "GET / HTTP/1.1" 400 280 "-" "Mozilla/5.0 zgrab/0.x"
170.64.154.131 - - [13/Jul/2026:04:44:18 +0200] "GET / HTTP/1.1" 200 1848 "-" "Mozilla/5.0 zgrab/0.x"
104.22.57.39 - - [13/Jul/2026:04:44:33 +0200] "GET /outlet/139020172 HTTP/1.1" 404 243 "https://alg24info.com/?sitemap344.xml" "Mozilla/5.0 AppleWebKit/537.36 (KHTML, like Gecko; compatible; GPTBot/1.4; +https://openai.com/gptbot)"
104.22.57.39 - - [13/Jul/2026:04:45:38 +0200] "GET /outlet/165048114 HTTP/1.1" 404 243 "https://alg24info.com/?sitemap600.xml" "Mozilla/5.0 AppleWebKit/537.36 (KHTML, like Gecko; compatible; GPTBot/1.4; +https://openai.com/gptbot)"
104.22.57.39 - - [13/Jul/2026:04:46:39 +0200] "GET /outlet/065048998 HTTP/1.1" 404 243 "https://alg24info.com/?sitemap224.xml" "Mozilla/5.0 AppleWebKit/537.36 (KHTML, like Gecko; compatible; GPTBot/1.4; +https://openai.com/gptbot)"
146.190.158.92 - - [13/Jul/2026:04:47:02 +0200] "GET /.git/config HTTP/1.1" 404 275 "-" "Mozilla/5.0 (compatible; Scanner/1.0)"
146.190.158.92 - - [13/Jul/2026:04:47:03 +0200] "GET /.git/config HTTP/1.1" 404 275 "-" "Mozilla/5.0 (compatible; Scanner/1.0)"
104.23.197.84 - - [13/Jul/2026:04:47:35 +0200] "GET /robots.txt HTTP/1.1" 200 130 "-" "Mozilla/5.0 AppleWebKit/537.36 (KHTML, like Gecko; compatible; ClaudeBot/1.0; [email protected])"
172.71.28.172 - - [13/Jul/2026:04:47:35 +0200] "GET /goods.php HTTP/1.1" 404 243 "-" "Mozilla/5.0 AppleWebKit/537.36 (KHTML, like Gecko; compatible; ClaudeBot/1.0; [email protected])"
104.22.57.39 - - [13/Jul/2026:04:47:40 +0200] "GET /outlet/052029165 HTTP/1.1" 404 243 "https://alg24info.com/?sitemap741.xml" "Mozilla/5.0 AppleWebKit/537.36 (KHTML, like Gecko; compatible; GPTBot/1.4; +https://openai.com/gptbot)"
104.22.57.39 - - [13/Jul/2026:04:48:41 +0200] "GET /outlet/194034655 HTTP/1.1" 404 243 "https://alg24info.com/?sitemap224.xml" "Mozilla/5.0 AppleWebKit/537.36 (KHTML, like Gecko; compatible; GPTBot/1.4; +https://openai.com/gptbot)"
104.22.57.39 - - [13/Jul/2026:04:49:42 +0200] "GET /outlet/106048211 HTTP/1.1" 404 243 "https://alg24info.com/?sitemap741.xml" "Mozilla/5.0 AppleWebKit/537.36 (KHTML, like Gecko; compatible; GPTBot/1.4; +https://openai.com/gptbot)"
66.132.172.200 - - [13/Jul/2026:04:50:35 +0200] "GET / HTTP/1.1" 200 1848 "-" "Mozilla/5.0 (compatible; CensysInspect/1.1; +https://about.censys.io/)"
66.132.172.200 - - [13/Jul/2026:04:50:42 +0200] "PRI * HTTP/2.0" 400 182 "-" "-"
104.22.57.39 - - [13/Jul/2026:04:50:44 +0200] "GET /outlet/112030161 HTTP/1.1" 404 243 "https://alg24info.com/?sitemap600.xml" "Mozilla/5.0 AppleWebKit/537.36 (KHTML, like Gecko; compatible; GPTBot/1.4; +https://openai.com/gptbot)"
66.132.172.200 - - [13/Jul/2026:04:50:45 +0200] "GET /favicon.ico HTTP/1.1" 404 244 "-" "Mozilla/5.0 (compatible; CensysInspect/1.1; +https://about.censys.io/)"
172.71.28.171 - - [13/Jul/2026:04:51:11 +0200] "GET / HTTP/1.1" 500 0 "-" "Mozilla/5.0 AppleWebKit/537.36 (KHTML, like Gecko; compatible; ClaudeBot/1.0; [email protected])"
104.22.57.39 - - [13/Jul/2026:04:51:45 +0200] "GET /outlet/109037192 HTTP/1.1" 404 243 "https://alg24info.com/?sitemap600.xml" "Mozilla/5.0 AppleWebKit/537.36 (KHTML, like Gecko; compatible; GPTBot/1.4; +https://openai.com/gptbot)"
66.132.172.200 - - [13/Jul/2026:04:52:43 +0200] "GET /robots.txt HTTP/1.1" 404 244 "-" "Mozilla/5.0 (compatible; CensysInspect/1.1; +https://about.censys.io/)"
104.22.57.39 - - [13/Jul/2026:04:52:50 +0200] "GET /outlet/183017236 HTTP/1.1" 404 243 "https://alg24info.com/?sitemap448.xml" "Mozilla/5.0 AppleWebKit/537.36 (KHTML, like Gecko; compatible; GPTBot/1.4; +https://openai.com/gptbot)"
104.22.57.39 - - [13/Jul/2026:04:53:50 +0200] "GET /outlet/033014818 HTTP/1.1" 404 243 "https://alg24info.com/?sitemap448.xml" "Mozilla/5.0 AppleWebKit/537.36 (KHTML, like Gecko; compatible; GPTBot/1.4; +https://openai.com/gptbot)"
104.22.57.39 - - [13/Jul/2026:04:54:56 +0200] "GET /outlet/059048950 HTTP/1.1" 404 243 "https://alg24info.com/?sitemap448.xml" "Mozilla/5.0 AppleWebKit/537.36 (KHTML, like Gecko; compatible; GPTBot/1.4; +https://openai.com/gptbot)"
104.22.57.39 - - [13/Jul/2026:04:56:00 +0200] "GET /outlet/046008131 HTTP/1.1" 404 243 "https://alg24info.com/?sitemap344.xml" "Mozilla/5.0 AppleWebKit/537.36 (KHTML, like Gecko; compatible; GPTBot/1.4; +https://openai.com/gptbot)"
104.22.57.39 - - [13/Jul/2026:04:57:02 +0200] "GET /outlet/083042218 HTTP/1.1" 404 243 "https://alg24info.com/?sitemap448.xml" "Mozilla/5.0 AppleWebKit/537.36 (KHTML, like Gecko; compatible; GPTBot/1.4; +https://openai.com/gptbot)"
104.22.57.39 - - [13/Jul/2026:04:58:07 +0200] "GET /outlet/176006931 HTTP/1.1" 404 243 "https://alg24info.com/?sitemap600.xml" "Mozilla/5.0 AppleWebKit/537.36 (KHTML, like Gecko; compatible; GPTBot/1.4; +https://openai.com/gptbot)"
172.69.17.163 - - [13/Jul/2026:04:58:12 +0200] "GET / HTTP/1.1" 500 0 "-" "Mozilla/5.0 (Windows NT 10.0; Win64; x64) AppleWebKit/537.36 (KHTML, like Gecko) Chrome/145.0.0.0 Safari/537.36"
172.69.17.203 - - [13/Jul/2026:04:58:13 +0200] "POST / HTTP/1.1" 500 0 "https://www.alg24info.com/" "Mozilla/5.0 (Windows NT 10.0; Win64; x64) AppleWebKit/537.36 (KHTML, like Gecko) Chrome/144.0.0.0 Safari/537.36"
172.69.17.163 - - [13/Jul/2026:04:58:13 +0200] "POST / HTTP/1.1" 500 0 "https://www.alg24info.com/" "Mozilla/5.0 (Macintosh; Intel Mac OS X 10_15_7) AppleWebKit/537.36 (KHTML, like Gecko) Chrome/146.0.0.0 Safari/537.36"
172.71.150.252 - - [13/Jul/2026:04:58:20 +0200] "GET /index.php/2020/06/09/%D8%A7%D8%A8%D8%B1%D8%A7%D9%85-%D8%A7%D8%AA%D9%81%D8%A7%D9%82%D9%8A%D8%A9-%D8%A8%D9%8A%D9%86-%D9%88%D8%B2%D8%A7%D8%B1%D8%A9-%D8%A7%D9%84%D8%B3%D9%8A%D8%A7%D8%AD%D8%A9-%D9%88%D9%85%D9%86%D8%AA%D8%AF/ HTTP/1.1" 500 0 "-" "Mozilla/5.0 (compatible; DotBot/1.2; +https://opensiteexplorer.org/dotbot; [email protected])"
108.162.246.5 - - [13/Jul/2026:04:58:29 +0200] "GET /index.php/2020/05/06/%D8%A7%D9%84%D9%86%D9%81%D8%B7-%D9%8A%D8%B9%D9%88%D8%AF-%D9%84%D9%84%D8%A7%D9%86%D8%AE%D9%81%D8%A7%D8%B6-%D8%A8%D8%B9%D8%AF-%D8%AA%D8%B3%D8%AC%D9%8A%D9%84-%D8%A7%D8%B1%D8%AA%D9%81%D8%A7%D8%B9-%D9%85/ HTTP/1.1" 500 0 "-" "Mozilla/5.0 (compatible; DotBot/1.2; +https://opensiteexplorer.org/dotbot; [email protected])"
104.23.172.48 - - [13/Jul/2026:04:58:38 +0200] "GET /robots.txt HTTP/1.1" 200 130 "-" "Mozilla/5.0 (compatible; AwarioBot/1.0; +https://awario.com/bots.html)"
172.71.99.87 - - [13/Jul/2026:04:58:38 +0200] "GET /?g=113044245 HTTP/1.1" 500 0 "-" "Mozilla/5.0 (compatible; AwarioBot/1.0; +https://awario.com/bots.html)"
104.23.172.64 - - [13/Jul/2026:04:58:40 +0200] "GET /?g=113049875 HTTP/1.1" 500 0 "-" "Mozilla/5.0 (compatible; AwarioBot/1.0; +https://awario.com/bots.html)"
172.70.46.106 - - [13/Jul/2026:04:58:41 +0200] "GET /?g=116024426 HTTP/1.1" 500 0 "-" "Mozilla/5.0 (compatible; AwarioBot/1.0; +https://awario.com/bots.html)"
172.70.46.106 - - [13/Jul/2026:04:58:43 +0200] "GET /?g=118042472 HTTP/1.1" 500 0 "-" "Mozilla/5.0 (compatible; AwarioBot/1.0; +https://awario.com/bots.html)"
172.71.102.94 - - [13/Jul/2026:04:58:44 +0200] "GET /?g=120035802 HTTP/1.1" 500 0 "-" "Mozilla/5.0 (compatible; AwarioBot/1.0; +https://awario.com/bots.html)"
172.71.95.73 - - [13/Jul/2026:04:58:47 +0200] "GET /?g=122008612 HTTP/1.1" 500 0 "-" "Mozilla/5.0 (compatible; AwarioBot/1.0; +https://awario.com/bots.html)"
172.70.46.106 - - [13/Jul/2026:04:58:49 +0200] "GET /?g=122017030 HTTP/1.1" 500 0 "-" "Mozilla/5.0 (compatible; AwarioBot/1.0; +https://awario.com/bots.html)"
108.162.246.5 - - [13/Jul/2026:04:58:49 +0200] "GET /index.php/2020/05/31/%D9%84%D9%8A%D9%86%D9%88%D9%81%D9%88-%D8%AA%D8%B7%D9%84%D9%82-%D8%AD%D8%A7%D8%B3%D9%88%D8%A8%D8%A7-%D8%A8%D9%84%D9%88%D8%AD%D8%A9-%D9%85%D9%81%D8%A7%D8%AA%D9%8A%D8%AD-%D9%82%D8%A7%D8%A8%D9%84%D8%A9/ HTTP/1.1" 500 0 "-" "Mozilla/5.0 (compatible; DotBot/1.2; +https://opensiteexplorer.org/dotbot; [email protected])"
104.23.166.145 - - [13/Jul/2026:04:58:52 +0200] "GET /?g=122027064 HTTP/1.1" 500 0 "-" "Mozilla/5.0 (compatible; AwarioBot/1.0; +https://awario.com/bots.html)"
172.71.99.87 - - [13/Jul/2026:04:58:54 +0200] "GET /?g=122029594 HTTP/1.1" 500 0 "-" "Mozilla/5.0 (compatible; AwarioBot/1.0; +https://awario.com/bots.html)"
104.23.172.64 - - [13/Jul/2026:04:58:56 +0200] "GET /?g=123023419 HTTP/1.1" 500 0 "-" "Mozilla/5.0 (compatible; AwarioBot/1.0; +https://awario.com/bots.html)"
104.23.170.16 - - [13/Jul/2026:04:58:57 +0200] "GET /?g=123026959 HTTP/1.1" 500 0 "-" "Mozilla/5.0 (compatible; AwarioBot/1.0; +https://awario.com/bots.html)"
172.71.102.94 - - [13/Jul/2026:04:58:59 +0200] "GET /?g=124041840 HTTP/1.1" 500 0 "-" "Mozilla/5.0 (compatible; AwarioBot/1.0; +https://awario.com/bots.html)"
162.159.113.149 - - [13/Jul/2026:04:59:02 +0200] "GET /?g=128043484 HTTP/1.1" 500 0 "-" "Mozilla/5.0 (compatible; AwarioBot/1.0; +https://awario.com/bots.html)"
104.23.172.64 - - [13/Jul/2026:04:59:06 +0200] "GET /?g=129004919 HTTP/1.1" 500 0 "-" "Mozilla/5.0 (compatible; AwarioBot/1.0; +https://awario.com/bots.html)"
104.22.57.39 - - [13/Jul/2026:04:59:08 +0200] "GET /outlet/038014051 HTTP/1.1" 404 243 "https://alg24info.com/?sitemap344.xml" "Mozilla/5.0 AppleWebKit/537.36 (KHTML, like Gecko; compatible; GPTBot/1.4; +https://openai.com/gptbot)"
172.70.46.176 - - [13/Jul/2026:04:59:09 +0200] "GET /?g=130004746 HTTP/1.1" 500 0 "-" "Mozilla/5.0 (compatible; AwarioBot/1.0; +https://awario.com/bots.html)"
104.23.172.64 - - [13/Jul/2026:04:59:11 +0200] "GET /?g=131038443 HTTP/1.1" 500 0 "-" "Mozilla/5.0 (compatible; AwarioBot/1.0; +https://awario.com/bots.html)"
172.71.95.73 - - [13/Jul/2026:04:59:12 +0200] "GET /?g=133036431 HTTP/1.1" 500 0 "-" "Mozilla/5.0 (compatible; AwarioBot/1.0; +https://awario.com/bots.html)"
104.23.172.64 - - [13/Jul/2026:04:59:16 +0200] "GET /?g=136006964 HTTP/1.1" 500 0 "-" "Mozilla/5.0 (compatible; AwarioBot/1.0; +https://awario.com/bots.html)"
104.23.170.16 - - [13/Jul/2026:04:59:18 +0200] "GET /?g=136030056 HTTP/1.1" 500 0 "-" "Mozilla/5.0 (compatible; AwarioBot/1.0; +https://awario.com/bots.html)"
104.23.166.145 - - [13/Jul/2026:04:59:20 +0200] "GET /?g=137004551 HTTP/1.1" 500 0 "-" "Mozilla/5.0 (compatible; AwarioBot/1.0; +https://awario.com/bots.html)"
172.71.95.73 - - [13/Jul/2026:04:59:21 +0200] "GET /?g=137015251 HTTP/1.1" 500 0 "-" "Mozilla/5.0 (compatible; AwarioBot/1.0; +https://awario.com/bots.html)"
172.68.22.24 - - [13/Jul/2026:04:59:24 +0200] "GET /index.php/2020/06/09/%D9%85%D8%B5%D8%B1-%D8%A5%D8%B5%D8%AF%D8%A7%D8%B1-%D8%A8%D9%8A%D8%A7%D9%86%D8%A7-%D8%A8%D8%B4%D8%A3%D9%86-%D8%B3%D8%AF-%D8%A7%D9%84%D9%86%D9%87%D8%B6%D8%A9/ HTTP/1.1" 500 0 "-" "Mozilla/5.0 (compatible; DotBot/1.2; +https://opensiteexplorer.org/dotbot; [email protected])"
104.23.170.16 - - [13/Jul/2026:04:59:24 +0200] "GET /?g=139010063 HTTP/1.1" 500 0 "-" "Mozilla/5.0 (compatible; AwarioBot/1.0; +https://awario.com/bots.html)"
172.71.183.142 - - [13/Jul/2026:04:59:27 +0200] "GET /?g=139028389 HTTP/1.1" 500 0 "-" "Mozilla/5.0 (compatible; AwarioBot/1.0; +https://awario.com/bots.html)"
162.159.113.149 - - [13/Jul/2026:04:59:29 +0200] "GET /?g=140038036 HTTP/1.1" 500 0 "-" "Mozilla/5.0 (compatible; AwarioBot/1.0; +https://awario.com/bots.html)"
172.71.102.94 - - [13/Jul/2026:04:59:31 +0200] "GET /?g=141005561 HTTP/1.1" 500 0 "-" "Mozilla/5.0 (compatible; AwarioBot/1.0; +https://awario.com/bots.html)"
104.23.168.29 - - [13/Jul/2026:04:59:34 +0200] "GET /?g=143035779 HTTP/1.1" 500 0 "-" "Mozilla/5.0 (compatible; AwarioBot/1.0; +https://awario.com/bots.html)"
162.159.113.149 - - [13/Jul/2026:04:59:36 +0200] "GET /?g=144020844 HTTP/1.1" 500 0 "-" "Mozilla/5.0 (compatible; AwarioBot/1.0; +https://awario.com/bots.html)"
172.71.102.94 - - [13/Jul/2026:04:59:38 +0200] "GET /?g=145046575 HTTP/1.1" 500 0 "-" "Mozilla/5.0 (compatible; AwarioBot/1.0; +https://awario.com/bots.html)"
104.23.172.64 - - [13/Jul/2026:04:59:41 +0200] "GET /?g=146004328 HTTP/1.1" 500 0 "-" "Mozilla/5.0 (compatible; AwarioBot/1.0; +https://awario.com/bots.html)"
104.23.168.29 - - [13/Jul/2026:04:59:43 +0200] "GET /?g=148046820 HTTP/1.1" 500 0 "-" "Mozilla/5.0 (compatible; AwarioBot/1.0; +https://awario.com/bots.html)"
172.71.102.94 - - [13/Jul/2026:04:59:47 +0200] "GET /?g=150046850 HTTP/1.1" 500 0 "-" "Mozilla/5.0 (compatible; AwarioBot/1.0; +https://awario.com/bots.html)"
162.159.113.149 - - [13/Jul/2026:04:59:49 +0200] "GET /?g=151003799 HTTP/1.1" 500 0 "-" "Mozilla/5.0 (compatible; AwarioBot/1.0; +https://awario.com/bots.html)"
95.215.0.144 - - [13/Jul/2026:04:59:51 +0200] "GET / HTTP/1.0" 400 682 "-" "Mozilla/5.0 (Windows NT 10.0; Win64; x64) AppleWebKit/537.36 (KHTML, like Gecko) Chrome/100.0.4896.136 Safari/537.36"
172.70.46.176 - - [13/Jul/2026:04:59:53 +0200] "GET /?g=151015061 HTTP/1.1" 500 0 "-" "Mozilla/5.0 (compatible; AwarioBot/1.0; +https://awario.com/bots.html)"
104.23.172.64 - - [13/Jul/2026:04:59:57 +0200] "GET /?g=151038651 HTTP/1.1" 500 0 "-" "Mozilla/5.0 (compatible; AwarioBot/1.0; +https://awario.com/bots.html)"
95.215.0.144 - - [13/Jul/2026:04:59:59 +0200] "\x16\x03\x02\x01o\x01\x00\x01k\x03\x02RH\xC5\x1A#\xF7:N\xDF\xE2\xB4\x82/\xFF\x09T\x9F\xA7\xC4y\xB0h\xC6\x13\x8C\xA4\x1C=\x22\xE1\x1A\x98 \x84\xB4,\x85\xAFn\xE3Y\xBBbhl\xFF(=':\xA9\x82\xD9o\xC8\xA2\xD7\x93\x98\xB4\xEF\x80\xE5\xB9\x90\x00(\xC0" 400 182 "-" "-"
172.71.102.148 - - [13/Jul/2026:04:59:59 +0200] "GET /?g=152017004 HTTP/1.1" 500 0 "-" "Mozilla/5.0 (compatible; AwarioBot/1.0; +https://awario.com/bots.html)"
172.70.46.176 - - [13/Jul/2026:05:00:02 +0200] "GET /?g=152022174 HTTP/1.1" 500 0 "-" "Mozilla/5.0 (compatible; AwarioBot/1.0; +https://awario.com/bots.html)"
104.23.170.16 - - [13/Jul/2026:05:00:05 +0200] "GET /?g=154020586 HTTP/1.1" 500 0 "-" "Mozilla/5.0 (compatible; AwarioBot/1.0; +https://awario.com/bots.html)"
104.23.168.29 - - [13/Jul/2026:05:00:07 +0200] "GET /?g=154026162 HTTP/1.1" 500 0 "-" "Mozilla/5.0 (compatible; AwarioBot/1.0; +https://awario.com/bots.html)"
104.23.166.145 - - [13/Jul/2026:05:00:11 +0200] "GET /?g=154048170 HTTP/1.1" 500 0 "-" "Mozilla/5.0 (compatible; AwarioBot/1.0; +https://awario.com/bots.html)"
104.22.57.40 - - [13/Jul/2026:05:00:13 +0200] "GET /outlet/187026078 HTTP/1.1" 404 243 "https://alg24info.com/?sitemap448.xml" "Mozilla/5.0 AppleWebKit/537.36 (KHTML, like Gecko; compatible; GPTBot/1.4; +https://openai.com/gptbot)"
172.70.46.176 - - [13/Jul/2026:05:00:14 +0200] "GET /?g=156004136 HTTP/1.1" 500 0 "-" "Mozilla/5.0 (compatible; AwarioBot/1.0; +https://awario.com/bots.html)"
104.23.168.29 - - [13/Jul/2026:05:00:16 +0200] "GET /?g=156015680 HTTP/1.1" 500 0 "-" "Mozilla/5.0 (compatible; AwarioBot/1.0; +https://awario.com/bots.html)"
172.70.46.176 - - [13/Jul/2026:05:00:21 +0200] "GET /?g=157032231 HTTP/1.1" 500 0 "-" "Mozilla/5.0 (compatible; AwarioBot/1.0; +https://awario.com/bots.html)"
172.71.102.148 - - [13/Jul/2026:05:00:24 +0200] "GET /?g=158000380 HTTP/1.1" 500 0 "-" "Mozilla/5.0 (compatible; AwarioBot/1.0; +https://awario.com/bots.html)"
172.71.95.74 - - [13/Jul/2026:05:00:28 +0200] "GET /?g=161024587 HTTP/1.1" 500 0 "-" "Mozilla/5.0 (compatible; AwarioBot/1.0; +https://awario.com/bots.html)"
172.70.46.176 - - [13/Jul/2026:05:00:32 +0200] "GET /?g=165019815 HTTP/1.1" 500 0 "-" "Mozilla/5.0 (compatible; AwarioBot/1.0; +https://awario.com/bots.html)"
172.71.99.87 - - [13/Jul/2026:05:00:37 +0200] "GET /?g=167016985 HTTP/1.1" 500 0 "-" "Mozilla/5.0 (compatible; AwarioBot/1.0; +https://awario.com/bots.html)"
172.71.102.148 - - [13/Jul/2026:05:00:40 +0200] "GET /?g=168028178 HTTP/1.1" 500 0 "-" "Mozilla/5.0 (compatible; AwarioBot/1.0; +https://awario.com/bots.html)"
172.71.102.148 - - [13/Jul/2026:05:00:42 +0200] "GET /?g=169012377 HTTP/1.1" 500 0 "-" "Mozilla/5.0 (compatible; AwarioBot/1.0; +https://awario.com/bots.html)"
172.71.95.74 - - [13/Jul/2026:05:00:45 +0200] "GET /?g=169013497 HTTP/1.1" 500 0 "-" "Mozilla/5.0 (compatible; AwarioBot/1.0; +https://awario.com/bots.html)"
104.23.172.64 - - [13/Jul/2026:05:00:48 +0200] "GET /?g=170010678 HTTP/1.1" 500 0 "-" "Mozilla/5.0 (compatible; AwarioBot/1.0; +https://awario.com/bots.html)"
172.71.102.148 - - [13/Jul/2026:05:00:50 +0200] "GET /?g=170013374 HTTP/1.1" 500 0 "-" "Mozilla/5.0 (compatible; AwarioBot/1.0; +https://awario.com/bots.html)"
104.23.166.145 - - [13/Jul/2026:05:00:53 +0200] "GET /?g=171030021 HTTP/1.1" 500 0 "-" "Mozilla/5.0 (compatible; AwarioBot/1.0; +https://awario.com/bots.html)"
162.159.113.148 - - [13/Jul/2026:05:00:56 +0200] "GET /?g=171042503 HTTP/1.1" 500 0 "-" "Mozilla/5.0 (compatible; AwarioBot/1.0; +https://awario.com/bots.html)"
104.23.166.145 - - [13/Jul/2026:05:00:59 +0200] "GET /?g=172039432 HTTP/1.1" 500 0 "-" "Mozilla/5.0 (compatible; AwarioBot/1.0; +https://awario.com/bots.html)"
172.71.183.142 - - [13/Jul/2026:05:01:02 +0200] "GET /?g=173008561 HTTP/1.1" 500 0 "-" "Mozilla/5.0 (compatible; AwarioBot/1.0; +https://awario.com/bots.html)"
104.23.170.16 - - [13/Jul/2026:05:01:05 +0200] "GET /?g=174049778 HTTP/1.1" 500 0 "-" "Mozilla/5.0 (compatible; AwarioBot/1.0; +https://awario.com/bots.html)"
172.71.102.148 - - [13/Jul/2026:05:01:07 +0200] "GET /?g=176015806 HTTP/1.1" 500 0 "-" "Mozilla/5.0 (compatible; AwarioBot/1.0; +https://awario.com/bots.html)"
104.23.172.64 - - [13/Jul/2026:05:01:10 +0200] "GET /?g=177023305 HTTP/1.1" 500 0 "-" "Mozilla/5.0 (compatible; AwarioBot/1.0; +https://awario.com/bots.html)"
172.71.99.87 - - [13/Jul/2026:05:01:12 +0200] "GET /?g=177047927 HTTP/1.1" 500 0 "-" "Mozilla/5.0 (compatible; AwarioBot/1.0; +https://awario.com/bots.html)"
104.23.170.16 - - [13/Jul/2026:05:01:16 +0200] "GET /?g=178013288 HTTP/1.1" 500 0 "-" "Mozilla/5.0 (compatible; AwarioBot/1.0; +https://awario.com/bots.html)"
104.22.57.40 - - [13/Jul/2026:05:01:17 +0200] "GET /outlet/171035378 HTTP/1.1" 404 243 "https://alg24info.com/?sitemap448.xml" "Mozilla/5.0 AppleWebKit/537.36 (KHTML, like Gecko; compatible; GPTBot/1.4; +https://openai.com/gptbot)"
162.159.113.148 - - [13/Jul/2026:05:01:19 +0200] "GET /?g=178040718 HTTP/1.1" 500 0 "-" "Mozilla/5.0 (compatible; AwarioBot/1.0; +https://awario.com/bots.html)"
172.71.183.142 - - [13/Jul/2026:05:01:21 +0200] "GET /?g=180044922 HTTP/1.1" 500 0 "-" "Mozilla/5.0 (compatible; AwarioBot/1.0; +https://awario.com/bots.html)"
172.71.102.148 - - [13/Jul/2026:05:01:23 +0200] "GET /?g=181048559 HTTP/1.1" 500 0 "-" "Mozilla/5.0 (compatible; AwarioBot/1.0; +https://awario.com/bots.html)"
104.23.166.145 - - [13/Jul/2026:05:01:27 +0200] "GET /?g=182009614 HTTP/1.1" 500 0 "-" "Mozilla/5.0 (compatible; AwarioBot/1.0; +https://awario.com/bots.html)"
104.23.170.16 - - [13/Jul/2026:05:01:30 +0200] "GET /?g=184048648 HTTP/1.1" 500 0 "-" "Mozilla/5.0 (compatible; AwarioBot/1.0; +https://awario.com/bots.html)"
172.71.99.87 - - [13/Jul/2026:05:01:33 +0200] "GET /?g=187017745 HTTP/1.1" 500 0 "-" "Mozilla/5.0 (compatible; AwarioBot/1.0; +https://awario.com/bots.html)"
104.23.166.145 - - [13/Jul/2026:05:01:36 +0200] "GET /?g=187026007 HTTP/1.1" 500 0 "-" "Mozilla/5.0 (compatible; AwarioBot/1.0; +https://awario.com/bots.html)"
172.71.99.87 - - [13/Jul/2026:05:01:38 +0200] "GET /?g=188013012 HTTP/1.1" 500 0 "-" "Mozilla/5.0 (compatible; AwarioBot/1.0; +https://awario.com/bots.html)"
172.71.99.87 - - [13/Jul/2026:05:01:40 +0200] "GET /?g=188028642 HTTP/1.1" 500 0 "-" "Mozilla/5.0 (compatible; AwarioBot/1.0; +https://awario.com/bots.html)"
172.71.99.87 - - [13/Jul/2026:05:01:44 +0200] "GET /?g=189014175 HTTP/1.1" 500 0 "-" "Mozilla/5.0 (compatible; AwarioBot/1.0; +https://awario.com/bots.html)"
162.159.113.148 - - [13/Jul/2026:05:01:47 +0200] "GET /?g=189043207 HTTP/1.1" 500 0 "-" "Mozilla/5.0 (compatible; AwarioBot/1.0; +https://awario.com/bots.html)"
104.23.166.145 - - [13/Jul/2026:05:01:49 +0200] "GET /?g=190000354 HTTP/1.1" 500 0 "-" "Mozilla/5.0 (compatible; AwarioBot/1.0; +https://awario.com/bots.html)"
172.70.46.176 - - [13/Jul/2026:05:01:52 +0200] "GET /?g=190006000 HTTP/1.1" 500 0 "-" "Mozilla/5.0 (compatible; AwarioBot/1.0; +https://awario.com/bots.html)"
141.101.76.180 - - [13/Jul/2026:05:01:53 +0200] "GET /?g=192042488 HTTP/1.1" 500 0 "-" "Mozilla/5.0 (compatible; AwarioBot/1.0; +https://awario.com/bots.html)"
172.70.46.176 - - [13/Jul/2026:05:01:56 +0200] "GET /?g=193009921 HTTP/1.1" 500 0 "-" "Mozilla/5.0 (compatible; AwarioBot/1.0; +https://awario.com/bots.html)"
104.23.170.16 - - [13/Jul/2026:05:01:59 +0200] "GET /?g=193047911 HTTP/1.1" 500 0 "-" "Mozilla/5.0 (compatible; AwarioBot/1.0; +https://awario.com/bots.html)"
172.71.183.214 - - [13/Jul/2026:05:02:01 +0200] "GET /?g=194011228 HTTP/1.1" 500 0 "-" "Mozilla/5.0 (compatible; AwarioBot/1.0; +https://awario.com/bots.html)"
172.71.183.214 - - [13/Jul/2026:05:02:03 +0200] "GET /?g=196022576 HTTP/1.1" 500 0 "-" "Mozilla/5.0 (compatible; AwarioBot/1.0; +https://awario.com/bots.html)"
162.159.113.148 - - [13/Jul/2026:05:02:05 +0200] "GET /?g=196026706 HTTP/1.1" 500 0 "-" "Mozilla/5.0 (compatible; AwarioBot/1.0; +https://awario.com/bots.html)"
162.159.113.148 - - [13/Jul/2026:05:02:08 +0200] "GET /?g=198016856 HTTP/1.1" 500 0 "-" "Mozilla/5.0 (compatible; AwarioBot/1.0; +https://awario.com/bots.html)"
162.159.113.148 - - [13/Jul/2026:05:02:11 +0200] "GET /?g=198018554 HTTP/1.1" 500 0 "-" "Mozilla/5.0 (compatible; AwarioBot/1.0; +https://awario.com/bots.html)"
104.23.168.29 - - [13/Jul/2026:05:02:15 +0200] "GET /?g=201005551 HTTP/1.1" 500 0 "-" "Mozilla/5.0 (compatible; AwarioBot/1.0; +https://awario.com/bots.html)"
162.159.113.148 - - [13/Jul/2026:05:02:18 +0200] "GET /?g=201031487 HTTP/1.1" 500 0 "-" "Mozilla/5.0 (compatible; AwarioBot/1.0; +https://awario.com/bots.html)"
104.22.57.40 - - [13/Jul/2026:05:02:18 +0200] "GET /outlet/012025337 HTTP/1.1" 404 243 "https://alg24info.com/?sitemap600.xml" "Mozilla/5.0 AppleWebKit/537.36 (KHTML, like Gecko; compatible; GPTBot/1.4; +https://openai.com/gptbot)"
104.23.170.16 - - [13/Jul/2026:05:02:20 +0200] "GET /?g=202031668 HTTP/1.1" 500 0 "-" "Mozilla/5.0 (compatible; AwarioBot/1.0; +https://awario.com/bots.html)"
172.71.102.148 - - [13/Jul/2026:05:02:22 +0200] "GET /?g=203024339 HTTP/1.1" 500 0 "-" "Mozilla/5.0 (compatible; AwarioBot/1.0; +https://awario.com/bots.html)"
104.23.170.16 - - [13/Jul/2026:05:02:24 +0200] "GET /?g=204008296 HTTP/1.1" 500 0 "-" "Mozilla/5.0 (compatible; AwarioBot/1.0; +https://awario.com/bots.html)"
104.23.170.16 - - [13/Jul/2026:05:02:27 +0200] "GET /?g=205031483 HTTP/1.1" 500 0 "-" "Mozilla/5.0 (compatible; AwarioBot/1.0; +https://awario.com/bots.html)"
172.71.95.74 - - [13/Jul/2026:05:02:29 +0200] "GET /?g=205047691 HTTP/1.1" 500 0 "-" "Mozilla/5.0 (compatible; AwarioBot/1.0; +https://awario.com/bots.html)"
104.23.168.29 - - [13/Jul/2026:05:02:33 +0200] "GET /?g=209003641 HTTP/1.1" 500 0 "-" "Mozilla/5.0 (compatible; AwarioBot/1.0; +https://awario.com/bots.html)"
104.23.168.29 - - [13/Jul/2026:05:02:36 +0200] "GET /?g=210041768 HTTP/1.1" 500 0 "-" "Mozilla/5.0 (compatible; AwarioBot/1.0; +https://awario.com/bots.html)"
104.23.172.64 - - [13/Jul/2026:05:02:39 +0200] "GET /?g=212018398 HTTP/1.1" 500 0 "-" "Mozilla/5.0 (compatible; AwarioBot/1.0; +https://awario.com/bots.html)"
172.71.99.87 - - [13/Jul/2026:05:02:41 +0200] "GET /?g=212019886 HTTP/1.1" 500 0 "-" "Mozilla/5.0 (compatible; AwarioBot/1.0; +https://awario.com/bots.html)"
104.23.168.29 - - [13/Jul/2026:05:02:45 +0200] "GET /?g=212029878 HTTP/1.1" 500 0 "-" "Mozilla/5.0 (compatible; AwarioBot/1.0; +https://awario.com/bots.html)"
104.23.170.16 - - [13/Jul/2026:05:02:47 +0200] "GET /?g=213037649 HTTP/1.1" 500 0 "-" "Mozilla/5.0 (compatible; AwarioBot/1.0; +https://awario.com/bots.html)"
104.23.166.145 - - [13/Jul/2026:05:02:51 +0200] "GET /?g=214016942 HTTP/1.1" 500 0 "-" "Mozilla/5.0 (compatible; AwarioBot/1.0; +https://awario.com/bots.html)"
172.71.95.74 - - [13/Jul/2026:05:02:55 +0200] "GET /?g=214040828 HTTP/1.1" 500 0 "-" "Mozilla/5.0 (compatible; AwarioBot/1.0; +https://awario.com/bots.html)"
172.71.99.87 - - [13/Jul/2026:05:02:59 +0200] "GET /?g=214044006 HTTP/1.1" 500 0 "-" "Mozilla/5.0 (compatible; AwarioBot/1.0; +https://awario.com/bots.html)"
172.71.102.148 - - [13/Jul/2026:05:03:04 +0200] "GET /?g=215009655 HTTP/1.1" 500 0 "-" "Mozilla/5.0 (compatible; AwarioBot/1.0; +https://awario.com/bots.html)"
172.71.99.87 - - [13/Jul/2026:05:03:07 +0200] "GET /?g=216013748 HTTP/1.1" 500 0 "-" "Mozilla/5.0 (compatible; AwarioBot/1.0; +https://awario.com/bots.html)"
104.23.166.145 - - [13/Jul/2026:05:03:10 +0200] "GET /?g=217021139 HTTP/1.1" 500 0 "-" "Mozilla/5.0 (compatible; AwarioBot/1.0; +https://awario.com/bots.html)"
172.70.46.176 - - [13/Jul/2026:05:03:13 +0200] "GET /?g=218000742 HTTP/1.1" 500 0 "-" "Mozilla/5.0 (compatible; AwarioBot/1.0; +https://awario.com/bots.html)"
172.71.95.74 - - [13/Jul/2026:05:03:15 +0200] "GET /?g=219028309 HTTP/1.1" 500 0 "-" "Mozilla/5.0 (compatible; AwarioBot/1.0; +https://awario.com/bots.html)"
104.23.166.145 - - [13/Jul/2026:05:03:18 +0200] "GET /?g=221047231 HTTP/1.1" 500 0 "-" "Mozilla/5.0 (compatible; AwarioBot/1.0; +https://awario.com/bots.html)"
104.22.57.40 - - [13/Jul/2026:05:03:21 +0200] "GET /outlet/246019205 HTTP/1.1" 404 243 "https://alg24info.com/?sitemap741.xml" "Mozilla/5.0 AppleWebKit/537.36 (KHTML, like Gecko; compatible; GPTBot/1.4; +https://openai.com/gptbot)"
172.71.102.148 - - [13/Jul/2026:05:03:21 +0200] "GET /?g=223003265 HTTP/1.1" 500 0 "-" "Mozilla/5.0 (compatible; AwarioBot/1.0; +https://awario.com/bots.html)"
104.23.170.16 - - [13/Jul/2026:05:03:24 +0200] "GET /?g=224035230 HTTP/1.1" 500 0 "-" "Mozilla/5.0 (compatible; AwarioBot/1.0; +https://awario.com/bots.html)"
172.71.99.87 - - [13/Jul/2026:05:03:28 +0200] "GET /?g=226008310 HTTP/1.1" 500 0 "-" "Mozilla/5.0 (compatible; AwarioBot/1.0; +https://awario.com/bots.html)"
172.71.95.74 - - [13/Jul/2026:05:03:31 +0200] "GET /?g=227019165 HTTP/1.1" 500 0 "-" "Mozilla/5.0 (compatible; AwarioBot/1.0; +https://awario.com/bots.html)"
104.23.170.16 - - [13/Jul/2026:05:03:34 +0200] "GET /?g=227044641 HTTP/1.1" 500 0 "-" "Mozilla/5.0 (compatible; AwarioBot/1.0; +https://awario.com/bots.html)"
172.71.183.214 - - [13/Jul/2026:05:03:38 +0200] "GET /?g=227046839 HTTP/1.1" 500 0 "-" "Mozilla/5.0 (compatible; AwarioBot/1.0; +https://awario.com/bots.html)"
104.23.166.145 - - [13/Jul/2026:05:04:14 +0200] "GET /?g=228041826 HTTP/1.1" 500 0 "-" "Mozilla/5.0 (compatible; AwarioBot/1.0; +https://awario.com/bots.html)"
172.70.46.177 - - [13/Jul/2026:05:04:20 +0200] "GET /?g=229014363 HTTP/1.1" 500 0 "-" "Mozilla/5.0 (compatible; AwarioBot/1.0; +https://awario.com/bots.html)"
104.23.168.28 - - [13/Jul/2026:05:04:23 +0200] "GET /?g=229036481 HTTP/1.1" 500 0 "-" "Mozilla/5.0 (compatible; AwarioBot/1.0; +https://awario.com/bots.html)"
104.22.57.40 - - [13/Jul/2026:05:04:24 +0200] "GET /outlet/101030962 HTTP/1.1" 404 243 "https://alg24info.com/?sitemap448.xml" "Mozilla/5.0 AppleWebKit/537.36 (KHTML, like Gecko; compatible; GPTBot/1.4; +https://openai.com/gptbot)"
104.23.166.145 - - [13/Jul/2026:05:04:27 +0200] "GET /?g=230015686 HTTP/1.1" 500 0 "-" "Mozilla/5.0 (compatible; AwarioBot/1.0; +https://awario.com/bots.html)"
104.23.170.16 - - [13/Jul/2026:05:04:30 +0200] "GET /?g=232014980 HTTP/1.1" 500 0 "-" "Mozilla/5.0 (compatible; AwarioBot/1.0; +https://awario.com/bots.html)"
141.101.76.180 - - [13/Jul/2026:05:04:32 +0200] "GET /?g=232018502 HTTP/1.1" 500 0 "-" "Mozilla/5.0 (compatible; AwarioBot/1.0; +https://awario.com/bots.html)"
172.71.99.87 - - [13/Jul/2026:05:04:34 +0200] "GET /?g=232046360 HTTP/1.1" 500 0 "-" "Mozilla/5.0 (compatible; AwarioBot/1.0; +https://awario.com/bots.html)"
104.23.172.64 - - [13/Jul/2026:05:04:42 +0200] "GET /?g=233008899 HTTP/1.1" 500 0 "-" "Mozilla/5.0 (compatible; AwarioBot/1.0; +https://awario.com/bots.html)"
104.23.170.16 - - [13/Jul/2026:05:04:45 +0200] "GET /?g=233018555 HTTP/1.1" 500 0 "-" "Mozilla/5.0 (compatible; AwarioBot/1.0; +https://awario.com/bots.html)"
172.70.46.177 - - [13/Jul/2026:05:04:48 +0200] "GET /?g=234013942 HTTP/1.1" 500 0 "-" "Mozilla/5.0 (compatible; AwarioBot/1.0; +https://awario.com/bots.html)"
104.23.168.28 - - [13/Jul/2026:05:04:53 +0200] "GET /?g=235021837 HTTP/1.1" 500 0 "-" "Mozilla/5.0 (compatible; AwarioBot/1.0; +https://awario.com/bots.html)"
172.70.46.177 - - [13/Jul/2026:05:04:56 +0200] "GET /?g=236022090 HTTP/1.1" 500 0 "-" "Mozilla/5.0 (compatible; AwarioBot/1.0; +https://awario.com/bots.html)"
172.71.99.87 - - [13/Jul/2026:05:04:59 +0200] "GET /?g=237023245 HTTP/1.1" 500 0 "-" "Mozilla/5.0 (compatible; AwarioBot/1.0; +https://awario.com/bots.html)"
162.159.113.148 - - [13/Jul/2026:05:05:03 +0200] "GET /?g=239001933 HTTP/1.1" 500 0 "-" "Mozilla/5.0 (compatible; AwarioBot/1.0; +https://awario.com/bots.html)"
162.158.170.4 - - [13/Jul/2026:05:05:09 +0200] "GET /index.php0 HTTP/1.1" 200 15353 "-" "Mozilla/5.0 (Linux; Android 5.0) AppleWebKit/537.36 (KHTML, like Gecko) Mobile Safari/537.36 (compatible; Bytespider; [email protected])"
104.23.170.16 - - [13/Jul/2026:05:05:12 +0200] "GET /?g=240036054 HTTP/1.1" 500 0 "-" "Mozilla/5.0 (compatible; AwarioBot/1.0; +https://awario.com/bots.html)"
172.71.183.213 - - [13/Jul/2026:05:05:15 +0200] "GET /?g=242033832 HTTP/1.1" 500 0 "-" "Mozilla/5.0 (compatible; AwarioBot/1.0; +https://awario.com/bots.html)"
141.101.76.180 - - [13/Jul/2026:05:05:18 +0200] "GET /?g=244011278 HTTP/1.1" 500 0 "-" "Mozilla/5.0 (compatible; AwarioBot/1.0; +https://awario.com/bots.html)"
172.71.183.213 - - [13/Jul/2026:05:05:20 +0200] "GET /?g=246011772 HTTP/1.1" 500 0 "-" "Mozilla/5.0 (compatible; AwarioBot/1.0; +https://awario.com/bots.html)"
104.22.57.40 - - [13/Jul/2026:05:05:26 +0200] "GET /outlet/046012541 HTTP/1.1" 404 243 "https://alg24info.com/?sitemap600.xml" "Mozilla/5.0 AppleWebKit/537.36 (KHTML, like Gecko; compatible; GPTBot/1.4; +https://openai.com/gptbot)"
104.23.170.16 - - [13/Jul/2026:05:06:03 +0200] "GET /?g=246016332 HTTP/1.1" 500 0 "-" "Mozilla/5.0 (compatible; AwarioBot/1.0; +https://awario.com/bots.html)"
172.70.46.177 - - [13/Jul/2026:05:06:06 +0200] "GET /?g=246038126 HTTP/1.1" 500 0 "-" "Mozilla/5.0 (compatible; AwarioBot/1.0; +https://awario.com/bots.html)"
104.23.172.64 - - [13/Jul/2026:05:06:10 +0200] "GET /?g=246043278 HTTP/1.1" 500 0 "-" "Mozilla/5.0 (compatible; AwarioBot/1.0; +https://awario.com/bots.html)"
172.71.95.74 - - [13/Jul/2026:05:06:12 +0200] "GET /?g=249006105 HTTP/1.1" 500 0 "-" "Mozilla/5.0 (compatible; AwarioBot/1.0; +https://awario.com/bots.html)"
104.23.170.16 - - [13/Jul/2026:05:06:16 +0200] "GET /?g=249029789 HTTP/1.1" 500 0 "-" "Mozilla/5.0 (compatible; AwarioBot/1.0; +https://awario.com/bots.html)"
172.71.99.87 - - [13/Jul/2026:05:06:20 +0200] "GET /?g=249043889 HTTP/1.1" 500 0 "-" "Mozilla/5.0 (compatible; AwarioBot/1.0; +https://awario.com/bots.html)"
104.23.168.28 - - [13/Jul/2026:05:06:23 +0200] "GET /?g=251032683 HTTP/1.1" 500 0 "-" "Mozilla/5.0 (compatible; AwarioBot/1.0; +https://awario.com/bots.html)"
104.23.172.64 - - [13/Jul/2026:05:06:25 +0200] "GET /?g=253037329 HTTP/1.1" 500 0 "-" "Mozilla/5.0 (compatible; AwarioBot/1.0; +https://awario.com/bots.html)"
104.23.172.64 - - [13/Jul/2026:05:06:26 +0200] "GET /?g=254007064 HTTP/1.1" 500 0 "-" "Mozilla/5.0 (compatible; AwarioBot/1.0; +https://awario.com/bots.html)"
104.22.57.40 - - [13/Jul/2026:05:06:29 +0200] "GET /outlet/251017924 HTTP/1.1" 404 243 "https://alg24info.com/?sitemap224.xml" "Mozilla/5.0 AppleWebKit/537.36 (KHTML, like Gecko; compatible; GPTBot/1.4; +https://openai.com/gptbot)"
104.23.172.64 - - [13/Jul/2026:05:06:29 +0200] "GET /?g=254018480 HTTP/1.1" 500 0 "-" "Mozilla/5.0 (compatible; AwarioBot/1.0; +https://awario.com/bots.html)"
104.23.166.144 - - [13/Jul/2026:05:06:31 +0200] "GET /?g=255011815 HTTP/1.1" 500 0 "-" "Mozilla/5.0 (compatible; AwarioBot/1.0; +https://awario.com/bots.html)"
104.23.170.16 - - [13/Jul/2026:05:06:36 +0200] "GET /?g=256043268 HTTP/1.1" 500 0 "-" "Mozilla/5.0 (compatible; AwarioBot/1.0; +https://awario.com/bots.html)"
104.23.166.144 - - [13/Jul/2026:05:06:39 +0200] "GET /?g=256047866 HTTP/1.1" 500 0 "-" "Mozilla/5.0 (compatible; AwarioBot/1.0; +https://awario.com/bots.html)"
162.159.113.149 - - [13/Jul/2026:05:06:41 +0200] "GET /?g=263033413 HTTP/1.1" 500 0 "-" "Mozilla/5.0 (compatible; AwarioBot/1.0; +https://awario.com/bots.html)"
172.71.95.74 - - [13/Jul/2026:05:06:43 +0200] "GET /?g=263036585 HTTP/1.1" 500 0 "-" "Mozilla/5.0 (compatible; AwarioBot/1.0; +https://awario.com/bots.html)"
104.23.172.64 - - [13/Jul/2026:05:06:46 +0200] "GET /?g=263043133 HTTP/1.1" 500 0 "-" "Mozilla/5.0 (compatible; AwarioBot/1.0; +https://awario.com/bots.html)"
104.23.168.28 - - [13/Jul/2026:05:06:48 +0200] "GET /?g=265000339 HTTP/1.1" 500 0 "-" "Mozilla/5.0 (compatible; AwarioBot/1.0; +https://awario.com/bots.html)"
104.23.166.144 - - [13/Jul/2026:05:06:50 +0200] "GET /?g=268016888 HTTP/1.1" 500 0 "-" "Mozilla/5.0 (compatible; AwarioBot/1.0; +https://awario.com/bots.html)"
172.71.95.74 - - [13/Jul/2026:05:06:52 +0200] "GET /?g=270012484 HTTP/1.1" 500 0 "-" "Mozilla/5.0 (compatible; AwarioBot/1.0; +https://awario.com/bots.html)"
172.71.95.74 - - [13/Jul/2026:05:06:55 +0200] "GET /?g=270029446 HTTP/1.1" 500 0 "-" "Mozilla/5.0 (compatible; AwarioBot/1.0; +https://awario.com/bots.html)"
172.71.95.74 - - [13/Jul/2026:05:06:57 +0200] "GET /?g=271038753 HTTP/1.1" 500 0 "-" "Mozilla/5.0 (compatible; AwarioBot/1.0; +https://awario.com/bots.html)"
162.159.113.149 - - [13/Jul/2026:05:07:00 +0200] "GET /?g=271049225 HTTP/1.1" 500 0 "-" "Mozilla/5.0 (compatible; AwarioBot/1.0; +https://awario.com/bots.html)"
172.71.183.213 - - [13/Jul/2026:05:07:04 +0200] "GET /?g=272043248 HTTP/1.1" 500 0 "-" "Mozilla/5.0 (compatible; AwarioBot/1.0; +https://awario.com/bots.html)"
172.71.102.148 - - [13/Jul/2026:05:07:14 +0200] "GET /?g=273011797 HTTP/1.1" 500 0 "-" "Mozilla/5.0 (compatible; AwarioBot/1.0; +https://awario.com/bots.html)"
172.70.46.176 - - [13/Jul/2026:05:07:17 +0200] "GET /?g=273047647 HTTP/1.1" 500 0 "-" "Mozilla/5.0 (compatible; AwarioBot/1.0; +https://awario.com/bots.html)"
104.22.57.40 - - [13/Jul/2026:05:07:32 +0200] "GET /outlet/135038480 HTTP/1.1" 404 243 "https://alg24info.com/?sitemap224.xml" "Mozilla/5.0 AppleWebKit/537.36 (KHTML, like Gecko; compatible; GPTBot/1.4; +https://openai.com/gptbot)"
172.71.95.74 - - [13/Jul/2026:05:07:43 +0200] "GET /?g=275047489 HTTP/1.1" 500 0 "-" "Mozilla/5.0 (compatible; AwarioBot/1.0; +https://awario.com/bots.html)"
104.23.166.144 - - [13/Jul/2026:05:07:47 +0200] "GET /?g=278025378 HTTP/1.1" 500 0 "-" "Mozilla/5.0 (compatible; AwarioBot/1.0; +https://awario.com/bots.html)"
104.23.168.28 - - [13/Jul/2026:05:07:52 +0200] "GET /?g=279004013 HTTP/1.1" 500 0 "-" "Mozilla/5.0 (compatible; AwarioBot/1.0; +https://awario.com/bots.html)"
104.23.172.65 - - [13/Jul/2026:05:07:55 +0200] "GET /?g=281031127 HTTP/1.1" 500 0 "-" "Mozilla/5.0 (compatible; AwarioBot/1.0; +https://awario.com/bots.html)"
104.23.166.144 - - [13/Jul/2026:05:07:57 +0200] "GET /?g=284026532 HTTP/1.1" 500 0 "-" "Mozilla/5.0 (compatible; AwarioBot/1.0; +https://awario.com/bots.html)"
104.23.172.65 - - [13/Jul/2026:05:07:59 +0200] "GET /?g=285016859 HTTP/1.1" 500 0 "-" "Mozilla/5.0 (compatible; AwarioBot/1.0; +https://awario.com/bots.html)"
104.23.172.65 - - [13/Jul/2026:05:08:01 +0200] "GET /?g=285019237 HTTP/1.1" 500 0 "-" "Mozilla/5.0 (compatible; AwarioBot/1.0; +https://awario.com/bots.html)"
172.71.99.87 - - [13/Jul/2026:05:08:04 +0200] "GET /?g=286025402 HTTP/1.1" 500 0 "-" "Mozilla/5.0 (compatible; AwarioBot/1.0; +https://awario.com/bots.html)"
104.23.166.144 - - [13/Jul/2026:05:08:06 +0200] "GET /?g=287045927 HTTP/1.1" 500 0 "-" "Mozilla/5.0 (compatible; AwarioBot/1.0; +https://awario.com/bots.html)"
104.23.172.65 - - [13/Jul/2026:05:08:11 +0200] "GET /?g=288015902 HTTP/1.1" 500 0 "-" "Mozilla/5.0 (compatible; AwarioBot/1.0; +https://awario.com/bots.html)"
172.71.102.148 - - [13/Jul/2026:05:08:12 +0200] "GET /?g=288042836 HTTP/1.1" 500 0 "-" "Mozilla/5.0 (compatible; AwarioBot/1.0; +https://awario.com/bots.html)"
172.71.102.148 - - [13/Jul/2026:05:08:15 +0200] "GET /?g=290036004 HTTP/1.1" 500 0 "-" "Mozilla/5.0 (compatible; AwarioBot/1.0; +https://awario.com/bots.html)"
172.71.99.87 - - [13/Jul/2026:05:08:19 +0200] "GET /?g=291049681 HTTP/1.1" 500 0 "-" "Mozilla/5.0 (compatible; AwarioBot/1.0; +https://awario.com/bots.html)"
162.159.113.149 - - [13/Jul/2026:05:08:21 +0200] "GET /?g=293024423 HTTP/1.1" 500 0 "-" "Mozilla/5.0 (compatible; AwarioBot/1.0; +https://awario.com/bots.html)"
172.71.99.87 - - [13/Jul/2026:05:08:26 +0200] "GET /?g=294015348 HTTP/1.1" 500 0 "-" "Mozilla/5.0 (compatible; AwarioBot/1.0; +https://awario.com/bots.html)"
104.23.170.17 - - [13/Jul/2026:05:08:29 +0200] "GET /?g=296020814 HTTP/1.1" 500 0 "-" "Mozilla/5.0 (compatible; AwarioBot/1.0; +https://awario.com/bots.html)"
172.70.46.177 - - [13/Jul/2026:05:08:32 +0200] "GET /?g=297034883 HTTP/1.1" 500 0 "-" "Mozilla/5.0 (compatible; AwarioBot/1.0; +https://awario.com/bots.html)"
162.159.113.149 - - [13/Jul/2026:05:08:34 +0200] "GET /?g=298022140 HTTP/1.1" 500 0 "-" "Mozilla/5.0 (compatible; AwarioBot/1.0; +https://awario.com/bots.html)"
104.23.170.17 - - [13/Jul/2026:05:08:36 +0200] "GET /?g=299007923 HTTP/1.1" 500 0 "-" "Mozilla/5.0 (compatible; AwarioBot/1.0; +https://awario.com/bots.html)"
104.22.57.40 - - [13/Jul/2026:05:08:38 +0200] "GET /outlet/218035851 HTTP/1.1" 404 243 "https://alg24info.com/?sitemap344.xml" "Mozilla/5.0 AppleWebKit/537.36 (KHTML, like Gecko; compatible; GPTBot/1.4; +https://openai.com/gptbot)"
104.23.170.17 - - [13/Jul/2026:05:08:42 +0200] "GET /?g=299010903 HTTP/1.1" 500 0 "-" "Mozilla/5.0 (compatible; AwarioBot/1.0; +https://awario.com/bots.html)"
172.71.99.87 - - [13/Jul/2026:05:08:46 +0200] "GET /?g=300025390 HTTP/1.1" 500 0 "-" "Mozilla/5.0 (compatible; AwarioBot/1.0; +https://awario.com/bots.html)"
104.23.170.17 - - [13/Jul/2026:05:08:49 +0200] "GET /?h=004009874 HTTP/1.1" 500 0 "-" "Mozilla/5.0 (compatible; AwarioBot/1.0; +https://awario.com/bots.html)"
172.71.99.87 - - [13/Jul/2026:05:08:53 +0200] "GET /?h=004017990 HTTP/1.1" 500 0 "-" "Mozilla/5.0 (compatible; AwarioBot/1.0; +https://awario.com/bots.html)"
172.71.95.74 - - [13/Jul/2026:05:08:55 +0200] "GET /?h=004044352 HTTP/1.1" 500 0 "-" "Mozilla/5.0 (compatible; AwarioBot/1.0; +https://awario.com/bots.html)"
141.101.76.180 - - [13/Jul/2026:05:08:58 +0200] "GET /?h=006006946 HTTP/1.1" 500 0 "-" "Mozilla/5.0 (compatible; AwarioBot/1.0; +https://awario.com/bots.html)"
162.159.113.149 - - [13/Jul/2026:05:09:02 +0200] "GET /?h=006038154 HTTP/1.1" 500 0 "-" "Mozilla/5.0 (compatible; AwarioBot/1.0; +https://awario.com/bots.html)"
141.101.76.180 - - [13/Jul/2026:05:09:06 +0200] "GET /?h=007002059 HTTP/1.1" 500 0 "-" "Mozilla/5.0 (compatible; AwarioBot/1.0; +https://awario.com/bots.html)"
104.23.170.17 - - [13/Jul/2026:05:09:08 +0200] "GET /?h=008008850 HTTP/1.1" 500 0 "-" "Mozilla/5.0 (compatible; AwarioBot/1.0; +https://awario.com/bots.html)"
162.159.113.149 - - [13/Jul/2026:05:09:11 +0200] "GET /?h=009004097 HTTP/1.1" 500 0 "-" "Mozilla/5.0 (compatible; AwarioBot/1.0; +https://awario.com/bots.html)"
172.71.95.74 - - [13/Jul/2026:05:09:18 +0200] "GET /?h=011000719 HTTP/1.1" 500 0 "-" "Mozilla/5.0 (compatible; AwarioBot/1.0; +https://awario.com/bots.html)"
185.100.87.136 - - [13/Jul/2026:05:09:18 +0200] "GET / HTTP/1.1" 200 1848 "-" "Mozilla/5.0 (Windows NT 10.0; Win64; x64; rv:104.71.6212.24) Gecko/25.2.4212.671 Firefox/2.0"
185.100.87.136 - - [13/Jul/2026:05:09:18 +0200] "POST /api/client/update?arch=amd64&commit=08059e95dacafe0bf6e5782f8e2c8ec9cd8c5a17&os=windows HTTP/1.1" 400 280 "-" "SPARK COMMIT: 08059e95dacafe0bf6e5782f8e2c8ec9cd8c5a17"
104.22.57.40 - - [13/Jul/2026:05:09:38 +0200] "GET /outlet/276002351 HTTP/1.1" 404 243 "https://alg24info.com/?sitemap448.xml" "Mozilla/5.0 AppleWebKit/537.36 (KHTML, like Gecko; compatible; GPTBot/1.4; +https://openai.com/gptbot)"
104.22.57.40 - - [13/Jul/2026:05:10:40 +0200] "GET /outlet/212004047 HTTP/1.1" 404 243 "https://alg24info.com/?sitemap224.xml" "Mozilla/5.0 AppleWebKit/537.36 (KHTML, like Gecko; compatible; GPTBot/1.4; +https://openai.com/gptbot)"
94.154.43.243 - - [13/Jul/2026:05:10:45 +0200] "GET /SDK/webLanguage HTTP/1.1" 404 244 "-" "Mozilla/5.0 (Windows NT 10.0; Win64; x64) AppleWebKit/537.36 (KHTML, like Gecko) Chrome/90.0.4430.85 Safari/537.36 Edg/90.0.818.46"
104.22.57.39 - - [13/Jul/2026:05:11:45 +0200] "GET /outlet/057029044 HTTP/1.1" 404 243 "https://alg24info.com/?sitemap448.xml" "Mozilla/5.0 AppleWebKit/537.36 (KHTML, like Gecko; compatible; GPTBot/1.4; +https://openai.com/gptbot)"
104.22.57.39 - - [13/Jul/2026:05:12:49 +0200] "GET /outlet/263002240 HTTP/1.1" 404 243 "https://alg24info.com/?sitemap600.xml" "Mozilla/5.0 AppleWebKit/537.36 (KHTML, like Gecko; compatible; GPTBot/1.4; +https://openai.com/gptbot)"
104.22.57.39 - - [13/Jul/2026:05:13:53 +0200] "GET /outlet/133011062 HTTP/1.1" 404 243 "https://alg24info.com/?sitemap741.xml" "Mozilla/5.0 AppleWebKit/537.36 (KHTML, like Gecko; compatible; GPTBot/1.4; +https://openai.com/gptbot)"
104.22.57.39 - - [13/Jul/2026:05:14:56 +0200] "GET /outlet/113018092 HTTP/1.1" 404 243 "https://alg24info.com/?sitemap344.xml" "Mozilla/5.0 AppleWebKit/537.36 (KHTML, like Gecko; compatible; GPTBot/1.4; +https://openai.com/gptbot)"
78.153.140.250 - - [13/Jul/2026:05:16:00 +0200] "GET /.env HTTP/1.1" 404 244 "-" "Mozilla/5.0 (Windows NT 10.0; Win64; x64) AppleWebKit/537.36 (KHTML, like Gecko) Chrome/116.0.5845.140 Safari/537.36"
78.153.140.250 - - [13/Jul/2026:05:16:00 +0200] "POST / HTTP/1.1" 200 1848 "-" "Mozilla/5.0 (Windows NT 10.0; Win64; x64) AppleWebKit/537.36 (KHTML, like Gecko) Chrome/116.0.5845.140 Safari/537.36"
104.22.57.39 - - [13/Jul/2026:05:16:03 +0200] "GET /outlet/115007098 HTTP/1.1" 404 243 "https://alg24info.com/?sitemap741.xml" "Mozilla/5.0 AppleWebKit/537.36 (KHTML, like Gecko; compatible; GPTBot/1.4; +https://openai.com/gptbot)"
151.243.11.245 - - [13/Jul/2026:05:16:05 +0200] "GET / HTTP/1.1" 400 280 "-" "Mozilla/5.0 (compatible; FlowIQLabsBot/1.0; +https://flowiq-labs.com/scanning-info)"
151.243.11.245 - - [13/Jul/2026:05:16:06 +0200] "GET / HTTP/1.1" 200 4963 "-" "Mozilla/5.0 (compatible; FlowIQLabsBot/1.0; +https://flowiq-labs.com/scanning-info)"
151.243.11.245 - - [13/Jul/2026:05:16:07 +0200] "GET /favicon.ico HTTP/1.1" 404 275 "-" "Mozilla/5.0 (compatible; FlowIQLabsBot/1.0; +https://flowiq-labs.com/scanning-info)"
104.22.57.39 - - [13/Jul/2026:05:17:03 +0200] "GET /outlet/183031610 HTTP/1.1" 404 243 "https://alg24info.com/?sitemap741.xml" "Mozilla/5.0 AppleWebKit/537.36 (KHTML, like Gecko; compatible; GPTBot/1.4; +https://openai.com/gptbot)"
104.22.57.39 - - [13/Jul/2026:05:18:08 +0200] "GET /outlet/098045917 HTTP/1.1" 404 243 "https://alg24info.com/?sitemap344.xml" "Mozilla/5.0 AppleWebKit/537.36 (KHTML, like Gecko; compatible; GPTBot/1.4; +https://openai.com/gptbot)"
104.22.57.39 - - [13/Jul/2026:05:19:11 +0200] "GET /outlet/052013365 HTTP/1.1" 404 243 "https://alg24info.com/?sitemap448.xml" "Mozilla/5.0 AppleWebKit/537.36 (KHTML, like Gecko; compatible; GPTBot/1.4; +https://openai.com/gptbot)"
46.161.50.108 - - [13/Jul/2026:05:19:33 +0200] "GET / HTTP/1.1" 400 280 "-" "fasthttp"
5.101.64.6 - - [13/Jul/2026:05:19:33 +0200] "GET /aaa9 HTTP/1.1" 404 244 "-" "Mozilla/5.0 (Windows NT 10.0; Win64; x64) AppleWebKit/537.36 (KHTML, like Gecko) Chrome/70.0.3538.77 Safari/537.36"
5.101.64.6 - - [13/Jul/2026:05:19:33 +0200] "GET /aaa9 HTTP/1.1" 400 682 "-" "Mozilla/5.0 (Windows NT 10.0; Win64; x64) AppleWebKit/537.36 (KHTML, like Gecko) Chrome/70.0.3538.77 Safari/537.36"
5.101.64.6 - - [13/Jul/2026:05:19:33 +0200] "GET /aab9 HTTP/1.1" 404 244 "-" "Mozilla/5.0 (Windows NT 10.0; Win64; x64) AppleWebKit/537.36 (KHTML, like Gecko) Chrome/70.0.3538.77 Safari/537.36"
5.101.64.6 - - [13/Jul/2026:05:19:33 +0200] "GET /aab9 HTTP/1.1" 400 682 "-" "Mozilla/5.0 (Windows NT 10.0; Win64; x64) AppleWebKit/537.36 (KHTML, like Gecko) Chrome/70.0.3538.77 Safari/537.36"
46.161.50.108 - - [13/Jul/2026:05:19:34 +0200] "GET / HTTP/1.1" 200 4963 "-" "fasthttp"
176.32.193.16 - - [13/Jul/2026:05:19:34 +0200] "\x16\x03\x01\x05\xA8\x01\x00\x05\xA4\x03\x03" 400 182 "-" "-"
176.32.193.16 - - [13/Jul/2026:05:19:34 +0200] "GET /aaa9 HTTP/1.1" 404 244 "-" "Mozilla/5.0 (Windows NT 10.0; Win64; x64) AppleWebKit/537.36 (KHTML, like Gecko) Chrome/70.0.3538.77 Safari/537.36"
176.32.193.16 - - [13/Jul/2026:05:19:34 +0200] "\x16\x03\x01\x05\xA8\x01\x00\x05\xA4\x03\x03.6\x1D\x9C\x94\x9A\xC2a" 400 182 "-" "-"
176.32.193.16 - - [13/Jul/2026:05:19:34 +0200] "GET /aab9 HTTP/1.1" 404 244 "-" "Mozilla/5.0 (Windows NT 10.0; Win64; x64) AppleWebKit/537.36 (KHTML, like Gecko) Chrome/70.0.3538.77 Safari/537.36"
46.161.50.108 - - [13/Jul/2026:05:20:11 +0200] "\x16\x03\x01\x05\xA8\x01\x00\x05\xA4\x03\x03\xD8M@]}\xF1\xE9H#\x84\xE3\xEC\x8D\xD9I\xBF\x87g\x8D\xBALz^\xA3\x13\xCE\x08_A\xCF\x99\xB8 \x81\x1AB\x5C\x0C\x97\xE6\x99\xE6\x9Ae\xB1\xD6dr\x03c\x8D{X\x81\x0B\xB8]\x94\xA4p\xA8\x0F\x06\x99\x84\x00\x1A\xC0+\xC0/\xC0,\xC00\xCC\xA9\xCC\xA8\xC0\x09\xC0\x13\xC0" 400 182 "-" "-"
46.161.50.108 - - [13/Jul/2026:05:20:11 +0200] "GET /aaa9 HTTP/1.1" 404 244 "-" "Mozilla/5.0 (Windows NT 10.0; Win64; x64) AppleWebKit/537.36 (KHTML, like Gecko) Chrome/70.0.3538.77 Safari/537.36"
46.161.50.108 - - [13/Jul/2026:05:20:13 +0200] "\x16\x03\x01\x05\xA8\x01\x00\x05\xA4\x03\x03v\xB3\xEC\xEA*\xCA\x95\x93\xCB\xA4\x96\xB2\xA7\xFA\xB56\xE6\xCBj\x09o\xFCk\xA9\x9D\x5C/\x84\xBB\x153\x12 D9\xAB\x11{qp\xFE\x01y\x16\x01J\x196X\x87\xD3l\xB3\xC6\xD8\x9A\x1E\x98\x11=\xA6\xF7\xDD#i\x00\x1A\xC0+\xC0/\xC0,\xC00\xCC\xA9\xCC\xA8\xC0\x09\xC0\x13\xC0" 400 182 "-" "-"
46.161.50.108 - - [13/Jul/2026:05:20:13 +0200] "GET /aab9 HTTP/1.1" 404 244 "-" "Mozilla/5.0 (Windows NT 10.0; Win64; x64) AppleWebKit/537.36 (KHTML, like Gecko) Chrome/70.0.3538.77 Safari/537.36"
